-- Table structure for table `csoportok`
--

CREATE TABLE `csoportok` (
  `id` int(11) NOT NULL AUTO_INCREMENT,
  `name` varchar(100) DEFAULT NULL,
  `readonly` tinyint(1) DEFAULT '0',
  `description` varchar(255) DEFAULT NULL,
  `csop_order` float DEFAULT NULL,
  PRIMARY KEY (`id`)
) ENGINE=MyISAM AUTO_INCREMENT=11 DEFAULT CHARSET=latin1;

--
-- Dumping data for table `csoportok`
--

INSERT INTO `csoportok` VALUES (10,'Ügyfelek',0,NULL,NULL);

--
-- Table structure for table `email`
--

CREATE TABLE `email` (
  `id` int(11) NOT NULL AUTO_INCREMENT,
  `email` varchar(255) DEFAULT NULL,
  `active` tinyint(1) DEFAULT '1',
  `csopid` int(11) DEFAULT '0',
  `name` varchar(255) DEFAULT NULL,
  `company` varchar(255) DEFAULT NULL,
  `phone` varchar(255) DEFAULT NULL,
  `torzskartya` bigint(10) DEFAULT '2011000000',
  `address` varchar(255) DEFAULT NULL,
  `create_date` timestamp NULL DEFAULT CURRENT_TIMESTAMP,
  PRIMARY KEY (`id`)
) ENGINE=MyISAM AUTO_INCREMENT=7386 DEFAULT CHARSET=latin1;

--
-- Dumping data for table `email`
--

INSERT INTO `email` VALUES (7295,'szilvia.madaras@sanimix.hu',1,1,'Madaras Szilvia','','',2011000027,NULL,NULL),(7294,'nlaptop@freemail.hu',1,1,'Schöll Nándor','','',2011000026,NULL,NULL),(7269,'ketbudaikft@invitel.hu',1,1,'Budai József','','',2011000001,NULL,NULL),(7270,'chris20@freemail.hu',1,1,'Kriszti','','',2011000002,NULL,NULL),(7274,'hajni19820208@freemail.hu',1,1,'Kriskoné Hajnalka','','',2011000006,NULL,NULL),(7275,'juteng.sales@gmail.com',1,1,'JackieSun','','',2011000007,NULL,NULL),(7277,'zoltan.kiraly@sanimix.hu',1,1,'Király Zoltán','','',2011000009,NULL,NULL),(7278,'karoly100@gmail.com',1,1,'K-roy','','',2011000010,NULL,NULL),(7292,'palpeter7@gmail.com',1,1,'Pál Péter','','',2011000024,NULL,NULL),(7280,'agoston.lajos@fibermail.hu',1,1,'Ágoston Lajos','','',2011000012,NULL,NULL),(7281,'laszkoistvan@gmail.com',1,1,'laszkoistvan','','',2011000013,NULL,NULL),(7282,'georg@chello.hu',1,1,'Decsi György','','',2011000014,NULL,NULL),(7283,'laszkoistvan@gmail.com',1,1,'laszkoistvan','','',2011000015,NULL,NULL),(7284,'tothszoda@szucsnet.hu',1,1,'Toth János','','',2011000016,NULL,NULL),(7285,'kindernay02@pr.hu',1,1,'Kindernay Kálmán','','',2011000017,NULL,NULL),(7286,'vj1957@indamail.hu',1,1,'varga jános','','',2011000018,NULL,NULL),(7287,'vj1957@indamail.hu',1,1,'varga jános','','',2011000019,NULL,NULL),(7293,'bezsenyim51@gmail.com',1,1,'Kné,Bézsenyi Margit','','',2011000025,NULL,NULL),(7290,'bertram@inbox.com',1,1,'Bertram','','',2011000022,NULL,NULL),(7306,'andok.edit@gmail.com',1,1,'SZABÓNÉ ANDÓK EDIT','','',2011000038,NULL,NULL),(7311,'mohosadrienne@t-online.hu',1,1,'Mohos Adrienne','','',2011000043,NULL,NULL),(7319,'papaferenc65@gmail.com',1,1,'pápaferenc','','',2011000051,NULL,NULL),(7320,'m.mike78@freemail.hu',1,1,'Molnár Miklós','','',2011000052,NULL,NULL),(7325,'E-mail cÃ­me',1,1,'Az Ã–n neve','','',2011000057,NULL,NULL),(7332,'kecskebandi@citromail.hu',1,1,'Simon András','','',2011000064,NULL,NULL),(7350,'kovacsi56@zelkanet.hu',1,1,'Kovács Imre','','',2011000082,NULL,NULL),(7351,'kovacsi56@zelkanet.hu',1,1,'Kovács Imre','','',2011000083,NULL,NULL),(7352,'benow78@gmail.com',1,1,'Noper590','','',2011000084,NULL,NULL),(7354,'melya45@gmail.com',1,1,'Sytbian','','',2011000086,NULL,NULL),(7356,'sort@jargi.com',1,1,'jiga','','',2011000088,NULL,NULL),(7357,'musat21@gmail.com',1,1,'Sterci0','','',2011000089,NULL,NULL),(7362,'vin.and1@yandex.ru',1,1,'MixeT5','','',2011000094,NULL,NULL),(7363,'weger7@gmail.com',1,1,'LotrE3','','',2011000095,NULL,NULL),(7364,'merke7@gmail.com',1,1,'Kope7','','',2011000096,NULL,NULL),(7365,'bolabol4@gmail.com',1,1,'MilL3','','',2011000097,NULL,NULL),(7366,'yergo22@gmail.com',1,1,'BerasO','','',2011000098,NULL,NULL),(7369,'udoev34@gmail.com',1,1,'Kjyer8','','',2011000101,NULL,NULL),(7370,'devnull@eagent.hu',1,1,'test','','',2011000102,NULL,NULL),(7371,'pronki6@gmail.com',1,1,'LukKa2','','',2011000103,NULL,NULL),(7375,'etamas@eagent.hu',1,0,'Érdfalvi Tamás',NULL,'123/45567',2011000104,'1037 Budapest,Csillaghegyi út 19-21','2011-02-03 16:24:10'),(7376,'uzsolt@eagent.hu',1,0,'Udvarhelyi zsolt',NULL,'06-1-453-0120',2011000105,'1037 Budapest, csillaghegyi út 19-21.','2011-02-03 18:59:54'),(7377,'skrew@eagent.hu',1,0,'Érdfalvi Tamás',NULL,'132-4567',2011000106,'1037 Budapest, Csillaghegyi út 19.21.','2011-02-04 14:35:42'),(7378,'brenne3@gmail.com',1,1,'Jutra80','','',2011000107,NULL,'2011-02-06 17:36:25'),(7379,'tollia8@gmail.com',1,1,'YidePo','','',2011000108,NULL,'2011-02-07 18:12:10'),(7380,'cqfsfu@wcjqtz.com',1,1,'rogusi','','',2011000109,NULL,'2011-02-14 23:38:32'),(7381,'xfcqin@bnlhty.com',1,1,'xvyepizg','','',2011000110,NULL,'2011-02-26 17:39:53'),(7382,'kzszgb@hnjcov.com',1,1,'qanoow','','',2011000111,NULL,'2011-03-11 17:55:13'),(7383,'hyqxau@nyibhz.com',1,1,'lbezzreoxf','','',2011000112,NULL,'2011-03-31 01:47:29'),(7384,'nrudph@ksohwi.com',1,1,'vnrsksijouy','','',2011000113,NULL,'2011-04-05 05:32:14'),(7385,'vxnlcp@bguhvj.com',1,1,'quuvlawadat','','',2011000114,NULL,'2011-05-17 05:46:47');

--
-- Table structure for table `emails`
--

CREATE TABLE `emails` (
  `id` bigint(20) unsigned NOT NULL AUTO_INCREMENT,
  `group_id` bigint(20) DEFAULT '2',
  `name` varchar(255) DEFAULT NULL,
  `email` varchar(255) DEFAULT NULL,
  `create_date` varchar(10) DEFAULT '',
  `active` tinyint(1) DEFAULT '1',
  PRIMARY KEY (`id`)
) ENGINE=MyISAM AUTO_INCREMENT=1006 DEFAULT CHARSET=latin1;

--
-- Dumping data for table `emails`
--

INSERT INTO `emails` VALUES (567,2,'Kiss Gergely','spanner@freemail.hu','1270056515',1),(568,2,'Cmykyxcu','tplpugsi@ielpnyvo.com','1275709039',1),(569,2,'Szabó Péter','szabo.peter.gepeszet@gmail.com','1276793722',1),(570,2,'Pet&#337; Sándor','peto.eu.sandor@citromail.hu','1276890827',1),(571,2,'Varga György','Gy_Varga@t-online.hu','1277561032',1),(572,2,'Kóczián Zsolt','koczian@tvn.hu','1277588562',1),(573,21,'Andri Tamás','andritamas@gmail.com','1277820895',1),(574,22,'Elek Márton','elek.marton@gepetto.hu','1277885823',1),(575,22,'Szilas Ádám','adam@szilas.com','1277885877',1),(576,22,'Jónás Dorka','info@dorkajonas.com','1277885965',1),(577,22,'Schlicher András','info@htfstudio.hu','1277886039',1),(578,22,'Fejes Gergõ','gergo@plusdesign.hu','1277886602',1),(579,22,'Selmeczi György','info@artes.hu','1277886698',1),(580,22,'Belloni Belsõépítész Mûhely','info@belloni.hu','1277886756',1),(581,22,'Rápolthy Zsolt','info@belsoepiteszet.net','1277886812',1),(582,22,'Kovács B. Dániel','info@dizajn.org','1277886860',1),(583,22,'Simon Zsolt','sim.zs@t-online.hu','1277886915',1),(584,22,'Balogh Judit','baloghjudit@mail.datanet.hu','1277886999',1),(585,22,'Jaksa Szilvia Anita','jaksa.szilvia@dekortechstudio.hu','1277887031',1),(586,22,'Bárányné Szanitter Szonja','akantusz@akantuszlakberendezes.hu','1277887061',1),(588,22,'Szûcs Klára','szucs.klara@partner-epitesz.hu','1277887118',1),(589,22,'M. Hargitai Alice','alicedeco@c2.hu','1277887217',1),(590,22,'Horváth Lászlóné Erika','cerika65@gmail.com','1277887249',1),(591,22,'Molnár Eszter','emolnar@modesign.hu','1277887307',1),(592,22,'Lovas Cecília','info@studiolr.hu','1277887403',1),(593,22,'Kamarás Borbála','studio@kamaras.hu','1277887467',1),(594,22,'Petrus Ferenc','info@randsdesign.hu','1277887511',1),(595,22,'Gyurkovics Gábor','info@signodesign.hu','1277887556',1),(596,22,'Balogh Péter','peter.balogh@baloghdesign.com','1277887584',1),(597,22,'SD Sinus Design Bt','sinusdesign@sinusdesign.hu','1277887638',1),(598,22,'Salekovics Györgyi','tervezes@s-linea.hu','1277887670',1),(599,22,'Zahorán Róbert','zformax@zformax.hu','1277887754',1),(600,22,'Krúzs Gabriella','architektus@architektus.hu','1277887784',1),(601,22,'Bánhalmi Zsuzsanna','zsbanhalmi@gmail.com','1277887813',1),(602,22,'Danubiana Design Stúdió','info@danubianadesign.hu','1277887849',1),(603,22,'Ördög Alíz','architekt@ordogalizdesign.hu','1277888258',1),(604,22,'Kiss Júlia','kissjulia@korterem.hu','1277888320',1),(605,22,'dr. Németh Gábor','interior-design@freemail.hu','1277888349',1),(606,22,'Weiner Judit','weiner.judit@gmail.com','1277888375',1),(607,22,'Csizmadia Orsolya','fleshpink@fleshpink.hu','1277888404',1),(608,22,'Héder János','inarchi@inarchi.com','1277888436',1),(609,22,'Dékány Annamária','info@dekanyannamaria.hu','1277888472',1),(610,22,'Fest Krisztina','info@designdock.hu','1277888504',1),(611,22,'Jakab Andrea','lakber@lakhandi.hu','1277888542',1),(612,22,'Serbán Nóra','info@norart.hu','1277888579',1),(613,22,'Kránicz Zoltán','info@kraniczepiteszet.hu','1277888609',1),(614,22,'Szarvas Gabo','gabo.szarvas@gmail.com','1277888635',1),(615,22,'Czili Katalin','czilikatalin@pastel-s.hu','1277888666',1),(616,22,'Pálmai Attila','i-deco@i-deco.hu','1277888692',1),(617,22,'Seyfried Gusztáv','seyfried@freemail.hu','1277888720',1),(618,22,'Sütõ Kata','info@suto.hu','1277888753',1),(619,22,'Dóró Judit','doro_judit@invitel.hu','1277888778',1),(620,22,'Gönczõ Róbert','robertgonczo@artwebber.hu','1277888804',1),(621,22,'Zsóri Hajnalka','h.zsori@t-online.hu','1277888830',1),(622,22,'Home Design','info@home-design.hu','1277888972',1),(623,22,'Vida Gabriella','vigabi21@gmail.com','1277889047',1),(624,22,'Teleki István','info@telekiepterv.hu','1277890459',1),(625,22,'Putnoki Edina','info@greyandsilver.hu','1277890487',1),(626,22,'Koczoh Judit','judit.koczoh@pinxit.hu','1277890517',1),(627,22,' Madosfalvi Zoltán','info@limaeurope.hu','1277890561',1),(628,22,'Cadden','info@cadden.hu','1277890598',1),(629,22,'Ernst András','info@insiderdesign.hu','1277890625',1),(630,22,'Janosch Imre','jaroschimre@t-online.hu','1277890649',1),(631,22,'Szabó Erika','info@enteriorpecs.hu','1277890673',1),(632,22,'Sárvári Anita','info@sarvarianita.hu','1277890698',1),(633,22,'Ternyák Éva','evaternyak@t-online.hu','1277890728',1),(634,22,'Horváth Éva','horvatheva@horvatheva.hu','1277890754',1),(775,22,'Demeter Anikó','fortunadekor@fortunadekor.hu','1277974754',1),(636,22,'Pál Zsuzsanna','studiokreart@studiokreart.hu','1277890817',1),(637,22,'Farkas Kinga','kinga.farkas@lakber.hu','1277890892',1),(638,22,' Medveczky Kazimir','art@medveczky-gothard.hu','1277890931',1),(639,22,'Szabó Attila','szattila@hotmail.com','1277890958',1),(640,22,'Szabó Otília','info@flatart.hu','1277891013',1),(641,22,'Majorcsik Tímea','hydrogene@hydrogene.hu','1277891041',1),(642,22,'Zeibig Anna','info@annazeibig.com','1277891065',1),(643,22,'M2 Design','info@m2design.hu','1277891096',1),(644,22,'Exact Speed Kft.','info@exactspeed.hu','1277891128',1),(645,22,'Tonka Zsuzsa','meton.bau@gmail.com','1277891167',1),(646,22,'Joó Mira','joo@jooepitesz.hu','1277891193',1),(647,22,'Gikovszki Zsana','zsana@creall.hu','1277891220',1),(648,22,'Bak Péter','bakpeter@modulhome.hu','1277891253',1),(649,22,'Szabó Zoltán','zline@zalaszam.hu','1277891281',1),(650,22,'Radnóthy Szabolcs','szradnothy@enternet.hu','1277891307',1),(651,22,'Berta Péter','epiteszstudio@t-online.hu','1277891331',1),(652,22,'Weisz Gábor','wugu@t-online.hu','1277891354',1),(653,22,'Makai László','xlbau@xlbau.hu','1277891380',1),(654,22,'Bolgárfalvi Gábor','exateam@mediacenter.hu','1277891430',1),(655,22,'Lenkey Zoltán','spd@spacedesign74.com','1277891454',1),(656,22,'Luigi Stamegna','info@renoveaux.eu','1277891496',1),(657,22,'Veréb Károly','info@novohome.hu','1277891529',1),(658,22,'Topfa Belsõépítészeti és Faipari Kft.','topfa@topfa.hu','1277891571',1),(659,22,'AMELIS Építõipari és Szolgáltató Kft.','amelis@amelis.hu','1277891627',1),(660,22,'Fias Berta','berta.fias@luispirit.hu','1277891696',1),(661,22,'Martoni Attila','martoni@martoni.com','1277891733',1),(662,22,'Meranti Kft.','merantikft@gmail.com','1277891803',1),(663,22,'Szathmári Sándor','szatya@t-online.hu','1277891833',1),(664,22,'Preszter Gábor','info@mshake.hu','1277891857',1),(665,22,'Nara Stúdió','nara@nara-studio.hu','1277891918',1),(666,22,'Pál Belsõépítészet','habiolpal@gmail.com','1277891948',1),(667,22,'Sa-Fa Design','sa-fa@sa-fa.hu','1277891986',1),(668,23,'Szabó Csilla Tünde','kapcsolat@kertterv.hu','1277892819',1),(669,23,'Szende Gábor','szende.gabor@freemail.hu','1277892852',1),(670,23,'Temesvári Gergely','amarillisz-kert@freemail.hu','1277892888',1),(671,23,'Nagy Gábor','info@mindenamikert.hu','1277892955',1),(672,23,'Andante Kert','iroda@andantekert.hu','1277893056',1),(673,23,'Csizmadia Botond','csizmadia.botond@aperta.hu','1277893093',1),(674,23,'Balogh Tibor','baloghtibor@aqua-matic.hu','1277893138',1),(675,23,'Boros László','info@kert-epito.hu','1277893170',1),(676,23,'Huszár Csaba','budakert@freemail.hu','1277893203',1),(677,23,'Dobrocsi Lénárd','dobrocsilenard@artdeco-garden.hu','1277893240',1),(678,23,'Heffler Imre Richárd','info@artgarden.hu','1277893268',1),(679,23,'Krébecz József','krebecz@t-online.hu','1277893294',1),(680,23,'ZÖLD-LOMB Euro Bt.','zold-lomb.euro@t-online.hu','1277895220',1),(681,23,'Avantgarden','info@avantgarden.lakas.hu','1277895728',1),(682,23,'Ábránd Kertépítõ Kft.','abrand_kert@citromail.hu','1277895793',1),(683,23,'BauM Kft.','baumkft@t-online.hu','1277895900',1),(684,23,'Dosztál Bálint','balintpark@index.hu','1277896021',1),(685,23,'Fazakas Márton','berkenye.studio@freemail.hu','1277901502',1),(686,23,'Borhy Palota Kert','info@borhykert.hu','1277902089',1),(687,23,'Fehér Gábor','fehergabor@borokart.hu','1277902117',1),(688,23,'Kova-Kert Kertészeti Szolg. És Oktató Kft','info@kovakert.hu','1277902157',1),(689,23,'Budapest Kert','budapestkert@gmail.com','1277902191',1),(690,23,'C.E.G. Management Kft.','info@cegkft.hu','1277902224',1),(691,23,'Kert Mester','info@kertmester.eu','1277902259',1),(692,23,'Ciprus Kert','info@kertepites-gyepszonyeg.hu','1277902297',1),(693,23,'Veres Sándor','info@citygardenkft.hu','1277902333',1),(694,23,'CsaBest Kert','kertinfo@csabest.hu','1277902378',1),(695,23,'Csekey Kert','csekeykert@freemail.hu','1277902424',1),(696,23,'Deep Forest Környezetépítészet','info@deepforest.hu','1277902517',1),(697,23,'Digitális Kerttervezés','gartenausungarn@gmail.com','1277902556',1),(698,23,'Everling Kertészet','info@everling.hu','1277902593',1),(699,23,'Extrakert','info@eplanet.hu','1277902630',1),(700,23,'Édenkert Kkt.','laszlo.ekes@gmail.com','1277902664',1),(701,23,'Horváth Ferenc','fehernyirfa@fehernyirfa.hu','1277902700',1),(702,23,'Kalmár Erzsébet','info@floralgarden.hu','1277902735',1),(703,23,'Lukács Zoltán','gardenkft@gardenkft.hu','1277902764',1),(704,23,'Gardenpro','gardenpro@freemail.hu','1277902801',1),(705,23,'Ujvári Iván Péter','garnet-art@axelero.hu','1277902849',1),(706,23,'Gart Kertépítés','gart@gart.hu','1277902980',1),(707,23,'Gold Kert','goldkert@citromail.hu','1277903016',1),(708,23,'Green Art Kft.','info@greenart.hu','1277903050',1),(709,23,'Gergely Tamás','gergelytamas@mozaikkert.hu','1277903079',1),(710,23,'H és H Kert Bt.','odi_csabi@freemail.hu','1277903116',1),(711,23,'Rácz Péter','rpeter@hill.hu','1277903146',1),(712,23,'Réz Barbara','imbakert@imbakert.hu','1277903178',1),(713,23,'Jávorszky Tiszafa Kft.','javorszky.tiszafa@axelero.hu','1277903221',1),(714,23,'Kertelünk Kft.','info@kertelunk.hu','1277903388',1),(716,23,'Markó Sándor','kevelykert@freemail.hu','1277903459',1),(717,23,'Szabó József','szaboj@kertesz-2000.hu','1277903525',1),(718,23,'Szecskó Tamás','kertfuggo@gmail.com','1277903550',1),(719,23,'Tóth Ádám','info@kertguru.hu','1277903578',1),(720,23,'Barabás Attila','kertimunka@uw.hu','1277903606',1),(721,23,'Balla Dávid','info@kertkozmetika.hu','1277903635',1),(722,23,'Simon József','info@kert-lak.hu','1277903663',1),(723,23,'Kertszépítés','kertszepites@gmail.com','1277903702',1),(724,23,'Zeitler Alexandra','alex.zeitler@gmail.com','1277903731',1),(725,23,'Mokos Béla','info@valyoghazak.hu','1277903757',1),(726,23,'KerTTrade 2001 Bt.','info@kertben.hu','1277903815',1),(727,23,'Kerttrend','kerttrend@gmail.com','1277903881',1),(728,23,'Papp Katalin','info@kertvonal.hu','1277903908',1),(729,23,'Kormos Attila','kormos.attila@kertxviz.hu','1277903949',1),(730,23,'Nagy Balázs','kodin@chello.hu','1277903977',1),(731,23,'Leyland Kert Bt.','info@leylandkert.hu','1277904014',1),(732,23,'Udvardy Jenõ','jeno@malamutebt.hu','1277904045',1),(733,23,'Mágikuskert','info@magikuskert.hu','1277904159',1),(734,23,'Márai Béla','mmi@maraimi.hu','1277904190',1),(736,23,'Bánó Mátyás','mohanyespafra@gmail.com','1277904262',1),(737,23,'Moka-Garden Kft.','mokert@vipmail.hu','1277904385',1),(738,23,'Õri Balázs','monardella@chello.hu','1277904423',1),(739,23,'Rózsahegyi Máté','muveszkert@muveszkert.hu','1277904504',1),(740,23,'Balogh Zsombor','iroda@naturbs.hu','1277904532',1),(742,23,'Pástét János','pastet@kertepites.com','1277904617',1),(743,23,'Pagony Táj- és Kertépítész Kft.','pagony2@enternet.hu','1277904656',1),(744,23,'Paradin Kft.','kertem@kertem.hu','1277904689',1),(745,23,'Márton Zoltán','kertem@pazsitmester.hu','1277904718',1),(746,23,'Plantart Kft.','info@plantart.hu','1277904761',1),(747,23,'Plantera','plantera@plantera.hu','1277904809',1),(748,23,'Kállai Gábor','kallai.gabor@profigarden.hu','1277904839',1),(749,23,'Buxus-Kertész Kft.','profikertesz@profikertesz.hu','1277904877',1),(750,23,'Prohászka Gábor','pronatura@pronaturakert.hu','1277905052',1),(751,23,'Nagy Dénes','info@reneszanszkertepito.hu','1277905638',1),(752,23,'SD Kertépítés és Lakberendezés','spiegelakos@s-d.hu','1277905727',1),(753,23,'Horváth Vera','horvathvera@setakert.hu','1277905756',1),(754,23,'Ölvedi Gabriella','info@stonedesign.hu','1277905810',1),(755,23,'Stúdió 73.','studio@s73.hu','1277905843',1),(756,23,'Hegedûs László','info@szerena.hu','1277905885',1),(757,23,'Szikomor Bt.','kiralya@szikomor.hu','1277905923',1),(758,23,'Levente Dóra','teletaj@t-online.hu','1277905962',1),(759,23,'Kovács Gábor','gabor@kerteszkedes.hu','1277906004',1),(760,23,'Papp Zoltán','papp_terko@invitel.hu','1277906034',1),(761,23,'Zöldpagony','zoldpagony@yahoo.com','1277906069',1),(762,23,'Medgyessy Ildikó','titina@t-online.hu','1277906105',1),(763,23,'Topkertek','tamas@topkertek.hu','1277906140',1),(764,23,'Ulicska Judit','ulicskajudit@yahoo.com','1277906168',1),(765,23,'V.31. Kft.','info@v31.hu','1277906210',1),(766,23,'Vár-Kert Kft.','varkert-terv@varkert-terv.hu','1277906242',1),(767,23,'Alekszi Barbara','info@vilgarden.hu','1277906273',1),(768,23,'Vízöntõk Bt.','vizontokbt@t-online.hu','1277906309',1),(769,23,'Megyeri Szabolcs','szabolcs.megyeri@westgarden.hu','1277906334',1),(770,23,'Ivók Yvette','info@ypszilon-kert.hu','1277906362',1),(771,23,'Lukács Zoltán','zoldkert@zoldkert.hu','1277906389',1),(772,23,'Zöld Mókus','info@zoldmokus.hu','1277906419',1),(773,23,'Abies Bt.','abiestrend@gmail.com','1277906450',1),(774,23,'Szabó Gergely','csaladkert@freemail.hu','1277906488',1),(776,2,'Tóth Károly','annmarka@gmail.com','1278398655',1),(777,24,'Kutrucz Orsolya','kutrucz.orsolya@mediagum.hu','1279014372',1),(778,24,'Herczeg Tímea','herczeg.timea@mediagum.hu','1279014394',1),(793,25,'Borély Tibor','borbely.tibor@brokernet.hu','1295594543',1),(780,2,'Funtek László','laszlo.funtek@t-online.hu','1280767628',1),(781,2,'BERTALAN SÁNDOR','autocenterkmet@freemail.hu','1282122972',1),(782,2,'Veress György','veressgyorgy@fuzestv.hu','1282851759',1),(794,25,'Bodnár János','dbodnar@gloriakiado.com','1295594605',1),(784,2,'PIRICSI LÁSZLÓ','lpiro1946@t-online.hu','1283019396',1),(785,2,'Kovács ferenc','kovacs.f@citromail.hu','1285338247',1),(796,25,'Kovács Csaba','nagykovacstami@t-online.hu','1295594703',1),(795,25,'Pisták István','info@medermix.hu','1295594659',1),(788,2,'Bán István','eddy02@t-online.hu','1285484296',1),(790,2,'Barna Zoltán','baraka7@freemail.hu','1285834347',1),(791,2,'ELisabeth Constantine','chr.Constantine3173@email-masking.com','1289812376',1),(792,2,'Balogh László','balogh.laci60@gmail.com','1291758057',1),(797,25,'Blummer Tamás','tamas@blummers.de','1295594757',1),(798,25,'Hrutka Ferenc','hrutkaferenc@monornet.hu','1295594821',1),(799,25,'Domján István','domjan_istvan@t-online.hu','1295594960',1),(800,25,'Akli Imre','akli@obaroknet.hu','1295595057',1),(801,25,'Ásztai Bálint','asztai@index.hu','1295595156',1),(802,25,'Hirschler György','saniter@saniter.hu','1295595218',1),(803,25,'Hajnal Zsolt','hajnal.zsolt@dunaweb.hu','1295595371',1),(804,25,'Ferenc András','ferencz.andras@freemail.hu','1295595466',1),(805,25,'Sándor József','superman07@freemail.hu','1295595516',1),(806,25,'Szarvasy Eszter','szarvasy@papcsak.hu','1295595615',1),(807,25,'Tóth Attila','arapaima@freemail.hu','1295595725',1),(808,25,'Tóth László','ibuker@chello.hu','1295595778',1),(809,25,'Csörgõ Tibor','csorgot@wordscomeeasy.hu','1295595832',1),(810,25,'Kaluzsnyi Viktor','konferencia@hotelszieszta.hu','1295595887',1),(811,25,'Varga Sándor','heviz.muszak@danubiushotels.com','1295595938',1),(812,25,'Ferenczy Anikó','aniko.ferenczy@danubiushotels.com','1295595995',1),(813,25,'Andrásik Ervin','adelervin@freemail.hu','1295596047',1),(814,25,'Zsilka Mihály','zsilka@t-email.hu','1295596092',1),(815,25,'Markgraf Lászlóné','orgrof@t-online.hu','1295596209',1),(816,25,'Vadász László','vadla@freemail.hu','1295596248',1),(817,25,'Czitán Gábor','gczitan@hu.tuv.com','1295596292',1),(818,25,'Tárnok Eszter','tarnoke@t-online.hu','1295596337',1),(819,25,'Nagy Norbert','norbert.nagy@ehszer.hu','1295596451',1),(820,25,'László Pál','laszlopal@index.hu','1295596510',1),(821,25,'Barna Gábor','barna@nhh.hu','1295596556',1),(822,25,'Budai Ildikó','ildiko.budai@t-online.hu','1295596592',1),(823,25,'Ordódi Kornél','ordodikornel@hdsnet.hu','1295596634',1),(824,25,'Szeidel László','lszeidel@freemail.hu','1295596720',1),(825,25,'Urbán Béla','makkusz@citromail.hu','1295596774',1),(826,25,'Fenyves Péter','fenyves.gallen@fibermail.hu','1295596814',1),(827,25,'Hankó Gábor','hancodiszlet@gmail.com','1295596871',1),(828,25,'Fazekas János','fazekas.j@invitel.hu','1295596923',1),(829,25,'Weiszgerber Ágota','wa@eklektika.hu','1295596996',1),(830,25,'Rózsavölgyi Norbert','norbert.rozsavolgyi@gmail.com','1295597075',1),(831,25,'Molnár Iván','mvan400@gmail.com','1295597111',1),(832,25,'Tancsa István','tancsa@atlantischild.hu','1295597160',1),(833,25,'Tabányi László','tabanyilaszlo@gmail.com','1295597201',1),(834,25,'Kárpáti Edit','dittus@vipmail.hu','1295597242',1),(835,25,'Perlusz Gabriella','volumen@tvn.hu','1295597288',1),(836,25,'Hofer Sándor','hofersandor@daytoday.hu','1295597323',1),(837,25,'Vas Mária','tomika61@vipmail.hu','1295597362',1),(838,25,'Várszegi Géza','varszegi.geza@chello.hu','1295597401',1),(839,25,'Bogdán Csilla','nyomda@mail.tvnet.hu','1295597442',1),(840,25,'Kálmán András','istenesildi@freemail.hu','1295597477',1),(841,25,'Majóczki Mária','majoczki.maria@freemail.hu','1295597544',1),(842,25,'Kiss Judit','ragtime@interware.hu','1295597591',1),(843,25,'Marics László','marics@t-email.hu','1295597632',1),(844,25,'Pásztor Józsefné','pasztorerzsi@vipmail.hu','1295597672',1),(845,25,'Gáspár Edina','g.edi@freemail.hu','1295597708',1),(846,25,'Pethõné','rita.filo@invitel.hu','1295597757',1),(847,25,'Nagy Gyuláné','nagyevica@citromail.hu','1295597800',1),(848,25,'Gulyás Tibor','gulyas0818@freemail.hu','1295597839',1),(849,25,'Szegfû Norbert','szegf@fibermail.hu','1295597876',1),(850,25,'Popperné dr. Török Mária','tmari39@freemail.hu','1295597971',1),(851,25,'Albert György','info@albertestarsa.hu','1295598039',1),(852,25,'Csatári Imre','csatari.imre@gmx.at','1295616474',1),(853,25,'Dr. Kozma György','drkozmagyorgy@t-online.hu','1295616539',1),(854,25,'Török Krisztina','torok@dunainfo.net','1295616603',1),(855,25,'Bódi Imre','imre.bodi@gmail.com','1295616675',1),(856,25,'Kukla Imre','manager@corporateimpex.com','1295616850',1),(857,25,'Rozsnyai Attila','rozsatilla@freemail.hu','1295616896',1),(858,25,'Gyulai Szilveszter','szilveszter.gyulai@chevroletgyulai.hu','1295616975',1),(859,25,'Nagy Judit','nagyjudit73@t-online.hu','1295617093',1),(860,25,'Bodnár Bernadett','bodnarmaga@citromail.hu','1295617143',1),(861,25,'Kerekes János','janosk67@hotmail.com','1295617225',1),(862,25,'Csereklye-Melicher Ramóna Mónika','keresztapa96@citromail.hu','1295617291',1),(863,25,'Jehoda Tibor','jeho-bau1@t-online.hu','1295617472',1),(864,25,'Korzenszky Péter','korzen70@hotmail.com','1295617539',1),(865,25,'Becsey Mariann','becseymariann@citromail.hu','1295618703',1),(866,25,'Peszleg Ferenc','kanizsaber@chello.hu','1295618769',1),(867,25,'Túri Ferenc','ferenc.turi@mail.hodtav.hu','1295618820',1),(868,25,'Farkas Pál','margareta.farkas760@gmail.com','1295619632',1),(869,25,'Zentai Zsolt','zenzso@freemail.hu','1295619734',1),(870,25,'Német Attila','nemetimester@gmail.com','1295619811',1),(871,25,'Német József','porzsak@vnet.hu','1295619862',1),(872,25,'Beke Gyula','beke.gyula@t-online.hu','1295619923',1),(873,25,'Veres Péter','peter.m.veres@gmail.com','1295619971',1),(874,25,'Német Károly','nemeth.karoly1@chello.hu','1295620013',1),(875,25,'Vincze Katalin','kativincze@yahoo.com','1295620127',1),(876,25,'Német Zoltán','nemethzoltan@net-portal.hu','1295620180',1),(877,25,'Keskeny György','keskeny@freemail.hu','1295620238',1),(878,25,'Kertész Ferenc','ferenc.kertesz@gmail.com','1295620279',1),(879,25,'Bíró Gabriella','birogabriella@upcmail.hu','1295620323',1),(880,25,'Dännier György','dannier.gyorgy@freemail.hu','1295620397',1),(881,25,'Vadász Julianna','vadaszcili@upcmail.hu','1295620438',1),(882,25,'Bencsik Éva','bencsikeva03@t-online.hu','1295620484',1),(883,25,'Tóth Ildikó','tildi08@hotmail.com','1295620550',1),(884,25,'Hotorán Gábor','kacsanyi.eva@chello.hu','1295620617',1),(885,25,'Csorba Levente','levente13cs@gmail.com','1295620666',1),(886,25,'Hídvégi József','hidvegimeheszet@gmail.com','1295620712',1),(887,25,'Kertész Erika','kertesz.era@freemail.hu','1295620793',1),(888,25,'Dr. Szalay Hajnalka','drszalay@laserdent.hu','1295620850',1),(889,25,'Grédics Tivadar','info@gredicsredony.hu','1295620894',1),(890,25,'Farkas Andor','andor1206@citromail.hu','1295620946',1),(891,25,'Czakó Zsolt','czakokomarom@t-online.hu','1295621023',1),(892,25,'Dénes György','resszu@gmail.com','1295621066',1),(893,25,'Farkas Rózsa','rozsa79@citromail.hu','1295621105',1),(894,25,'Schmidtné','heszheni@enternet.hu','1295621265',1),(895,25,'Fülöp Tamás','ftomgenesis@gmail.com','1295621329',1),(896,25,'Oláh József','olahmate@pr.hu','1295621370',1),(897,25,'Nógrádi Tamás','nogradiestarsa@gmail.com','1295621418',1),(898,25,'Tóth Zsolt','tzsolt15@gmail.com','1295621478',1),(899,25,'Pálvölgyi Pál','illatvilag.fm@gmail.com','1295621529',1),(900,25,'Horváth István','picurka85@freemail.hu','1295621567',1),(901,25,'Szabó Zsuzsanna','zsszabo@t-online.hu','1295621606',1),(902,25,'Nagy Krisztina','rubyn@freemail.hu','1295621672',1),(903,25,'Szabó Pál','18064@freemail.hu','1295621717',1),(904,25,'Koncz Katalin','katalin.koncz@uni-corvinus.hu','1295621787',1),(905,25,'Kovács Tibor','mallerbau@freemail.hu','1295621838',1),(906,25,'Horváth Erika','e.szabonehorvath@freemail.hu','1295621890',1),(907,25,'Patocskai Dalma','patocskai.dalma@spahotel.hu','1295621967',1),(908,25,'Balla Sándor','gepesz@proform.hu','1295622016',1),(909,25,'Balázs Katalin','katalin.balazs@poliparagon.hu','1295622105',1),(910,25,'Dohos László','dohos.laszlo@suzukivilag.hu','1295622163',1),(911,25,'Fábia Árpádné','fjudit79@gmail.com','1295622208',1),(912,25,'Feil Jánosné','maxi@tolna.net','1295622275',1),(913,25,'Bakos István','bakosek@t-online.hu','1295622327',1),(914,25,'Varga József','vargadagi@gmail.com','1295622374',1),(915,25,'Dr. Horváth Zsuzsa','zsuzsa.horvath@jurista.hu','1295622420',1),(916,25,'Nagy Eszter','neszter01@gmail.com','1295622465',1),(918,25,'Gulyás Elemér','gelemer@mail.datanet.hu','1295622579',1),(919,25,'Lõrincz Bence','Lorincz.Bence@bestmachinery.hu','1295622635',1),(920,25,'Gombás Zsolt','gzsolti78@t-online.hu','1295622680',1),(921,25,'Vadász István','istvanvadasz@gmail.com','1295622734',1),(922,25,'Bikádi Aranka','galaxy@cargorent.hu','1295622780',1),(923,25,'Szobonya Zsolt','szobonyazsolt@dunaweb.hu','1295622821',1),(924,25,'Novák Judit','novak.judit@tilago.eu','1295622864',1),(925,25,'Magyar Istvánné','istvan44@citromail.hu','1295622904',1),(926,25,'Parditka Ágnes','parditka@rubicom.hu','1295622965',1),(927,25,'Bencze László','becze.laci@gmail.com','1295623007',1),(928,25,'Simon Tamás','betonker@t-online.hu','1295623050',1),(929,25,'Vas Zoltán','vas.zoli@anyrt.hu','1295623102',1),(930,25,'Kosztolányi Ágnes','qualitativo@kosztolanyia.t-online.hu','1295623153',1),(931,25,'Gáger Judit','gagerjud@wimaxxed.at','1295623197',1),(932,25,'Lakatos Elek','eleklakatos@freemail.hu','1295623233',1),(933,25,'Horváth Tibor','star@stonline.sk','1295700086',1),(934,25,'Halmosi Zoltán','halmosiz@baja.hu','1295700129',1),(935,25,'Rácz Zoltán','raczstudio@tolna.net','1295700181',1),(936,25,'Varga Szabolcs','varszaba@invitel.hu','1295700360',1),(937,25,'Tolnai Gábor','rakosmentekft@gmail.com','1295700411',1),(938,25,'Dr. Szánthó Pál','info@drszp.hu','1295700462',1),(939,25,'Szabó László','laszlo.szabo@hu.storck.com','1295700530',1),(940,25,'Szitár Endre','endre.szitar@fortunat.hu','1295700570',1),(941,25,'Hubai Imre','office@biohotelnimrod.hu','1295700648',1),(942,25,'Szabolcsi Zoltán','aron@altavizsla.hu','1295700851',1),(943,25,'Klemencz Marika','marika.klemenczlorincne@ge.com','1295700922',1),(944,25,'Ördög József','delzold@redfruct.hu','1295700976',1),(945,25,'Gyulavári Helga','gyulavarihelga@freemail.hu','1295701040',1),(946,25,'Blonszky Szilvia','cindy2000@vipmail.hu','1295701391',1),(947,25,'Jenei Zoltán','jeneizoli@citromail.hu','1295701447',1),(948,25,'Dózsa József','d.jozsef@herminabau.hu','1295701489',1),(949,25,'Kovács István','info@ncprofil.hu','1295701540',1),(950,25,'Tóth Csabáné','golyci87@freemail.hu','1295701581',1),(951,25,'Tárczy Tünde','tarczytunde@gmail.com','1295701626',1),(952,25,'Konka Péter','konka@detect.hu','1295701705',1),(953,25,'Gyoroki Ágnes','csibok@citromail.hu','1295701794',1),(954,25,'Kisari Róbert','projektna@hotelstacio.hu','1295701840',1),(955,25,'Baldauf László','zsuzsi.555@freemail.hu','1295701901',1),(956,25,'Juhász Tímea','fam.juhasz@chello.hu','1295701933',1),(957,25,'Wunderlich János','wunderlich.janos@freemail.hu','1295701974',1),(958,25,'Szilvási Henriett','szilvasi.h@freemail.hu','1295702028',1),(960,25,'Danka Péter','daruka@monornet.hu','1295702157',1),(961,25,'Iván György','ivan.gyorgy@uzsoki.hu','1295702194',1),(962,25,'Szunyi Béla','burkolomester@gmail.com','1295702245',1),(963,25,'Gálné Pál Tímea','g.paltimea@citromail.hu','1295702282',1),(964,25,'Ferencz Bianka','bianka@delton.hu','1295702473',1),(965,25,'Kindlinger Krisztián','kindlinger.kr@gmail.com','1295702544',1),(966,25,'Fodor Tamás','tamas.fodor@ecocranes.hu','1295702671',1),(967,25,'Gáger Judit','juditgager@aon.at','1295702733',1),(968,25,'Szabó Antal','antal.szabo@groupamagarancia.hu','1295702790',1),(969,25,'Keller Károly','keller@keller-park.hu','1295702837',1),(970,25,'Balogh Péter','balogh@ecovis.hu','1295702883',1),(971,25,'Kóczián Zsolt','koczian@tvn.hu','1295702920',1),(972,25,'Máté Lajos','matelajos2@gmail.com','1295702956',1),(973,25,'Pászti Tóth Gyula','pasztigy@gmail.com','1295703026',1),(974,25,'Borok Andrea','borokandi@t-online.hu','1295703061',1),(975,25,'Tugyi László','tugyi.laszlo@freemail.hu','1295703101',1),(976,25,'Éberhardt Erik','erik.uny@gmail.com','1295703151',1),(977,25,'Bozó Zoltán','bozozoli@gmail.com','1295703198',1),(978,25,'Miskolczy András','amisimisi@gmail.com','1295703271',1),(979,25,'Széles Tímea','timcy@belnet.hu','1295703363',1),(981,25,'Pozsonyi Imre','pozsonyiimre@gmail.com','1295703452',1),(982,25,'Kalocsai Péter','peterkal@t-email.hu','1295703485',1),(983,25,'Gergely Zayzon','gergoe@harras.be','1295703716',1),(984,25,'Bertalan Sándor','autocenterkmet@freemail.hu','1295703763',1),(985,25,'Lukácsi Sándor','slukacsi@gmail.com','1295703798',1),(986,25,'Krautwurt Tibor','krautwurst.tibor@gmail.com','1295703849',1),(987,25,'Sipos Zoltán','kaja@t-online.hu','1295703889',1),(988,25,'Nagy István','xxstevie@yahoo.com','1295703926',1),(989,25,'Szarka Miklós','Iharoskft@gmail.com','1295703977',1),(990,25,'Dr. Pintér János','janos.pinter66@freemail.hu','1295704048',1),(991,25,'Gedeon Ferenc','gedeon_ferenc@r-time.hu','1295704118',1),(992,25,'Nagy József','nagy@lajt.hu','1295704207',1),(993,25,'Barabás Imre','oni-mobil@freemail.hu','1295704278',1),(994,25,'Kovácsné Kasi Gabriella','kovacst@invitel.hu','1295704330',1),(995,25,'Csapó Attila','csapoa@invitel.hu','1295704390',1),(996,25,'Csiba Tibor','csibus@t-online.hu','1295704452',1),(997,25,'Borbás Tamás','slosar.k@t-online.hu','1295704491',1),(998,25,'Király Zsuzsa','kiralyzsuzsa@hotmail.com','1295704539',1),(999,25,'Kurta Edit','kurtaedit@gmail.com','1295704573',1),(1000,25,'Pelyhéné Koós Henrietta','pkhenrietta@ambroziapanzio.hu','1295704637',1),(1001,25,'Szalkai Andrea','andrea.szalkai@styl-bau.hu','1295709145',1),(1002,25,'Polgári Zsolt','polgari@ptel.hu','1295709224',1),(1003,25,'Sápi Tibor','aranypan@t-email.hu','1295709264',1),(1004,21,'Szalay Gergely','selectkft@t-online.hu','1295789452',1),(1005,25,'Szalay','info@selectkft.hu','1295789489',1);

--
-- Table structure for table `events`
--

CREATE TABLE `events` (
  `year` int(11) DEFAULT NULL,
  `month` int(11) DEFAULT NULL,
  `day` int(11) DEFAULT NULL,
  `description` mediumtext
) ENGINE=MyISAM DEFAULT CHARSET=latin1;

--
-- Dumping data for table `events`
--

INSERT INTO `events` VALUES (2010,4,1,''),(2010,4,0,''),(2010,4,2,''),(2010,4,3,''),(2010,4,4,''),(2010,4,5,''),(2009,11,1,''),(2010,4,7,''),(2010,4,8,''),(2010,4,9,''),(2010,4,10,''),(2010,4,11,''),(2010,4,12,''),(2010,4,13,''),(2010,4,14,''),(2010,4,15,''),(2010,4,16,''),(2010,4,17,''),(2010,4,18,''),(2010,4,19,''),(2010,4,20,''),(2010,4,21,''),(2010,4,22,''),(2010,4,23,''),(2010,4,24,''),(2010,4,25,''),(2010,4,26,''),(2010,4,27,''),(2010,4,28,''),(2010,4,29,''),(2010,4,30,''),(2010,4,31,''),(2010,4,6,''),(2009,11,2,''),(2009,11,3,''),(2009,11,4,''),(2009,11,5,''),(2009,11,6,'Rövid tesztelés - fejlesztés'),(2009,11,7,''),(2009,11,8,''),(2009,11,9,'Rendszer átadás'),(2009,11,10,''),(2009,11,11,''),(2009,11,12,''),(2009,11,13,''),(2009,11,14,''),(2009,11,15,''),(2009,11,16,''),(2009,11,17,''),(2009,11,18,'Fejlesztési konzultáció : \r\nÉrdfalvi Tamás\r\nMadaras Szilvia'),(2009,11,19,''),(2009,11,20,''),(2009,11,21,''),(2009,11,22,''),(2009,11,23,''),(2009,11,24,''),(2009,11,25,'Rövid tesztelés - fejlesztés'),(2009,11,26,'Rövid tesztelés - fejlesztés'),(2009,11,27,'Átadás'),(2009,11,28,''),(2009,11,29,''),(2009,11,30,''),(2009,11,31,'');

--
-- Table structure for table `forum`
--

CREATE TABLE `forum` (
  `id` int(11) NOT NULL AUTO_INCREMENT,
  `name` text,
  `creator` text,
  `createdate` text,
  `type` char(1) DEFAULT NULL,
  `aktiv` char(1) DEFAULT NULL,
  `parent` int(11) DEFAULT NULL,
  PRIMARY KEY (`id`)
) ENGINE=MyISAM AUTO_INCREMENT=315 DEFAULT CHARSET=latin1;

--
-- Dumping data for table `forum`
--


--
-- Table structure for table `forum_msg`
--

CREATE TABLE `forum_msg` (
  `id` int(11) NOT NULL AUTO_INCREMENT,
  `szoveg` longtext,
  `creator` varchar(50) DEFAULT NULL,
  `createdate` varchar(10) DEFAULT NULL,
  `parent` int(11) DEFAULT NULL,
  `aktiv` char(1) DEFAULT NULL,
  PRIMARY KEY (`id`)
) ENGINE=MyISAM AUTO_INCREMENT=1876 DEFAULT CHARSET=latin1;

--
-- Dumping data for table `forum_msg`
--


--
-- Table structure for table `forum_topics`
--

CREATE TABLE `forum_topics` (
  `id` int(11) NOT NULL AUTO_INCREMENT,
  `nev` text,
  `creator` int(11) DEFAULT NULL,
  `createdate` varchar(10) DEFAULT NULL,
  `lastmsg` varchar(10) DEFAULT NULL,
  PRIMARY KEY (`id`)
) ENGINE=MyISAM AUTO_INCREMENT=40 DEFAULT CHARSET=latin1;

--
-- Dumping data for table `forum_topics`
--


--
-- Table structure for table `forumusers`
--

CREATE TABLE `forumusers` (
  `id` int(11) NOT NULL AUTO_INCREMENT,
  `nev` text,
  `login` varchar(20) DEFAULT NULL,
  `pwd` text,
  `flags` varchar(10) DEFAULT NULL,
  `aktiv` char(1) DEFAULT NULL,
  `accessnum` int(11) DEFAULT NULL,
  `email` varchar(40) DEFAULT NULL,
  `kedvenczene` text,
  `hobby` text,
  `hirlevel` char(1) DEFAULT NULL,
  PRIMARY KEY (`id`)
) ENGINE=MyISAM AUTO_INCREMENT=61 DEFAULT CHARSET=latin1;

--
-- Dumping data for table `forumusers`
--


--
-- Table structure for table `gallery`
--

CREATE TABLE `gallery` (
  `id` bigint(20) unsigned NOT NULL AUTO_INCREMENT,
  `filename` varchar(255) DEFAULT NULL,
  `pic_order` float DEFAULT '1000',
  `comment` varchar(255) DEFAULT NULL,
  PRIMARY KEY (`id`)
) ENGINE=MyISAM AUTO_INCREMENT=267 DEFAULT CHARSET=latin1;

--
-- Dumping data for table `gallery`
--


--
-- Table structure for table `groups`
--

CREATE TABLE `groups` (
  `id` bigint(20) unsigned NOT NULL AUTO_INCREMENT,
  `company_id` bigint(20) DEFAULT NULL,
  `name` varchar(255) DEFAULT NULL,
  `create_date` varchar(10) DEFAULT NULL,
  PRIMARY KEY (`id`)
) ENGINE=MyISAM AUTO_INCREMENT=26 DEFAULT CHARSET=latin1;

--
-- Dumping data for table `groups`
--

INSERT INTO `groups` VALUES (2,1,'Felíratkozások',NULL),(20,7,'teszt csoport','1255432622'),(21,1,'belso/kertesz','1277820868'),(22,1,'Belsõépítész','1277885628'),(23,1,'Kertépítészek','1277892754'),(24,1,'Media Gum','1279014346'),(25,1,'ügyfelek','1295594416');

--
-- Table structure for table `guestbook`
--

CREATE TABLE `guestbook` (
  `id` int(11) NOT NULL AUTO_INCREMENT,
  `datum` datetime DEFAULT NULL,
  `name` varchar(100) DEFAULT NULL,
  `email` varchar(100) DEFAULT NULL,
  `text` text,
  `enable` tinyint(1) DEFAULT '0',
  PRIMARY KEY (`id`)
) ENGINE=MyISAM AUTO_INCREMENT=9 DEFAULT CHARSET=latin1;

--
-- Dumping data for table `guestbook`
--


--
-- Table structure for table `hirlevelek`
--

CREATE TABLE `hirlevelek` (
  `id` int(11) NOT NULL AUTO_INCREMENT,
  `datum` datetime DEFAULT NULL,
  `message` text,
  `felado` int(1) DEFAULT NULL,
  PRIMARY KEY (`id`)
) ENGINE=MyISAM AUTO_INCREMENT=27 DEFAULT CHARSET=latin1;

--
-- Dumping data for table `hirlevelek`
--


--
-- Table structure for table `menu`
--

CREATE TABLE `menu` (
  `id` int(11) NOT NULL AUTO_INCREMENT,
  `parentid` int(11) DEFAULT NULL,
  `name` varchar(100) DEFAULT NULL,
  `menu_order` int(11) DEFAULT '100',
  `active` tinyint(1) DEFAULT '1',
  `subpage_text` varchar(255) DEFAULT 'webdesign',
  `show_on_page` tinyint(1) DEFAULT '1',
  `type` char(2) DEFAULT 'c',
  `module` varchar(30) DEFAULT NULL,
  `module_param` varchar(255) DEFAULT NULL,
  `function_name` varchar(255) DEFAULT NULL,
  `lang` char(3) DEFAULT 'hun',
  `url` varchar(200) DEFAULT NULL,
  PRIMARY KEY (`id`)
) ENGINE=InnoDB AUTO_INCREMENT=72 DEFAULT CHARSET=latin1;

--
-- Dumping data for table `menu`
--

INSERT INTO `menu` VALUES (39,0,'Sanimix',100,1,'webdesign',1,'c',NULL,NULL,NULL,'hun',NULL),(40,0,'Viszonteladóink',200,1,'webdesign',1,'mc','partners',NULL,'getPartnersContent','hun',NULL),(41,0,'Alkatrész, szerviz, szállítás',300,1,'webdesign',1,'c',NULL,NULL,NULL,'hun',NULL),(42,0,'Szolgáltatásaink',400,1,'webdesign',1,'c',NULL,NULL,NULL,'hun',NULL),(43,0,'Vásárlás menete',500,0,'webdesign',1,'c',NULL,NULL,NULL,'hun',NULL),(45,0,'Visszajelzések',700,0,'webdesign',0,'c',NULL,NULL,NULL,'hun',NULL),(46,0,'Kapcsolat',800,1,'webdesign',1,'c',NULL,NULL,NULL,'hun',NULL),(47,0,'Katalógusunk',250,1,'webdesign',0,'mc','cat',NULL,'getCatContent','hun',NULL),(48,39,'Bevezetõ',100,1,'webdesign',0,'c',NULL,NULL,NULL,'hun',NULL),(49,1,'Hírek',100,1,'webdesign',0,'m','news',NULL,'getNewsContent','hun',NULL),(50,43,'Regisztráció',100,1,'webdesign',0,'mc','reg',NULL,'getRegContent','hun',NULL),(51,0,'Rendelés',100,1,'webdesign',0,'m','order',NULL,'getOrderContent','hun',NULL),(52,41,'Csaptelep vásárlói tájékoztató',100,1,'webdesign',1,'c',NULL,NULL,NULL,'hun',NULL),(53,41,'Csaptelep jótállási feltételek',200,1,'webdesign',1,'c',NULL,NULL,NULL,'hun',NULL),(54,41,'Csaptelep összeszerelési útmutató',300,1,'webdesign',1,'c',NULL,NULL,NULL,'hun',NULL),(55,0,'Gyakran ismételt kérdések',100,0,'webdesign',1,'c',NULL,NULL,NULL,'hun',NULL),(56,0,'Általános információk',100,1,'webdesign',0,'c',NULL,NULL,NULL,'hun',NULL),(58,0,'Zuhanykabinok - tudta-e?',710,1,'head_1',1,'c',NULL,NULL,NULL,'hun','/Zuhanykabinok.html'),(59,0,'Hidromasszázs kabinok - tudta-e?',720,1,'head_2',1,'c',NULL,NULL,NULL,'hun','/Hidromasszazs_kabinok.html'),(60,0,'Gõzkabinok - tudta-e?',730,1,'head_3',1,'c',NULL,NULL,NULL,'hun','/Gozkabinok.html'),(61,0,'Csaptelepek - tudta-e?',740,1,'head_4',1,'c',NULL,NULL,NULL,'hun','/Csaptelepek.html'),(62,0,'Korábbi rendelések',900,1,'webdesign',0,'mc','prevorders',NULL,'getPrevordersContent','hun',NULL),(63,41,'Zuhanykabin jótállási feltételek',400,1,'webdesign',1,'c',NULL,NULL,NULL,'hun',NULL),(64,41,'Szerelési és beüzemelési díjak',500,1,'webdesign',1,'c',NULL,NULL,NULL,'hun',NULL),(65,0,'Jogi és adatkezelési nyilatkozat',900,1,'webdesign',1,'c',NULL,NULL,NULL,'hun',NULL),(66,0,'Szerviz bejelentés',350,1,'webdesign',1,'m','service',NULL,'getServiceContent','hun',NULL),(67,41,'Szállítási díjak',600,1,'webdesign',1,'c',NULL,NULL,NULL,'hun',NULL),(68,0,'Partnereinknek',220,1,'webdesign',1,'mc','contact','partnereinknek','getContactContent','hun',NULL),(69,0,'Outlet',100,1,'webdesign',0,'mc','outlet',NULL,'getOutletContent','hun',NULL),(71,0,'Akciós értesítõ és törzsvásárlói program',100,1,'webdesign',0,'mc','reg','torzs','getRegContent','hun',NULL);

--
-- Table structure for table `misc`
--

CREATE TABLE `misc` (
  `param_id` varchar(100) DEFAULT NULL,
  `param_value` mediumtext
) ENGINE=MyISAM DEFAULT CHARSET=latin1;

--
-- Dumping data for table `misc`
--


--
-- Table structure for table `naplo_message_types`
--

CREATE TABLE `naplo_message_types` (
  `id` int(11) NOT NULL AUTO_INCREMENT,
  `message_type` varchar(255) COLLATE latin1_general_ci DEFAULT NULL,
  `sorszam` int(11) DEFAULT '0',
  PRIMARY KEY (`id`)
) ENGINE=MyISAM AUTO_INCREMENT=2 DEFAULT CHARSET=latin1 COLLATE=latin1_general_ci;

--
-- Dumping data for table `naplo_message_types`
--


--
-- Table structure for table `naplo_messages`
--

CREATE TABLE `naplo_messages` (
  `id` int(11) NOT NULL AUTO_INCREMENT,
  `topic_id` int(11) DEFAULT '0',
  `owner_id` int(11) DEFAULT '0',
  `message_type` int(11) DEFAULT '1',
  `message` text COLLATE latin1_general_ci,
  `create_date` varchar(10) COLLATE latin1_general_ci DEFAULT NULL,
  PRIMARY KEY (`id`)
) ENGINE=MyISAM AUTO_INCREMENT=138 DEFAULT CHARSET=latin1 COLLATE=latin1_general_ci;

--
-- Dumping data for table `naplo_messages`
--

INSERT INTO `naplo_messages` VALUES (65,37,14,1,'<div>Attia!</div><div></div><div>Telefonon már említettem, hogy sz&uuml;ks&eacute;g lesz n&eacute;hány változtatásra, melyet mindk&eacute;t c&eacute;gn&eacute;l meg kellene csinálni.</div><div></div><div><strong>Az elsõ, a fordított adózás</strong>:</div><div>L&eacute;nyege, hogy a szállító áfa n&eacute;lk&uuml;l számláz fel&eacute;nk, mert a t&ouml;rv&eacute;ny szerint az adófizet&eacute;sre a vevõ k&ouml;telezett, úgy mint a k&ouml;z&ouml;ss&eacute;gi beszerz&eacute;sn&eacute;l.</div><div>Az íly módon nettó &ouml;sszeggel &eacute;rkezõ számlákat a bej&ouml;võ számlák k&ouml;z&ouml;tt r&ouml;gzítj&uuml;k. Meg kell oldani, hogy r&ouml;gzít&eacute;s során bejel&ouml;lhess&uuml;k, hogy fordított adózással adózik. Azaz a program a számla nettó &eacute;rt&eacute;k&eacute;t figyelembe v&eacute;ve 20% áfát felszámol mint fizetendõ áfát (fõk&ouml;nyvi r&ouml;gzít&eacute;se: 4671), ugyanakkor levonható áfak&eacute;nt is r&ouml;gzíti az áfa bevallásban &eacute;s a fõk&ouml;nyv&ouml;n: 4661-re.</div><div>Az áfa listán t&ouml;rt&eacute;nõ megjelenít&eacute;se: a fizetendõ áfa :4671: bevallás 35.sor, valamint táj&eacute;koztató adatk&eacute;nt: bevallás 62.sor( A fordított adózás szabályai szerint szolgáltatás ig&eacute;nybev&eacute;tele eset&eacute;n fizetendõ adó a 35.sorból)</div><div>A levonható áfánál erre a c&eacute;lra nincs k&uuml;l&ouml;n sor, hanem a 20%-os áfa k&ouml;z&eacute; kell berakni, azaz bevallás 70.sora. Azonban mivel k&uuml;l&ouml;n fõk&ouml;nyvi számon lesz nyilvántartva, &eacute;n nem bánnám, ha úgy jelenne meg a listán, hogy 70 - 4671: Fordított adózás miatt felszámított (levonható) áfa 20%. (Majd &ouml;sszeadom a 70- 4672-vel.)</div><div></div><div><strong>Az áfa bevallás egyes sorainak számozása megváltozott.</strong> Csak azt írom le, hogy mi volt- mi lett:</div><div>új sor: 35 &eacute;s 62&nbsp;(fentiekben említettem)</div><div>43 - 44</div><div>57 - 67</div><div>60 - 70</div><div>62 - 72</div><div>64 - 74</div><div>65 - 75</div><div>66 - 77/ez csak a Rozmárnál/</div><div>72 - 83</div><div>75 - 86</div><div></div><div></div><div><strong>A második a kerekít&eacute;s:</strong></div><div>2008.03.01-tõl bevonják az 1 &eacute;s 2 forintost, így csak 0-ra vagy 5-re v&eacute;gzõdhet egy k&eacute;szp&eacute;nzes számla.</div><div>Ezt kell megoldani, vagyis ha a fizet&eacute;s módja k&eacute;szp&eacute;nz akkor a számlában a v&eacute;g&eacute;n legyen egy kerekít&eacute;s aminek a k&ouml;nyvel&eacute;se: 3688(Kimenõ számlák kerekít&eacute;se elszámolási számla) Majd &eacute;v v&eacute;g&eacute;n az egyenleg&eacute;t elk&ouml;nyvelem a megfelelõ helyre. Ha felfele kerekít: T311 - K3688, he lefele: T3688 - K311</div><div></div><div><strong>A kerekít&eacute;s szabályai:</strong></div><div>1 &eacute;s 2-re v&eacute;gzõdõ: lefele kerekít&eacute;s 0-ra</div><div>3 &eacute;s 4-re v&eacute;gzõdõ: felfele kerekít&eacute;s 5-re</div><div>6 &eacute;s 7-re v&eacute;gzõdõ: lefele kerekít&eacute;s 5-re</div><div>8 &eacute;s 9-re v&eacute;gzõdõ: felfele kerekít&eacute;s 10-re</div><div></div><div>ELõre is k&ouml;szi, ha k&eacute;rd&eacute;sed van hívj.</div><div></div><div>Icus <div>Attia!</div><div></div><div>Telefonon már említettem, hogy sz&uuml;ks&eacute;g lesz n&eacute;hány változtatásra, melyet mindk&eacute;t c&eacute;gn&eacute;l meg kellene csinálni.</div><div></div><div><strong>Az elsõ, a fordított adózás</strong>:</div><div>L&eacute;nyege, hogy a szállító áfa n&eacute;lk&uuml;l számláz fel&eacute;nk, mert a t&ouml;rv&eacute;ny szerint az adófizet&eacute;sre a vevõ k&ouml;telezett, úgy mint a k&ouml;z&ouml;ss&eacute;gi beszerz&eacute;sn&eacute;l.</div><div>Az íly módon nettó &ouml;sszeggel &eacute;rkezõ számlákat a bej&ouml;võ számlák k&ouml;z&ouml;tt r&ouml;gzítj&uuml;k. Meg kell oldani, hogy r&ouml;gzít&eacute;s során bejel&ouml;lhess&uuml;k, hogy fordított adózással adózik. Azaz a program a számla nettó &eacute;rt&eacute;k&eacute;t figyelembe v&eacute;ve 20% áfát felszámol mint fizetendõ áfát (fõk&ouml;nyvi r&ouml;gzít&eacute;se: 4671), ugyanakkor levonható áfak&eacute;nt is r&ouml;gzíti az áfa bevallásban &eacute;s a fõk&ouml;nyv&ouml;n: 4661-re.</div><div>Az áfa listán t&ouml;rt&eacute;nõ megjelenít&eacute;se: a fizetendõ áfa :4671: bevallás 35.sor, valamint táj&eacute;koztató adatk&eacute;nt: bevallás 62.sor( A fordított adózás szabályai szerint szolgáltatás ig&eacute;nybev&eacute;tele eset&eacute;n fizetendõ adó a 35.sorból)</div><div>A levonható áfánál erre a c&eacute;lra nincs k&uuml;l&ouml;n sor, hanem a 20%-os áfa k&ouml;z&eacute; kell berakni, azaz bevallás 70.sora. Azonban mivel k&uuml;l&ouml;n fõk&ouml;nyvi számon lesz nyilvántartva, &eacute;n nem bánnám, ha úgy jelenne meg a listán, hogy 70 - 4671: Fordított adózás miatt felszámított (levonható) áfa 20%. (Majd &ouml;sszeadom a 70- 4672-vel.)</div><div></div><div><strong>Az áfa bevallás egyes sorainak számozása megváltozott.</strong> Csak azt írom le, hogy mi volt- mi lett:</div><div>új sor: 35 &eacute;s 62&nbsp;(fentiekben említettem)</div><div>43 - 44</div><div>57 - 67</div><div>60 - 70</div><div>62 - 72</div><div>64 - 74</div><div>65 - 75</div><div>66 - 77/ez csak a Rozmárnál/</div><div>72 - 83</div><div>75 - 86</div><div></div><div></div><div><strong>A második a kerekít&eacute;s:</strong></div><div>2008.03.01-tõl bevonják az 1 &eacute;s 2 forintost, így csak 0-ra vagy 5-re v&eacute;gzõdhet egy k&eacute;szp&eacute;nzes számla.</div><div>Ezt kell megoldani, vagyis ha a fizet&eacute;s módja k&eacute;szp&eacute;nz akkor a számlában a v&eacute;g&eacute;n legyen egy kerekít&eacute;s aminek a k&ouml;nyvel&eacute;se: 3688(Kimenõ számlák kerekít&eacute;se elszámolási számla) Majd &eacute;v v&eacute;g&eacute;n az egyenleg&eacute;t elk&ouml;nyvelem a megfelelõ helyre. Ha felfele kerekít: T311 - K3688, he lefele: T3688 - K311</div><div></div><div><strong>A kerekít&eacute;s szabályai:</strong></div><div>1 &eacute;s 2-re v&eacute;gzõdõ: lefele kerekít&eacute;s 0-ra</div><div>3 &eacute;s 4-re v&eacute;gzõdõ: felfele kerekít&eacute;s 5-re</div><div>6 &eacute;s 7-re v&eacute;gzõdõ: lefele kerekít&eacute;s 5-re</div><div>8 &eacute;s 9-re v&eacute;gzõdõ: felfele kerekít&eacute;s 10-re</div><div></div><div>ELõre is k&ouml;szi, ha k&eacute;rd&eacute;sed van hívj.</div><div></div><div>Icus</div></div>','1254339953'),(66,37,14,1,'<div>Szia Attila!</div><div></div><div>L&eacute;gyszíves javítsd az áfa listát a Sanimix Kft.-n&eacute;l az alábbiak miatt:</div><div></div><div>- a szervizesek mindíg tárgyhót k&ouml;vetõen számolnak el a javítási k&eacute;szp&eacute;nzes számlákkal, ami az elszámolás hónapjában a p&eacute;nztárból k&ouml;nyvelõdik: K922,4672-re. Az áfa listán ezek jelenleg k&uuml;l&ouml;n oldalon jelennek meg:&quot; 60 - &nbsp;4672Fizetendõ áfak&eacute;nt&quot;. Helyesen a 08. sorba gyûjt&ouml;tt adatoknál kellene lennie.</div><div>- mivel a javítási számláknak az áfáját&nbsp;az elõzõ hónapban kell bevallanunk, ez&eacute;rt &eacute;n az átvezet&eacute;sben átvezetem egyik hónapról a másikra: </div><div>Pl. 11.09.-&eacute;n elszámoltak a 10.havi javítási számlákkal. A 11.09. p&eacute;nztárban szerepel a számlák k&ouml;nyvel&eacute;se: K922,4672</div><div>Az átvezet&eacute;s során k&ouml;nyvelem: T4672-K3689: csak az áfát( 11.09. dátummal) &eacute;s T3689-K4672: csak az áfát (10.31.dátummal) Mivel az átvezet&eacute;s a 4672-es fõk&ouml;nyvet &eacute;rinti, ez&eacute;rt a 08.sorba gyûjt&ouml;tt t&eacute;telek k&ouml;z&ouml;tt kell lennie.</div><div>Jelenleg az áfa listán a 65 &ouml;s sorba az import term&eacute;kek után felszámított áfák k&ouml;z&eacute; gyûjti a program az átvezet&eacute;seket.</div><div></div><div>- már korábban is volt p&eacute;lda arra, hogy kimenõ deviza számlát áfásan állítottunk ki, mert a gazdasági esem&eacute;ny ezt indokolta. A rendszer az áfa listán ezt nem jól kezeli. Mivel szint&eacute;n 4672-es fõk&ouml;nyvet &eacute;rint így a kimenõ deviza számla áfáját &eacute;s adóalapját is a 08-as sorba kell, hogy gyûjts&uuml;k. Jelenleg a program az export&eacute;rt&eacute;kesít&eacute;shez gyûjti az adóalapot, &eacute;s nem veszi figyelembe, hogy a számlán áfa is van.</div><div></div><div>Elõra is k&ouml;szi</div><div></div><div>Icus</div><div></div><div>Ui: Nagyon klassz a faktorprogram. Nagyon k&ouml;szi!</div>','1254339980'),(67,36,14,1,'<div>Szia!</div><div></div><div>Az Ora-Sani mi alapján importálja be az árfolyamokat?</div><div></div><div>Nem lehetne-ezt napi szinten megcsinálni? A Volksbank minden nap k&uuml;ld deviza &eacute;s valutaárfolyamot is.</div><div></div><div>&Uuml;dv,</div><div></div><div>Eszter</div>','1254340087'),(68,36,14,1,'<div>Szia Eszter!</div><div></div><div></div><div>Milyen formában k&uuml;ldi az árfolyamot? Ki lehet valahogy exportálni a programból? Ha ki tudok exportálni, akkor k&uuml;ldd el a fájlt, valószínûleg be lehet majd olvani, ha kiokosítom&nbsp;egy kicsit a programot.</div><div></div><div></div><div>Icának mondtam, hogy jó volna, ha elk&uuml;lden&eacute;d az adatokat, mert a p&eacute;nztár k&ouml;r&uuml;l valami nem stimmel, pedig nálam minden rendben l&eacute;võnek látszik.</div><div></div><div>El tudod k&uuml;ldeni?</div><div></div><div></div><div>K&ouml;szi:</div><div></div><div>H. Attila</div>','1254340112'),(69,36,14,1,'<div>Szia!</div><div></div><div>Elvileg txt formátumú, csak meg kell találnom a módját, hogy kimentsem.</div><div></div><div>&Uuml;dv,</div><div></div><div>Eszter</div>','1254340134'),(70,36,14,1,'<div>Szia!</div><div></div><div>A banki árfolyammal kapcsolatban: </div><div>hiába t&ouml;lt&ouml;m át, a devizaszámlánál nem hozza fel automatikusan. Ezt hogyan lehetne megoldani?</div><div>Valamint az árfolyam&nbsp;file alap&eacute;rtelmezett k&ouml;nyvtára:</div><div>H:\\VOLKS\\MCCWIN\\DAT\\FILES</div><div>tudnád erre módosítani az alap&eacute;rtelmez&eacute;st?</div><div></div><div>K&ouml;szi,</div><div></div><div>Eszter</div>','1254340183'),(71,36,14,1,'<div>Szia&nbsp;Eszter!</div><div></div><div></div><div>Ez az árfolyam-varázslat benne van a programban, ha teljesít&eacute;s keltek&eacute;nt olyan napot adsz meg, amihez van árfolyam, akkor azt elõveszi a program (persze csak akkor, ha a bank &eacute;s a devizanem is adott).</div><div></div><div>Ellenõrizd l&eacute;gyszi, mennie kell!</div><div></div><div></div><div>&Uuml;dv.:<br />Attila</div>','1254340196'),(72,36,14,1,'<div>Szia!</div><div></div><div>Mindenhol k&ouml;z&eacute;p árfolyam kell.</div><div></div><div>Azt mindjárt rát&ouml;lt&ouml;m.</div><div></div><div>&Uuml;dv,</div><div></div><div>Eszter</div>','1254340214'),(73,36,14,1,'<div>Szia Eszter!</div><div></div><div></div><div>A tegnapi adagot megkaptad, let&ouml;lt&ouml;tted?</div><div></div><div>A devizaszámla árfolyamot megn&eacute;zem, csak mondjátok meg, hogy melyik számlánál (kimenõ, bej&ouml;võ) melyik árfolyamot kell használni (eladási&nbsp; &eacute;s v&eacute;teli vagy mindkettõn&eacute;l k&ouml;z&eacute;p? - számviteli politikától f&uuml;gg).</div><div></div><div>Az árfolyamok el&eacute;r&eacute;si útját a rendszerparam&eacute;terekn&eacute;l lehet módosítani (akinek joga van hozzá :-)), a &quot;PATH_ARF&quot; nevû param&eacute;ter &eacute;rt&eacute;k&eacute;hez kell beírni az el&eacute;r&eacute;si utat.</div><div></div><div></div><div>&Uuml;dv.:</div><div></div><div>Attila</div>','1254340228'),(74,38,14,1,'<div>Szia!</div><div></div><div>Besz&eacute;ltem a bankos &uuml;rg&eacute;sve, azt mondta, hogy a mozgásokból elõ lehet bármikor k&eacute;zzel állítani azt a file-t amire sz&uuml;ks&eacute;ged van. Azt íg&eacute;rte, hogy ma átk&uuml;ldi, hogyan kell.</div><div></div><div>Amint meg van k&uuml;ld&ouml;m.</div><div></div><div>&Uuml;dv,</div><div></div><div>Eszter</div>','1254340265'),(75,38,14,1,'<div>Szia Eszter</div><div></div><div>Jó, k&ouml;szi, akkor ezt megvárom!</div><div></div><div></div><div>&Uuml;dv.:<br />Attila</div>','1254340279'),(76,38,14,1,'<p>Szia4<br /><br />&nbsp;Mûk&ouml;dik az export.<br /><br />&nbsp;Csak a rendszerparam&eacute;terekhez nem f&eacute;rek hozzá. Der nem gond, megmutzattam<br />&nbsp;a Gabinak, hol találja a file-t.<br /><br />&nbsp;K&ouml;szi a segíts&eacute;get.<br /><br />&nbsp;&Uuml;dv,<br /><br />&nbsp;Eszter<br />&nbsp;----- Original Message -----<br />&nbsp;From: &quot;Horváth Attila&quot; <a href=\"mailto:horvath.attila@d-n-s.hu\">horvath.attila@d-n-s.hu</a><br />&nbsp;To: &quot;Sanimix import&quot; <a href=\"mailto:sani.import@t-online.hu\">sani.import@t-online.hu</a><br />&nbsp;Sent: Tuesday, January 24, 2006 2:17 PM<br />&nbsp;Subject: Bank, lista módosítás<br /><br /></p><p>&nbsp;Szia Eszter!<br /><br /><br /><br />&nbsp;Elk&eacute;sz&uuml;lt a banki beolvasás. A sikeres beolvasáshoz az kell, hogy azt az<br />&nbsp;elsõ sort, amit az egyes pozíciók jelent&eacute;se miatt beleraktál a fájlba,<br />&nbsp;most<br />&nbsp;vedd ki. :-) Van a fájlban olyan bankszámla, ami nincs benne a<br />&nbsp;bankszámlák<br />&nbsp;t&ouml;rzs&eacute;ben. Ha ez nem kell e beolvasáskor, akkor ki kellene hagyni az<br />&nbsp;export<br />&nbsp;fájlból.<br /><br />&nbsp;A banki beolvasással kapcsolatban m&eacute;g k&eacute;t dolog. Az egyik, hogy a banki<br />&nbsp;fájl<br />&nbsp;helye &eacute;s neve átírható a T&ouml;rzs-Egy&eacute;b t&ouml;rzsek-Rendszerparam&eacute;terek<br />&nbsp;men&uuml;pontban. A &quot;PATH_VOLKS&quot; nevû param&eacute;ter &eacute;rt&eacute;k&eacute;t kell megfelelõen<br />&nbsp;beállítani, pl: BANK\\MOZGASOK.TXT, &eacute;s akkor nem kell minden alkalommal<br />&nbsp;keresg&eacute;lni a fájlt beolvasás elõtt.<br /><br />&nbsp;A másik, hogy úgy látom, nem használjátok a Bank-Új bankszámlák<br />&nbsp;azonosítása<br />&nbsp;men&uuml;pontot. Ez az&eacute;rt kár, mert ha ezt t&ouml;lt&ouml;getitek, akkor az ellenoldali<br />&nbsp;bankszámlaszám alapján azonosítani tudja a program pl. a k&uuml;ldõ c&eacute;get vagy<br />&nbsp;pl. az átutalás jogcím&eacute;t.<br /><br /><br />&nbsp;K&uuml;ld&ouml;m a Kriszti által k&eacute;rt listamódosítást is.<br /><br /><br />&nbsp;Telepít&eacute;s a szokásos módon.<br /><br /><br />&nbsp;Ha k&eacute;rd&eacute;s vagy probl&eacute;ma van, szólj nyugodtan.<br /><br /><br />&Uuml;dv.:<br />Attila<br /></p>','1254340347'),(77,20,14,1,'Szia Miklós!<br /><br />Tegnap voltam a Baumax táj&eacute;koztatóján, ahol az EDI bevezet&eacute;s&eacute;rõl volt szó.<br />A<br />DOCCA OutSource IT Kft. szakemberei vitt&eacute;k a szót, technikai &eacute;s anyagi<br />term&eacute;szetû t&eacute;mák ker&uuml;ltek terít&eacute;kre.<br />Az EDI-be bekapcsolódó c&eacute;gek számára k&eacute;t lehetõs&eacute;get kínálnak (mell&eacute;kelem<br />az<br />árajánlatukat):<br /><br />1) WEB Edinet kapcsolat<br />Ez az olcsóbb változat, &eacute;s mivel f&uuml;ggetlen&uuml;l mûk&ouml;dik nekem sem kell<br />fejlesztenem az áruforgalmi programot. Ennek a telepít&eacute;si díja 250 EUR a<br />havi díja pedig &uuml;zenetszámtól f&uuml;ggetlen&uuml;l 40 EUR.<br />Ez a megoldás azt jelenti, hogy a Baumax rendel&eacute;seket egy internetes<br />fel&uuml;leten látjátok, az onnan leolvasott adatokat be kell r&ouml;gzíteni az<br />áruforgalmi rendszer rendel&eacute;sei k&ouml;z&eacute;. A Baumax számára elk&eacute;sz&uuml;lõ számlákat<br />pedig ezen az internetes fel&uuml;leten újra be kell r&ouml;gzíteni, az áruforgalmi<br />rendszerben r&ouml;gzítettel azonos módon.<br /><br /><br />2) EDINET Connector kapcsolat<br />Ennek telepít&eacute;si díja 500 EUR, a havi díja pedig 40 EUR. Ennek az az<br />elõnye,<br />hogy automatikusan fogadja &eacute;s k&uuml;ldi az elõk&eacute;szített &uuml;zeneteket. Viszont<br />ahhoz, hogy az áruforgalmi rendszerbe is beker&uuml;ljenek a rendel&eacute;sek írnom<br />kell egy k&uuml;l&ouml;n kis programot, ami figyeli a be&eacute;rkezõ rendel&eacute;seket &eacute;s<br />bedolgozza az áruforgalmi rendszerbe, illetve a számlákat is elõ kell<br />állítanom egy olyan formátumban, amit a Baumax fogadni tud. Ez úgy<br />nagyjából<br />30-35 órás munkával lenne megoldható.<br /><br /><br />A k&eacute;tf&eacute;le elõfizet&eacute;s k&ouml;z&ouml;tt van átjárás, megrendelhetitek most az olcsóbb<br />kapcsolatot, &eacute;s átt&eacute;rhettek k&eacute;sõbb a k&eacute;nyelmesebb, de drágább megoldásra.<br /><br /><br />Van egy számla archiválásra vonatkozó oszlop is a mell&eacute;kelt árlistában,<br />ezek<br />a t&eacute;telek akkor l&eacute;pnek &eacute;rv&eacute;nybe, ha a Baumax-szal megállapodtok az<br />elektronikus számlázásban. Ezek a díjak az elektronikusan kibocsájtott &eacute;s<br />fogadott számlák APEH-elõírásoknak megfelelõ achiválására vonatkoznak.<br />Erre<br />az&eacute;rt van sz&uuml;ks&eacute;g, mert ha a c&eacute;gek k&ouml;z&ouml;tt megállapodás sz&uuml;letik az<br />elektronikus számlacser&eacute;rõl, akkor az APEH már nem a kinyomtatott<br />dokumentumokat vizsgálja egy ellenõrz&eacute;skor, hanem ezt az archivumot. Az<br />archiváló szolgáltatást nem k&ouml;telezõ ig&eacute;nybe venni, bármelyik c&eacute;g<br />archiválhatja az elektronikus számláit, de az archiválás módjára olyan<br />elõírások vannak, amelyeket lehetetlen teljesíteni (atombiztos bunker,<br />naplózott bel&eacute;ptetõrendszer stb.). Nem v&eacute;letlen, hogy Magyarországon nincs<br />is ilyen szolgáltatás, a DOCCA archiváló szervere is Lengyelországban van.<br />A<br />l&eacute;nyeg: ha elektronikusan számláztok, meg kell rendelnetek az archiváló<br />szolgáltatást, aminek van egy egyszeri 400 EUR bel&eacute;p&eacute;si díja &eacute;s egy 30 EUR<br />&ouml;sszegû havi díja.<br />Az archiváló szolgáltatást egyelõre nem &eacute;rdemes megrendelni, mert a Baumax<br />sem tudja m&eacute;g, hogyan fogja arciválni a számláit, &eacute;s ameddig õ nem<br />archivál,<br />addig úgysem tudtok megállapodni az elektronikus számlázásról. Addig is<br />k&uuml;ldeni kell azonban a számlákat elektronikusan, viszont papíron is.<br />Egyelõre a papír számít APEH-dokumentumnak.<br /><br /><br />Fontos hogy a mell&eacute;kletben szereplõ árak akkor &eacute;rv&eacute;nyesek, ha november<br />30-ig<br />szerõdt&ouml;k a DOCCA-val! Vannak már EDI-szolgáltatók is, de azok a Baumax<br />EDI-felelõse szerint drágábbak is, viszont sok a bizonytalanság a<br />szolgáltatásaiban, ez&eacute;rt a Baumax a DOCCA-t javasolja.<br /><br />Ennyi volt, ha k&eacute;rd&eacute;sed van, beszl&eacute;het&uuml;nk róla!<br /><br />&Uuml;dv.:<br />Horváth Attila<br />','1254340445'),(78,20,14,1,'Szia Brigi!<br /><br />A cikkt&ouml;rzs nyomtatásba betettem, hogy szûrhetõ legyen cikkcsoportra, &eacute;s<br />PDF-be lehessen nyomtatni, hogy Zsolti el tudja k&uuml;ldeni e-mailben az<br />EAN-kódokat a vevõj&eacute;nek.<br /><br /><br />Csak ki kellene csomagolnod az Ora-Sani-ba!<br /><br /><br /><br />&Uuml;dv.:<br /><br />Attila<br />','1254340478'),(79,22,14,1,'<div>Szia Attila!<br /><br />Ahhoz k&eacute;pest, hogy látatlanban csináltad nagyon profi. Annyi az eg&eacute;sz, hogy <br />az elsõ oszlopot k&eacute;ne egy nagyon picit jobbra vinni, a t&ouml;bbi jó helyen van.<br /><br />K&ouml;szi, Brigi<br /></div>','1254340496'),(80,20,14,1,'<div>Szia!</div><div></div><div>A devizaszámlán a c&eacute;g&uuml;nk adatai k&ouml;zt fel kellene t&uuml;ntetni az EU-s adószámunkat:</div><div></div><div>HU 10928426</div><div></div><div>K&ouml;szi,</div><div></div><div>Eszter</div>','1254340511'),(81,39,14,1,'<div>Szia!</div><div></div><div>K&ouml;szi a gyors segíts&eacute;get.</div><div></div><div>&Uuml;dv,</div><div></div><div>Eszter</div><blockquote style=\"border-left: #000000 2px solid; padding-left: 5px; padding-right: 0px; margin-left: 5px; margin-right: 0px\" dir=\"ltr\"><div>----- Original Message ----- </div><div><strong>From:</strong> <a title=\"blocked::mailto:horvath.attila@d-n-s.hu horvath.attila@d-n-s.hu\" href=\"mailto:horvath.attila@d-n-s.hu\">Horváth Attila</a> </div><div><strong>To:</strong> <a title=\"blocked::mailto:sani.import@t-online.hu sani.import@t-online.hu\" href=\"mailto:sani.import@t-online.hu\">Sanimix import</a> </div><div><strong>Sent:</strong> Wednesday, December 21, 2005 10:55 AM</div><div><strong>Subject:</strong> Re: EU Adószám</div><div><br /></div><div>Szia Eszter!</div><div></div><div>Itt van a mósosítás, csak ki kell csomagolnod!</div><div></div><div>&Uuml;dv.:</div><div>Attila</div><div></div><blockquote style=\"border-left: #000000 2px solid; padding-left: 5px; padding-right: 0px; margin-left: 5px; margin-right: 0px\" dir=\"ltr\"><div>----- Original Message ----- </div><div><strong>From:</strong> <a title=\"blocked::mailto:sani.import@t-online.hu sani.import@t-online.hu\" href=\"mailto:sani.import@t-online.hu\">Sanimix import</a> </div><div><strong>To:</strong> <a title=\"blocked::mailto:horvath.attila@d-n-s.hu horvath.attila@d-n-s.hu\" href=\"mailto:horvath.attila@d-n-s.hu\">Horváth Attila</a> </div><div><strong>Sent:</strong> Tuesday, December 20, 2005 3:41 PM</div><div><strong>Subject:</strong> EU Adószám</div><div><br /></div><div>Szia!</div><div></div><div>A devizaszámlán a c&eacute;g&uuml;nk adatai k&ouml;zt fel kellene t&uuml;ntetni az EU-s adószámunkat:</div><div></div><div>HU 10928426</div><div></div><div>K&ouml;szi,</div><div></div><div>Eszter</div></blockquote></blockquote>','1254340581'),(82,20,14,1,'Szia Erika!<br /><br /><br />Nem &eacute;rtem ezt az Excel beolvasós t&ouml;rt&eacute;netet. Nálunk eggyel újabb&nbsp; verzió<br />van MS Office-ból, mint a Te g&eacute;peden, de itt egybõl helyesen olvassa be a<br />CSV fájlt. Nem tudom, ott mi lehet.<br />Módosítottam rajta egy kicsit, most TXT kiterjeszt&eacute;ssel menti el ugyanazt<br />a tartalmat, &eacute;s így az Excel megk&eacute;rdezi, hogy mi az oszlopokat elválasztó<br />karakter (eset&uuml;nkben pontosvesszõ: ;). Ha Brigi telepítette a csomagot,<br />amit k&uuml;ldtem neki, akkor ki kellene próbálnod, hogy így be tudod-e olvasni<br />az Excelbe az adatokat.<br /><br /><br />A k&eacute;pernyõn is megjelenik &eacute;s az Excel fájlba is a bele tettem az<br />átlagárat.<br /><br /><br />&Uuml;dv.:<br /><br />Attila<br />','1254340621'),(83,40,14,1,'<div>Szia Brigi!</div><div></div><div>Ez az.</div><div></div><div>Sajnos sokat nem tudtam csinálni vele. Eszm&eacute;letlen h&uuml;lye szerkezetben vannak benne az adatok. Ráadásul nem csak a szerkezet szar, hanem a tartalom is &eacute;rdekes. Az EUR számlátokat az&eacute;rt nem találta meg, mert a v&eacute;g&eacute;n l&eacute;võ &quot;000005&quot; nem szerepel a fájlban (a forint számlában pl. benne van az utolsó&nbsp;6 jegy is &quot;000004&quot;). Ezt a probl&eacute;mát&nbsp;m&eacute;g lekezeltem...</div><div></div><div>Eddig egy banki fájl egy bankszámla egy napi forgalmát tartalmazta, ez az EUR számla ennek is bekavar. Most egy fájl tartalmazza az EUR &eacute;s a&nbsp;HUF számla napi forgalmát is, ebbõl most csak az elsõt tudja beolvasni a program (az EUR-t).</div><div></div><div>Csomagold ki a mell&eacute;kletet!</div><div></div><div>&Uuml;dv.:</div><div>H. Attila</div><blockquote style=\"border-left: #000000 2px solid; padding-left: 5px; padding-right: 0px; margin-left: 5px; margin-right: 0px\" dir=\"ltr\"><div>----- Original Message ----- </div><div><strong>From:</strong> <a title=\"blocked::mailto:sanimix@axelero.hu sanimix@axelero.hu\" href=\"mailto:sanimix@axelero.hu\">Sanimix</a> </div><div><strong>To:</strong> <a title=\"blocked::mailto:horvath.attila@d-n-s.hu horvath.attila@d-n-s.hu\" href=\"mailto:horvath.attila@d-n-s.hu\">Horváth Attila</a> </div><div><strong>Sent:</strong> Wednesday, January 19, 2005 9:02 AM</div><div><strong>Subject:</strong> fájl</div><div><br /></div><div>Szia Attila!</div><div></div><div>K&uuml;ld&ouml;m a banki fájlt. (rem&eacute;lem ez az)</div><div /><div>Brigi&nbsp;</div></blockquote>','1254340674'),(84,41,14,1,'<p>Szia Attila !<br /><br />Szeretn&eacute;nk, ha a mell&eacute;kelt sz&ouml;veg szerepelne a fizet&eacute;si felszólításokon.<br /><br />K&ouml;szi: Ica<br /></p><span>A fentiek alapján <strong><span>felszólítom</span></strong>, hogy fennálló tartozását jelen lev&eacute;l k&eacute;zhezv&eacute;tel&eacute;tõl számított 5 napon bel&uuml;l fizesse meg. Táj&eacute;koztatom, hogy k&eacute;sedelmes fizet&eacute;se eset&eacute;n az aktuális jegybanki alapkamat k&eacute;tszeres&eacute;t számítjuk fel. <p>&nbsp;</p></span><span><p>&nbsp;</p></span><span>Amennyiben a fenti határidõ eredm&eacute;nytelen&uuml;l telik el, úgy k&eacute;nytelenek lesz&uuml;nk k&ouml;vetel&eacute;s&uuml;nket polgári nem peres, peres úton, illetve felszámolási eljárás keret&eacute;ben &eacute;rv&eacute;nyesíteni.<p>&nbsp;</p></span><span><p>&nbsp;</p></span><span>Táj&eacute;koztatom, hogy a csõdeljárásról, a felszámolási eljárásról &eacute;s a v&eacute;gelszámolásról szóló 1991. &eacute;vi XLIX. t&ouml;rv&eacute;ny szerint az illet&eacute;kes bíróság az adós felszámolását k&eacute;relemre v&eacute;gz&eacute;ssel elrendeli, ha az adós fizet&eacute;sk&eacute;ptelens&eacute;g&eacute;t állapítja meg. A hivatkozott t&ouml;rv&eacute;ny 27.&sect; (2) bekezd&eacute;s a) pontja szerint a bíróság az adós fizet&eacute;sk&eacute;ptelens&eacute;g&eacute;t akkor állapítja meg, ha korábban nem vitatott vagy elismert tartozását az esed&eacute;kess&eacute;get k&ouml;vetõ &ndash; a felszámolási eljárás kezdem&eacute;nyez&eacute;s&eacute;re vonatkozó figyelmeztet&eacute;st is tartalmazó &ndash; fizet&eacute;si felszólítás k&eacute;zhezv&eacute;tel&eacute;tõl számított 15 napon bel&uuml;l indokolással alátámasztott írásbeli nyilatkozatával nem vitatta &eacute;s nem egyenlítette ki.<p>&nbsp;</p></span><span><p>&nbsp;</p></span><span><p>&nbsp;</p></span><span>Amennyiben számlá(i)nkat idõk&ouml;zben kiegyenlített&eacute;k, szíveskedjenek k&ouml;z&ouml;lni az átutalás dátumát.<p>&nbsp;</p></span> <p>&nbsp;</p>','1254340745'),(85,42,14,1,'&nbsp;Szia Eszter!<br />&gt;<br />&gt;<br />&gt; Az adatokból azt látom, amit a folyószámla is mutat, a 2005.10.13-i<br />&gt; bankban k&eacute;tszer szerepel a 2005/04028, 29, 30, 81, 82 stb. számlák<br />&gt; ellen&eacute;rt&eacute;ke. A 2005/04028 p&eacute;ldául a 7. &eacute;s a 13. sorszámú t&eacute;telben is<br />&gt; kiegyenlít&eacute;sre ker&uuml;lt.<br />&gt;<br />&gt;<br />&gt; &Uuml;dv.:<br />&gt;<br />&gt;<br />&gt; Horváth Attila<br />&gt; horvath.attila@d-n-s.hu<br />&gt; ----------------------------<br />&gt; DNS Szoftverház Kft.<br />&gt; 1221 Budapest Baross u. 18.<br />&gt; Tel: (36-1) 424-5414<br />&gt; Fax: (36-1) 424-5416<br />&gt; E-mail: d-n-s@d-n-s.hu<br />','1254340788'),(86,42,14,1,'Szia!<br />&gt;<br />&gt; Nálam a Borderónál a 13. t&eacute;tel t&ouml;k más. Az nálam Brico Szfeh&eacute;rvár, nem a<br />&gt; Budakalász.<br />&gt;<br />&gt; Akkor ezt hogyan lehetne helyrerakni?<br />&gt; Mert az a bajom, hogy a borderónál csak egyszer szerepel. T&ouml;r&ouml;ljem<br />&gt; teljesen azt a napot &eacute;s vigy&uuml;k be újra?<br />&gt;<br />&gt; &Uuml;dv,<br />&gt;<br />&gt; Eszter<br />&gt;<br />&gt; ----- Original Message -----<br />&gt; From: &quot;Horváth Attila&quot; &lt;horvath.attila@d-n-s.hu&gt;<br />&gt; To: &quot;Sanimix import&quot; &lt;sani.import@t-online.hu&gt;<br />&gt; Sent: Tuesday, October 18, 2005 5:15 PM<br />&gt; Subject: Folyószámla<br />&gt;<br />&gt;<br />&gt;&gt; Szia Eszter!<br />&gt;&gt;<br />&gt;&gt;<br />&gt;&gt; Az adatokból azt látom, amit a folyószámla is mutat, a 2005.10.13-i<br />&gt;&gt; bankban k&eacute;tszer szerepel a 2005/04028, 29, 30, 81, 82 stb. számlák<br />&gt;&gt; ellen&eacute;rt&eacute;ke. A 2005/04028 p&eacute;ldául a 7. &eacute;s a 13. sorszámú t&eacute;telben is<br />&gt;&gt; kiegyenlít&eacute;sre ker&uuml;lt.<br />&gt;&gt;<br />&gt;&gt;<br />&gt;&gt; &Uuml;dv.:<br />','1254340806'),(87,38,14,1,'<div>Kedves Attila!</div><div /><div>Megint van egy banki fájl amit nem olvas be a program. K&eacute;rlek n&eacute;zd meg, &eacute;s ha ki tudod javítani </div><div>l&eacute;gyszives k&uuml;ld vissza.</div><div /><div /><div>K&ouml;szi</div><div /><div>Brigi</div>','1254340838'),(88,20,14,1,'<div>Szia!</div><div></div><div>A k&ouml;vetkezõ k&eacute;rd&eacute;seink lenn&eacute;nek:</div><div></div><div>a Toplistában n&eacute;mely partnern&eacute;l hoz kg-ot, máshol nem. Hol lehet az adott súlyokat beállítani az &ouml;sszes term&eacute;khez?</div><div></div><div>Mostanában t&ouml;bb áramsz&uuml;net&uuml;nk is volt, de a szerver sz&uuml;netmentese nem igazán bírja a dolgokat. </div><div></div><div>A Miklós k&eacute;rdezi, hogy megváltoztattad-e a DNS jelszavát?</div><div></div><div>&Uuml;dv,</div><div></div><div>Eszter</div>','1254340860'),(89,20,14,1,'<div>Szia!</div><div></div><div>1)&nbsp;A súlyadatokat a cikkt&ouml;rzsben lehet megadni.</div><div></div><div>2) Gondolom, r&eacute;gi a sz&uuml;netmentes, vagy akkut kellene cser&eacute;lni benne vagy kellene egy új. Az utóbbi megoldás eset&eacute;n tudunk segíteni.</div><div></div><div>3) Megváltoztattam.</div><div></div><div>&Uuml;dv.:</div><div>H. Attila</div>','1254340898'),(90,20,14,1,'Szia!<br />&gt;<br />&gt; Ez nem mûk&ouml;dik. Pedig ezt is úgy telepítettem, hogy nem volt bel&eacute;pve<br />&gt; senki.<br />&gt;<br />&gt; &Uuml;dv,<br />&gt;<br />&gt; Eszter<br />&gt;<br />&gt; ----- Original Message -----<br />&gt; From: &quot;Horváth Attila&quot; &lt;horvath.attila@d-n-s.hu&gt;<br />&gt; To: &quot;Sanimix import&quot; &lt;sani.import@t-online.hu&gt;<br />&gt; Sent: Thursday, November 10, 2005 1:28 PM<br />&gt; Subject: K&eacute;szletár felkínálása<br />&gt;<br />&gt;<br />&gt;&gt; Szia Eszter!<br />&gt;&gt;<br />&gt;&gt;<br />&gt;&gt; Kriszta k&eacute;szletár-probl&eacute;mája viszonlyag gyorsan megoldódott, ez van a<br />&gt;&gt; csomagban. A gond az volt, hogy olyan raktárba akarta bev&eacute;telezni az<br />&gt;&gt; árut,<br />&gt;&gt; amelyikben nem volt k&eacute;szlet, így k&eacute;szletárat sem tudodtt felkínálni a<br />&gt;&gt; program. Úgy módosítottam, hogy az &ouml;sszes raktár k&eacute;szlet&eacute;t figyelembe<br />&gt;&gt; vegye,<br />&gt;&gt; így ad árat.<br />&gt;&gt;<br />&gt;&gt;<br />&gt;&gt; &Uuml;dv.:<br />&gt;&gt;<br />&gt;&gt; Horváth Attila<br />','1254341002'),(91,20,14,1,'Szia Eszter!<br />&gt;<br />&gt; A múltkori megbesz&eacute;l&eacute;sek szerint módosítottam a ki nem szállított<br />&gt; rendel&eacute;s-t&eacute;telek listáján.<br />&gt;<br />&gt; Mostantól lehetõs&eacute;g van csak azoknak a t&eacute;teleknek a kilistázására,<br />&gt; amelyekre<br />&gt; van el&eacute;g k&eacute;szlet. Ha ilyen listát nyomtattok, akkor elõsz&ouml;r cikkenk&eacute;nt<br />&gt; &ouml;sszegzi a rendszer a ki nem szállított rendel&eacute;seket &eacute;s a rendelkez&eacute;sre<br />&gt; álló<br />&gt; k&eacute;szletet, majd r&eacute;szletesen is megjelenik a listán, hogy mely rendel&eacute;sek<br />&gt; t&eacute;telei el&eacute;gíthatõk ki a k&eacute;szletbõl. A lista ilyen móson t&ouml;rt&eacute;nõ<br />&gt; kinyomtatása egy-egy be&eacute;rkez&eacute;s után c&eacute;lszerû.<br />&gt;<br />&gt;<br />&gt; Telepítsd l&eacute;gyszi a szokásos módon, más tennivaló nincs!<br />&gt;<br />&gt;<br />&gt; K&ouml;szi &eacute;s &uuml;dv.:<br />&gt;<br />&gt;<br />&gt; Horváth Attila<br />','1254341022'),(92,26,14,1,'Szia Attila!<br /><br />Megsz&uuml;letek a munkalapokkal kapcsolatok k&eacute;r&eacute;sek:<br />Elõsz&ouml;r magával a munkalappal kapcsolatban:<br />-a ML szám csak a g&eacute;pben nagyobb. A kinyomtatott ML komplett betûm&eacute;ret&eacute;t<br />nagyobbra k&eacute;ne venni (a fiúk vakok nem látják)<br />-csak nagybetûvel lehessen nevet , címet beírni mert a keres&eacute;sn&eacute;l nem<br />mindegy, hogy keresel<br />-ha rossz irányítószámot írsz be &eacute;s át javítod, már a várost meg a megy&eacute;t<br />nem módosítja<br />-k&eacute;ne egy olyan t&ouml;rzs ahol a megy&eacute;khez hozzá lehet rendelni a szervízest &eacute;s<br />a cím beírásával a g&eacute;p már automatikusan hozná<br />-lek&eacute;rdez&eacute;sn&eacute;l hiába választassz cikket nem lehet rá lek&eacute;rdezni.<br />A másik pedig a munkalappal kapcsolatos listák:<br />-k&eacute;tf&eacute;le lista kellene: rendezett, rendezetlen (a helyben ill. posta<br />automatikusan rendezett legyen)<br />-a rendezett listát lehessen szûrni: megy&eacute;re, szervizesre, cikkre, a<br />rendez&eacute;s módjára &eacute;s dátumra.<br />-a rendezettlent pedig megy&eacute;re &eacute;s szervizesre<br /><br />Nagyvonalakban ennyi, de a puding próbája az ev&eacute;s, majd meglátjuk.<br /><br />K&ouml;szi, jobbulást<br /><br />Brigi<br />','1254341084'),(93,24,14,1,'Akkor írom: A számla v&eacute;g&ouml;sszege .......... Ft k&ouml;rnyezetv&eacute;delmi term&eacute;kdíjat<br />tartalmaz, mely a Sanimix Kft. r&eacute;sz&eacute;rõl befizet&eacute;sre ker&uuml;lt.<br /><br />k&ouml;szi, brigi<br /><br /><br /><br />----- Original Message -----<br />From: &quot;Horváth Attila&quot; &lt;horvath-attila@axelero.hu&gt;<br />To: &quot;Sanimix Kft.&quot; &lt;sanimix@axelero.hu&gt;<br />Sent: Wednesday, May 12, 2004 1:24 PM<br />Subject: K&ouml;rnyezetv&eacute;delmi term&eacute;kdíj<br /><br /><br />Szia Brigi!<br /><br />Elvileg k&eacute;szen vagyok, k&uuml;ldd l&eacute;gyszi a számlára nyomtatandó sz&ouml;veget! Ha<br />k&eacute;szen vagy az egys&eacute;gnyi díjak r&ouml;gzít&eacute;s&eacute;vel, akkor k&uuml;ld&ouml;m a cuccot!<br /><br />&Uuml;dv.:<br />H. Attila<br />','1254341170'),(94,20,14,1,'<div>Attila !</div><div></div><div>L&eacute;gyszíves n&eacute;zd meg hogy mi lehet az oka a telefonbesz&eacute;lget&eacute;s&uuml;nkben vázolt probl&eacute;mának:</div><div></div><div>2-es raktár: Postázott csaptelepek: leltár elszámolásnál nem számolta el a differenciát kiadásk&eacute;nt egyes term&eacute;kekn&eacute;l. </div><div>Pld. 10.6.1/1 &eacute;s a listán ezen term&eacute;k alatt szereplõ t&ouml;bbi term&eacute;kn&eacute;l sem.</div><div>A 10.6.1/1-bõl 2005.12.31.-&eacute;n 2db van, ugyanakkor ha kiadási bizonylatban r&ouml;gzíteni akarom, ott 0-t hoz fel, azonban a mai nappal is van belõle 1db &nbsp;a cikk kartonon.</div><div></div><div>Szóval nem &eacute;rtem a dolgot. Ha lehet segíts abbnan is, hogy mit csináljak, ha 0db-hoz &eacute;rt&eacute;ket hoz az adott napi k&eacute;szletlista.</div><div></div><div>K&ouml;szi</div><div>Icus</div>','1254341206'),(95,20,14,1,'&nbsp;Szia Attila !<br /><br />&nbsp;&nbsp;&nbsp; R&eacute;szletesen átn&eacute;zt&uuml;k az IMPORT RENDELÉS/BEJ&Ouml;VÕ DEVIZASZÁMLA/BEVÉTELEZÉS<br />módosításait. A k&ouml;vetkezõket tapasztaltuk:<br /><br />&nbsp;&nbsp;&nbsp; - A rendel&eacute;sszám nem jelenik meg a rendel&eacute;s &eacute;s a bev&eacute;telez&eacute;s<br />kinyomtatásakor.<br />&nbsp;&nbsp;&nbsp; - A raktár nem jelenik meg a bev&eacute;telez&eacute;s nyomtatásakor, ha t&ouml;bb raktár<br />van egy bev&eacute;telez&eacute;sen.<br /><br />&nbsp;&nbsp;&nbsp; - A r&eacute;szletes, dátummal ellátott megjegyz&eacute;sek sem jelennek meg a<br />bev&eacute;telez&eacute;s nyomtatásán.<br /><br /><br /><br />&nbsp;&nbsp;&nbsp; Legy&eacute;l szíves módosítani az Ora-Sani-t, hogy a fenti adatok a<br />nyomtatásnál is szerepeljenek.<br /><br /><br />&nbsp;&nbsp;&nbsp; &Uuml;dv&ouml;zlettel:<br /><br /><br /><br />&nbsp;&nbsp;&nbsp; Pápai Ádám<br /><br /><br /><br />&nbsp;&nbsp;&nbsp; import asszisztens<br /><br /><br /><br />&nbsp;&nbsp;&nbsp; Sanimix Kereskedelmi Kft.<br />&nbsp;&nbsp;&nbsp; 1225. Budapest, Angeli út 68.<br />&nbsp;&nbsp;&nbsp; Telefon: (1) 2073234.<br />&nbsp;&nbsp;&nbsp; Telefax: (1) 2076026.<br />&nbsp;&nbsp;&nbsp; E-mail: papai.adam@sanimix.t-online.hu<br />&nbsp;&nbsp;&nbsp; Web: www.sanimix.hu<br /><br /><br />----- Original Message -----<br />From: &quot;Horváth Attila&quot; &lt;horvath.attila@d-n-s.hu&gt;<br />To: &quot;Adam Papai&quot; &lt;papai.adam@sanimix.t-online.hu&gt;<br />Sent: Monday, January 14, 2008 11:26 AM<br />Subject: Re: Lista<br /><br /><br />&gt; Szia Ádám!<br />&gt;<br />&gt;<br />&gt; 1.<br />&gt;<br />&gt; OK<br />&gt;<br />&gt; 2.<br />&gt;<br />&gt; OK<br />&gt;<br />&gt; 3.<br />&gt;<br />&gt; Ezt nem &eacute;rtem. Egy adott cikk ára nincs rajta? Melyik cikk&eacute;? Melyik ár?<br />&gt;<br />&gt; 4.<br />&gt;<br />&gt; A lista sorrendje: c&eacute;g neve, rendel&eacute;sszám, bev&eacute;telez&eacute;s kelte, bev&eacute;t.<br />&gt; bizonylat száma, cikkszám. Kihagyhatjuk a szállító nev&eacute;t, de attól a<br />&gt; sorrend nem nagyon fog módosulni, hiszen a partnerekhez tartozó betûk<br />&gt; állandóak.<br />&gt;<br />&gt; A lista sorrendje az &ouml;sszegfokozatok logikájának felel meg. Nem igazán<br />&gt; &eacute;rtem, hogy mit szeretn&eacute;l.<br />&gt;<br />&gt; 5.<br />&gt;<br />&gt; Lásd a 4. pontnál leírtakat. Egy rendel&eacute;sen bel&uuml;l megvan a dátum sorrend.<br />&gt; Egy&eacute;bk&eacute;nt nem &eacute;rtem. Szerintem megint túl sokat akartok egy listától. Ez<br />&gt; nem egy Excel táblázat, amit aszerint az oszlop szerint rendeztek le,<br />&gt; amelyiket akarjátok.<br />&gt;<br />&gt; 6.<br />&gt;<br />&gt; Errõl majd besz&eacute;lj&uuml;k. Nem látom, hogy mi&eacute;rt megoldás, amit írsz. Az elsõ<br />&gt; megoldás egy&eacute;bk&eacute;nt el&eacute;gg&eacute; megborítja a rendszert, a 2.-ról egyeztess&uuml;nk.<br />&gt;<br />&gt; 7.<br />&gt;<br />&gt; OK.<br />&gt;<br />&gt; 8.<br />&gt;<br />&gt; Ez OK, de nem &quot;javítás&quot; kategória.<br />&gt;<br />&gt;<br />&gt; Majd besz&eacute;lj&uuml;nk az eg&eacute;szrõl, a h&eacute;ten megyek valamikor telepíteni<br />&gt; (lehets&eacute;ges, hogy ma).<br />&gt;<br />&gt;<br />&gt; &Uuml;dv.:<br />&gt;<br />&gt; Attila<br />&gt;<br />&gt;<br />&gt; ----- Original Message -----<br />&gt; From: &quot;Adam Papai&quot; &lt;papai.adam@sanimix.t-online.hu&gt;<br />&gt; To: &quot;Horváth Attila&quot; &lt;horvath.attila@d-n-s.hu&gt;<br />&gt; Cc: &lt;madaras.szilvia@sanimix.t-online.hu&gt;<br />&gt; Sent: Monday, January 14, 2008 10:09 AM<br />&gt; Subject: Re: Lista<br />&gt;<br />&gt;<br />&gt;<br />&gt;&nbsp;&nbsp;&nbsp; Szia Attila !<br />&gt;<br />&gt;&nbsp;&nbsp;&nbsp; Siker&uuml;lt telepíteni a csomagot.<br />&gt;<br />&gt;&nbsp;&nbsp;&nbsp; Az elsõ tesztel&eacute;s után a k&ouml;vetkezõ probl&eacute;mák j&ouml;ttek elõ, amiket ki kell<br />&gt; javítani:<br />&gt;<br />&gt;&nbsp;&nbsp;&nbsp; 1. Egyáltlán nem szerepel a listán &eacute;s lek&eacute;rdezni sem lehet, hogy a<br />&gt; szállítmány melyik raktárba &eacute;rkezett. Fontos megk&uuml;l&ouml;nb&ouml;ztetn&uuml;nk a<br />&gt; raktárakat<br />&gt; is, így szûrni is lehessen rá &eacute;s a kiadott listán is szerepeljen.<br />&gt;<br />&gt;&nbsp;&nbsp;&nbsp; 2. A rendel&eacute;sszám a listán szerepel, de a lek&eacute;rdez&eacute;sn&eacute;l szûr&eacute;sk&eacute;nt nem.<br />&gt; Jó lenne tól/-ig szûr&eacute;si lehetõs&eacute;g.<br />&gt;<br />&gt;&nbsp;&nbsp;&nbsp; 3. Szint&eacute;n nem szerepel a listán egy db. cikk ára.<br />&gt;<br />&gt;&nbsp;&nbsp;&nbsp; 4. A t&eacute;teles lista megk&uuml;l&ouml;nb&ouml;zteti a cikkeket - ez jó, de a cikkeket is<br />&gt; sorrendbe kellene rendezni. A rendel&eacute;seket is lehessen sorrendbe rendezni,<br />&gt; amihez nem sz&uuml;ks&eacute;ges megjeleníteni a beszállító nev&eacute;t, hiszen a<br />&gt; rendel&eacute;sszámból az úgyis kider&uuml;l.<br />&gt;<br />&gt;&nbsp;&nbsp;&nbsp; 5. Lehessen dátum szerint is rendezni, ne csak beszállítók szerint.<br />&gt;<br />&gt;&nbsp;&nbsp;&nbsp; 6. A számla szerinti mennyis&eacute;get k&eacute;tszer számolja az új lista, ha t&ouml;bb<br />&gt; bev&eacute;telez&eacute;s is tartozik hozzá. Erre megoldások:<br />&gt;<br />&gt;&nbsp;&nbsp;&nbsp; - Egy számlához csak egy bev&eacute;telt rendel&uuml;nk, de azon t&ouml;bb, k&uuml;l&ouml;nb&ouml;zõ<br />&gt; raktárhoz is lesz bev&eacute;telez&eacute;s. Ehhez viszont az kell, hogy a bev&eacute;telez&eacute;si<br />&gt; bizonylaton is jelenjen meg, hogy melyik cikk melyik raktárba ker&uuml;lt<br />&gt; bev&eacute;telez&eacute;sre.<br />&gt;&nbsp;&nbsp;&nbsp; - A bev&eacute;telez&eacute;sn&eacute;l minden cikkhez lehessen k&uuml;l&ouml;n rendel&eacute;sszámot<br />&gt; rendelni.<br />&gt;<br />&gt;&nbsp;&nbsp;&nbsp; 7. A Forgalom mozgásnem-cikk bontásban listára is ker&uuml;lj&ouml;n fel a<br />&gt; rendel&eacute;sszám.<br />&gt;<br />&gt;&nbsp;&nbsp;&nbsp; 8. A beszerz&eacute;sek lek&eacute;rdez&eacute;s&eacute;n&eacute;l is jelenjen meg a rendel&eacute;sszám,<br />&gt; valamint<br />&gt; ez a lista legyen nyomtatható.<br />&gt;<br />&gt;&nbsp;&nbsp;&nbsp; &Uuml;dv&ouml;zlettel:<br />&gt;<br />&gt;&nbsp;&nbsp;&nbsp; Pápai Ádám<br />&gt;<br />&gt;&nbsp;&nbsp;&nbsp; import asszisztens<br />&gt;<br />&gt;&nbsp;&nbsp;&nbsp; Sanimix Kereskedelmi Kft.<br />&gt;&nbsp;&nbsp;&nbsp; 1225. Budapest, Angeli út 68.<br />&gt;&nbsp;&nbsp;&nbsp; Telefon: (1) 2073234.<br />&gt;&nbsp;&nbsp;&nbsp; Telefax: (1) 2076026.<br />&gt;&nbsp;&nbsp;&nbsp; E-mail: papai.adam@sanimix.t-online.hu<br />&gt;&nbsp;&nbsp;&nbsp; Web: www.sanimix.hu<br />&gt;<br />&gt; ----- Original Message -----<br />&gt; From: &quot;Horváth Attila&quot; &lt;horvath.attila@d-n-s.hu&gt;<br />&gt; To: &quot;Adam Papai&quot; &lt;papai.adam@sanimix.t-online.hu&gt;<br />&gt; Sent: Thursday, January 10, 2008 4:36 PM<br />&gt; Subject: Lista<br />&gt;<br />&gt;<br />&gt;&gt; Szia Ádám!<br />&gt;&gt;<br />&gt;&gt;<br />&gt;&gt;<br />&gt;&gt; Elk&uuml;ldtem Briginek a csomagot, ha m&eacute;g ott van, akkor telepíteni is<br />&gt;&gt; tudjuk.<br />&gt;&gt;<br />&gt;&gt;<br />&gt;&gt; N&eacute;zedess&eacute;tek, ha valami változtatnivaló van, szóljatok!<br />&gt;&gt;<br />&gt;&gt;<br />&gt;&gt; A rendel&eacute;sszám &eacute;s a be&eacute;rkez&eacute;shez kapcsolódó esem&eacute;nyek kezel&eacute;se kb. 3,5<br />&gt;&gt; óra lenne.<br />&gt;&gt;<br />&gt;&gt;<br />&gt;&gt; &Uuml;dv.:<br />&gt;&gt;<br />&gt;&gt; Horváth Attila<br />','1254341235'),(96,20,14,1,'Szia Ádám!<br />&gt;<br />&gt;<br />&gt; 1.<br />&gt;<br />&gt; OK<br />&gt;<br />&gt; 2.<br />&gt;<br />&gt; OK<br />&gt;<br />&gt; 3.<br />&gt;<br />&gt; Ezt nem &eacute;rtem. Egy adott cikk ára nincs rajta? Melyik cikk&eacute;? Melyik ár?<br />&gt;<br />&gt; 4.<br />&gt;<br />&gt; A lista sorrendje: c&eacute;g neve, rendel&eacute;sszám, bev&eacute;telez&eacute;s kelte, bev&eacute;t.<br />&gt; bizonylat száma, cikkszám. Kihagyhatjuk a szállító nev&eacute;t, de attól a<br />&gt; sorrend nem nagyon fog módosulni, hiszen a partnerekhez tartozó betûk<br />&gt; állandóak.<br />&gt;<br />&gt; A lista sorrendje az &ouml;sszegfokozatok logikájának felel meg. Nem igazán<br />&gt; &eacute;rtem, hogy mit szeretn&eacute;l.<br />&gt;<br />&gt; 5.<br />&gt;<br />&gt; Lásd a 4. pontnál leírtakat. Egy rendel&eacute;sen bel&uuml;l megvan a dátum sorrend.<br />&gt; Egy&eacute;bk&eacute;nt nem &eacute;rtem. Szerintem megint túl sokat akartok egy listától. Ez<br />&gt; nem egy Excel táblázat, amit aszerint az oszlop szerint rendeztek le,<br />&gt; amelyiket akarjátok.<br />&gt;<br />&gt; 6.<br />&gt;<br />&gt; Errõl majd besz&eacute;lj&uuml;k. Nem látom, hogy mi&eacute;rt megoldás, amit írsz. Az elsõ<br />&gt; megoldás egy&eacute;bk&eacute;nt el&eacute;gg&eacute; megborítja a rendszert, a 2.-ról egyeztess&uuml;nk.<br />&gt;<br />&gt; 7.<br />&gt;<br />&gt; OK.<br />&gt;<br />&gt; 8.<br />&gt;<br />&gt; Ez OK, de nem &quot;javítás&quot; kategória.<br />&gt;<br />&gt;<br />&gt; Majd besz&eacute;lj&uuml;nk az eg&eacute;szrõl, a h&eacute;ten megyek valamikor telepíteni<br />&gt; (lehets&eacute;ges, hogy ma).<br />&gt;<br />&gt;<br />&gt; &Uuml;dv.:<br />&gt;<br />&gt; Attila<br />&gt;<br />&gt;<br />&gt; ----- Original Message -----<br />&gt; From: &quot;Adam Papai&quot; &lt;papai.adam@sanimix.t-online.hu&gt;<br />&gt; To: &quot;Horváth Attila&quot; &lt;horvath.attila@d-n-s.hu&gt;<br />&gt; Cc: &lt;madaras.szilvia@sanimix.t-online.hu&gt;<br />&gt; Sent: Monday, January 14, 2008 10:09 AM<br />&gt; Subject: Re: Lista<br />&gt;<br />&gt;<br />&gt;<br />&gt;&nbsp;&nbsp;&nbsp; Szia Attila !<br />&gt;<br />&gt;&nbsp;&nbsp;&nbsp; Siker&uuml;lt telepíteni a csomagot.<br />&gt;<br />&gt;&nbsp;&nbsp;&nbsp; Az elsõ tesztel&eacute;s után a k&ouml;vetkezõ probl&eacute;mák j&ouml;ttek elõ, amiket ki kell<br />&gt; javítani:<br />&gt;<br />&gt;&nbsp;&nbsp;&nbsp; 1. Egyáltlán nem szerepel a listán &eacute;s lek&eacute;rdezni sem lehet, hogy a<br />&gt; szállítmány melyik raktárba &eacute;rkezett. Fontos megk&uuml;l&ouml;nb&ouml;ztetn&uuml;nk a<br />&gt; raktárakat<br />&gt; is, így szûrni is lehessen rá &eacute;s a kiadott listán is szerepeljen.<br />&gt;<br />&gt;&nbsp;&nbsp;&nbsp; 2. A rendel&eacute;sszám a listán szerepel, de a lek&eacute;rdez&eacute;sn&eacute;l szûr&eacute;sk&eacute;nt nem.<br />&gt; Jó lenne tól/-ig szûr&eacute;si lehetõs&eacute;g.<br />&gt;<br />&gt;&nbsp;&nbsp;&nbsp; 3. Szint&eacute;n nem szerepel a listán egy db. cikk ára.<br />&gt;<br />&gt;&nbsp;&nbsp;&nbsp; 4. A t&eacute;teles lista megk&uuml;l&ouml;nb&ouml;zteti a cikkeket - ez jó, de a cikkeket is<br />&gt; sorrendbe kellene rendezni. A rendel&eacute;seket is lehessen sorrendbe rendezni,<br />&gt; amihez nem sz&uuml;ks&eacute;ges megjeleníteni a beszállító nev&eacute;t, hiszen a<br />&gt; rendel&eacute;sszámból az úgyis kider&uuml;l.<br />&gt;<br />&gt;&nbsp;&nbsp;&nbsp; 5. Lehessen dátum szerint is rendezni, ne csak beszállítók szerint.<br />&gt;<br />&gt;&nbsp;&nbsp;&nbsp; 6. A számla szerinti mennyis&eacute;get k&eacute;tszer számolja az új lista, ha t&ouml;bb<br />&gt; bev&eacute;telez&eacute;s is tartozik hozzá. Erre megoldások:<br />&gt;<br />&gt;&nbsp;&nbsp;&nbsp; - Egy számlához csak egy bev&eacute;telt rendel&uuml;nk, de azon t&ouml;bb, k&uuml;l&ouml;nb&ouml;zõ<br />&gt; raktárhoz is lesz bev&eacute;telez&eacute;s. Ehhez viszont az kell, hogy a bev&eacute;telez&eacute;si<br />&gt; bizonylaton is jelenjen meg, hogy melyik cikk melyik raktárba ker&uuml;lt<br />&gt; bev&eacute;telez&eacute;sre.<br />&gt;&nbsp;&nbsp;&nbsp; - A bev&eacute;telez&eacute;sn&eacute;l minden cikkhez lehessen k&uuml;l&ouml;n rendel&eacute;sszámot<br />&gt; rendelni.<br />&gt;<br />&gt;&nbsp;&nbsp;&nbsp; 7. A Forgalom mozgásnem-cikk bontásban listára is ker&uuml;lj&ouml;n fel a<br />&gt; rendel&eacute;sszám.<br />&gt;<br />&gt;&nbsp;&nbsp;&nbsp; 8. A beszerz&eacute;sek lek&eacute;rdez&eacute;s&eacute;n&eacute;l is jelenjen meg a rendel&eacute;sszám,<br />&gt; valamint<br />&gt; ez a lista legyen nyomtatható.<br />&gt;<br />&gt;&nbsp;&nbsp;&nbsp; &Uuml;dv&ouml;zlettel:<br />&gt;<br />&gt;&nbsp;&nbsp;&nbsp; Pápai Ádám<br />&gt;<br />&gt;&nbsp;&nbsp;&nbsp; import asszisztens<br />&gt;<br />&gt;&nbsp;&nbsp;&nbsp; Sanimix Kereskedelmi Kft.<br />&gt;&nbsp;&nbsp;&nbsp; 1225. Budapest, Angeli út 68.<br />&gt;&nbsp;&nbsp;&nbsp; Telefon: (1) 2073234.<br />&gt;&nbsp;&nbsp;&nbsp; Telefax: (1) 2076026.<br />&gt;&nbsp;&nbsp;&nbsp; E-mail: papai.adam@sanimix.t-online.hu<br />&gt;&nbsp;&nbsp;&nbsp; Web: www.sanimix.hu<br />&gt;<br />&gt; ----- Original Message -----<br />&gt; From: &quot;Horváth Attila&quot; &lt;horvath.attila@d-n-s.hu&gt;<br />&gt; To: &quot;Adam Papai&quot; &lt;papai.adam@sanimix.t-online.hu&gt;<br />&gt; Sent: Thursday, January 10, 2008 4:36 PM<br />&gt; Subject: Lista<br />&gt;<br />&gt;<br />&gt;&gt; Szia Ádám!<br />&gt;&gt;<br />&gt;&gt;<br />&gt;&gt;<br />&gt;&gt; Elk&uuml;ldtem Briginek a csomagot, ha m&eacute;g ott van, akkor telepíteni is<br />&gt;&gt; tudjuk.<br />&gt;&gt;<br />&gt;&gt;<br />&gt;&gt; N&eacute;zedess&eacute;tek, ha valami változtatnivaló van, szóljatok!<br />&gt;&gt;<br />&gt;&gt;<br />&gt;&gt; A rendel&eacute;sszám &eacute;s a be&eacute;rkez&eacute;shez kapcsolódó esem&eacute;nyek kezel&eacute;se kb. 3,5<br />&gt;&gt; óra lenne.<br />&gt;&gt;<br />&gt;&gt;<br />&gt;&gt; &Uuml;dv.:<br />&gt;&gt;<br />&gt;&gt; Horváth Attila<br />','1254341265'),(97,20,14,1,'&nbsp; Szia Attila !<br /><br />&nbsp;&nbsp;&nbsp; Siker&uuml;lt telepíteni a csomagot.<br /><br />&nbsp;&nbsp;&nbsp; Az elsõ tesztel&eacute;s után a k&ouml;vetkezõ probl&eacute;mák j&ouml;ttek elõ, amiket ki kell<br />javítani:<br /><br />&nbsp;&nbsp;&nbsp; 1. Egyáltlán nem szerepel a listán &eacute;s lek&eacute;rdezni sem lehet, hogy a<br />szállítmány melyik raktárba &eacute;rkezett. Fontos megk&uuml;l&ouml;nb&ouml;ztetn&uuml;nk a raktárakat<br />is, így szûrni is lehessen rá &eacute;s a kiadott listán is szerepeljen.<br /><br />&nbsp;&nbsp;&nbsp; 2. A rendel&eacute;sszám a listán szerepel, de a lek&eacute;rdez&eacute;sn&eacute;l szûr&eacute;sk&eacute;nt nem.<br />Jó lenne tól/-ig szûr&eacute;si lehetõs&eacute;g.<br /><br />&nbsp;&nbsp;&nbsp; 3. Szint&eacute;n nem szerepel a listán egy db. cikk ára.<br /><br />&nbsp;&nbsp;&nbsp; 4. A t&eacute;teles lista megk&uuml;l&ouml;nb&ouml;zteti a cikkeket - ez jó, de a cikkeket is<br />sorrendbe kellene rendezni. A rendel&eacute;seket is lehessen sorrendbe rendezni,<br />amihez nem sz&uuml;ks&eacute;ges megjeleníteni a beszállító nev&eacute;t, hiszen a<br />rendel&eacute;sszámból az úgyis kider&uuml;l.<br /><br />&nbsp;&nbsp;&nbsp; 5. Lehessen dátum szerint is rendezni, ne csak beszállítók szerint.<br /><br />&nbsp;&nbsp;&nbsp; 6. A számla szerinti mennyis&eacute;get k&eacute;tszer számolja az új lista, ha t&ouml;bb<br />bev&eacute;telez&eacute;s is tartozik hozzá. Erre megoldások:<br /><br />&nbsp;&nbsp;&nbsp; - Egy számlához csak egy bev&eacute;telt rendel&uuml;nk, de azon t&ouml;bb, k&uuml;l&ouml;nb&ouml;zõ<br />raktárhoz is lesz bev&eacute;telez&eacute;s. Ehhez viszont az kell, hogy a bev&eacute;telez&eacute;si<br />bizonylaton is jelenjen meg, hogy melyik cikk melyik raktárba ker&uuml;lt<br />bev&eacute;telez&eacute;sre.<br />&nbsp;&nbsp;&nbsp; - A bev&eacute;telez&eacute;sn&eacute;l minden cikkhez lehessen k&uuml;l&ouml;n rendel&eacute;sszámot<br />rendelni.<br /><br />&nbsp;&nbsp;&nbsp; 7. A Forgalom mozgásnem-cikk bontásban listára is ker&uuml;lj&ouml;n fel a<br />rendel&eacute;sszám.<br /><br />&nbsp;&nbsp;&nbsp; 8. A beszerz&eacute;sek lek&eacute;rdez&eacute;s&eacute;n&eacute;l is jelenjen meg a rendel&eacute;sszám, valamint<br />ez a lista legyen nyomtatható.<br /><br />&nbsp;&nbsp;&nbsp; &Uuml;dv&ouml;zlettel:<br /><br />&nbsp;&nbsp;&nbsp; Pápai Ádám<br /><br />&nbsp;&nbsp;&nbsp; import asszisztens<br /><br />&nbsp;&nbsp;&nbsp; Sanimix Kereskedelmi Kft.<br />&nbsp;&nbsp;&nbsp; 1225. Budapest, Angeli út 68.<br />&nbsp;&nbsp;&nbsp; Telefon: (1) 2073234.<br />&nbsp;&nbsp;&nbsp; Telefax: (1) 2076026.<br />&nbsp;&nbsp;&nbsp; E-mail: papai.adam@sanimix.t-online.hu<br />&nbsp;&nbsp;&nbsp; Web: www.sanimix.hu<br /><br />----- Original Message -----<br />From: &quot;Horváth Attila&quot; &lt;horvath.attila@d-n-s.hu&gt;<br />To: &quot;Adam Papai&quot; &lt;papai.adam@sanimix.t-online.hu&gt;<br />Sent: Thursday, January 10, 2008 4:36 PM<br />Subject: Lista<br /><br /><br />&gt; Szia Ádám!<br />&gt;<br />&gt;<br />&gt;<br />&gt; Elk&uuml;ldtem Briginek a csomagot, ha m&eacute;g ott van, akkor telepíteni is tudjuk.<br />&gt;<br />&gt;<br />&gt; N&eacute;zedess&eacute;tek, ha valami változtatnivaló van, szóljatok!<br />&gt;<br />&gt;<br />&gt; A rendel&eacute;sszám &eacute;s a be&eacute;rkez&eacute;shez kapcsolódó esem&eacute;nyek kezel&eacute;se kb. 3,5 óra<br />&gt; lenne.<br />&gt;<br />&gt;<br />&gt; &Uuml;dv.:<br />&gt;<br />&gt; Horváth Attila<br />','1254341287'),(98,20,14,1,'&nbsp; Szia Attila !<br /><br />&nbsp;&nbsp;&nbsp; R&eacute;szletesen átn&eacute;zt&uuml;k az IMPORT RENDELÉS/BEJ&Ouml;VÕ DEVIZASZÁMLA/BEVÉTELEZÉS<br />módosításait. A k&ouml;vetkezõket tapasztaltuk:<br /><br />&nbsp;&nbsp;&nbsp; - A rendel&eacute;sszám nem jelenik meg a rendel&eacute;s &eacute;s a bev&eacute;telez&eacute;s<br />kinyomtatásakor.<br />&nbsp;&nbsp;&nbsp; - A raktár nem jelenik meg a bev&eacute;telez&eacute;s nyomtatásakor, ha t&ouml;bb raktár<br />van egy bev&eacute;telez&eacute;sen.<br /><br />&nbsp;&nbsp;&nbsp; - A r&eacute;szletes, dátummal ellátott megjegyz&eacute;sek sem jelennek meg a<br />bev&eacute;telez&eacute;s nyomtatásán.<br /><br /><br /><br />&nbsp;&nbsp;&nbsp; Legy&eacute;l szíves módosítani az Ora-Sani-t, hogy a fenti adatok a<br />nyomtatásnál is szerepeljenek.<br /><br /><br />&nbsp;&nbsp;&nbsp; &Uuml;dv&ouml;zlettel:<br /><br /><br /><br />&nbsp;&nbsp;&nbsp; Pápai Ádám<br /><br /><br /><br />&nbsp;&nbsp;&nbsp; import asszisztens<br /><br /><br /><br />&nbsp;&nbsp;&nbsp; Sanimix Kereskedelmi Kft.<br />&nbsp;&nbsp;&nbsp; 1225. Budapest, Angeli út 68.<br />&nbsp;&nbsp;&nbsp; Telefon: (1) 2073234.<br />&nbsp;&nbsp;&nbsp; Telefax: (1) 2076026.<br />&nbsp;&nbsp;&nbsp; E-mail: papai.adam@sanimix.t-online.hu<br />&nbsp;&nbsp;&nbsp; Web: www.sanimix.hu<br /><br /><br />----- Original Message -----<br />From: &quot;Horváth Attila&quot; &lt;horvath.attila@d-n-s.hu&gt;<br />To: &quot;Adam Papai&quot; &lt;papai.adam@sanimix.t-online.hu&gt;<br />Sent: Monday, January 14, 2008 11:26 AM<br />Subject: Re: Lista<br /><br /><br />&gt; Szia Ádám!<br />&gt;<br />&gt;<br />&gt; 1.<br />&gt;<br />&gt; OK<br />&gt;<br />&gt; 2.<br />&gt;<br />&gt; OK<br />&gt;<br />&gt; 3.<br />&gt;<br />&gt; Ezt nem &eacute;rtem. Egy adott cikk ára nincs rajta? Melyik cikk&eacute;? Melyik ár?<br />&gt;<br />&gt; 4.<br />&gt;<br />&gt; A lista sorrendje: c&eacute;g neve, rendel&eacute;sszám, bev&eacute;telez&eacute;s kelte, bev&eacute;t.<br />&gt; bizonylat száma, cikkszám. Kihagyhatjuk a szállító nev&eacute;t, de attól a<br />&gt; sorrend nem nagyon fog módosulni, hiszen a partnerekhez tartozó betûk<br />&gt; állandóak.<br />&gt;<br />&gt; A lista sorrendje az &ouml;sszegfokozatok logikájának felel meg. Nem igazán<br />&gt; &eacute;rtem, hogy mit szeretn&eacute;l.<br />&gt;<br />&gt; 5.<br />&gt;<br />&gt; Lásd a 4. pontnál leírtakat. Egy rendel&eacute;sen bel&uuml;l megvan a dátum sorrend.<br />&gt; Egy&eacute;bk&eacute;nt nem &eacute;rtem. Szerintem megint túl sokat akartok egy listától. Ez<br />&gt; nem egy Excel táblázat, amit aszerint az oszlop szerint rendeztek le,<br />&gt; amelyiket akarjátok.<br />&gt;<br />&gt; 6.<br />&gt;<br />&gt; Errõl majd besz&eacute;lj&uuml;k. Nem látom, hogy mi&eacute;rt megoldás, amit írsz. Az elsõ<br />&gt; megoldás egy&eacute;bk&eacute;nt el&eacute;gg&eacute; megborítja a rendszert, a 2.-ról egyeztess&uuml;nk.<br />&gt;<br />&gt; 7.<br />&gt;<br />&gt; OK.<br />&gt;<br />&gt; 8.<br />&gt;<br />&gt; Ez OK, de nem &quot;javítás&quot; kategória.<br />&gt;<br />&gt;<br />&gt; Majd besz&eacute;lj&uuml;nk az eg&eacute;szrõl, a h&eacute;ten megyek valamikor telepíteni<br />&gt; (lehets&eacute;ges, hogy ma).<br />&gt;<br />&gt;<br />&gt; &Uuml;dv.:<br />&gt;<br />&gt; Attila<br />&gt;<br />&gt;<br />&gt; ----- Original Message -----<br />&gt; From: &quot;Adam Papai&quot; &lt;papai.adam@sanimix.t-online.hu&gt;<br />&gt; To: &quot;Horváth Attila&quot; &lt;horvath.attila@d-n-s.hu&gt;<br />&gt; Cc: &lt;madaras.szilvia@sanimix.t-online.hu&gt;<br />&gt; Sent: Monday, January 14, 2008 10:09 AM<br />&gt; Subject: Re: Lista<br />&gt;<br />&gt;<br />&gt;<br />&gt;&nbsp;&nbsp;&nbsp; Szia Attila !<br />&gt;<br />&gt;&nbsp;&nbsp;&nbsp; Siker&uuml;lt telepíteni a csomagot.<br />&gt;<br />&gt;&nbsp;&nbsp;&nbsp; Az elsõ tesztel&eacute;s után a k&ouml;vetkezõ probl&eacute;mák j&ouml;ttek elõ, amiket ki kell<br />&gt; javítani:<br />&gt;<br />&gt;&nbsp;&nbsp;&nbsp; 1. Egyáltlán nem szerepel a listán &eacute;s lek&eacute;rdezni sem lehet, hogy a<br />&gt; szállítmány melyik raktárba &eacute;rkezett. Fontos megk&uuml;l&ouml;nb&ouml;ztetn&uuml;nk a<br />&gt; raktárakat<br />&gt; is, így szûrni is lehessen rá &eacute;s a kiadott listán is szerepeljen.<br />&gt;<br />&gt;&nbsp;&nbsp;&nbsp; 2. A rendel&eacute;sszám a listán szerepel, de a lek&eacute;rdez&eacute;sn&eacute;l szûr&eacute;sk&eacute;nt nem.<br />&gt; Jó lenne tól/-ig szûr&eacute;si lehetõs&eacute;g.<br />&gt;<br />&gt;&nbsp;&nbsp;&nbsp; 3. Szint&eacute;n nem szerepel a listán egy db. cikk ára.<br />&gt;<br />&gt;&nbsp;&nbsp;&nbsp; 4. A t&eacute;teles lista megk&uuml;l&ouml;nb&ouml;zteti a cikkeket - ez jó, de a cikkeket is<br />&gt; sorrendbe kellene rendezni. A rendel&eacute;seket is lehessen sorrendbe rendezni,<br />&gt; amihez nem sz&uuml;ks&eacute;ges megjeleníteni a beszállító nev&eacute;t, hiszen a<br />&gt; rendel&eacute;sszámból az úgyis kider&uuml;l.<br />&gt;<br />&gt;&nbsp;&nbsp;&nbsp; 5. Lehessen dátum szerint is rendezni, ne csak beszállítók szerint.<br />&gt;<br />&gt;&nbsp;&nbsp;&nbsp; 6. A számla szerinti mennyis&eacute;get k&eacute;tszer számolja az új lista, ha t&ouml;bb<br />&gt; bev&eacute;telez&eacute;s is tartozik hozzá. Erre megoldások:<br />&gt;<br />&gt;&nbsp;&nbsp;&nbsp; - Egy számlához csak egy bev&eacute;telt rendel&uuml;nk, de azon t&ouml;bb, k&uuml;l&ouml;nb&ouml;zõ<br />&gt; raktárhoz is lesz bev&eacute;telez&eacute;s. Ehhez viszont az kell, hogy a bev&eacute;telez&eacute;si<br />&gt; bizonylaton is jelenjen meg, hogy melyik cikk melyik raktárba ker&uuml;lt<br />&gt; bev&eacute;telez&eacute;sre.<br />&gt;&nbsp;&nbsp;&nbsp; - A bev&eacute;telez&eacute;sn&eacute;l minden cikkhez lehessen k&uuml;l&ouml;n rendel&eacute;sszámot<br />&gt; rendelni.<br />&gt;<br />&gt;&nbsp;&nbsp;&nbsp; 7. A Forgalom mozgásnem-cikk bontásban listára is ker&uuml;lj&ouml;n fel a<br />&gt; rendel&eacute;sszám.<br />&gt;<br />&gt;&nbsp;&nbsp;&nbsp; 8. A beszerz&eacute;sek lek&eacute;rdez&eacute;s&eacute;n&eacute;l is jelenjen meg a rendel&eacute;sszám,<br />&gt; valamint<br />&gt; ez a lista legyen nyomtatható.<br />&gt;<br />&gt;&nbsp;&nbsp;&nbsp; &Uuml;dv&ouml;zlettel:<br />&gt;<br />&gt;&nbsp;&nbsp;&nbsp; Pápai Ádám<br />&gt;<br />&gt;&nbsp;&nbsp;&nbsp; import asszisztens<br />&gt;<br />&gt;&nbsp;&nbsp;&nbsp; Sanimix Kereskedelmi Kft.<br />&gt;&nbsp;&nbsp;&nbsp; 1225. Budapest, Angeli út 68.<br />&gt;&nbsp;&nbsp;&nbsp; Telefon: (1) 2073234.<br />&gt;&nbsp;&nbsp;&nbsp; Telefax: (1) 2076026.<br />&gt;&nbsp;&nbsp;&nbsp; E-mail: papai.adam@sanimix.t-online.hu<br />&gt;&nbsp;&nbsp;&nbsp; Web: www.sanimix.hu<br />&gt;<br />&gt; ----- Original Message -----<br />&gt; From: &quot;Horváth Attila&quot; &lt;horvath.attila@d-n-s.hu&gt;<br />&gt; To: &quot;Adam Papai&quot; &lt;papai.adam@sanimix.t-online.hu&gt;<br />&gt; Sent: Thursday, January 10, 2008 4:36 PM<br />&gt; Subject: Lista<br />&gt;<br />&gt;<br />&gt;&gt; Szia Ádám!<br />&gt;&gt;<br />&gt;&gt;<br />&gt;&gt;<br />&gt;&gt; Elk&uuml;ldtem Briginek a csomagot, ha m&eacute;g ott van, akkor telepíteni is<br />&gt;&gt; tudjuk.<br />&gt;&gt;<br />&gt;&gt;<br />&gt;&gt; N&eacute;zedess&eacute;tek, ha valami változtatnivaló van, szóljatok!<br />&gt;&gt;<br />&gt;&gt;<br />&gt;&gt; A rendel&eacute;sszám &eacute;s a be&eacute;rkez&eacute;shez kapcsolódó esem&eacute;nyek kezel&eacute;se kb. 3,5<br />&gt;&gt; óra lenne.<br />&gt;&gt;<br />&gt;&gt;<br />&gt;&gt; &Uuml;dv.:<br />&gt;&gt;<br />&gt;&gt; Horváth Attila<br />','1254341317'),(99,24,14,1,'<div>Szia!</div><div></div><div>A PDF-et nem kell k&ouml;vetni, csak a normál nyomtatást kellene k&ouml;vetni, mert a&nbsp;szervizvezetõnk pattog az adminisztrátornak, hogy nem nyomtatja ki rendesen a munkalapokat.</div><div>Normál esetben csak nyomtatóra k&uuml;ldj&uuml;k a munkalapot, kiv&eacute;ve, ha PDF-be szûrj&uuml;k le.</div><div></div><div>&Uuml;dv,</div><div></div><div>Eszter</div><blockquote style=\"border-left: #000000 2px solid; padding-left: 5px; padding-right: 0px; margin-left: 5px; margin-right: 0px\" dir=\"ltr\"><div>----- Original Message ----- </div><div><strong>From:</strong> <a title=\"blocked::mailto:horvath.attila@d-n-s.hu horvath.attila@d-n-s.hu\" href=\"mailto:horvath.attila@d-n-s.hu\">Horváth Attila</a> </div><div><strong>To:</strong> <a title=\"blocked::mailto:sani.import@t-online.hu sani.import@t-online.hu\" href=\"mailto:sani.import@t-online.hu\">Sanimix import</a> </div><div><strong>Sent:</strong> Tuesday, November 29, 2005 2:05 PM</div><div><strong>Subject:</strong> Re: Módosítandók</div><div><br /></div><div>Ok&eacute;.</div><div></div><div>A PDF-be nyomtatás nyomtatásnak számít? M&eacute;g egy dolog kell, hogy be tudjam jegyezni a nyomtatás t&eacute;ny&eacute;t: egybõl nyomtatóra kell k&uuml;ldenem, nem lehetne megn&eacute;zni elõtte. Mert ha már az elõzetes megtekint&eacute;s kinn van a k&eacute;penyõn, onnan már nincs nálam a vez&eacute;rl&eacute;s, nem tudom, hogy onnan kik&uuml;lditek a nyomtatóra vagy sem.</div><blockquote style=\"border-left: #000000 2px solid; padding-left: 5px; padding-right: 0px; margin-left: 5px; margin-right: 0px\" dir=\"ltr\"><div>----- Original Message ----- </div><div><strong>From:</strong> <a title=\"blocked::mailto:sani.import@t-online.hu sani.import@t-online.hu\" href=\"mailto:sani.import@t-online.hu\">Sanimix import</a> </div><div><strong>To:</strong> <a title=\"blocked::mailto:horvath.attila@d-n-s.hu horvath.attila@d-n-s.hu\" href=\"mailto:horvath.attila@d-n-s.hu\">Horváth Attila</a> </div><div><strong>Sent:</strong> Tuesday, November 29, 2005 1:57 PM</div><div><strong>Subject:</strong> Re: Módosítandók</div><div><br /></div><div>Szia!</div><div></div><div>A PDF kimenetre nyomtatáson kív&uuml;l egyenk&eacute;nt nyomtatjuk a munkalapokat.</div><div></div><div>Azt sejtettem, hogy tudod, mi a pro-forma ;-) csak a sajátságos helyzetet akartam vázolni.</div><div>Megbesz&eacute;lem az Icuval ezt m&eacute;g. Csak gondolom neki is jobb lenne, ha nem lenne tele storno számlákkal a rendszer. Nekem is jobb lenne, ha nem k&eacute;zzel kellene ezekre ráírni, hogy &quot;pro-forma&quot;.</div><div></div><div>A banki &uuml;gyben m&eacute;g nem kaptam választ sajna.</div><div></div><div>&Uuml;dv,</div><div></div><div>Eszter</div><blockquote style=\"border-left: #000000 2px solid; padding-left: 5px; padding-right: 0px; margin-left: 5px; margin-right: 0px\" dir=\"ltr\"><div>----- Original Message ----- </div><div><strong>From:</strong> <a title=\"blocked::mailto:horvath.attila@d-n-s.hu horvath.attila@d-n-s.hu\" href=\"mailto:horvath.attila@d-n-s.hu\">Horváth Attila</a> </div><div><strong>To:</strong> <a title=\"blocked::mailto:sani.import@t-online.hu sani.import@t-online.hu\" href=\"mailto:sani.import@t-online.hu\">Sanimix import</a> </div><div><strong>Sent:</strong> Tuesday, November 29, 2005 1:50 PM</div><div><strong>Subject:</strong> Re: Módosítandók</div><div><br /></div><div>Szia Eszter!</div><div></div><div></div><div>Ha egyenk&eacute;nt nyomtatjátok a munkalapokat, akkor megoldható ennek a jelz&eacute;snek a be&eacute;pít&eacute;se (mint a vevõ számlánál), de ha egyszerre t&ouml;bbet nyomtattok, akkor nem egyszerû a dolog.</div><div></div><div>Igen, tudom, mi a proforma számla! :-) Ezeknek k&uuml;l&ouml;n adattáblákat kellene l&eacute;trehozni, hogy v&eacute;letlen&uuml;l se ker&uuml;ljenek a k&ouml;nyvelendõ &eacute;s a folyószámlánál figyelembe veendõ t&eacute;telek k&ouml;z&eacute;. Ez az&eacute;rt egy pár órai munkát jelentene...</div><div></div><div></div><div>Bankban mi a helyzet? Nincs m&eacute;g export fájl?</div><div></div><div></div><div>&Uuml;dv.:</div><div></div><div>Attila</div><div></div><div></div><blockquote style=\"border-left: #000000 2px solid; padding-left: 5px; padding-right: 0px; margin-left: 5px; margin-right: 0px\" dir=\"ltr\"><div>----- Original Message ----- </div><div><strong>From:</strong> <a title=\"blocked::mailto:sani.import@t-online.hu sani.import@t-online.hu\" href=\"mailto:sani.import@t-online.hu\">Sanimix import</a> </div><div><strong>To:</strong> <a title=\"blocked::mailto:horvath.attila@d-n-s.hu horvath.attila@d-n-s.hu\" href=\"mailto:horvath.attila@d-n-s.hu\">Horváth Attila</a> </div><div><strong>Sent:</strong> Tuesday, November 29, 2005 12:37 PM</div><div><strong>Subject:</strong> Módosítandók</div><div><br /></div><div>Szia!</div><div></div><div>K&ouml;szi az eddigi módosításokat.</div><div></div><div>Felmer&uuml;lt egy olyan ig&eacute;ny, hogy meg lehet-e oldani, hogy látszódjon valahol, ha egy szerviz munkalapot már kinyomtattak.</div><div></div><div>A másik: nekem sz&uuml;ks&eacute;gem lenne arra&nbsp; afunkcióra a kimenõ deviza számlánál, hogy pro-forma számla.</div><div>Ennek szintúgy pluszos &eacute;rt&eacute;kûnek kellene lennie, de ne számítson bele sehová. Nem tudom, hogy így &eacute;rthetõ-e, hogy mit akarok. Sokszor kell ugyanis mintát kik&uuml;ldenem, amihez valamilyen minimális &eacute;rt&eacute;k kell, de utána le kell ezt mindig sztornóznom, hogy ne lógjon az &eacute;rt&eacute;k ott az Icának, hiszen ezeket nem kell, hogy kifizesse a vevõ.</div><div></div><div>&Uuml;dv,</div><div></div><div>Eszter</div></blockquote></blockquote></blockquote></blockquote>','1254341344'),(100,24,14,1,'<div>Szia!</div><div></div><div>Szerintem t&ouml;k&eacute;letes.</div><div></div><div>Banki file-t csak holnap tudok k&uuml;ldeni.</div><div></div><div>&Uuml;dv,</div><div></div><div>Eszter</div>','1254341391'),(101,24,14,1,'<div>Szia!</div><div></div><div>K&ouml;szi az eddigi módosításokat.</div><div></div><div>Felmer&uuml;lt egy olyan ig&eacute;ny, hogy meg lehet-e oldani, hogy látszódjon valahol, ha egy szerviz munkalapot már kinyomtattak.</div><div></div><div>A másik: nekem sz&uuml;ks&eacute;gem lenne arra&nbsp; afunkcióra a kimenõ deviza számlánál, hogy pro-forma számla.</div><div>Ennek szintúgy pluszos &eacute;rt&eacute;kûnek kellene lennie, de ne számítson bele sehová. Nem tudom, hogy így &eacute;rthetõ-e, hogy mit akarok. Sokszor kell ugyanis mintát kik&uuml;ldenem, amihez valamilyen minimális &eacute;rt&eacute;k kell, de utána le kell ezt mindig sztornóznom, hogy ne lógjon az &eacute;rt&eacute;k ott az Icának, hiszen ezeket nem kell, hogy kifizesse a vevõ.</div><div></div><div>&Uuml;dv,</div><div></div><div>Eszter</div>','1254341422'),(102,24,14,1,'<div>Szia Eszter!</div><div></div><div></div><div>Ha egyenk&eacute;nt nyomtatjátok a munkalapokat, akkor megoldható ennek a jelz&eacute;snek a be&eacute;pít&eacute;se (mint a vevõ számlánál), de ha egyszerre t&ouml;bbet nyomtattok, akkor nem egyszerû a dolog.</div><div></div><div>Igen, tudom, mi a proforma számla! :-) Ezeknek k&uuml;l&ouml;n adattáblákat kellene l&eacute;trehozni, hogy v&eacute;letlen&uuml;l se ker&uuml;ljenek a k&ouml;nyvelendõ &eacute;s a folyószámlánál figyelembe veendõ t&eacute;telek k&ouml;z&eacute;. Ez az&eacute;rt egy pár órai munkát jelentene...</div><div></div><div></div><div>Bankban mi a helyzet? Nincs m&eacute;g export fájl?</div><div></div><div></div><div>&Uuml;dv.:</div><div></div><div>Attila</div>','1254341436'),(103,24,14,1,'<div>Ok&eacute;.</div><div></div><div>A PDF-be nyomtatás nyomtatásnak számít? M&eacute;g egy dolog kell, hogy be tudjam jegyezni a nyomtatás t&eacute;ny&eacute;t: egybõl nyomtatóra kell k&uuml;ldenem, nem lehetne megn&eacute;zni elõtte. Mert ha már az elõzetes megtekint&eacute;s kinn van a k&eacute;penyõn, onnan már nincs nálam a vez&eacute;rl&eacute;s, nem tudom, hogy onnan kik&uuml;lditek a nyomtatóra vagy sem.</div>','1254341461'),(104,20,14,1,'<div>Szia!</div><div></div><div>Azt nem lehet esetleg ártípusk&eacute;nt felvenni, hogy a szállítólev&eacute;len szereplõ nettó ár (engedm&eacute;nyeket is tartalmazva)?</div><div>Így talán m&eacute;g pontosabb k&eacute;pet is kaphatnánk.</div><div></div><div>&Uuml;dv,</div><div></div><div>Eszter</div>','1254341478'),(105,20,14,1,'<div>Szia!</div><div></div><div></div><div>Lehet ilyet, de csak akkor, ha megíg&eacute;ritek, hogy nem hasonlítgatjátok a számlalistákkal! :-)</div><div></div><div>A számlázáskor m&eacute;g fel&uuml;l lehet írni a az árakat &eacute;s az engedm&eacute;nyeket, ez&eacute;rt nem garantálható, hogy a k&eacute;t lista ugyanazt hozza.</div><div></div><div>Csináljak egy ilyen lehetõs&eacute;get? Ennek csak a 210-es mozgásnem eset&eacute;n lenne &eacute;rtelme.</div><div></div><div>Tartozom m&eacute;g a banki árfolyamok beolvasásával, meg icának egy pár dologgal, amit a múltkor megbesz&eacute;lt&uuml;nk.</div><div></div><div></div><div>&Uuml;dv.:</div><div>a</div>','1254341494'),(106,20,14,1,'<div>Szia!</div><div></div><div>Megbesz&eacute;ltem Icával, akkor mehet a dolog &eacute;s megíg&eacute;rj&uuml;k, hogy nem hasonlítgatunk.</div><div></div><div>&Uuml;dv,</div><div></div><div>Eszter</div>','1254341513'),(107,40,14,1,'<div>Szia!</div><div></div><div>Ez a file hogy tetszik?</div><div></div><div>&Uuml;rge-b&uuml;rg&eacute;vel nem tudtam besz&eacute;lni, de k&uuml;ld&ouml;tt egy file-t amivel ezt l&eacute;tre tudtam hozni.</div><div></div><div>&Uuml;dv,</div><div></div><div>Eszter</div>','1254341559'),(108,40,14,1,'<div>Szia Eszter!</div><div></div><div></div><div>Formailag jónak tûnik, de nem ártana tudni, hogy melyik oszlopban milyen adat van. Talán kideríthetõ, hogy melyik oszlop mit tartalmaz (&ouml;sszevetve a nyomtatott kivonattal), de&nbsp;az ellenoldali bankszámlaszámot nem&nbsp;találtam az adatok k&ouml;z&ouml;tt.</div>','1254341582'),(109,20,14,1,'Szia Eszter!<br />&gt;<br />&gt;<br />&gt; Krisztát nem &eacute;rtem el telefonon, ezúton &uuml;zenem neki, hogy a listák k&ouml;z&ouml;tt<br />&gt; van egy &quot;Nem forgó k&eacute;szletek&quot; nevû, arra van sz&uuml;ks&eacute;ge!<br />&gt;<br />&gt;<br />&gt; &Uuml;dv.:<br />&gt;<br />&gt; Attila<br />','1254341601'),(110,20,14,1,'<div>Szia Attila!</div><div></div><div>A besz&eacute;lget&eacute;s&uuml;nk óta t&ouml;bb olyat is találtam, hogy nullával lett bev&eacute;telezve, de a mozgások lek&eacute;rdez&eacute;s&eacute;n&eacute;l nem jelenik meg.</div><div></div><div>Pld. 2006.03.16./B0005177 bev&eacute;ten /180-as mozgásnem/ t&ouml;bb t&eacute;tel is nullával lett bev.-ve. A mozgások lek&eacute;rdez&eacute;s&eacute;n&eacute;l, ha a nullára k&eacute;rdezem le, azok nem j&ouml;nnek fel.</div><div>Ilyen bev&eacute;t van m&eacute;g pl. 2006.05.31.-&eacute;n, 2006.10.31.-&eacute;n /180-as/</div><div></div><div>K&eacute;rlek n&eacute;zd meg, hogy mi az oka.</div><div></div><div>K&ouml;szi:</div><div>Ica</div>','1254341635'),(111,20,14,1,'<div>Szia!</div><div></div><div>Eln&eacute;z&eacute;st, hogy tegnap nem k&uuml;ldtem el az Ora Sanit, de ma pótolom.</div><div></div><div>A Miklósnak lenne egy k&eacute;r&eacute;se a raktárk&eacute;szlettel kapcsolatban.</div><div>Minden adatot eg&eacute;szre kellene kerekíteni (mennyis&eacute;g, egys&eacute;gár, nagyker/kisker ár)</div><div></div><div>K&ouml;szi,</div><div></div><div>Eszter</div>','1254341729'),(112,20,14,1,'<div>Szia!</div><div></div><div>Szerintem a miklósnak igazából az a l&eacute;nyeg, hogyha kinyomtatunk egy k&eacute;szlet listát, akkor azon ne szerepeljen tizedesjegy semelyik szám&eacute;rt&eacute;kn&eacute;l sem.</div><div></div><div>K&ouml;szi,</div><div></div><div>Eszter</div>','1254341753'),(113,20,14,1,'<div>Szia!</div><div></div><div>megtanácskoztuk, &eacute;s mindenhonnan el kellene õket t&uuml;ntetni.</div><div></div><div>K&ouml;szi,</div><div></div><div>Eszter</div><blockquote style=\"border-left: #000000 2px solid; padding-left: 5px; padding-right: 0px; margin-left: 5px; margin-right: 0px\" dir=\"ltr\"><div>----- Original Message ----- </div><div><strong>From:</strong> <a title=\"blocked::mailto:horvath.attila@d-n-s.hu horvath.attila@d-n-s.hu\" href=\"mailto:horvath.attila@d-n-s.hu\">Horváth Attila</a> </div><div><strong>To:</strong> <a title=\"blocked::mailto:sani.import@axelero.hu sani.import@axelero.hu\" href=\"mailto:sani.import@axelero.hu\">Sanimix import</a> </div><div><strong>Sent:</strong> Wednesday, April 20, 2005 12:43 PM</div><div><strong>Subject:</strong> Re: Ora Sani</div><div><br /></div><div>OK, így &eacute;rtem, akkor &ouml;ssze kellene szedni, hogy melyik listákrók írtsam ki a tizedes jegyeket.</div></blockquote>','1254341782'),(114,20,14,1,'<div>Szia Attila,</div><div></div><div>Szeretn&eacute;nk k&eacute;rni, hogy a k&eacute;szlet bev&eacute;teli bizonylaton a mennyis&eacute;g &eacute;s az egys&eacute;gár k&ouml;z&ouml;tt szerepeljen a term&eacute;k legutolsó beszerz&eacute;si ára.</div><div></div><div>K&ouml;sz&ouml;nettel</div><div></div><div>Barna Lajos</div><div>Sanimix Kft.</div>','1254341813'),(115,20,14,1,'Szia Attila !<br /><br />&nbsp;&nbsp;&nbsp; Elõsz&ouml;r is szeretn&eacute;nk sikerekben &eacute;s &eacute;lm&eacute;nyekben nagyon gazdag Új Évet<br />kívánni.<br /><br />&nbsp;&nbsp;&nbsp; 1. Egyúttal megrendelj&uuml;k az alább említett listát. Ehhez a listához<br />kiindulási alapnak jók a bev&eacute;telez&eacute;si adatok, de azokból kellene &ouml;sszehozni<br />a lehívható adatokat.<br /><br />&nbsp;&nbsp;&nbsp; A lista az alábbi adatokat mindenk&eacute;ppen tartalmazza:<br /><br />&nbsp;&nbsp;&nbsp; Rendel&eacute;sszám, Dátum, Raktár, Cikkszám, Mennyis&eacute;g, Ár/db., Ért&eacute;k.<br />Rendel&eacute;sszám alatt a megjegyz&eacute;s rovatban felt&uuml;ntetett adatot &eacute;rtj&uuml;k (pl.<br />SL-42, CW-13, GE-31, stb.).<br /><br />&nbsp;&nbsp;&nbsp; Lehessen szûrni minden fenti felt&eacute;telre, -tól/-ig &eacute;rt&eacute;kekkel. Az<br />ártípust is meg lehessen határozni. Legyen t&eacute;teles &eacute;s &ouml;sszesített lista,<br />valamint mindenk&eacute;ppen nyomtathatónak kell lennie. A t&eacute;teles lista a<br />beszállítókat k&uuml;l&ouml;nb&ouml;ztesse meg, &eacute;s azon bel&uuml;l rendezze az adatokat. Az<br />&ouml;sszesített lista ne v&eacute;gezzen csoportosítást beszállítók szerint.<br /><br />&nbsp;&nbsp;&nbsp; A devizaszámla szerinti darabszám &eacute;s a bev&eacute;telezett darabszám elt&eacute;rhet<br />(pl. s&eacute;r&uuml;l&eacute;s eset&eacute;n). Szeretn&eacute;nk, ha a 2 k&ouml;l&ouml;nb&ouml;zõ darabszámot is kiadná a<br />lista, &eacute;s mindk&eacute;t darabszámmal beszorozná az árat.<br /><br />&nbsp;&nbsp;&nbsp; Értelemszerûen az adatok sorai logikailag sorrendben legyenek, pl.<br />idõrendben vagy cikkszám szerint, attól f&uuml;ggõen, hogy mi szerint vannak<br />lek&eacute;rdezve.<br /><br />&nbsp;&nbsp;&nbsp; 2. K&eacute;rj&uuml;k, hogy a Forgalom mozgásnem-cikk bontásban listát is módosítsd<br />az alábbiak szerint, tehát a cikk megnevez&eacute;se helyett a cikkszám<br />mindenk&eacute;ppen szerepeljen. A dátumok pedig legyenek sorrendben. A 0-ás<br />t&eacute;teleket telefonon már tisztáztuk.<br /><br />&nbsp;&nbsp;&nbsp; 3. Az alábbi táj&eacute;koztatásod szerint mindez kb. 2 óra munka, az óradíjad<br />12.000,00 Ft. + ÁFA/óra, tehát &ouml;sszesen 24.000,00 Ft. + ÁFA.<br /><br />&nbsp;&nbsp;&nbsp; 4. Mik a felt&eacute;telei annak, ha az elk&eacute;sz&uuml;lt listán esetleg valamit<br />módosítani sz&uuml;ks&eacute;ges ?<br /><br />&nbsp;&nbsp;&nbsp; 5. L&eacute;gy szíves hívjál fel telefonon - m&eacute;g mielõtt elkezded -, &eacute;s szóban<br />is kifejtj&uuml;k, hogy hogyan szeretn&eacute;nk.<br /><br />&nbsp;&nbsp;&nbsp; &Uuml;dv&ouml;zlettel:<br /><br />&nbsp;&nbsp;&nbsp; Pápai Ádám<br /><br />&nbsp;&nbsp;&nbsp; import asszisztens<br /><br />&nbsp;&nbsp;&nbsp; Sanimix Kereskedelmi Kft.<br />&nbsp;&nbsp;&nbsp; 1225. Budapest, Angeli út 68.<br />&nbsp;&nbsp;&nbsp; Telefon: (1) 2073234.<br />&nbsp;&nbsp;&nbsp; Telefax: (1) 2076026.<br />&nbsp;&nbsp;&nbsp; E-mail: papai.adam@sanimix.t-online.hu<br />&nbsp;&nbsp;&nbsp; Web: www.sanimix.hu<br /><br />----- Original Message -----<br />From: &quot;Horváth Attila&quot; &lt;horvath.attila@d-n-s.hu&gt;<br />To: &quot;Adam Papai&quot; &lt;papai.adam@sanimix.t-online.hu&gt;<br />Sent: Tuesday, December 18, 2007 2:40 PM<br />Subject: Re: OraSani<br /><br /><br />&gt; Szia Ádám!<br />&gt;<br />&gt;<br />&gt; 1) Ez akkor nem arról szól, amirõl telefonon besz&eacute;lt&uuml;nk? Ott &eacute;ppen a<br />&gt; cikkekkel volt a probl&eacute;ma.<br />&gt;<br />&gt; Ha a bev&eacute;telez&eacute;sben benne van a devizaszámla száma, &eacute;s a devizaszámlában a<br />&gt; rendel&eacute;sszám, akkor meg lehet csinálni egy ilyesmi listát:<br />&gt;<br />&gt; Rendel&eacute;sszám&nbsp;&nbsp; Devizaszámla&nbsp;&nbsp; K&eacute;szletbizonylat&nbsp;&nbsp; Bev&eacute;t kelte<br />&gt;&nbsp;&nbsp;&nbsp; Cikk&nbsp;&nbsp; Mennyis&eacute;g&nbsp;&nbsp; Ért&eacute;k<br />&gt;<br />&gt;<br />&gt; Lehetne szûrni idõszakra, rendel&eacute;sre, cikkre. Jól gondolom? Esetleg<br />&gt; lehetne nyomtatni t&eacute;telesen (cikkel egy&uuml;tt) &eacute;s &ouml;sszesítve (csak a<br />&gt; bev&eacute;telez&eacute;seket).<br />&gt;<br />&gt;<br />&gt; 2)&nbsp; A cikkszámot rá tudom tenni a listára, &eacute;s a sorrendet is be tudom<br />&gt; állítani. A 0 &eacute;rt&eacute;kkel kapcsolatban valami konkr&eacute;tum kellene, cikk &eacute;s<br />&gt; dátum vagy hasonlók, lehetõleg az elsõ f&eacute;l&eacute;vbõl, mert akkori adatok vannak<br />&gt; nálam.<br />&gt;<br />&gt;<br />&gt;<br />&gt; 2 óra alatt megoldom a k&eacute;t dolgot, ha jó, amit írtam.<br />&gt;<br />&gt;<br />&gt; &Uuml;dv.:<br />&gt;<br />&gt; Attila<br />&gt;<br />&gt;<br />&gt;<br />&gt; ----- Original Message -----<br />&gt; From: &quot;Adam Papai&quot; &lt;papai.adam@sanimix.t-online.hu&gt;<br />&gt; To: &quot;Horváth Attila&quot; &lt;horvath.attila@d-n-s.hu&gt;<br />&gt; Cc: &lt;madaras.szilvia@sanimix.t-online.hu&gt;<br />&gt; Sent: Tuesday, December 18, 2007 11:52 AM<br />&gt; Subject: OraSani<br />&gt;<br />&gt;<br />&gt;<br />&gt;&nbsp;&nbsp;&nbsp; Szia Attila !<br />&gt;<br />&gt;&nbsp;&nbsp;&nbsp; 1. Telefonbesz&eacute;lget&eacute;s&uuml;nkre hivatkozva szeretn&eacute;nk, ha az OraSani-ba<br />&gt; k&eacute;szíten&eacute;l egy olyan lek&eacute;rdez&eacute;si lehetõs&eacute;get, ahol azt lehet megtudni,<br />&gt; hogy<br />&gt; adott idõszakban milyen beszerz&eacute;seink voltak, milyen cikk mikor, melyik<br />&gt; rendel&eacute;sszámon, melyik raktárunkba &eacute;rkezett. Lehessen szûrni minden<br />&gt; felt&eacute;telre, ki is lehessen nyomtatni.<br />&gt;<br />&gt;&nbsp;&nbsp;&nbsp; L&eacute;gy szíves táj&eacute;koztatni, hogy ez mennyibe ker&uuml;l &eacute;s mikorra tudnád<br />&gt; elk&eacute;szíteni. Ezek f&uuml;ggv&eacute;ny&eacute;ben d&ouml;nt&uuml;nk a megrendel&eacute;s&eacute;rõl.<br />&gt;<br />&gt;&nbsp;&nbsp;&nbsp; 2. Forgalom mozgásnem-cikk bontásban lista lehívásakor t&ouml;bb probl&eacute;mát<br />&gt; is<br />&gt; találtunk:<br />&gt;<br />&gt;&nbsp;&nbsp;&nbsp; - A cikk megnevez&eacute;se helyett a cikkszámot kellene felt&uuml;ntetni (az<br />&gt; elnevez&eacute;s is maradhat), valamint a dátumoknak sorrendben kellene lenni&uuml;k.<br />&gt;&nbsp;&nbsp;&nbsp; - N&eacute;hány esetben az &eacute;rt&eacute;k 0, amit nem tudunk, hogy mi&eacute;rt van. Pár<br />&gt; esetet<br />&gt; megvizsgáltam, sem a bej&ouml;võ devizaszámlánál, sem a bev&eacute;telez&eacute;sn&eacute;l, sem a<br />&gt; beszerz&eacute;sek lek&eacute;rdez&eacute;s&eacute;nel nem 0 szerepel &eacute;rt&eacute;knek.<br />&gt;<br />&gt;&nbsp;&nbsp;&nbsp; Gyors választ k&eacute;r&uuml;nk &eacute;s várunk.<br />&gt;<br />&gt;&nbsp;&nbsp;&nbsp; &Uuml;dv&ouml;zlettel:<br />&gt;<br />&gt;&nbsp;&nbsp;&nbsp; Pápai Ádám<br />&gt;<br />&gt;&nbsp;&nbsp;&nbsp; import asszisztens<br />&gt;<br />&gt;&nbsp;&nbsp;&nbsp; Sanimix Kereskedelmi Kft.<br />','1254341904'),(116,20,14,1,'Szia Ádám!<br />&gt;<br />&gt;<br />&gt; Besz&eacute;lj&uuml;nk errõl, mert szerintem egy kicsit más ez, mint amirõl &eacute;n<br />&gt; besz&eacute;ltem.<br />&gt;<br />&gt; Úgy tûnik, hogy t&ouml;bb lista tartalmát szeretn&eacute;tek egy listában...<br />&gt;<br />&gt;<br />&gt; &Uuml;dv.:<br />&gt; Attila<br />&gt;<br />&gt;<br />&gt; ----- Original Message -----<br />&gt; From: &quot;Adam Papai&quot; &lt;papai.adam@sanimix.t-online.hu&gt;<br />&gt; To: &quot;Horváth Attila&quot; &lt;horvath.attila@d-n-s.hu&gt;<br />&gt; Cc: &lt;madaras.szilvia@sanimix.t-online.hu&gt;<br />&gt; Sent: Friday, January 04, 2008 4:15 PM<br />&gt; Subject: Re: OraSani<br />&gt;<br />&gt;<br />&gt;<br />&gt;&nbsp;&nbsp;&nbsp; Szia Attila !<br />&gt;<br />&gt;&nbsp;&nbsp;&nbsp; Elõsz&ouml;r is szeretn&eacute;nk sikerekben &eacute;s &eacute;lm&eacute;nyekben nagyon gazdag Új Évet<br />&gt; kívánni.<br />&gt;<br />&gt;&nbsp;&nbsp;&nbsp; 1. Egyúttal megrendelj&uuml;k az alább említett listát. Ehhez a listához<br />&gt; kiindulási alapnak jók a bev&eacute;telez&eacute;si adatok, de azokból kellene<br />&gt; &ouml;sszehozni<br />&gt; a lehívható adatokat.<br />&gt;<br />&gt;&nbsp;&nbsp;&nbsp; A lista az alábbi adatokat mindenk&eacute;ppen tartalmazza:<br />&gt;<br />&gt;&nbsp;&nbsp;&nbsp; Rendel&eacute;sszám, Dátum, Raktár, Cikkszám, Mennyis&eacute;g, Ár/db., Ért&eacute;k.<br />&gt; Rendel&eacute;sszám alatt a megjegyz&eacute;s rovatban felt&uuml;ntetett adatot &eacute;rtj&uuml;k (pl.<br />&gt; SL-42, CW-13, GE-31, stb.).<br />&gt;<br />&gt;&nbsp;&nbsp;&nbsp; Lehessen szûrni minden fenti felt&eacute;telre, -tól/-ig &eacute;rt&eacute;kekkel. Az<br />&gt; ártípust is meg lehessen határozni. Legyen t&eacute;teles &eacute;s &ouml;sszesített lista,<br />&gt; valamint mindenk&eacute;ppen nyomtathatónak kell lennie. A t&eacute;teles lista a<br />&gt; beszállítókat k&uuml;l&ouml;nb&ouml;ztesse meg, &eacute;s azon bel&uuml;l rendezze az adatokat. Az<br />&gt; &ouml;sszesített lista ne v&eacute;gezzen csoportosítást beszállítók szerint.<br />&gt;<br />&gt;&nbsp;&nbsp;&nbsp; A devizaszámla szerinti darabszám &eacute;s a bev&eacute;telezett darabszám elt&eacute;rhet<br />&gt; (pl. s&eacute;r&uuml;l&eacute;s eset&eacute;n). Szeretn&eacute;nk, ha a 2 k&ouml;l&ouml;nb&ouml;zõ darabszámot is kiadná a<br />&gt; lista, &eacute;s mindk&eacute;t darabszámmal beszorozná az árat.<br />&gt;<br />&gt;&nbsp;&nbsp;&nbsp; Értelemszerûen az adatok sorai logikailag sorrendben legyenek, pl.<br />&gt; idõrendben vagy cikkszám szerint, attól f&uuml;ggõen, hogy mi szerint vannak<br />&gt; lek&eacute;rdezve.<br />&gt;<br />&gt;&nbsp;&nbsp;&nbsp; 2. K&eacute;rj&uuml;k, hogy a Forgalom mozgásnem-cikk bontásban listát is módosítsd<br />&gt; az alábbiak szerint, tehát a cikk megnevez&eacute;se helyett a cikkszám<br />&gt; mindenk&eacute;ppen szerepeljen. A dátumok pedig legyenek sorrendben. A 0-ás<br />&gt; t&eacute;teleket telefonon már tisztáztuk.<br />&gt;<br />&gt;&nbsp;&nbsp;&nbsp; 3. Az alábbi táj&eacute;koztatásod szerint mindez kb. 2 óra munka, az óradíjad<br />&gt; 12.000,00 Ft. + ÁFA/óra, tehát &ouml;sszesen 24.000,00 Ft. + ÁFA.<br />&gt;<br />&gt;&nbsp;&nbsp;&nbsp; 4. Mik a felt&eacute;telei annak, ha az elk&eacute;sz&uuml;lt listán esetleg valamit<br />&gt; módosítani sz&uuml;ks&eacute;ges ?<br />&gt;<br />&gt;&nbsp;&nbsp;&nbsp; 5. L&eacute;gy szíves hívjál fel telefonon - m&eacute;g mielõtt elkezded -, &eacute;s szóban<br />&gt; is kifejtj&uuml;k, hogy hogyan szeretn&eacute;nk.<br />&gt;<br />&gt;&nbsp;&nbsp;&nbsp; &Uuml;dv&ouml;zlettel:<br />&gt;<br />&gt;&nbsp;&nbsp;&nbsp; Pápai Ádám<br />&gt;<br />&gt;&nbsp;&nbsp;&nbsp; import asszisztens<br />&gt;<br />&gt;&nbsp;&nbsp;&nbsp; Sanimix Kereskedelmi Kft.<br />&gt;&nbsp;&nbsp;&nbsp; 1225. Budapest, Angeli út 68.<br />&gt;&nbsp;&nbsp;&nbsp; Telefon: (1) 2073234.<br />&gt;&nbsp;&nbsp;&nbsp; Telefax: (1) 2076026.<br />&gt;&nbsp;&nbsp;&nbsp; E-mail: papai.adam@sanimix.t-online.hu<br />&gt;&nbsp;&nbsp;&nbsp; Web: www.sanimix.hu<br />&gt;<br />&gt; ----- Original Message -----<br />&gt; From: &quot;Horváth Attila&quot; &lt;horvath.attila@d-n-s.hu&gt;<br />&gt; To: &quot;Adam Papai&quot; &lt;papai.adam@sanimix.t-online.hu&gt;<br />&gt; Sent: Tuesday, December 18, 2007 2:40 PM<br />&gt; Subject: Re: OraSani<br />&gt;<br />&gt;<br />&gt;&gt; Szia Ádám!<br />&gt;&gt;<br />&gt;&gt;<br />&gt;&gt; 1) Ez akkor nem arról szól, amirõl telefonon besz&eacute;lt&uuml;nk? Ott &eacute;ppen a<br />&gt;&gt; cikkekkel volt a probl&eacute;ma.<br />&gt;&gt;<br />&gt;&gt; Ha a bev&eacute;telez&eacute;sben benne van a devizaszámla száma, &eacute;s a devizaszámlában<br />&gt;&gt; a<br />&gt;&gt; rendel&eacute;sszám, akkor meg lehet csinálni egy ilyesmi listát:<br />&gt;&gt;<br />&gt;&gt; Rendel&eacute;sszám&nbsp;&nbsp; Devizaszámla&nbsp;&nbsp; K&eacute;szletbizonylat&nbsp;&nbsp; Bev&eacute;t kelte<br />&gt;&gt;&nbsp;&nbsp;&nbsp; Cikk&nbsp;&nbsp; Mennyis&eacute;g&nbsp;&nbsp; Ért&eacute;k<br />&gt;&gt;<br />&gt;&gt;<br />&gt;&gt; Lehetne szûrni idõszakra, rendel&eacute;sre, cikkre. Jól gondolom? Esetleg<br />&gt;&gt; lehetne nyomtatni t&eacute;telesen (cikkel egy&uuml;tt) &eacute;s &ouml;sszesítve (csak a<br />&gt;&gt; bev&eacute;telez&eacute;seket).<br />&gt;&gt;<br />&gt;&gt;<br />&gt;&gt; 2)&nbsp; A cikkszámot rá tudom tenni a listára, &eacute;s a sorrendet is be tudom<br />&gt;&gt; állítani. A 0 &eacute;rt&eacute;kkel kapcsolatban valami konkr&eacute;tum kellene, cikk &eacute;s<br />&gt;&gt; dátum vagy hasonlók, lehetõleg az elsõ f&eacute;l&eacute;vbõl, mert akkori adatok<br />&gt;&gt; vannak<br />&gt;&gt; nálam.<br />&gt;&gt;<br />&gt;&gt;<br />&gt;&gt;<br />&gt;&gt; 2 óra alatt megoldom a k&eacute;t dolgot, ha jó, amit írtam.<br />&gt;&gt;<br />&gt;&gt;<br />&gt;&gt; &Uuml;dv.:<br />&gt;&gt;<br />&gt;&gt; Attila<br />&gt;&gt;<br />&gt;&gt;<br />&gt;&gt;<br />&gt;&gt; ----- Original Message -----<br />&gt;&gt; From: &quot;Adam Papai&quot; &lt;papai.adam@sanimix.t-online.hu&gt;<br />&gt;&gt; To: &quot;Horváth Attila&quot; &lt;horvath.attila@d-n-s.hu&gt;<br />&gt;&gt; Cc: &lt;madaras.szilvia@sanimix.t-online.hu&gt;<br />&gt;&gt; Sent: Tuesday, December 18, 2007 11:52 AM<br />&gt;&gt; Subject: OraSani<br />&gt;&gt;<br />&gt;&gt;<br />&gt;&gt;<br />&gt;&gt;&nbsp;&nbsp;&nbsp; Szia Attila !<br />&gt;&gt;<br />&gt;&gt;&nbsp;&nbsp;&nbsp; 1. Telefonbesz&eacute;lget&eacute;s&uuml;nkre hivatkozva szeretn&eacute;nk, ha az OraSani-ba<br />&gt;&gt; k&eacute;szíten&eacute;l egy olyan lek&eacute;rdez&eacute;si lehetõs&eacute;get, ahol azt lehet megtudni,<br />&gt;&gt; hogy<br />&gt;&gt; adott idõszakban milyen beszerz&eacute;seink voltak, milyen cikk mikor, melyik<br />&gt;&gt; rendel&eacute;sszámon, melyik raktárunkba &eacute;rkezett. Lehessen szûrni minden<br />&gt;&gt; felt&eacute;telre, ki is lehessen nyomtatni.<br />&gt;&gt;<br />&gt;&gt;&nbsp;&nbsp;&nbsp; L&eacute;gy szíves táj&eacute;koztatni, hogy ez mennyibe ker&uuml;l &eacute;s mikorra tudnád<br />&gt;&gt; elk&eacute;szíteni. Ezek f&uuml;ggv&eacute;ny&eacute;ben d&ouml;nt&uuml;nk a megrendel&eacute;s&eacute;rõl.<br />&gt;&gt;<br />&gt;&gt;&nbsp;&nbsp;&nbsp; 2. Forgalom mozgásnem-cikk bontásban lista lehívásakor t&ouml;bb probl&eacute;mát<br />&gt;&gt; is<br />&gt;&gt; találtunk:<br />&gt;&gt;<br />&gt;&gt;&nbsp;&nbsp;&nbsp; - A cikk megnevez&eacute;se helyett a cikkszámot kellene felt&uuml;ntetni (az<br />&gt;&gt; elnevez&eacute;s is maradhat), valamint a dátumoknak sorrendben kellene lenni&uuml;k.<br />&gt;&gt;&nbsp;&nbsp;&nbsp; - N&eacute;hány esetben az &eacute;rt&eacute;k 0, amit nem tudunk, hogy mi&eacute;rt van. Pár<br />&gt;&gt; esetet<br />&gt;&gt; megvizsgáltam, sem a bej&ouml;võ devizaszámlánál, sem a bev&eacute;telez&eacute;sn&eacute;l, sem a<br />&gt;&gt; beszerz&eacute;sek lek&eacute;rdez&eacute;s&eacute;nel nem 0 szerepel &eacute;rt&eacute;knek.<br />&gt;&gt;<br />&gt;&gt;&nbsp;&nbsp;&nbsp; Gyors választ k&eacute;r&uuml;nk &eacute;s várunk.<br />&gt;&gt;<br />&gt;&gt;&nbsp;&nbsp;&nbsp; &Uuml;dv&ouml;zlettel:<br />&gt;&gt;<br />&gt;&gt;&nbsp;&nbsp;&nbsp; Pápai Ádám<br />&gt;&gt;<br />&gt;&gt;&nbsp;&nbsp;&nbsp; import asszisztens<br />&gt;&gt;<br />&gt;&gt;&nbsp;&nbsp;&nbsp; Sanimix Kereskedelmi Kft.<br />','1254341925'),(117,20,14,1,'&nbsp;Szia Attila !<br /><br />&nbsp;&nbsp;&nbsp; 1. Telefonbesz&eacute;lget&eacute;s&uuml;nkre hivatkozva szeretn&eacute;nk, ha az OraSani-ba<br />k&eacute;szíten&eacute;l egy olyan lek&eacute;rdez&eacute;si lehetõs&eacute;get, ahol azt lehet megtudni, hogy<br />adott idõszakban milyen beszerz&eacute;seink voltak, milyen cikk mikor, melyik<br />rendel&eacute;sszámon, melyik raktárunkba &eacute;rkezett. Lehessen szûrni minden<br />felt&eacute;telre, ki is lehessen nyomtatni.<br /><br />&nbsp;&nbsp;&nbsp; L&eacute;gy szíves táj&eacute;koztatni, hogy ez mennyibe ker&uuml;l &eacute;s mikorra tudnád<br />elk&eacute;szíteni. Ezek f&uuml;ggv&eacute;ny&eacute;ben d&ouml;nt&uuml;nk a megrendel&eacute;s&eacute;rõl.<br /><br />&nbsp;&nbsp;&nbsp; 2. Forgalom mozgásnem-cikk bontásban lista lehívásakor t&ouml;bb probl&eacute;mát is<br />találtunk:<br /><br />&nbsp;&nbsp;&nbsp; - A cikk megnevez&eacute;se helyett a cikkszámot kellene felt&uuml;ntetni (az<br />elnevez&eacute;s is maradhat), valamint a dátumoknak sorrendben kellene lenni&uuml;k.<br />&nbsp;&nbsp;&nbsp; - N&eacute;hány esetben az &eacute;rt&eacute;k 0, amit nem tudunk, hogy mi&eacute;rt van. Pár esetet<br />megvizsgáltam, sem a bej&ouml;võ devizaszámlánál, sem a bev&eacute;telez&eacute;sn&eacute;l, sem a<br />beszerz&eacute;sek lek&eacute;rdez&eacute;s&eacute;nel nem 0 szerepel &eacute;rt&eacute;knek.<br /><br />&nbsp;&nbsp;&nbsp; Gyors választ k&eacute;r&uuml;nk &eacute;s várunk.<br /><br />&nbsp;&nbsp;&nbsp; &Uuml;dv&ouml;zlettel:<br /><br />&nbsp;&nbsp;&nbsp; Pápai Ádám<br /><br />&nbsp;&nbsp;&nbsp; import asszisztens<br /><br />&nbsp;&nbsp;&nbsp; Sanimix Kereskedelmi Kft.<br />','1254341949'),(118,20,14,1,'Szia Ádám!<br />&gt;<br />&gt;<br />&gt; 1) Ez akkor nem arról szól, amirõl telefonon besz&eacute;lt&uuml;nk? Ott &eacute;ppen a<br />&gt; cikkekkel volt a probl&eacute;ma.<br />&gt;<br />&gt; Ha a bev&eacute;telez&eacute;sben benne van a devizaszámla száma, &eacute;s a devizaszámlában a<br />&gt; rendel&eacute;sszám, akkor meg lehet csinálni egy ilyesmi listát:<br />&gt;<br />&gt; Rendel&eacute;sszám&nbsp;&nbsp; Devizaszámla&nbsp;&nbsp; K&eacute;szletbizonylat&nbsp;&nbsp; Bev&eacute;t kelte<br />&gt;&nbsp;&nbsp;&nbsp; Cikk&nbsp;&nbsp; Mennyis&eacute;g&nbsp;&nbsp; Ért&eacute;k<br />&gt;<br />&gt;<br />&gt; Lehetne szûrni idõszakra, rendel&eacute;sre, cikkre. Jól gondolom? Esetleg<br />&gt; lehetne nyomtatni t&eacute;telesen (cikkel egy&uuml;tt) &eacute;s &ouml;sszesítve (csak a<br />&gt; bev&eacute;telez&eacute;seket).<br />&gt;<br />&gt;<br />&gt; 2)&nbsp; A cikkszámot rá tudom tenni a listára, &eacute;s a sorrendet is be tudom<br />&gt; állítani. A 0 &eacute;rt&eacute;kkel kapcsolatban valami konkr&eacute;tum kellene, cikk &eacute;s<br />&gt; dátum vagy hasonlók, lehetõleg az elsõ f&eacute;l&eacute;vbõl, mert akkori adatok vannak<br />&gt; nálam.<br />&gt;<br />&gt;<br />&gt;<br />&gt; 2 óra alatt megoldom a k&eacute;t dolgot, ha jó, amit írtam.<br />&gt;<br />&gt;<br />&gt; &Uuml;dv.:<br />&gt;<br />&gt; Attila<br />&gt;<br />&gt;<br />&gt;<br />&gt; ----- Original Message -----<br />&gt; From: &quot;Adam Papai&quot; &lt;papai.adam@sanimix.t-online.hu&gt;<br />&gt; To: &quot;Horváth Attila&quot; &lt;horvath.attila@d-n-s.hu&gt;<br />&gt; Cc: &lt;madaras.szilvia@sanimix.t-online.hu&gt;<br />&gt; Sent: Tuesday, December 18, 2007 11:52 AM<br />&gt; Subject: OraSani<br />&gt;<br />&gt;<br />&gt;<br />&gt;&nbsp;&nbsp;&nbsp; Szia Attila !<br />&gt;<br />&gt;&nbsp;&nbsp;&nbsp; 1. Telefonbesz&eacute;lget&eacute;s&uuml;nkre hivatkozva szeretn&eacute;nk, ha az OraSani-ba<br />&gt; k&eacute;szíten&eacute;l egy olyan lek&eacute;rdez&eacute;si lehetõs&eacute;get, ahol azt lehet megtudni,<br />&gt; hogy<br />&gt; adott idõszakban milyen beszerz&eacute;seink voltak, milyen cikk mikor, melyik<br />&gt; rendel&eacute;sszámon, melyik raktárunkba &eacute;rkezett. Lehessen szûrni minden<br />&gt; felt&eacute;telre, ki is lehessen nyomtatni.<br />&gt;<br />&gt;&nbsp;&nbsp;&nbsp; L&eacute;gy szíves táj&eacute;koztatni, hogy ez mennyibe ker&uuml;l &eacute;s mikorra tudnád<br />&gt; elk&eacute;szíteni. Ezek f&uuml;ggv&eacute;ny&eacute;ben d&ouml;nt&uuml;nk a megrendel&eacute;s&eacute;rõl.<br />&gt;<br />&gt;&nbsp;&nbsp;&nbsp; 2. Forgalom mozgásnem-cikk bontásban lista lehívásakor t&ouml;bb probl&eacute;mát<br />&gt; is<br />&gt; találtunk:<br />&gt;<br />&gt;&nbsp;&nbsp;&nbsp; - A cikk megnevez&eacute;se helyett a cikkszámot kellene felt&uuml;ntetni (az<br />&gt; elnevez&eacute;s is maradhat), valamint a dátumoknak sorrendben kellene lenni&uuml;k.<br />&gt;&nbsp;&nbsp;&nbsp; - N&eacute;hány esetben az &eacute;rt&eacute;k 0, amit nem tudunk, hogy mi&eacute;rt van. Pár<br />&gt; esetet<br />&gt; megvizsgáltam, sem a bej&ouml;võ devizaszámlánál, sem a bev&eacute;telez&eacute;sn&eacute;l, sem a<br />&gt; beszerz&eacute;sek lek&eacute;rdez&eacute;s&eacute;nel nem 0 szerepel &eacute;rt&eacute;knek.<br />&gt;<br />&gt;&nbsp;&nbsp;&nbsp; Gyors választ k&eacute;r&uuml;nk &eacute;s várunk.<br />&gt;<br />&gt;&nbsp;&nbsp;&nbsp; &Uuml;dv&ouml;zlettel:<br />&gt;<br />&gt;&nbsp;&nbsp;&nbsp; Pápai Ádám<br />&gt;<br />&gt;&nbsp;&nbsp;&nbsp; import asszisztens<br />&gt;<br />&gt;&nbsp;&nbsp;&nbsp; Sanimix Kereskedelmi Kft.<br />','1254341977'),(119,20,14,1,'Szia Miklós!<br />&gt;<br />&gt; Reggel ott voltam Nálatok, &eacute;s elhoztam az adatokat, hogy tudjam tesztelni<br />&gt; a listák k&ouml;z&ouml;tti elt&eacute;r&eacute;seket.<br />&gt;<br />&gt; Most &eacute;ppen az a gondom, hogy nem tudok olyan idõszakot lek&eacute;rdezni, amin&eacute;l<br />&gt; Tamás&eacute;k eladási statisztkája nagyobb &eacute;rt&eacute;ket ad, mint a Te &ouml;sszesített<br />&gt; &eacute;rt&eacute;kesít&eacute;sed.<br />&gt;<br />&gt;<br />&gt; Ha mindk&eacute;t listánál csak az idõszak elej&eacute;t adom meg 2006.01.01.-nek,<br />&gt; akkor:<br />&gt;<br />&gt;&nbsp;&nbsp;&nbsp; Az eladási statisztika:&nbsp;&nbsp;&nbsp;&nbsp;&nbsp;&nbsp;&nbsp;&nbsp; 1.274.356.180<br />&gt;&nbsp;&nbsp;&nbsp; Az &ouml;sszesített &eacute;rt&eacute;kesít&eacute;s:&nbsp;&nbsp; 1.303.765.352<br />&gt;<br />&gt; Ha mindk&eacute;t listánál a 2006.01.01.-2006.10.31. idõszakra szûr&ouml;k:<br />&gt;<br />&gt;&nbsp;&nbsp;&nbsp; Az eladási statisztika:&nbsp;&nbsp;&nbsp;&nbsp;&nbsp;&nbsp;&nbsp; 1.268.322.760<br />&gt;&nbsp;&nbsp;&nbsp; Az &ouml;sszesített &eacute;rt&eacute;kesít&eacute;s:&nbsp; 1.283.367.832<br />&gt;<br />&gt;<br />&gt; Mindk&eacute;t esetben a Te eredm&eacute;nyed t&ouml;bb. Vagy rendben van a dolog vagy &eacute;n<br />&gt; &eacute;rtek f&eacute;lre valamit. Tudnom kellene, hogy pontosan mit hasonlítottatok<br />&gt; &ouml;ssze mivel, mert egyelõre nekem rendben l&eacute;võnek tûnik a dolog elvileg is<br />&gt; &eacute;s a gyakorlatban is.<br />&gt;<br />&gt;<br />&gt; &Uuml;dv.:<br />&gt;<br />&gt; Horváth Attila<br />&gt; horvath.attila@d-n-s.hu<br />','1254341996'),(120,20,14,1,'Szevasz Attila!<br /><br />Csak azt tudom mondani, hogy naponta figyelem, rem&eacute;lem rendben lesz.<br /><br />&Uuml;dv. Miklós<br /><br /><br /><br /><br /><br /><br /><br /><br /><br /><br />----- Original Message -----<br />From: &quot;Horváth Attila&quot; &lt;horvath.attila@d-n-s.hu&gt;<br />To: &quot;Bojinka Miklós&quot; &lt;bojinka@t-online.hu&gt;<br />Sent: Monday, November 06, 2006 12:06 PM<br />Subject: &Ouml;sszesített &eacute;rt&eacute;kesít&eacute;s &eacute;s eladási statisztika elt&eacute;r&eacute;se<br /><br /><br />&gt; Szia Miklós!<br />&gt;<br />&gt; Reggel ott voltam Nálatok, &eacute;s elhoztam az adatokat, hogy tudjam tesztelni<br />&gt; a listák k&ouml;z&ouml;tti elt&eacute;r&eacute;seket.<br />&gt;<br />&gt; Most &eacute;ppen az a gondom, hogy nem tudok olyan idõszakot lek&eacute;rdezni, amin&eacute;l<br />&gt; Tamás&eacute;k eladási statisztkája nagyobb &eacute;rt&eacute;ket ad, mint a Te &ouml;sszesített<br />&gt; &eacute;rt&eacute;kesít&eacute;sed.<br />&gt;<br />&gt;<br />&gt; Ha mindk&eacute;t listánál csak az idõszak elej&eacute;t adom meg 2006.01.01.-nek,<br />&gt; akkor:<br />&gt;<br />&gt;&nbsp;&nbsp;&nbsp; Az eladási statisztika:&nbsp;&nbsp;&nbsp;&nbsp;&nbsp;&nbsp;&nbsp;&nbsp; 1.274.356.180<br />&gt;&nbsp;&nbsp;&nbsp; Az &ouml;sszesített &eacute;rt&eacute;kesít&eacute;s:&nbsp;&nbsp; 1.303.765.352<br />&gt;<br />&gt; Ha mindk&eacute;t listánál a 2006.01.01.-2006.10.31. idõszakra szûr&ouml;k:<br />&gt;<br />&gt;&nbsp;&nbsp;&nbsp; Az eladási statisztika:&nbsp;&nbsp;&nbsp;&nbsp;&nbsp;&nbsp;&nbsp; 1.268.322.760<br />&gt;&nbsp;&nbsp;&nbsp; Az &ouml;sszesített &eacute;rt&eacute;kesít&eacute;s:&nbsp; 1.283.367.832<br />&gt;<br />&gt;<br />&gt; Mindk&eacute;t esetben a Te eredm&eacute;nyed t&ouml;bb. Vagy rendben van a dolog vagy &eacute;n<br />&gt; &eacute;rtek f&eacute;lre valamit. Tudnom kellene, hogy pontosan mit hasonlítottatok<br />&gt; &ouml;ssze mivel, mert egyelõre nekem rendben l&eacute;võnek tûnik a dolog elvileg is<br />&gt; &eacute;s a gyakorlatban is.<br />&gt;<br />&gt;<br />&gt; &Uuml;dv.:<br />&gt;<br />&gt; Horváth Attila<br />&gt; horvath.attila@d-n-s.hu<br />','1254342018'),(121,43,14,1,'Szia Brigi!<br />&gt;<br />&gt; Kiokosítottam a p&eacute;nztárbizonylat-generálást a negatív elõjelû számlák<br />&gt; kezel&eacute;s&eacute;re.<br />&gt;<br />&gt; Telepítsd, ahogy szoktad!<br />&gt;<br />&gt; &Uuml;dv.:<br />','1254342060'),(122,42,14,1,'<div>Szia!</div><div></div><div>Megbesz&eacute;lt&uuml;k az Icával, &eacute;s mehet a pro-forma számla.</div><div></div><div>&Uuml;dv,</div><div></div><div>Eszter</div>','1254342090'),(123,20,14,1,'Szia Attila!<br /><br />Hát akkor a k&ouml;vetkezõ lenne:<br />Ami nem kell: Forgalom mozgásnem-partner, mozgásnem-cikkcsoport,<br />partner-mozgásnem, Áttárolás partner bontásban, Ért&eacute;kesít&eacute;s<br />cikkcsoport, -cikk, -partner, -c&eacute;gcsoport-cikk bontásban, (ez szerintem mind<br />benne van a toplistában) Beszerz&eacute;s cikkenk&eacute;nt, beszerz&eacute;s partnerenk&eacute;nt (ez<br />pedig a forgalom mozgásnem-cikkbõl nyomtatható) A forgalom mozgásnem-cikk<br />bontásban-t át k&eacute;ne nevezni &quot;forgalom mozgásnem bontásban&quot;. Nagy segíts&eacute;g<br />lenne m&eacute;g ha a toplistát Eladási statisztikának (vevõnk&eacute;nt,<br />cikkenk&eacute;nt...stb) hívnák. Ami viszont kellene: toplista cikkenk&eacute;nt-ben<br />&ouml;sszegezze a db-ot, a toplista vevõnk&eacute;nt-bõl pedig kivenni a cikk ill.<br />cikkcsoport szûrõt mert csak bezavar. Ha valamelyiket szerinted meg k&eacute;ne<br />tartani l&eacute;gy szi, szólj. M&eacute;g valami: nem tudom bonyolult-e, de ha megoldható<br />jobban &ouml;r&uuml;ln&eacute;nk, ha&nbsp; a listák f&ouml;nnt egy k&uuml;l&ouml;n fejl&eacute;cen lenn&eacute;nek. Hát<br />ennyi.........nagyon ne szídj.......Brigi<br /><br />----- Original Message -----<br />From: &quot;Horváth Attila&quot; &lt;horvath.attila@d-n-s.hu&gt;<br />To: &quot;Sanimix Kft.&quot; &lt;sanimix@axelero.hu&gt;<br />Sent: Friday, July 23, 2004 9:18 AM<br />Subject: Rendel&eacute;s nyomtatás, etikett számlákhoz<br /><br /><br />Szia Brigi!<br /><br />Itt van n&eacute;hány módosítás. Csomagold ki a ZIP-et, aztán m&eacute;g Toadítani is<br />kell!<br /><br />&Uuml;dv.:<br /><br />Horváth Attila<br />horvath.attila@d-n-s.hu<br />','1254342116'),(124,20,14,1,'Szia Kriszta!<br />&gt;<br />&gt;<br />&gt;<br />&gt; Megn&eacute;ztem a 22.58.5 cikkszámot, hogy mi lehet vele a gond a Rewico<br />&gt; raktárban.<br />&gt;<br />&gt; Igazából nem j&ouml;ttem rá, hogy mi t&ouml;rt&eacute;nt, azt vizsgáltam, hogy<br />&gt;<br />&gt; - nem írtatok-e át utólag valamilyen mennyis&eacute;get - NEM<br />&gt; - nem módosítottátok-e a raktárkódot - NEM<br />&gt; - nem vittetek-e fel a leltározott idõszakra új bizonylatot - NEM<br />&gt;<br />&gt;<br />&gt; Azt az egyet nem tudom vizsgálni, hogy nem t&ouml;r&ouml;ltetek-e utólag valamilyen<br />&gt; bev&eacute;telez&eacute;s-t&eacute;telt, mert a t&ouml;r&ouml;lt t&eacute;telek eltûnnek a rendszerbõl. Pedig<br />&gt; valami ilyesmi t&ouml;rt&eacute;nhetett, mert ha most elõállítom a 2006.12.18-i<br />&gt; k&eacute;szletet (amint azt a cikk karton is mutatja) 30 db-ot hoz, a<br />&gt; leltározáskor pedig csak 25 db-ot talált a nyilvántartás szerint.<br />&gt;<br />&gt;<br />&gt;<br />&gt; &Uuml;dv.:<br />&gt;<br />&gt; Horváth Attila<br />','1254342157'),(125,24,14,1,'<div>Szia!</div><div></div><div>Meg lehet oldani, hogy a szerviz munkalapoknál nyomtassa ki azt is, amit a hiba leírásába írunk?</div><div></div><div>Amit k&uuml;ldt&eacute;l a Briginek, azt csak simán bontsam ki? L&eacute;pjen ki elõtte mindenki az Ora-Saniból?</div><div></div><div>K&ouml;szi,</div><div></div><div>Eszter</div>','1254342177'),(126,26,14,1,'<div>Szie Gergõ!</div><div></div><div></div><div></div><div>Bocsi, kint voltam c&eacute;gn&eacute;l.</div><div></div><div>Úgy n&eacute;zem, most j&ouml;nnek a megrendel&eacute;sek, minden rendben van.</div><div></div><div></div><div>K&ouml;szi:</div><div></div><div>Attila</div><div>d-n-s</div><div></div><div></div><blockquote style=\"border-left: #000000 2px solid; padding-left: 5px; padding-right: 0px; margin-left: 5px; margin-right: 0px\" dir=\"ltr\"><div>----- Original Message ----- </div><div><strong>From:</strong> <a title=\"blocked::mailto:gergo.soter@netfabrik.hu gergo.soter@netfabrik.hu\" href=\"mailto:gergo.soter@netfabrik.hu\">gergo.soter@netfabrik.hu</a> </div><div><strong>To:</strong> <a title=\"blocked::mailto:horvath.attila@d-n-s.hu horvath.attila@d-n-s.hu\" href=\"mailto:horvath.attila@d-n-s.hu\">horvath.attila@d-n-s.hu</a> </div><div><strong>Sent:</strong> Tuesday, July 28, 2009 11:56 AM</div><div><strong>Subject:</strong> RE: TransNet</div><div><br /></div><div class=\"Section1\"><span>Szia Attila!<p>&nbsp;</p></span><span><p>&nbsp;</p></span><span>Nekem ez van a console ablakomban<img border=\"0\" alt=\"Sanimix szerver.JPG\" src=\"cid:89CF516B95F5452D94091A9D82D341CC@DNSAtyVista\" width=\"1280\" height=\"800\" /><p>&nbsp;</p></span><span><p>&nbsp;</p></span> <div><span>&Uuml;dv&ouml;zlettel/Regards:</span><span><p>&nbsp;</p></span><span>&nbsp;<p>&nbsp;</p></span><u><span>Sót&eacute;r Gergõ</span></u><span><br /></span><span>IT Groupe Manager<br />Netfabrik Hungary Kft.<br />Mobil: (+36-20) 959-74-25<br />Fax: (+36-1) 8012787</span><span><br /></span><span>1133 Budapest <br />Hegedûs Gyula u. 91/c.<br />E-mail: </span><span><a title=\"blocked::mailto:gergo.soter@netfabrik.hu mailto:gergo.soter@netfabrik.hu mailto:laszlo.kronavetter@netfabrik.hu\" href=\"mailto:gergo.soter@netfabrik.hu\"><span>gergo.soter@netfabrik.hu</span></a><br /></span><span>Web: </span><span><a title=\"blocked::http://www.netfabrik.hu/ blocked::blocked::http://www.netfabrik.hu/ blocked::http://www.netfabrik.hu/ http://www.netfabrik.hu/\" href=\"http://www.netfabrik.hu/\"><span>www.netfabrik.hu</span></a><p>&nbsp;</p></span><span><img border=\"0\" alt=\"cid:image001.gif@01C99DA5.1F5FDA70\" src=\"cid:F0C11F4F972E4C78A0F53303FAADD0E7@DNSAtyVista\" width=\"170\" height=\"88\" /></span><span><p>&nbsp;</p></span></div><span><p>&nbsp;</p></span> <div><div><strong><span>From:</span></strong><span> Horváth Attila [mailto:horvath.attila@d-n-s.hu] <br /><strong>Sent:</strong> Tuesday, July 28, 2009 10:35 AM<br /><strong>To:</strong> Sót&eacute;r Gergõ<br /><strong>Subject:</strong> TransNet<p>&nbsp;</p></span></div></div><p>&nbsp;</p> <div><span>Szia Gergõ!</span><p>&nbsp;</p></div><div>&nbsp;<p>&nbsp;</p></div><div>&nbsp;<p>&nbsp;</p></div><div>&nbsp;<p>&nbsp;</p></div><div><span>Rán&eacute;zn&eacute;l erre a TransNet-re? Gyanús, hogy egyetlen megrendel&eacute;st sem t&ouml;lt le. A Log fájlban sem látok semmit. Fut ez egyáltalán?</span><p>&nbsp;</p></div><div>&nbsp;<p>&nbsp;</p></div><div><span>Elvileg a fõablakban írja, ha valami nem stimmel.</span><p>&nbsp;</p></div><div>&nbsp;<p>&nbsp;</p></div><div>&nbsp;<p>&nbsp;</p></div><div>&nbsp;<p>&nbsp;</p></div><div>&nbsp;<p>&nbsp;</p></div><div><span>K&ouml;szi:</span><p>&nbsp;</p></div><div>&nbsp;<p>&nbsp;</p></div><div><span>Attila</span><p>&nbsp;</p></div><div><span>d-n-s</span><p>&nbsp;</p></div></div></blockquote>','1254342229'),(127,26,14,1,'Szerintem ezek az oldalak az Oracle Applications upgrade-j&eacute;rõl szólnak. Az<br />egy olyan &uuml;zleti alkalmazás, mint az SAP vagy hasonlók.<br /><br />Kipróbáltam itt nálunk, egyszerûen kivettem a Path-ból az Oralce-s java<br />beállításokat, a szerver rendesen fut. Egy&eacute;bk&eacute;nt sem használunk hozzá<br />semmilyen java-s programot, szerintem ott is ki kellene próbálni ezt a<br />megoldást. Mentsd le valahová a mostani Path beállításokat, &eacute;s gyomláld ki<br />belõle az Oracle alatti java al&eacute;r&eacute;si utakat.<br /><br /><br /><br />----- Original Message -----<br />From: &lt;gergo.soter@netfabrik.hu&gt;<br />To: &lt;horvath.attila@d-n-s.hu&gt;<br />Cc: &lt;richard.balazs@netfabrik.hu&gt;; &lt;laszlo.kronavetter@netfabrik.hu&gt;<br />Sent: Friday, July 24, 2009 2:30 PM<br />Subject: RE: Transnet telepít&eacute;s<br /><br /><br />Noss... megn&eacute;ztem &eacute;s nekem a szerver t&eacute;nyleg ezt írja ki:<br /><br />java version &quot;1.3.1_01&quot;<br />Java(TM) 2 Runtime Environment, Standard Edition (build 1.3.1_01)<br />Java HotSpot(TM) Client VM (build 1.3.1_01, mixed mode)<br /><br />Találtam egy fórumot amin szerintem errõl van szó, de a te jóváhagyásod<br />n&eacute;lk&uuml;l nem csinálom v&eacute;gig a stepp-eket.<br /><br />Itt vannak a linkek l&eacute;gy szíves n&eacute;zd át, hogy ez a megoldás-e valóban.<br /><br />Elsõ r&eacute;sze:<br /><br /><a title=\"blocked::http://oracle-apps-dba.blogspot.com/2009/05/upgrade-java-plug-in-jre-to-latest.html\" href=\"http://oracle-apps-dba.blogspot.com/2009/05/upgrade-java-plug-in-jre-to-latest.html\">http://oracle-apps-dba.blogspot.com/2009/05/upgrade-java-plug-in-jre-to-latest.html</a><br /><br /><br />Második r&eacute;sze:<br /><br /><a title=\"blocked::http://oracle-apps-dba.blogspot.com/2008/03/upgrade-from-jinitiator-13-to-java.html\" href=\"http://oracle-apps-dba.blogspot.com/2008/03/upgrade-from-jinitiator-13-to-java.html\">http://oracle-apps-dba.blogspot.com/2008/03/upgrade-from-jinitiator-13-to-java.html</a><br /><br /><br /><br />&Uuml;dv&ouml;zlettel/Regards:<br /><br />Sót&eacute;r Gergõ<br />IT Groupe Manager<br />Netfabrik Hungary Kft.<br />Mobil: (+36-20) 959-74-25<br />Fax: (+36-1) 8012787<br />1133 Budapest<br />Hegedûs Gyula u. 91/c.<br />E-mail: gergo.soter@netfabrik.hu<br />Web: www.netfabrik.hu<br /><br /><br />-----Original Message-----<br />From: Horváth Attila [<a title=\"blocked::mailto:horvath.attila@d-n-s.hu\" href=\"mailto:horvath.attila@d-n-s.hu\">mailto:horvath.attila@d-n-s.hu</a>]<br />Sent: Friday, July 24, 2009 1:37 PM<br />To: Sót&eacute;r Gergõ<br />Subject: Fw: Transnet telepít&eacute;s<br /><br />Szia Gergõ!<br /><br /><br /><br />Amikor tegnap Ricsivel találkoztam a Saniban, megpróbáltuk telepíteni a<br />szerverre az EDI-csomagokat továbbító TeransNet programot. Leállt egy<br />hiba&uuml;zenettel, a lengyel sráccal konzultálva arra jutottunk, hogy<br />valószínûleg r&eacute;gebbi Java verzió alatt akar futni.<br /><br />Bár Ricsivel ellenõrizt&uuml;k a szerverre telepített Java-verziót (1.6), de a<br />Jacek által javasolt \'jav -version\' 1.3-at ad vissza. Nyomozgattam kicsit,<br />ez az&eacute;rt lehet, mert az Oracle is feltelepített magával egy Java-t, &eacute;s ez<br />valóban r&eacute;gebbi. Ráadásul a Path-beállításokban valószínûleg el&ouml;lr&eacute;bb van,<br />mint az &quot;igazi&quot; Java el&eacute;r&eacute;si útja.<br /><br />Nekem nem nagyon van jogosultságom ilyeneket állíthatni a Sani szerveren<br />(ami jogos, mellesleg nem is szeretn&eacute;k), l&eacute;gyszi n&eacute;zd már meg, hogy tudsz-e<br />tenni valamit annak &eacute;rdek&eacute;ben, hogy a \'java -version\' parancs legalább<br />1.6-ot adjon vissza! Szerintem ha ez megvalósul, futni fog a program, mert<br />itt a saját g&eacute;pemen nincs semmi gondja.<br /><br /><br />K&ouml;szi:<br /><br />Horváth Attila<br />d-n-s<br /><br /><br /><br />----- Original Message -----<br />From: &quot;Kurzawa Jacek&quot; &lt;jaca@docca.hu&gt;<br />To: &quot;Horváth Attila&quot; &lt;horvath.attila@d-n-s.hu&gt;<br />Sent: Thursday, July 23, 2009 1:56 PM<br />Subject: Re: Transnet telepít&eacute;s<br /><br /><br />cmd aztán java -version<br /><br /><br />Horváth Attila pisze:<br />&gt; Szia Jacek!<br />&gt;<br />&gt;<br />&gt; Kipróbáltam, nálam Vista-n mûk&ouml;dik. Egy rakás rendel&eacute;st let&ouml;lt&ouml;tt, van<br />&gt; tesztadat. :-)<br />&gt;<br />&gt; Lehet, hogy ott a szerveren valami r&eacute;gebbi Java-t &eacute;r el? Honnan lehet<br />&gt; megtudni, hogy melyik Java alatt fut, ha t&ouml;bb is van a g&eacute;pen?<br />&gt;<br />&gt;<br />&gt;<br />&gt; K&ouml;szi a segíts&eacute;get &eacute;s &uuml;dv.:<br />&gt;<br />&gt; Attila<br />&gt;<br />&gt;<br />&gt;<br />&gt; ----- Original Message ----- From: &quot;Kurzawa Jacek&quot; &lt;jaca@docca.hu&gt;<br />&gt; To: &quot;Horváth Attila&quot; &lt;horvath.attila@d-n-s.hu&gt;<br />&gt; Sent: Thursday, July 23, 2009 12:42 PM<br />&gt; Subject: Re: Transnet telepít&eacute;s<br />&gt;<br />&gt;<br />&gt; Kiprobalod sajat gepeden otthon?<br />&gt;<br />&gt;<br />&gt; Horváth Attila pisze:<br />&gt;&gt; Szia Jacek!<br />&gt;&gt;&nbsp; Voltam ma a Sanimixben, &eacute;s a rendszergazdával egy&uuml;tt próbáltuk<br />&gt;&gt; telepíteni a TransNet programot. Nem j&ouml;tt &ouml;ssze. &quot;Could find the main<br />&gt;&gt; class. Program will exit.&quot; hiba&uuml;zenetet kaptunk. A g&eacute;pen telepített<br />&gt;&gt; Java-verzió: 1.6.0_14.<br />&gt;&gt;&nbsp; Arra sem találtam választ, hogy hová ker&uuml;ln&eacute;nek a let&ouml;lt&ouml;tt rendel&eacute;sek?<br />&gt;&gt; A config fájlhoz csak lengyel nyelvû leírást találtunk.<br />&gt;&gt;&nbsp; Másolatban elk&uuml;ld&ouml;m ezt a levelet a Sanimix egyik rendszergazdájának,<br />&gt;&gt; k&eacute;rlek, hogy vegy&eacute;tek fel a kapcsolatot a telepít&eacute;s miatt. Jó volna, ha<br />&gt;&gt; mûk&ouml;dne a rendel&eacute;sek let&ouml;lt&eacute;se.<br />&gt;&gt;&nbsp; Egy&eacute;bk&eacute;nt a let&ouml;lt&ouml;tt rendel&eacute;sek a webes fel&uuml;leten kereszt&uuml;l is<br />&gt;&gt; el&eacute;rhetõk maradnak? Mert egyelõre ez volna jó.<br />&gt;&gt;&nbsp; K&ouml;szi &eacute;s &uuml;dv.:<br />&gt;&gt;&nbsp; Horváth Attila<br />','1254342281'),(128,26,14,1,'Szia Gergõ!<br /><br /><br /><br />OK, most úgy tûnik, hogy fut. Most m&eacute;g azon gondolkodom, hogy mitõl fog<br />futni a d:\\Transnet\\run.bat?<br /><br />Ez nem szolgáltatásk&eacute;nt fut, hanem programk&eacute;nt, mi fogja ezt indítani, ha<br />pl. újra kell indítani a g&eacute;pet? Én nem akarom orasani felhasználók&eacute;nt<br />elindítani, mert ha kijelentkezem a Sani szerverrõl, akkor megáll. Van erre<br />valami &ouml;tleted?<br /><br /><br />K&ouml;szi az eddigieket:<br /><br />Attila<br />d-n-s<br />','1254342306'),(129,26,14,1,'Szerintem az elsõ gondolat jó, a l&eacute;nyeg az, hogy folyamatosan futnia kell.<br /><br />Elindítanád? Megn&eacute;zn&eacute;m már, hogy mik j&ouml;nnek le az EDI-szerverrõl...<br /><br /><br />K&ouml;szi!<br />','1254342324'),(130,26,14,1,'K&ouml;szi!<br /><br />Benn vagy m&eacute;g, nem tudok bejelentkezni...<br /><br /><br />----- Original Message -----<br />From: &lt;gergo.soter@netfabrik.hu&gt;<br />To: &lt;horvath.attila@d-n-s.hu&gt;<br />Sent: Monday, July 27, 2009 3:35 PM<br />Subject: RE: Transnet telepít&eacute;s<br /><br /><br />Beállítottam, hogy rendszer indításkor induljon el a run.bat most már fut is<br />úgyhogy lehet garázdálkodni rajta :)<br /><br />&Uuml;dv&ouml;zlettel/Regards:<br /><br />Sót&eacute;r Gergõ<br />','1254342343'),(131,26,14,1,'Szia Gergõ!<br /><br /><br />Rán&eacute;zn&eacute;l a Transnet k&eacute;pernyõre, valami nem stimmel vele. Lehet, hogy újra<br />kellene indítani, mert a config fájlban rosszul adtam meg az el&eacute;r&eacute;si utat,<br />&eacute;s úgy tûnik, menet k&ouml;zben hiába módosítottam.<br /><br /><br />K&ouml;szi &eacute;s &uuml;dv.:<br />Attila<br />','1254342362'),(132,26,14,1,'Szia Gergõ!<br /><br /><br /><br />Amikor tegnap Ricsivel találkoztam a Saniban, megpróbáltuk telepíteni a<br />szerverre az EDI-csomagokat továbbító TeransNet programot. Leállt egy<br />hiba&uuml;zenettel, a lengyel sráccal konzultálva arra jutottunk, hogy<br />valószínûleg r&eacute;gebbi Java verzió alatt akar futni.<br /><br />Bár Ricsivel ellenõrizt&uuml;k a szerverre telepített Java-verziót (1.6), de a<br />Jacek által javasolt \'jav -version\' 1.3-at ad vissza. Nyomozgattam kicsit,<br />ez az&eacute;rt lehet, mert az Oracle is feltelepített magával egy Java-t, &eacute;s ez<br />valóban r&eacute;gebbi. Ráadásul a Path-beállításokban valószínûleg el&ouml;lr&eacute;bb van,<br />mint az &quot;igazi&quot; Java el&eacute;r&eacute;si útja.<br /><br />Nekem nem nagyon van jogosultságom ilyeneket állíthatni a Sani szerveren<br />(ami jogos, mellesleg nem is szeretn&eacute;k), l&eacute;gyszi n&eacute;zd már meg, hogy tudsz-e<br />tenni valamit annak &eacute;rdek&eacute;ben, hogy a \'java -version\' parancs legalább<br />1.6-ot adjon vissza! Szerintem ha ez megvalósul, futni fog a program, mert<br />itt a saját g&eacute;pemen nincs semmi gondja.<br /><br /><br />K&ouml;szi:<br /><br />Horváth Attila<br />d-n-s<br />','1254342397'),(133,24,14,1,'Szia Attila!<br /><br />Na akkor a k&ouml;vetkezõk lenn&eacute;nek:<br />Fejl&eacute;c: ML szám, Vevõ neve, Helys&eacute;g, Cikk szám (cikk n&eacute;v nem kell),<br />Bejelent&eacute;s napja, szervizel&eacute;s napja, Munka leírása (az utolsó kettõ a<br />f&uuml;ggõn&eacute;l term&eacute;szetes nem kell, ha megoldható)<br />Ha cikkszámra vonatkozik a lek&eacute;rdez&eacute;s nem kell,&nbsp; szervizesre ill. megy&eacute;re<br />bontani (ha akarjuk ezeket a szûr&eacute;sn&eacute;l úgy is meg tudjuk adni) maradjon ua.<br />a felj&eacute;c, viszont kellene egy &ouml;sszesen (mivel egy f&eacute;l &eacute;v múlva el&eacute;g gáz<br />lenne egys&eacute;vel &ouml;ssze adogatni, hogy az adott cikkbõl hány db. bejelent&eacute;s<br />volt)<br />A visszahívás napja egyátalán nem kell sehova!<br /><br />K&ouml;szi,<br /><br />Brigi<br />----- Original Message -----<br />From: &quot;Horváth Attila&quot; &lt;horvath.attila@d-n-s.hu&gt;<br />To: &quot;Sanimix Kft.&quot; &lt;sanimix@axelero.hu&gt;<br />Sent: Tuesday, October 05, 2004 2:44 PM<br />Subject: Újra<br /><br /><br />Bocs, az elõbb rosszat k&uuml;ldtem, ez lesz az igazi!<br /><br />Horváth Attila<br />horvath.attila@d-n-s.hu','1254342441'),(134,20,14,1,'&nbsp;Szia Miklós!<br />&gt;<br />&gt;<br />&gt; Megn&eacute;ztem a visszáru árr&eacute;s&eacute;nek számítási módját az &ouml;sszesített &eacute;rt&eacute;kesít&eacute;s<br />&gt; táblázaton.<br />&gt;<br />&gt;<br />&gt; A visszáru árr&eacute;se a legpontosabban akkor lenne megállapítható, ha minden<br />&gt; visszav&eacute;telezett t&eacute;telrõl meg tudnátok mondani, hogy meilyik<br />&gt; kiszállításból származik.<br />&gt;<br />&gt; Mivel ez nem megy, Icával egyet&eacute;rt&eacute;sben abban maradtunk, hogy amikor a<br />&gt; raktárba vissza&eacute;rkezik az áru, akkor bev&eacute;telezitek. Ebbõl meg tudja<br />&gt; állapítani a rendszer a visszáru &eacute;rt&eacute;k&eacute;t beszerz&eacute;si áron (ez ker&uuml;l pozitív<br />&gt; elõjellel a táblázatba).<br />&gt;<br />&gt; A vevõitek a visszak&uuml;ld&ouml;tt áruról számlát állítanak ki Nektek. Ezek<br />&gt; r&ouml;gzítit&eacute;sekor tudatni kell a rendszerrel, hogy ez egy visszáruval<br />&gt; kapcsolatos terhel&eacute;s. A rendszer az ilyen bej&ouml;võ számlákat &ouml;sszegzi a<br />&gt; negatív elõjeles sorban.<br />&gt;<br />&gt;<br />&gt; Ha olyan idõszakra k&eacute;rdezed le a táblázatot, amelyben a raktárba t&ouml;rt&eacute;nõ<br />&gt; visszáru-bev&eacute;telez&eacute;s már megt&ouml;rt&eacute;nt, de a vevõktõl m&eacute;g nem &eacute;rkezett meg<br />&gt; (vagy nem ker&uuml;lt ber&ouml;gzít&eacute;sre) a visszáru terhel&eacute;se, akkor elõfordulhat az<br />&gt; az eset, amivel felhívtál, hogy a beszerz&eacute;si áras, raktárba bev&eacute;telezett<br />&gt; &eacute;rt&eacute;k nagyobb, mint a vevõ által rátok terhelt, eladási áras &eacute;rt&eacute;k.<br />&gt;<br />&gt;<br />&gt; Ha legalább bizonylati szinten &ouml;ssze tudnátok rendelni a k&eacute;szlet<br />&gt; visszav&eacute;telez&eacute;seket l&eacute;s a bej&ouml;võ számlákat (tehát legalább azt meg kellene<br />&gt; tudni mondani a rendszernek, hogy melyik vevõtõl kapott terhelõ számlához<br />&gt; melyik visszáru bev&eacute;telez&eacute;sek tartoznak), akkor piontosítató lenne a<br />&gt; r&ouml;videbb idõszakra nyomtatott kimutatás. Hosszabb idõszak eset&eacute;n nyilván<br />&gt; nem ilyen szembetûnõ a k&uuml;l&ouml;nbs&eacute;g, de mivel nem biztosítható, hogy minden<br />&gt; bev&eacute;telez&eacute;shez benne van a rendszerben a hozzá tartozó számla is, a<br />&gt; pontatlanság akkor is benne van a rendszerben.<br />&gt;<br />&gt;<br />&gt;<br />&gt; &Uuml;dv&ouml;zlettel:<br />&gt; Horváth Attila<br />','1254342463'),(135,26,14,1,'<div>Szia Gergõ!</div><div></div><div></div><div></div><div>Valami&eacute;rt nem megy Zsófi g&eacute;p&eacute;n az EDI-&uuml;zenetek bet&ouml;lt&eacute;se. A szerveren meg tudtam csinálni, tehát a program elvileg jól mûk&ouml;dik... Az EDI-&uuml;zenetek beolvasásához fájl l&eacute;trehozási &eacute;s írási jogok (is) kellen&eacute;nek az Ora-Sani mappában (&eacute;s alk&ouml;nyvtáraiban) a felhasználóknak. Nem lehet, hogy ezzel van valami gond? N&eacute;zd meg l&eacute;gyszi!</div><div></div><div></div><div></div><div>K&ouml;szi &eacute;s &uuml;dv.:</div><div></div><div>Attila</div><div>d-n-s</div>','1254342540'),(136,30,14,1,'<div>Sziasztok!</div><div></div><div></div><div></div><div>Az EDI-beolvasás rem&eacute;lhetõleg megoldódott, az I:\\ hálózati meghajtóról imdítve a programot (nem a <a title=\"blocked::file://sanimix-server/Ora-Sani-t\" href=\"file://sanimix-server/Ora-Sani-t\">\\\\Sanimix-Server\\Ora-Sani-t</a> használva), úgy tûnik, mûk&ouml;dik a beolvasás.</div><div></div><div></div><div>Viszont nem tudom, mi van Miklós &eacute;s Ica g&eacute;p&eacute;vel, de valami nem stimmel vel&uuml;k. Amikor listázást indítanak, n&eacute;ha nem indul el az Oracle Reports, hanem egy idõ után&nbsp;hiba&uuml;zenet j&ouml;n. A k&ouml;vetkezõ indításkor pedig minden rendben. Miklós már nehezen tolerálja a helyzetet, &eacute;n pedig nem igazán &eacute;rtem, hogy hol lehet a probl&eacute;ma.</div><div></div><div>Ilyen a t&ouml;bbi g&eacute;pen nem fordul elõ, &eacute;s más helyen sem tapasztaltam ilyesmit. Lehet, hogy valamivel &ouml;sszeakad? Arra gondoltam, hiogy Miklós g&eacute;p&eacute;n újra húzhatnátok a Windowst, &eacute;s pedig egy friss telepít&eacute;st csináln&eacute;k az Oracle Developerrel, hátha egy szûz Windowson rendesen mûk&ouml;dik a program (mint ahogy jó darabig nem is volt vele probl&eacute;ma).</div><div></div><div>Esetleg van más &ouml;tletetek? Valami megoldást kellene találni...</div><div></div><div></div><div></div><div>K&ouml;szi &eacute;s &uuml;dv.:</div><div></div><div>Attila</div><div>d-n-s</div>','1254342581'),(137,26,14,1,'<div>Szia Jacek!</div><div></div><div></div><div></div><div>Voltam ma a Sanimixben, &eacute;s a rendszergazdával egy&uuml;tt próbáltuk telepíteni a TransNet programot. Nem j&ouml;tt &ouml;ssze. &quot;Could find the main class. Program will exit.&quot; hiba&uuml;zenetet kaptunk. A g&eacute;pen telepített Java-verzió: 1.6.0_14.</div><div></div><div>Arra sem találtam választ, hogy hová ker&uuml;ln&eacute;nek a let&ouml;lt&ouml;tt rendel&eacute;sek? A config fájlhoz csak lengyel nyelvû leírást találtunk.</div><div></div><div>Másolatban elk&uuml;ld&ouml;m ezt a levelet a Sanimix egyik rendszergazdájának, k&eacute;rlek, hogy vegy&eacute;tek fel a kapcsolatot a telepít&eacute;s miatt. Jó volna, ha mûk&ouml;dne a rendel&eacute;sek let&ouml;lt&eacute;se.</div><div></div><div>Egy&eacute;bk&eacute;nt a let&ouml;lt&ouml;tt rendel&eacute;sek a webes fel&uuml;leten kereszt&uuml;l is el&eacute;rhetõk maradnak? Mert egyelõre ez volna jó.</div><div></div><div /><div></div><div></div><div>K&ouml;szi &eacute;s &uuml;dv.:</div>','1254342639');

--
-- Table structure for table `naplo_topics`
--

CREATE TABLE `naplo_topics` (
  `id` int(11) NOT NULL AUTO_INCREMENT,
  `parentid` int(11) DEFAULT '0',
  `name` text COLLATE latin1_general_ci,
  `owner_id` int(11) DEFAULT '0',
  `create_date` varchar(10) COLLATE latin1_general_ci DEFAULT NULL,
  `closed` tinyint(1) DEFAULT '0',
  PRIMARY KEY (`id`)
) ENGINE=MyISAM AUTO_INCREMENT=44 DEFAULT CHARSET=latin1 COLLATE=latin1_general_ci;

--
-- Dumping data for table `naplo_topics`
--

INSERT INTO `naplo_topics` VALUES (18,0,'Pénzügy/számvitel (fõkönyv), kontrolling',0,NULL,0),(19,0,'Ellátási lánc menedzsment, készletgazdálkodás, logisztika',0,NULL,0),(20,19,'Áruforgalom, beszerzés, értékesítés',0,NULL,0),(21,19,'Humán erõforrás-gazdálkodás (HRM)',0,NULL,0),(22,19,'Ügyfélkapcsolat kezelés (CRM)',0,NULL,0),(23,0,'Termelési/ Szolgáltatási/Kereskedelmi folyamatok támogatása',0,NULL,0),(24,23,'Karbantartás, szolgáltatás menedzsment',0,NULL,0),(25,23,'Projektmenedzsment',0,NULL,0),(26,23,'Elektronikus iratkezelési rendszerek',0,NULL,0),(27,23,'Munkafolyamat-irányítási rendszerek (WF)',0,NULL,0),(28,0,'Intranet, belsõ portál rendszerek',0,NULL,0),(29,28,'ERP-hez kapcsolódó mobil technikát használó rendszerek',0,NULL,0),(30,28,'Integrált vállalatirányítási rendszerek (ERP) ',0,NULL,0),(31,28,'Elektronikus iratkezelési rendszerek',0,NULL,0),(32,28,'Munkafolyamat-irányítási rendszerek (WF)',0,NULL,0),(33,28,'Intranet, belsõ portál rendszerek',0,NULL,0),(34,28,'ERP-hez kapcsolódó mobil technikát használó rendszerek',0,NULL,0),(35,28,'Egyéb kérések - megjegyzések',0,NULL,0),(36,18,'Árfolyam',14,'1254254972',0),(37,18,'Áfabevallás',14,'1254339942',0),(38,18,'Bank',14,'1254340251',0),(39,18,'EU-s Adószám',14,'1254340576',0),(40,18,'Számvitel',14,'1254340669',0),(41,18,'Felszólító Levél',14,'1254340718',0),(42,18,'Folyószámla',14,'1254340782',0),(43,18,'Pénztárbizonylat',14,'1254342055',0);

--
-- Table structure for table `news`
--

CREATE TABLE `news` (
  `id` bigint(20) unsigned NOT NULL AUTO_INCREMENT,
  `title` varchar(255) DEFAULT NULL,
  `lead` mediumtext,
  `content` text,
  `create_date` timestamp NULL DEFAULT CURRENT_TIMESTAMP,
  `lang` char(3) DEFAULT 'hun',
  `newstype` varchar(10) DEFAULT NULL,
  `min_version` decimal(3,2) DEFAULT '2.00',
  `link` varchar(255) DEFAULT NULL,
  PRIMARY KEY (`id`)
) ENGINE=MyISAM AUTO_INCREMENT=53 DEFAULT CHARSET=latin1;

--
-- Dumping data for table `news`
--

INSERT INTO `news` VALUES (47,'Zuhanykabinok kiterjesztett garanciával !','Egyes zuhanykabinokra mostantól, kiterjesztett 3-éves garancia lép érvénybe.\r\nKeresse termékeinken a 3 év garancia logót! Ismerje meg a részleteket is, kattintson!','&nbsp;','2011-02-04 13:43:36','','ujdonsag','2.00','/Zuhanykabin jótállási feltételek/'),(48,'Hogyan vásároljon Zuhanykabint !','Kedves vásárlónk. Tudjuk hogy a piaci kínálatból jól és jót választani nehéz döntés. Ebben szeretnénk a segítségükre lenni és tanácsokkal szolgálni a választást illetõen. Részletek kattintás után !','&nbsp;','2011-02-03 18:56:41','','ujdonsag','2.00','/uploads/hogyan_vasaroljunk_zuhanykabint.pdf'),(49,'Akciós termékek','Teljes akciós kínálatunkat megtekintheti ide kattintva!','&nbsp;','2011-02-04 13:53:24','','ujdonsag','2.00','/index.php?data[mid]=47&data[CFOCSOP]=&data[CCSOP]=&data[chk_akcios]=on'),(50,'Újdonságaink !','Újdonságainkat megtekintheti ide kattintva!','&nbsp;','2011-02-04 13:54:05','','ujdonsag','2.00','/index.php?data[mid]=47&data[CFOCSOP]=&data[CCSOP]=&data[chk_ujdonsag]=on'),(46,'Hogyan juthatok azonnal 5% kedvezményhez?','Igényeljen törzsvásárlói kártyát nálunk, amivel nemcsak 5% kedvezményt kap teljes termékkínálatunkból és elsõként értesül akcióinkról, hanem félévente akár 100.000 forintos ajándékutalványt is nyerhet.','&nbsp;','2011-02-04 14:12:26','','ujdonsag','2.00','/index.php?data[mid]=71'),(51,'Outlet<BR/>zuhanykabinok akár 50% kevezménnyel','Kifutó modellek és szépséghibás termékek hatalmas kedvezménnyel!',NULL,'2011-02-04 13:33:02','hun',NULL,'2.00','/Outlet/'),(52,'AKCIÓ','Az akciós terméket ide kattintva tekintheti meg!',NULL,'2016-03-01 09:23:29','hun','ujdonsag','2.00','/index.php?data[mid]=47&data[CFOCSOP]=&data[CCSOP]=&data[chk_akcios]=on');

--
-- Table structure for table `newsletter_articles`
--

CREATE TABLE `newsletter_articles` (
  `id` bigint(20) unsigned NOT NULL AUTO_INCREMENT,
  `newsletter_id` bigint(20) DEFAULT NULL,
  `title` varchar(255) DEFAULT NULL,
  `lead` mediumtext,
  `link` varchar(255) DEFAULT NULL,
  `article_position` varchar(10) DEFAULT NULL,
  `article_order` float DEFAULT '100',
  PRIMARY KEY (`id`)
) ENGINE=MyISAM AUTO_INCREMENT=29 DEFAULT CHARSET=latin1;

--
-- Dumping data for table `newsletter_articles`
--

INSERT INTO `newsletter_articles` VALUES (20,1,'Cégismertetõ','- Cégünk elsõsorban úszómedencék, kerti medencék építésével foglalkozik. Kívánság szerinti formában, és élményelemekkel (világítás, helyben úszó berendezés, pezsgõ, masszázs, automatika). A medencetest lehet betonszerkezetû fóliás, vagy csempe burkolat.  \r\n- Kiemelten kezeljük meglévõ és leendõ ügyfeleinket. Elvégezzük a tavaszi beüzemeléseket, és a téli leállásokat is.\r\n- Havi és heti alkalmas karbantartási szerzõdésünk van, amely lehetõvé teszi, hogy a medencének csak a jó oldalait élvezzük\r\n- Webáruházunkban (www.selectkft.hu) elérhetõ az összes vegyszer, kellékanyag, ami a úszómedence üzemeltetéséhez szükséges.\r\n- Vállaljuk továbbá meglévõ elhanyagolt, korszerûtlen medencék felújítását is.','http://www.selectkft.hu','main',1);

--
-- Table structure for table `newsletters`
--

CREATE TABLE `newsletters` (
  `id` bigint(20) unsigned NOT NULL AUTO_INCREMENT,
  `company_id` bigint(20) DEFAULT '1',
  `user_id` bigint(20) DEFAULT NULL,
  `name` varchar(255) DEFAULT NULL,
  `create_date` varchar(255) DEFAULT NULL,
  `template` int(11) DEFAULT NULL,
  `description` mediumtext,
  `lead_1` mediumtext,
  `sent` varchar(255) DEFAULT NULL,
  PRIMARY KEY (`id`)
) ENGINE=MyISAM AUTO_INCREMENT=9 DEFAULT CHARSET=latin1;

--
-- Dumping data for table `newsletters`
--

INSERT INTO `newsletters` VALUES (7,1,11,'Hírlevél - 2011.08.09','1312881818',3,'Ide írja be a címet...','<p><span style=\"font-size: 28px;\"><strong>Tisztelt Tõrzsv&aacute;s&aacute;rl&oacute;ink !</strong></span></p>',NULL),(2,1,8,'Hírlevél - 2011.01.23','1295789554',3,'Új levél','<p style=\"text-align: justify;\"><a href=\"http://www.goal.com/en-gb/teams/england/96/chelsea\">Chelsea</a>\'s new signing&nbsp;<a href=\"http://www.goal.com/en-gb/people/brazil/15706/david-luiz\">David Luiz</a>&nbsp;says he does not expect to walk straight into the starting line-up after his &pound;21 million move from&nbsp;<a href=\"http://www.goal.com/en-gb/teams/portugal/362/benfica\">Benfica</a>.<br /><br />Luiz was one of the most sought after defenders in European football and Chelsea only wrapped up a drawn out transfer deal at the end of the January window, but the Brazilian international is expecting a fight to get into the team.</p>',NULL),(4,0,8,'Hírlevél - 2011.02.07','1297082647',3,'Ide írja be a címet...',NULL,NULL),(5,1,1,'Hírlevél - 2011.02.07','1297083028',3,'Ide írja be a címet...','<p>sdgdsagads</p>',NULL),(6,1,1,'Elsõ hírlevelünk','1299834953',3,'A cím ide fog kerülni','<p style=\"text-align: justify;\">A f&uuml;rdõszoba m&aacute;ra nem csak a tiszt&aacute;lkod&aacute;s lehetõs&eacute;g&eacute;t jelenti a lak&aacute;sban, hanem - az &uacute;j ig&eacute;nyek egyre komfortosabb kiszolg&aacute;l&aacute;s&aacute;val, valamint a csaptelepek, zuhanykabinok, hidromassz&aacute;zs kabinok &eacute;s k&aacute;dak, valamint a gõzkabinok eszt&eacute;tikus &eacute;s k&uuml;l&ouml;nb&ouml;zõ st&iacute;lusokhoz igazod&oacute; kialak&iacute;t&aacute;s&aacute;val - egyre ink&aacute;bb a relax&aacute;l&aacute;s, kikapcsol&oacute;d&aacute;s &eacute;s ellazul&aacute;s helysz&iacute;n&eacute;v&eacute; kezd v&aacute;lni.</p>\r\n<p style=\"text-align: justify;\">Ezen &uacute;j trend tal&aacute;n legink&aacute;bb szembetûnõ elemei a hidromassz&aacute;zs &eacute;s gõzkabinok, valamint hidromassz&aacute;zs k&aacute;dak. Kiemelt jelentõs&eacute;gû a design &eacute;s st&iacute;lus, hiszen ha megvessz&uuml;k a zuhanykabinunkat vagy k&aacute;dunkat, azt nem csak haszn&aacute;lni fogjuk, hanem gy&ouml;ny&ouml;rk&ouml;dni is szeretn&eacute;nk a kialak&iacute;t&aacute;sukban, &iacute;gy illeszkedni&uuml;k kell a helyis&eacute;g, illetve a lak&aacute;s hangulat&aacute;hoz.</p>\r\n<p style=\"text-align: justify;\">A Sanimix Kft. egyed&uuml;l&aacute;ll&oacute; v&aacute;laszt&eacute;ka &eacute;s szak&eacute;rtelme csaptelepek, zuhanykabinok, hidromassz&aacute;zs kabinok, valamint gõzkabinok ter&eacute;n biztos&iacute;t&eacute;k arra, hogy nem csak hasznos &eacute;s &eacute;lvezetes, hanem eszt&eacute;tikus term&eacute;ket is v&aacute;s&aacute;roljon, mely &eacute;kk&ouml;ve lehet a f&uuml;rdõszob&aacute;j&aacute;nak, sõt, az eg&eacute;sz lak&aacute;s&aacute;nak. Egy &uacute;j zuhanykabinnal &aacute;talak&iacute;thatja f&uuml;rdõszob&aacute;j&aacute;nak hangulat&aacute;t!</p>\r\n<div style=\"text-align: justify;\"></div>',NULL),(8,1,11,'Ennyire olcsón csaptelepet ?  2011.09.19','1316432039',3,'Ennyire olcsón csaptelepet ?','<p>&nbsp;</p>\r\n<p><span style=\"color: #000000;\"><strong><span style=\"font-size: 28px;\">Kedves&nbsp;T&ouml;rzsv&aacute;s&aacute;rl&oacute;nk !</span></strong></span></p>\r\n<p><span style=\"font-size: 18px;\"><span style=\"color: #000000;\"><span style=\"font-size: 28px;\">&nbsp;</span></span></span>Van nyaral&oacute;ja, vagy mûhelye, vagy olyan mell&eacute;k &eacute;p&uuml;lete ahova sajn&aacute;l dr&aacute;ga csaptelepet v&aacute;s&aacute;rolni? ( sõt el is lophatj&aacute;k )</p>\r\n<p>&nbsp;&nbsp;&nbsp;Ebben az esetben most seg&iacute;thetek ...&nbsp;&nbsp;&nbsp; Fel&uacute;j&iacute;tott, lepr&oacute;b&aacute;lt csaptelepek most :</p>\r\n<p>&nbsp;</p>\r\n<p>&nbsp;&nbsp;&nbsp;&nbsp;&nbsp;&nbsp;&nbsp;&nbsp;&nbsp;&nbsp;&nbsp;&nbsp;&nbsp;&nbsp;&nbsp;&nbsp;&nbsp;&nbsp;&nbsp;&nbsp;&nbsp;&nbsp;&nbsp;&nbsp;&nbsp;&nbsp;&nbsp;&nbsp;&nbsp;&nbsp;&nbsp;&nbsp;&nbsp;&nbsp;&nbsp;&nbsp;&nbsp;&nbsp;&nbsp;&nbsp;&nbsp;&nbsp;&nbsp;&nbsp;&nbsp;&nbsp;&nbsp;&nbsp;<span style=\"font-size: 36px;\">&nbsp;&nbsp; <strong><span style=\"color: #ff0000;\">1</span><span style=\"color: #ff0000;\"><span style=\"color: #ff0000;\">.490,- Ft/db</span>&nbsp;</span><span style=\"font-size: 18px;\"><span style=\"color: #000000;\"><span style=\"font-size: 14px;\"> am&iacute;g a k&eacute;szlet tart.</span></span></span></strong></span></p>\r\n<p><span style=\"font-size: 36px;\"><strong><span style=\"font-size: 18px;\"><span style=\"color: #000000;\"></span></span></strong></span></p>\r\n<p><span style=\"font-size: 36px;\"><strong><span style=\"font-size: 18px;\"><span style=\"color: #000000;\"></span></span></strong></span></p>\r\n<p><span style=\"font-size: 36px;\"><strong><span style=\"font-size: 18px;\"><span style=\"color: #000000;\"><span style=\"font-size: 14px;\">R&eacute;szletek a facebook oldalunkon vagy szem&eacute;lyesen : Fajta Zsolt 06-30-382-7439</span></span></span></strong></span></p>',NULL);

--
-- Table structure for table `newsletters_outbound`
--

CREATE TABLE `newsletters_outbound` (
  `company_id` bigint(20) DEFAULT NULL,
  `newsletter_id` bigint(20) NOT NULL DEFAULT '0',
  `email_id` bigint(20) NOT NULL DEFAULT '0',
  `send_from` varchar(10) DEFAULT NULL,
  PRIMARY KEY (`newsletter_id`,`email_id`)
) ENGINE=MyISAM DEFAULT CHARSET=latin1;

--
-- Dumping data for table `newsletters_outbound`
--


--
-- Table structure for table `nlcmenu`
--

CREATE TABLE `nlcmenu` (
  `id` bigint(20) unsigned NOT NULL AUTO_INCREMENT,
  `parentid` bigint(20) DEFAULT NULL,
  `name` varchar(255) DEFAULT NULL,
  `module` varchar(255) DEFAULT NULL,
  `menu_order` float DEFAULT '100',
  `require_admin` tinyint(1) DEFAULT '0',
  PRIMARY KEY (`id`)
) ENGINE=MyISAM AUTO_INCREMENT=5 DEFAULT CHARSET=latin1;

--
-- Dumping data for table `nlcmenu`
--

INSERT INTO `nlcmenu` VALUES (1,0,'Csoportok, email címek','emails',100,0),(2,0,'Hírlevelek','newsletters',200,0),(3,0,'Felhasználók','users',400,1),(4,0,'Leíratkozások','unsub',300,1);

--
-- Table structure for table `offers`
--

CREATE TABLE `offers` (
  `id` bigint(20) unsigned NOT NULL AUTO_INCREMENT,
  `title` varchar(255) DEFAULT NULL,
  `lead` mediumtext,
  `content` text,
  `create_date` varchar(10) DEFAULT NULL,
  `lang` char(3) DEFAULT 'hun',
  `lastminute` tinyint(1) DEFAULT '0',
  PRIMARY KEY (`id`)
) ENGINE=MyISAM AUTO_INCREMENT=24 DEFAULT CHARSET=latin1;

--
-- Dumping data for table `offers`
--


--
-- Table structure for table `order_items`
--

CREATE TABLE `order_items` (
  `order_id` bigint(11) DEFAULT NULL,
  `CIKKSZAM` varchar(30) DEFAULT NULL,
  `shipping` int(11) DEFAULT NULL,
  `db` int(11) DEFAULT '1',
  `unitprice_netto` int(11) DEFAULT NULL,
  `afakulcs` int(11) DEFAULT '25'
) ENGINE=MyISAM DEFAULT CHARSET=latin1;

--
-- Dumping data for table `order_items`
--

INSERT INTO `order_items` VALUES (1,'22.88.5',0,1,123500,25),(366,'FCCFE',0,1,2796,25),(366,'FHPR-M',0,1,4902,25),(366,'',1,1,1200,25),(367,'22.9515',0,1,106250,25),(368,'16.4.1',0,1,13461,25),(369,'22.56.5.0',0,1,125000,25),(370,'SD300-A1',0,6,1438,25),(370,'',1,1,1200,25),(371,'22.180',0,1,71250,25),(372,'22.302',0,1,125000,25),(373,'22.56.5',0,1,162500,25),(374,'22.56.5',0,1,162500,25),(375,'22.56.5',0,1,162500,25),(376,'22.56.5',0,1,162500,25),(377,'22.030',0,1,100000,25),(378,'22.39.51.G',0,1,25000,25),(379,'22.18 HYDRO',0,1,66700,25),(380,'22.39.51.G',0,1,25000,25),(381,'16.5.1',0,2,16740,25),(381,'03.8.1/1',0,1,8225,25),(381,'MT-03 6401VF',0,3,2612,25),(381,'',1,1,1200,25),(382,'FCCB',0,2,2078,25),(382,'FCPS5',0,2,1036,25),(382,'',1,1,1200,25),(383,'22.602.S',0,1,184000,25),(384,'22.602.W',0,1,184000,25),(385,'22.030',0,1,100000,25),(386,'22.81.51',0,1,115000,25),(387,'MT-03 6405VF',0,1,3369,25),(387,'',1,1,1200,25),(388,'22.18 HYDRO',0,1,66700,25),(389,'22.010 RIGHT',0,1,92500,25),(390,'22.1045 BLACK',0,1,90000,25),(391,'22.030',0,1,100000,25),(392,'08.1.1/1',0,1,9888,25),(392,'',1,1,1200,25),(393,'02.1.2/1',0,1,4083,25),(393,'02.6.2/1',0,1,5850,25),(394,'01.7.1/1',0,3,3958,25),(394,'',1,1,1200,25),(395,'22.172',0,1,93750,25),(396,'22.81.51',0,1,115000,25),(397,'22.81.51',0,1,115000,25),(398,'22.52.52',0,1,100000,25),(399,'22.77.5',0,1,263920,25),(400,'45.3.1/1',0,1,6125,25),(400,'',1,1,1200,25),(401,'22.001',0,1,81250,25),(402,'22.77.5',0,1,263920,25),(403,'45.3.1/1',0,1,6125,25),(403,'',1,1,1200,25),(404,'22.80.51',0,1,90000,25),(405,'22.172',0,1,93750,25),(406,'22.172',0,1,93750,25),(407,'22.002',0,1,93750,25),(408,'22.023',0,1,110000,25),(409,'22.023',0,1,110000,25),(410,'45.3.1/1',0,1,6125,25),(411,'45.3.1/1',0,1,6125,25),(411,'',1,1,1200,25),(412,'12.5.3/1',0,1,16805,25),(412,'',1,1,1200,25),(413,'12.1.3/1',0,1,10000,25),(413,'',1,1,1200,25),(414,'03.8.1/1',0,1,8225,25),(414,'03.1.1/1',0,1,6750,25),(414,'16.4.1',0,1,13461,25),(414,'',1,1,1200,25),(415,'MT-03 6402VF',0,1,2887,25),(415,'MT-03 6404V',0,1,3025,25),(415,'MT-03 6411V',0,1,3368,25),(415,'',1,1,1200,25),(416,'22.1045 BLACK',0,1,90000,25),(417,'22.1045 BLACK',0,1,90000,25),(418,'22.302',0,1,125000,25),(419,'02.8.1/1',0,1,7175,25),(419,'02.5.1/1',0,1,5500,25),(419,'02.1.1/1',0,2,3525,25),(419,'',1,1,1200,25),(420,'22.80.51',0,1,90000,25),(421,'45.3.1/1',0,1,6125,25),(421,'',1,1,1200,25),(422,'45.3.1/1',0,1,6125,25),(422,'',1,1,1200,25),(423,'45.3.1/1',0,3,6125,25),(424,'02.1.2/1',0,1,4083,25),(424,'02.7.2/1',0,1,5850,25),(424,'02.5.2/1',0,1,6900,25),(424,'',1,1,1200,25),(425,'01.6.1/1',0,1,3421,25),(426,'22.7196',0,1,40000,25),(427,'22.39.51.G',0,1,25000,25),(428,'22.80.51',0,1,90000,25),(429,'SD300-A1',0,2,1438,25),(429,'SD300-B1',0,3,1020,25),(429,'',1,1,1200,25),(430,'22.172',0,1,93750,25),(431,'22.44.5',0,1,0,25),(432,'22.010 RIGHT',0,1,92500,25),(433,'22.1045 BLACK',0,1,90000,25),(434,'22.172',0,1,93750,25),(435,'22.010 RIGHT',0,1,92500,25),(436,'09.6.1/1',0,1,2750,25),(436,'',1,1,1200,25),(437,'21.03.05',0,1,15408,25),(437,'',1,1,2200,25),(438,'46.5.1/1',0,1,10506,25),(438,'',1,1,1200,25),(439,'FCCST',0,4,2811,25),(439,'',1,1,1200,25),(440,'22.302/2',0,1,112500,25),(441,'02.3.1/1',0,1,3525,25),(441,'',1,1,1200,25),(442,'02.1.1/1',0,3,3525,25),(442,'02.6.1/1',0,1,4481,25),(442,'02.5.1/1',0,1,5500,25),(442,'02.4.1/1',0,1,4396,25),(442,'',1,1,1200,25),(443,'12.6.3/1',0,1,11425,25),(443,'12.5.3/1',0,1,16805,25),(443,'',1,1,1200,25),(444,'22.39.51.G',0,1,25000,25),(445,'22.18 HYDRO',0,1,72500,25),(446,'22.010 LEFT',0,1,92500,25),(447,'12.7.3/1',0,1,11425,25),(447,'',1,1,1200,25),(448,'22.172',0,1,93750,25),(449,'22.317.1',0,1,143750,25),(450,'12.1.1/1',0,1,7790,25),(450,'',1,1,1200,25),(451,'22.44.5',0,1,43750,25),(452,'22.1032',0,1,70000,25),(453,'22.44.5',0,1,43750,25),(454,'22.52.52',0,1,106250,25),(455,'MT-03 6405V',0,1,3368,25),(455,'',1,1,1200,25),(456,'22.317.1',0,1,143750,25),(457,'44.1.1/1',0,1,9100,25),(457,'',1,1,1200,25),(458,'22.1502 WHITE',0,1,31250,25),(458,'46.1.1/1',0,1,6797,25),(458,'46.4.1/1',0,1,10042,25),(458,'',1,1,1200,25),(459,'12.5.1/1',0,1,12363,25),(459,'12.1.1/1',0,1,7790,25),(459,'',1,1,1200,25),(460,'02.8.1/1',0,1,7175,25),(460,'02.5.1/1',0,1,5500,25),(460,'02.1.1/1',0,1,3525,25),(460,'SD400-C',0,1,1768,25),(461,'45.3.1/1',0,2,6125,25),(461,'',1,1,1200,25),(462,'01.6.1/2',0,1,4100,25),(462,'01.5.1/2',0,1,6945,25),(462,'01.1.1/2',0,1,4937,25),(462,'',1,1,1200,25),(463,'22.308/2',0,1,238800,25),(464,'22.308/2',0,1,238800,25),(465,'22.302/2',0,1,112500,25),(466,'22.52.52',0,1,106250,25),(467,'22.302/2',0,1,112500,25),(468,'22.302/2',0,1,112500,25),(469,'01.6.1/1',0,2,3421,25),(470,'45.1.1/2',0,1,12058,25),(470,'',1,1,1200,25),(471,'12.9.1/1',0,1,6374,25),(471,'',1,1,1200,25),(472,'43.1.1/1',0,3,9517,25),(472,'43.5.1/1',0,1,10382,25),(472,'',1,1,1200,25),(473,'22.9515',0,1,106250,25),(474,'22.180',0,1,71250,25),(475,'22.302/2',0,1,112500,25),(476,'22.621.R',0,1,144000,25),(477,'01.9.1/1',0,1,5479,25),(477,'',1,1,1200,25),(478,'12.7.3/1',0,1,11425,25),(478,'12.4.3/1',0,1,12098,25),(478,'',1,1,1200,25),(479,'22.172',0,1,93750,25),(480,'22.6010',0,1,103920,25),(481,'22.001',0,1,81250,25),(482,'16.5.1',0,1,13392,25),(482,'',1,1,1200,25),(483,'01.6.1/2',0,1,4100,25),(483,'01.5.1/2',0,1,6945,25),(483,'01.1.1/2',0,1,4937,25),(483,'',1,1,1200,25),(484,'22.53.5',0,1,93750,25),(485,'09.5.1/1',0,1,3300,25),(485,'09.7.1/1',0,1,3275,25),(485,'09.6.1/1',0,1,2750,25),(485,'',1,1,1200,25),(486,'22.6010',0,1,103920,25),(487,'22.6010',0,1,103920,25),(488,'22.6010.G',0,1,199200,25),(488,'22.010 LEFT',0,1,92500,25),(488,'',1,1,9600,25),(489,'22.010 LEFT',0,1,94720,25),(489,'22.010 RIGHT',0,1,94720,25),(489,'',1,1,4800,25),(490,'09.6.1/1',0,1,2750,25),(490,'09.7.1/1',0,1,3275,25),(490,'09.5.1/1',0,1,3300,25),(490,'',1,1,1200,25),(491,'22.9021',0,1,104500,25),(491,'',1,1,4800,25),(492,'22.1032',0,1,71680,25),(492,'',1,1,4800,25),(493,'22.1032',0,1,71680,25),(493,'',1,1,4800,25),(494,'22.001',0,1,79040,25),(494,'22.18 HYDRO',0,1,74240,25),(494,'',1,1,4800,25),(495,'22.001',0,1,79040,25),(495,'22.18 HYDRO',0,1,74240,25),(496,'12.1.1/1',0,1,7976,25),(497,'22.010 LEFT',0,1,94720,25),(497,'',1,1,4800,25),(498,'22.001',0,1,83200,25),(499,'22.52.52',0,1,0,25),(499,'',1,1,4800,25),(500,'22.53.5',0,1,96000,25),(500,'',1,1,4800,25),(501,'22.52.52',0,1,108800,25),(501,'22.6010.G',0,1,182278,25),(501,'',1,1,4800,25),(502,'22.701W',0,1,182278,25),(502,'',1,1,4800,25),(503,'22.9021',0,1,80000,25),(503,'',1,1,4800,25),(504,'FCCB',0,2,2021,25),(504,'',1,1,1200,25),(505,'09.4.1/1',0,1,2850,25),(505,'',1,1,1200,25),(506,'22.39.51.G',0,1,21888,25),(506,'',1,1,4800,25),(507,'40.4.1/1',0,1,10471,25),(508,'MT-03 6405V',0,1,3278,25),(508,'MT-03 6403V',0,1,3946,25),(508,'MT-03 6401V',0,1,2541,25),(508,'',1,1,1200,25),(509,'22.9021',0,1,80000,25),(509,'22.6010',0,1,103920,25),(509,'',1,1,4800,25),(510,'22.6010',0,1,103920,25),(510,'',1,1,4800,25),(511,'22.6010',0,1,103920,25),(511,'',1,1,4800,25),(512,'22.6010',0,1,103920,25),(512,'',1,1,4800,25),(513,'12.6.1/1',0,1,7781,25),(513,'7.1621.R',0,1,620,25),(513,'12.1.1/1',0,1,7577,25),(513,'',1,1,1200,25),(514,'FCPS1',0,1,1008,25),(514,'FCPS5',0,1,1008,25),(514,'FCPS20',0,1,1008,25),(514,'',1,1,1200,25),(515,'22.6010',0,1,103920,25),(515,'',1,1,4800,25),(516,'12.5.3/1',0,1,16348,25),(516,'',1,1,1200,25),(517,'22.1004',0,1,158080,25),(517,'',1,1,4800,25),(518,'22.010 RIGHT',0,1,79992,25),(519,'22.6010',0,1,103920,25),(519,'',1,1,4800,25),(520,'01.7.1/2',0,1,3871,25),(520,'',1,1,1200,25),(521,'22.010 RIGHT',0,1,79992,25),(521,'',1,1,4800,25),(522,'FCPS50',0,1,1008,25),(522,'FCCFE',0,1,2615,25),(522,'',1,1,1200,25),(523,'MT-03 6401V',0,1,2541,25),(523,'MT-03 6404V',0,1,2943,25),(523,'',1,1,1200,25),(524,'22.39.51.G',0,1,21888,25),(524,'',1,1,4800,25),(525,'22.39.51.G',0,1,21888,25),(525,'',1,1,4800,25),(526,'22.39.51.G',0,1,21888,25),(526,'',1,1,4800,25),(527,'22.39.51.G',0,1,21888,25),(527,'',1,1,4800,25),(528,'22.39.51.G',0,1,21888,25),(528,'',1,1,4800,25),(529,'22.39.51.G',0,1,21888,25),(529,'',1,1,4800,25),(530,'22.39.51.G',0,1,21888,25),(530,'',1,1,4800,25),(531,'FCCST',0,4,2735,25),(531,'',1,1,1200,25),(532,'22.010 RIGHT',0,1,79992,25),(533,'02.9.1/1',0,1,7284,25),(533,'',1,1,1200,25),(534,'40.8.1/1',0,1,10396,25),(534,'01.1.1/2',0,1,4803,25),(534,'22.6010',0,1,103920,25),(534,'',1,1,4800,25),(535,'40.8.1/1',0,1,10396,25),(535,'01.1.1/2',0,1,4803,25),(535,'22.6010',0,1,103920,25),(535,'',1,1,4800,25),(536,'22.77.5',0,1,256741,25),(536,'',1,1,4800,25),(537,'22.6010',0,1,103920,25),(537,'',1,1,4800,25),(538,'22.302/2',0,1,121600,25),(538,'',1,1,4800,25),(539,'22.6010',0,1,103920,25),(539,'',1,1,4800,25),(540,'16.4.1',0,1,10476,25),(540,'',1,1,1200,25),(541,'12.5.3/1',0,1,16348,25),(541,'',1,1,1200,25),(542,'12.5.3/1',0,1,16348,25),(542,'',1,1,1200,25),(543,'22.010 LEFT',0,1,79992,25),(543,'',1,1,4800,25),(544,'22.002',0,1,55040,25),(544,'',1,1,4800,25),(545,'12.6.1/1',0,1,7781,25),(545,'12.1.1/1',0,1,7577,25),(545,'',1,1,1200,25),(546,'22.172/2',0,1,63872,25),(546,'',1,1,4800,25),(547,'3.11.1/1',0,1,15030,25),(548,'FCCEL20M',0,2,1247,25),(549,'22.172/2',0,1,63872,25),(549,'',1,1,4800,25),(550,'12.9.1/1',0,1,6200,25),(550,'',1,1,1200,25),(551,'22.172/2',0,1,63872,25),(551,'',1,1,4800,25),(552,'22.172/2',0,1,63872,25),(552,'',1,1,4800,25),(553,'22.172/2',0,1,63872,25),(553,'',1,1,4800,25),(554,'22.6010',0,1,103920,25),(554,'',1,1,4800,25),(555,'02.5.1/1',0,1,5350,25),(555,'02.1.1/1',0,1,3430,25),(555,'',1,1,1200,25),(556,'22.1045 BLACK',0,1,87552,25),(556,'',1,1,4800,25),(557,'22.1045 BLACK',0,1,87552,25),(557,'',1,1,4800,25),(558,'22.6010',0,1,103920,25),(558,'',1,1,4800,25),(559,'22.172/2',0,1,63872,25),(559,'',1,1,4800,25),(560,'12.6.3/1',0,1,11114,25),(560,'12.7.3/1',0,1,11114,25),(560,'12.4.3/1',0,1,11769,25),(560,'',1,1,1200,25),(561,'22.172/2',0,1,63872,25),(561,'',1,1,4800,25),(562,'22.172/2',0,1,63872,25),(562,'',1,1,4800,25),(563,'22.6010',0,1,103920,25),(564,'22.317',0,1,63872,25),(564,'',1,1,4800,25),(565,'22.010 RIGHT',0,1,79992,25),(566,'22.010 RIGHT',0,1,79992,25),(566,'',1,1,4800,25),(567,'12.5.1/1',0,1,12027,25),(567,'12.1.1/1',0,1,7577,25),(567,'03.7.1/1',0,1,7442,25),(567,'22.46.5',0,1,16416,25),(568,'22.9515',0,1,103360,25),(568,'',1,1,4800,25),(569,'22.010 RIGHT',0,1,0,25),(569,'',1,1,4800,25),(570,'22.172/2',0,1,63872,25),(570,'',1,1,4800,25),(571,'22.317',0,1,63872,25),(571,'',1,1,4800,25),(572,'22.172/2',0,1,63872,25),(572,'',1,1,4800,25),(573,'22.172/2',0,1,63872,25),(574,'22.172/2',0,1,63872,25),(574,'',1,1,4800,25),(575,'22.172/2',0,1,63872,25),(575,'',1,1,4800,25),(576,'22.308/2',0,1,232304,25),(577,'01.6.1/1',0,1,3328,25),(577,'02.8.1/1',0,1,6980,25),(577,'',1,1,1200,25),(578,'22.172/2',0,1,63872,25),(578,'',1,1,4800,25),(579,'22.172/2',0,1,63872,25),(579,'',1,1,4800,25),(580,'22.172/2',0,1,63872,25),(580,'',1,1,4800,25),(581,'22.172/2',0,1,63872,25),(582,'22.172/2',0,1,63872,25),(582,'',1,1,4800,25),(583,'22.6010',0,1,103920,25),(583,'',1,1,4800,25),(584,'MT-03 6402V',0,1,2809,25),(584,'',1,1,1200,25),(585,'22.302/2',0,1,121600,25),(586,'22.010 RIGHT',0,1,79992,25),(586,'',1,1,4800,25),(587,'22.317',0,1,63872,25),(587,'',1,1,4800,25),(588,'22.317',0,1,63872,25),(588,'FCCEL20M',0,1,1247,25),(588,'FHPR-M',0,1,4586,25),(588,'',1,1,4800,25),(589,'22.010 RIGHT',0,1,79992,25),(589,'',1,1,4800,25),(590,'12.1.1/1',0,1,7976,25),(590,'',1,1,1200,25),(591,'22.52.52',0,1,108800,25),(591,'',1,1,4800,25),(592,'22.52.52',0,1,108800,25),(593,'22.52.52',0,1,108800,25),(593,'',1,1,4800,25),(594,'22.6010',0,1,103920,25),(594,'',1,1,4800,25),(595,'22.6010',0,1,103920,25),(595,'',1,1,4800,25),(596,'22.317',0,1,63872,25),(596,'',1,1,4800,25),(597,'22.6010',0,1,103920,25),(597,'',1,1,4800,25),(598,'22.302/2',0,1,121600,25),(598,'',1,1,4800,25),(599,'22.317',0,1,63872,25),(600,'22.317',0,1,63872,25),(600,'',1,1,4800,25),(601,'22.308/3',0,1,232304,25),(601,'',1,1,4800,25),(602,'22.6010',0,1,103920,25),(602,'',1,1,4800,25),(603,'40.1.1/1',0,1,9481,25),(603,'',1,1,1200,25),(604,'22.317',0,1,63872,25),(604,'',1,1,4800,25),(605,'02.4.2/1',0,1,5983,25),(605,'',1,1,1200,25),(606,'41.4.1/1',0,1,11053,25),(606,'',1,1,1200,25),(607,'22.010 LEFT',0,1,79992,25),(607,'',1,1,4800,25),(608,'02.1.1/1',0,1,3430,25),(608,'',1,1,1200,25),(609,'02.6.1/1',0,2,4360,25),(609,'',1,1,1200,25),(610,'12.9.1/1',0,1,6200,25),(611,'22.317',0,1,63872,25),(612,'22.317',0,1,63872,25),(612,'',1,1,4800,25),(613,'22.317',0,1,63872,25),(613,'',1,1,4800,25),(614,'22.317',0,1,63872,25),(614,'',1,1,4800,25),(615,'22.56.5',0,2,128000,25),(615,'',1,1,4800,25),(616,'22.317',0,1,63872,25),(617,'22.317',0,1,63872,25),(618,'22.317',0,1,63872,25),(618,'',1,1,4800,25),(619,'22.317',0,1,63872,25),(620,'MT-03 6401VF',0,1,2541,25),(620,'',1,1,1200,25),(621,'MT-03 6405VF',0,1,3278,25),(621,'MT-03 6403VF',0,1,3946,25),(621,'',1,1,1200,25),(622,'12.6.3/1',0,1,11114,25),(622,'',1,1,1200,25),(623,'FCCBKDF',0,1,2974,25),(623,'FCCST',0,1,2735,25),(623,'',1,1,1200,25),(624,'FCPS1',0,3,1008,25),(624,'',1,1,1200,25),(625,'22.56.5',0,1,128000,25),(626,'22.602.1.S',0,1,230400,25),(627,'21.06.05',0,1,18179,25),(627,'',1,1,2200,25),(628,'22.46.5',0,1,16416,25),(628,'',1,1,2200,25),(629,'41.1.1/1',0,1,10609,25),(629,'',1,1,1200,25),(630,'41.1.1/1',0,1,10609,25),(630,'',1,1,1200,25),(631,'22.52.52',0,1,108800,25),(631,'',1,1,4800,25),(632,'SD300-A',0,3,1720,25),(632,'',1,1,1200,25),(633,'12.3.1/1',0,1,7577,25),(633,'12.5.1/1',0,1,12027,25),(633,'',1,1,1200,25),(634,'12.3.3/1',0,1,11114,25),(634,'',1,1,1200,25),(635,'22.1032',0,1,68096,25),(635,'',1,1,4800,25),(636,'22.56.5',0,1,128000,25),(636,'',1,1,4800,25),(637,'22.1045 BLACK',0,1,87552,25),(638,'12.6.3/1',0,1,11114,25),(638,'MT-03 6401V',0,1,2541,25),(638,'',1,1,1200,25),(639,'22.1045 BLACK',0,1,87552,25),(639,'',1,1,4800,25),(640,'22.56.5',0,1,128000,25),(640,'',1,1,4800,25),(641,'01.7.1/2',0,1,3871,25),(641,'',1,1,1200,25),(642,'01.6.1/2',0,1,3988,25),(643,'MT-03 6404V',0,2,2943,25),(643,'03.4.1/1',0,1,6763,25),(643,'',1,1,1200,25),(644,'FCPS1',0,5,1008,25),(644,'',1,1,1200,25),(645,'FCPS1',0,10,1008,25),(645,'',1,1,1200,25),(646,'FCPS1',0,10,1008,25),(646,'',1,1,1200,25);

--
-- Table structure for table `orders`
--

CREATE TABLE `orders` (
  `id` bigint(11) unsigned NOT NULL AUTO_INCREMENT,
  `user_id` bigint(20) DEFAULT NULL,
  `create_date` timestamp NULL DEFAULT CURRENT_TIMESTAMP,
  `order_name` varchar(100) DEFAULT NULL,
  `order_address` varchar(100) DEFAULT NULL,
  `order_phone` varchar(50) DEFAULT NULL,
  `order_shipping` varchar(100) DEFAULT NULL,
  `isvary` tinyint(4) DEFAULT '0',
  `billing_name` varchar(100) DEFAULT NULL,
  `billing_address` varchar(200) DEFAULT NULL,
  `order_comment` mediumtext,
  `paid` tinyint(4) DEFAULT '0',
  `checksum` varchar(64) DEFAULT NULL,
  `orasani_ordermode` char(1) DEFAULT NULL,
  `torzskartya` bigint(10) DEFAULT NULL,
  PRIMARY KEY (`id`)
) ENGINE=MyISAM AUTO_INCREMENT=647 DEFAULT CHARSET=latin1;

--
-- Dumping data for table `orders`
--

INSERT INTO `orders` VALUES (1,1,'2010-06-17 19:40:50','Fajta Zsolt','1225 Bp. Angeli út 68','06303827439','Személyes átvétel-fizetés készpénzben, átvételkor',0,'Fajta Zsolt','','',0,'9b286d1afd517fc168b7ebcdf29ab3eeed61ebe2a8bb785b12bc3f50a1f840fb','P',NULL),(366,4,'2010-06-22 14:50:45','Zsvér-Vadas József','4400, Nyíregyháza, Szikla utca 18','06303063861','Futárszolgálat-fizetés készpénzben, átvételkor',0,'Zsvér-Vadas József','4400, Nyíregyháza, Szikla utca 18','Lehetõleg bármely nap, a délutáni órákban, 16 óra utáni szállítást',0,'f8bc2b25d0a105e277b5e08f9b2cd50d482b331b76f1110aa15893a667f93d52','P',NULL),(367,6,'2010-06-25 07:17:05','Csépán Bert','2400 Dunaújváros Bagoly utca 4. 1/1','06203988348','Futárszolgálat-fizetés készpénzben, átvételkor',0,'Csépán Bert','','',0,'5fdc44f4bb14c588c7f44fa2fa3074fbe199329333962fafdc2450bc22022f51','P',NULL),(368,7,'2010-06-25 14:00:53','Kondás Ferenc','1034 Budapest Tímár u.15. III/3.','30/9716950','Személyes átvétel-fizetés készpénzben, átvételkor',0,'Kondás Ferenc','','',0,'b3cd96d93d2bf6d458f6bc975ca932131a6ddd82f0e99e334962e4d5710652ff','P',NULL),(369,9,'2010-06-27 18:35:32','Németh Weisz Ildikó Martina','Mosonmagyarovár Kormos lkt.21','06705743944','Futárszolgálat-fizetés készpénzben, átvételkor',0,'Németh Weisz Ildikó Martina','Mosonmagyarovár Kormos lkt.21','',0,'fd5b38bc995eda77da4e23fd19b7f41c42819b8d858cf6b26b993b6a48741ca0','P',NULL),(370,11,'2010-06-29 12:18:51','Panigay Attila','2100 Gödöllõ, Szent János u. 26. fszt. 7.','30 2636938','Futárszolgálat-fizetés készpénzben, átvételkor',1,'Fronesis Bt.','2100 Gödöllõ, Szent János u. 26. fszt. 7.','',0,'75924fca657d80103d2f0d18714afc4097860d5cd7ddb7ab2ab04f4747a90090','P',NULL),(371,14,'2010-07-04 18:23:57','Szente József','1134 Bdapest, Angyalföldi út 24/c 4em 3','+36 30/835-55-48','Futárszolgálat-fizetés készpénzben, átvételkor',1,'Corbus Kft','1037 Budapest, Erdõalja köz 6','Kérném az üzembehelyezést',0,'2adb022522fb30be92f046596bcd0fa81097c1df1f57f3b6219a4986f38be15d','P',NULL),(372,15,'2010-07-05 08:28:35','BOTLIK  JÓZSEFNÉ','DABAS , SZIRÁKI PÁL ÚT 7','06303932005','Futárszolgálat-fizetés készpénzben, átvételkor',0,'BOTLIK  JÓZSEFNÉ','DABAS , SZIRÁKI PÁL ÚT 7','Szeretném kérni, hogy a kiszállítás 2010.07.09-én történjen. Elõre is köszönöm, \r\nBotlik Józsefné',0,'22153cea5e932d524d00157a678d92fd111bcaee90dd7408e3e8fc7cd0354a0b','P',NULL),(373,16,'2010-07-06 19:18:09','Somlai Gábor','1103 Budapest, Gergely u. 108/E.fsz.3.','+36 30 4886445','Futárszolgálat-bankkártyával fizetés megrendeléskor',0,'Somlai Gábor','1103 Budapest, Gergely u. 108/E.fsz.3.','',0,'8303af44324ed5f2615c14b1c70d9b323b326b0289a18b6df177e6a49fd1895f','P',NULL),(374,16,'2010-07-06 19:34:20','Somlai Gábor','1103 Budapest, Gergely u. 108/E.fsz.3.','+36 30 4886445','Futárszolgálat-bankkártyával fizetés megrendeléskor',0,'Somlai Gábor','1103 Budapest, Gergely u. 108/E.fsz.3.','',0,'8303af44324ed5f2615c14b1c70d9b32e693032783dbdd0ea64a741554d6c25e','P',NULL),(375,16,'2010-07-06 19:39:20','Somlai Gábor','1103 Budapest, Gergely u. 108/E.fsz.3.','+36 30 4886445','Futárszolgálat-bankkártyával fizetés megrendeléskor',0,'Somlai Gábor','1103 Budapest, Gergely u. 108/E.fsz.3.','',1,'8303af44324ed5f2615c14b1c70d9b32afd5a409b69ba0bda2ea8229056028e1','P',NULL),(376,17,'2010-07-06 21:28:12','Rajnai Richárd','1025 Bp, Felsõ Zöldmáli út 1/c.','06309910191','Futárszolgálat-fizetés készpénzben, átvételkor',0,'Rajnai Richárd','1025 Bp, Felsõ Zöldmáli út 1/c.','A szállítás kb 2 hét múlva lesz esedékes.\r\n\r\nKérnénk Önöktõl a beüzemelés elvégzését is.\r\n\r\nKérem, hogy tájékoztasanak a részletekrõl telefonon.\r\n\r\n',0,'c9f9c196fc3028d0782a8a16bec4cac1049098df662aa3eb6ea1a0cf9764c21b','P',NULL),(377,13,'2010-07-09 12:55:52','Petrasitz Éva','1118 Budapest Ménesi út. 31/a..','06/30-98-27-873','Futárszolgálat-fizetés készpénzben, átvételkor',0,'Petrasitz Éva','1118 Budapest Ménesi út. 18.','szállítás és beszerelés miatt idõpont egyzetetést kérek.\r\n\r\nKöszönöm:  Petrasitz Éva',0,'1b60c56e34c8619dad425738bfb8f05ef719550f8e89aa292e6af285769789ad','P',NULL),(378,19,'2010-07-12 17:20:36','Molnár Péter E.V.','1238. Bp. Teknõ utca 2/a','+36302971340','Futárszolgálat-bankkártyával fizetés megrendeléskor',0,'Molnár Péter E.V.','1238. Bp. Teknõ utca 2/a','',0,'76dfe5a7cd2c05f3b73c3e671f097509810b291dbc7972fb820933912fa0c8b1','P',NULL),(379,20,'2010-07-12 17:29:24','Nemes Béla','7431 Juta, Búzavirág u. 25.','20/9515240','Futárszolgálat-elõre utalással',0,'Nemes Béla','7431 Juta, Búzavirág u. 25.','Kérek  jelzést a szállítás idõpontjáról!',0,'e67d02f9ef3c0c121281d119fa7f7dd6a3cd8a22a737853fd0d8db33d0044e08','U',NULL),(380,19,'2010-07-12 17:31:17','Molnár Péter E.V.','1238. Bp. Teknõ utca 2/a','+36302971340','Futárszolgálat-fizetés készpénzben, átvételkor',0,'Molnár Péter E.V.','1238. Bp. Teknõ utca 2/a','',0,'76dfe5a7cd2c05f3b73c3e671f097509c4f9e711493a89630b8bb7c2d3961649','P',NULL),(381,21,'2010-07-13 10:38:38','Potó János','Inota Bercsényi u. 16. 8103','88 475 749','Futárszolgálat-bankkártyával fizetés megrendeléskor',0,'Potó János','Inota Bercsényi u. 16. 8103','',1,'92dee0b44f8867e00c2b2c5ca11ad17ab7a4746ae9c76d0ea788ce4948a4bcf3','P',NULL),(382,22,'2010-07-13 14:12:07','Szilágyi Zoltán','2310 Szigetszentmiklós Kossuth u. 6.','0624-655-724','Futárszolgálat-fizetés készpénzben, átvételkor',0,'Szilágyi Zoltán','2310 Szigetszentmiklós Kossuth u. 6.','',0,'1476a94ee37805055673f2a7ed7c68796d04a19abec2e1db5d6011e0e8b24685','P',NULL),(383,8,'2010-07-13 14:32:18','Érdfalvi Tamás','1037 Budapest, Csillaghegyi út 19-21','06-1-453-0120','Futárszolgálat-bankkártyával fizetés megrendeléskor',0,'Érdfalvi Tamás','1037 Budapest, Csillaghegyi út 19-21','',0,'31eaff849f7dd1e979825c1744fafadba11a7a0a51791e918b867a0c66ce2994','P',NULL),(384,23,'2010-07-14 07:28:40','Kertész Róbert','7400 Kaposvár, Nyár u. 130/c','+3630-346-9868','Futárszolgálat-fizetés készpénzben, átvételkor',0,'Kertész Róbert','7400 Kaposvár, Nyár u. 130/c','',0,'976d762bc7dd7e63269c0ec20f78db44ba90f7c091048f9f82b4b528ebbdf106','P',NULL),(385,24,'2010-07-15 10:30:53','Bullás Imre','6725 Szeged, Kisfaludy u. 36.','+36-20-466-2480','Futárszolgálat-fizetés készpénzben, átvételkor',0,'Bullás Imre','6725 Szeged, Kisfaludy u. 36.','A futárszolgálattól a kiszállítás napján \r\ntelefonos értesítést kérek a +36-20-466-2480-as telefonra.\r\n\r\nKöszönettel:\r\nBullás Imre',0,'522b582a253ce3ff92433bf847f4d870d5b54187a80398256a5c1cdcf0a72b85','P',NULL),(386,25,'2010-07-16 02:10:38','Fitos József','1184 Budapest Mikszáth Kálmán u. 79.','0670-361-92-47','Futárszolgálat-fizetés készpénzben, átvételkor',0,'Fitos József','1184 Budapest Mikszáth Kálmán u. 79.','A helység ahová a kabin kerül most van kialakitás alatt, ha lehetséges kb. 1 hónap múlva volna szükségem a kabinra és szeretném ha önök szállítás során be is üzemelnék a készüleket.\r\nKérem Önöket, ha ez lehetséges, jelezzék vissza nekem e-mailba, vagy telefonon.\r\nKöszönettel: Fitos József',0,'f59426c2de9c0fd4e7e38cad8b43ae7b92f60a74f8e18b279bc5e6b33d802e8f','P',NULL),(387,27,'2010-07-19 15:06:21','Váradi Istvánné','Miskolc 3535 Árpád u 68 .fsz/1.','06704256048','Futárszolgálat-fizetés készpénzben, átvételkor',0,'Váradi Istvánné','Miskolc 3535 Árpád u 68 .fsz/1.','',0,'a7ad6ee493747c2855175f352ae36fb63f687da73423d6a373ce3056aabf0351','P',NULL),(388,26,'2010-07-20 10:57:02','Papp György','1192. Thököly utca 19. I. emelet','06-30-3480619','Személyes átvétel-fizetés készpénzben, átvételkor',1,'Last Minute 2000 KFT.','8600. Siófok Fõ utca 47-53.','Kiszállítás idõpontját telefonon kérem egyeztetni. Bontatlan, sértetlen csomagot veszek át és fizetek ki! Csomag tartalmának ellenõrzõsét a helyszínen kérem! Tisztelettel Papp György ',0,'1803868f368347cd8d75f794a9d9ed3012b6e3ac45ddf95b0ffa085d764fd88f','P',NULL),(389,29,'2010-07-20 14:11:15','Skoda Gabriella','1138 Budapest, Petneházi u. 54-56. V/103','0036302475727','Futárszolgálat-fizetés készpénzben, átvételkor',1,'Skoda Gabriella','1131 Budapest, Madarász V. u. 13.','',0,'e8f7bdc26acf0f0195271adaed6f42586f5757e5fc24c9df2019fb2a8117f7ad','P',NULL),(390,30,'2010-07-20 16:08:05','dr Simon Gáborné','Bp. 1052 Kígyó u. 4-6. II. em. 12.','+36 (1) 318 3878','Futárszolgálat-fizetés készpénzben, átvételkor',0,'dr Simon Gáborné','Bp. 1052 Kígyó u. 4-6. II. em. 12.','Pontos egyeztetést kérünk, ha a fenti telefonszámon nem válaszolunk, akkor a +36 (20) 989 2241-es számon találnak.\r\nNem csak kiszállítást, hanem beüzemelést is igényelünk.\r\nA szállítás optimális idõpontja a július 26-i hét.',0,'8cfa523bdd91777b1a8b91bd5a2d9014f25d5b0461f6533b96bb9f2d1a3ffc73','P',NULL),(391,31,'2010-07-22 09:02:08','Dr. Takács Katalin','1138 Budapest, Párkány u. 36. 10/63','20 398 41 62','Futárszolgálat-fizetés készpénzben, átvételkor',0,'Dr. Takács Katalin','1138 Budapest, Párkány u. 36. 10/63','',0,'d41c6c1932dba72cb59564ae905e4d71268e2a47dc0c7b8be34f96bac81b5cee','P',NULL),(392,33,'2010-07-23 18:25:06','Széber Ferenc','8060 Mór, Petõfi S. u. 8.','0620/9797080','Futárszolgálat-fizetés készpénzben, átvételkor',0,'Széber Ferenc','8060 Mór, Petõfi S. u. 8.','',0,'30eca5427f3d964afbd26d73ef7e4ccbe1bba146b6d0dfc3d714b98ce7dc0e34','P',NULL),(393,34,'2010-07-25 15:33:55','Peszeki Kata','1035 Budapest, Lajos utca 142','70/ 502-1561','Személyes átvétel-fizetés készpénzben, átvételkor',0,'Peszeki Kata','1035 Budapest, Lajos utca 142','',0,'6b4f9760768a06ac9bc52f89560ed27a1655874c13df4da25703dd3eb032073e','P',NULL),(394,35,'2010-07-28 07:06:04','Miklós Csaba','1061 Budapest Paulay Ede u 25-27','06-1-4790118','Futárszolgálat-fizetés készpénzben, átvételkor',0,'Miklós Csaba','1061 Budapest Paulay Ede u 25-27','',0,'9a878f85629b6414763568e9d39fc3fa272ffdf439cf260bac9a484f92cd5a1d','P',NULL),(395,37,'2010-08-02 09:21:41','Fraknóyné Király Alíz','1173 Budapest, Füstifecske u. 42.','+36 70 318 98 45','Futárszolgálat-fizetés készpénzben, átvételkor',0,'Fraknóyné Király Alíz','1173 Budapest, Füstifecske u. 42.','Szállítást beszereléskor kérek. A kabin beszerelését is megrendelem. Ez 2010. augusztus hó 9-én, 10-én, vagy 11-én lenne alkalmas, tehát a szállítás 9-én.\r\nKérem, fenti elérhetõségeimen a beszerelés megrendelése, és idõpont egyeztetés miatt jelentkezni szíveskedjen.\r\nTisztelettel üdvözli: Fraknóyné Király Alíz',0,'59b7c423a73e8934976fd62bc0ccbf2f019ab4b160f6864fa267f4a1e923e4b3','P',NULL),(396,39,'2010-08-05 09:32:51','Zach Péter','9423 Ágfalva','0036709493265','Futárszolgálat-bankkártyával fizetés megrendeléskor',0,'Zach Péter','9423 Ágfalva','',0,'3948b7c8e15a5072c905f4d9bd2d280a4929fe8e560c23e17a2dd9ed0caa81dd','P',NULL),(397,39,'2010-08-05 09:34:22','Zach Péter','9423 Ágfalva','0036709493265','Futárszolgálat-fizetés készpénzben, átvételkor',0,'Zach Péter','9423 Ágfalva','',0,'3948b7c8e15a5072c905f4d9bd2d280abb585d2d409ce6be502439fedc44003a','P',NULL),(398,41,'2010-08-13 13:56:08','Cseh Gábor','1181 Budapest, Katona József utca 8.','06 20 9393 676','Futárszolgálat-bankkártyával fizetés megrendeléskor',0,'Cseh Gábor','1181 Budapest, Katona József utca 8.','A szállítást - lehetõség szerint - augusztus 26-ára kérjük, elõzetes telefoni egyeztetés után.\r\nAz összeállítást és beszerelést is önökkel kívánjuk elvégeztetni.',1,'f80dc76981f4ddd5650888d5b3dd7fe51236612e00fff0b195977e87bb3b71b4','P',NULL),(399,40,'2010-08-15 19:45:10','Abonyi-Tóth Zsolt','2330 Dunaharaszti, Golgota u. 17.','30/328-1908','Futárszolgálat-elõre utalással',0,'Abonyi-Tóth Zsolt','2330 Dunaharaszti, Golgota u. 17.','',0,'ee3dcf952a1c6ce99c907085569f15bd3766ef183b10e4f0dbb8bb1cda756280','U',NULL),(400,43,'2010-08-16 11:39:54','Endrész Mónika','Dunabogdány, Fácános út 2546.','20/322-2810','Futárszolgálat-fizetés készpénzben, átvételkor',1,'Fercom kft.','1036 Budapest, Lajos u. 78.','',0,'f3d9df01c6fac651d8d06de86e243174aed0b7795ae230576c4b1f243aa52671','P',NULL),(401,45,'2010-08-16 18:25:31','dr. Balczer Balázs','1174. Budapest Sóska u. 12/B','06703661455 vagy 06703171185','Futárszolgálat-fizetés készpénzben, átvételkor',0,'dr. Balczer Balázs','1174. Budapest Sóska u. 12/B','A megrendelt termékhez (22.001 hidromasszázs zuhanykabin) a horvath.lilla.home@t-online.hu e-mail címre e hét folyamán kérünk egy kiállási rajzot az elõkészítés érdekében.\r\n\r\nKérem, telefonon elõzetesen tájékoztatni szíveskedjenek a szállítás várható idõpontjáról.\r\nKöszönettel és tisztelettel: dr. Balczer Balázs',0,'2c2f5c72e19bf154cbfda71f6dcd9f56a23056d764430e0e8ed8feb3f7e39156','P',NULL),(402,48,'2010-08-20 08:16:00','Polák Lászlóné','2112.Veresegyház, Dukát u. 12.','20 466 4087','Futárszolgálat-elõre utalással',0,'Polák Lászlóné','2112.Veresegyház','A kiszállítás konkrét dátumát kérem elõre telefonon egyeztetni.\r\n',0,'73750bdef8ea5c6a2c3e291f612569b830669a808bbf23c60358609b07854d8e','U',NULL),(403,47,'2010-08-21 10:09:35','Ágoston Mónika','7100 Szekszárd Csokonai u. 5. 4/12','306311517','Futárszolgálat-fizetés készpénzben, átvételkor',0,'Ágoston Mónika','7100 Szekszárd Csokonai u. 5. 4/12','',0,'6699c92be0912134e7a7b5501f4741987091addcedc5b6abbfa8982ac9ecd9d3','P',NULL),(404,42,'2010-08-23 08:48:49','Sass Laszlo','6728 Szeged Felsomyomas ut 53','62-474786','Futárszolgálat-bankkártyával fizetés megrendeléskor',1,'Sass Laszlo','6725 Szeged-Tape Raba utca 6','',0,'5eee8d20273d22c2f8b1026b5c09661811112f1e0d7dba8674c3dbc8690e05d9','P',NULL),(405,49,'2010-08-24 11:18:21','Sipos Józsefné','8083 Csákvár Táncsics út 3','06 22 354 246','Futárszolgálat-fizetés készpénzben, átvételkor',0,'Sipos Józsefné','8083 Csákvár Táncsics út 3','Szállítást kérem szeptember 1-tõl kérném.',0,'9e071fd03eb542ed57145fdc50bb0d58907560e14de783a5801963a72b067736','P',NULL),(406,42,'2010-08-26 17:31:02','Sass Laszlo','6728 Szeged Felsomyomas ut 53','62-474786','Futárszolgálat-bankkártyával fizetés megrendeléskor',1,'Sass Laszlo','6725 Szeged-Tape Raba utca 6.','',1,'f9914e62122bfd2d0956269b50b726500725a5a310cee04f9ec1f5e5a6db15f7','P',NULL),(407,51,'2010-08-28 19:18:27','GYALLAI-KIRÁLY EDINA','6070 IZSÁK DEÁK F. U. 8.','+36706329770','Futárszolgálat-fizetés készpénzben, átvételkor',0,'GYALLAI-KIRÁLY EDINA','6070 IZSÁK DEÁK F. U. 8.','kérek értesítést a szállítás várható idõpontjáról ',0,'b72596b031d057927aab36a8184541fc0e8c6c9935e3d12d34f614396e961a4b','P',NULL),(408,53,'2010-08-31 07:21:55','Turán Miklós','Teszt','06-30-555-7634','Futárszolgálat-bankkártyával fizetés megrendeléskor',0,'Turán Miklós','Teszt','Csak teszt, nem kérek semmit!!!',0,'0daeb6a8332199ae1aea1188afdfa0e6d3254ffbc6bbf765860bcb59505b35d3','P',NULL),(409,53,'2010-08-31 07:26:02','Turán Miklós','Teszt','06-30-555-7634','Futárszolgálat-elõre utalással',0,'Turán Miklós','Teszt','Csak teszt, nem kérek semmit!!!',0,'0daeb6a8332199ae1aea1188afdfa0e66d8ce3422d8802ea710ac7dda41939f8','U',NULL),(410,54,'2010-08-31 14:53:36','Kalmár Andrea','1021 Budapest Pálos utca 1. 4.emelet 17. ajtó','06703701880','Személyes átvétel-fizetés készpénzben, átvételkor',0,'Kalmár Andrea','1021 Budapest Pálos utca 1 4.emelet 17. ajtó','',0,'10988c72fae371fa1893eaf074d110436eee1fe297e94df2d7e808d5cfb2052d','P',NULL),(411,53,'2010-09-01 07:37:52','Turán Miklós','Teszt eAgent','06-30-555-7634','Futárszolgálat-fizetés készpénzben, átvételkor',0,'Turán Miklós','Teszt','Teszt csak, nem kérek semmit!',0,'e24287851497e2ed04c93c18bc828b906edb81a96579411d84b931c8060cf5d9','P',NULL),(412,56,'2010-09-05 14:16:19','Keleti Klára','Budapest, 1031 Monostori út 31. (MOB Pizza)','06-30-56-58-453','Futárszolgálat-fizetés készpénzben, átvételkor',0,'Keleti Klára','Budapest, 1031','Az átvétel egy üzletben lesz.\r\nAz üzlet neve: MOB PIZZA.\r\nKöszönöm: Keleti Klára',0,'7699a88eebd69f424099fa699c23cc116595fe153e60b545897c1b0450f9adec','P',NULL),(413,57,'2010-09-06 13:54:17','Tóth Ákos','Budapest gépmadár.9 1106','06307555938','Futárszolgálat-fizetés készpénzben, átvételkor',1,'Tóth Ákos','Budapest andrássy út 8. 1061 Goa Étterem','',0,'7c8c7d95a1891cd33013fde60194fdf4e75370f993f1a68a0f660dea9a29ee5a','P',NULL),(414,59,'2010-09-11 12:06:11','Héthy Bálint','1158 Budapest, Fázis u. 3.','20-4474542','Futárszolgálat-elõre utalással',1,'Petrányi Autó Kft.','1106 Budapest, Kerepesi út 105.','A csomagot JET-VILL Kft-nél kell leadni vevõ nevén.',0,'bfb70050b9537e3a6add11f41c8d81f251bc8db2d426006c7896fd9686b77747','U',NULL),(415,60,'2010-09-14 07:53:45','Pápa Ferenc','4484 Ibrány Szõlõ köz 34','06 70 5161842','Futárszolgálat-fizetés készpénzben, átvételkor',0,'Pápa Ferenc','4484 Ibrány Szõlõ köz 34','',0,'99c0a390e75170a7f4e776bbee8acb6659c8efcec4e76c50deb4a84f1dda9512','P',NULL),(416,61,'2010-09-14 20:50:37','Czimbula József Gergely','4400 Nyíregyháza, Virágh u. 22.','0036-70/250-2301','Futárszolgálat-bankkártyával fizetés megrendeléskor',1,'Czimbula József Gergely','4400 Nyíregyháza, Széna tér 1.','beszerelést kérek',0,'9d494bc03ad5850aa3c43cf4f7905a25bbe36f698dc505c7d528dbd64c053ba6','P',NULL),(417,61,'2010-09-14 20:53:35','Czimbula József Gergely','4400 Nyíregyháza, Virágh u. 22.','0036-70/250-2301','Futárszolgálat-fizetés készpénzben, átvételkor',1,'Czimbula József Gergely','4400 Nyíregyháza, Széna tér 1.','beszerelést kérek',0,'9d494bc03ad5850aa3c43cf4f7905a25454a2524d1a2ea90191e857bfa7c48fc','P',NULL),(418,62,'2010-09-16 07:36:33','Árkocsevics Péter','2451 Ercsi Bethlen G. 22.','+36-942-9267','Futárszolgálat-fizetés készpénzben, átvételkor',0,'Kalocsai Kitti Diána','2451 Ercsi Bethlen G. 22.','Üdvözletem!\r\nTelefonos megbeszélés alapján megrendelem interneten a zuhanykabint. Várom a szállítást.\r\nÜdv.: Péter',0,'8ce8eb4949444f0682b1ddb18ea32285dcaa536ad57b971860392ada411b8696','P',NULL),(419,51,'2010-09-19 18:49:43','KIRÁLY EDINA','6070 IZSÁK SZABADSÁG TÉR 3.','+36704181748','Futárszolgálat-fizetés készpénzben, átvételkor',0,'GYALLAI-KIRÁLY EDINA','6070 IZSÁK DEÁK F. U. 8.','',0,'9224b407bc7922720333a6a4267acf3c61fb5802982d4bee8187ffc24cd12ec4','P',NULL),(420,64,'2010-09-20 11:37:00','Dr Kovács Mónika','2111 Szada Korizmics u. 76.','20 947 1454','Futárszolgálat-fizetés készpénzben, átvételkor',0,'Dr Kovács Mónika','2111 Szada Korizmics u. 76.','',0,'38bfed39a3c5068f31208f0bd767525213190380bd08bc4b5e6aad1d6b6676a8','P',NULL),(421,69,'2010-09-26 12:40:40','Mohos Adrienne','Esztergom Petõfi u. 50/1','+36302033277','Futárszolgálat-bankkártyával fizetés megrendeléskor',0,'Mohos Adrienne','Esztergom Petõfi u. 50/1','',0,'0a7643c50eb3e9c1f503684bcc813df879af18ed242423787b54a9dd5f96ddbc','P',NULL),(422,69,'2010-09-26 12:56:56','Mohos Adrienne','Esztergom Petõfi u. 50/1','+36302033277','Futárszolgálat-fizetés készpénzben, átvételkor',0,'Mohos Adrienne','Esztergom Petõfi u. 50/1','',0,'0a7643c50eb3e9c1f503684bcc813df8f5069520fed579a1e260571c7de7710b','P',NULL),(423,70,'2010-09-28 11:36:04','Hollósy Rita','Budapest','06-70-368-29-97','Személyes átvétel-fizetés készpénzben, átvételkor',1,'Hollósy Gyõzõné','Pásztó Dob út 5 3060','',0,'96e503da834c88d0e813c9e521fe8a40906b8a7aa8e64611355fa57fe5933497','P',NULL),(424,71,'2010-09-28 12:22:31','Kustár Dóra','Budapest, 1117 Budafoki út 91-93','06303356407','Futárszolgálat-bankkártyával fizetés megrendeléskor',1,'Kustár Dóra','Budapest, 1148 Bolgárkertész utca 2. 4/8','Kérem, hogy a kiszállítás vagy holnap, szerdán, vagy hétfõn, október 4-én legyen, akkor vagyok az irodában.',1,'56c6a1662d3dce5573ddfbd5df0b502a836d10ff770f99a8e6a166d1bb940e2e','P',NULL),(425,72,'2010-09-29 07:32:49','Zombor Gábor','1012 BUDAPEST, Logodi utca 54','+36 20 9555517','Személyes átvétel-fizetés készpénzben, átvételkor',0,'Zombor Gábor','1012 BUDAPEST, Logodi utca 54','',0,'6fca522d38fb203ffcc342f54d1a612da4ed8e92fcfc7c0892e64bfde6218b01','P',NULL),(426,73,'2010-09-30 15:12:04','Schwebl Vendelné','7762 Pécsudvard, Széchenyi u. 58.','+36 30 588 7286','Futárszolgálat-fizetés készpénzben, átvételkor',0,'Schwebl Vendelné','7762 Pécsudvard, Széchenyi u. 58.','telefonon kérek jelzést a kézbesítésrõl',0,'8ace21cefbec77bc9698316c4b21d693e9a4f7558c414c150d608cc309cecf5e','P',NULL),(427,74,'2010-10-01 10:43:16','Meleg Gábor','2112 Veresegyház Kökény u. 21.','+36309519189','Személyes átvétel-fizetés készpénzben, átvételkor',0,'Meleg Gábor','2112 Veresegyház Kökény u. 21.','',0,'e959631a5beb48c406de2564085cd4ae44f695748432f89bd19e844681e5c640','P',NULL),(428,77,'2010-10-03 19:54:37','Füzeséri Zoltán György','2089','Telki Fõ utca 11','Személyes átvétel-fizetés készpénzben, átvételkor',0,'Füzeséri Zoltán György','2089','',0,'812bbe0f9ac82262fc1552860e20546421fbefb7384ea777357c446e910cb73b','P',NULL),(429,81,'2010-10-10 13:47:55','Martonosi Ferenc','1027 Budapest, Medve utca 25-29.','06-20-390-4779','Futárszolgálat-fizetés készpénzben, átvételkor',1,'Martonosi Ferenc','2230 Gyömrõ, Klapka utca 18/A','',0,'c1541379c5e037abcbf32a2d5065155db8ca5f35a089e347f18cd2d33bfbffd3','P',NULL),(430,82,'2010-10-11 07:59:40','Pataki Gábor','6771 Szeged, Vágóhíd u. 2.','20/419-8284','Futárszolgálat-fizetés készpénzben, átvételkor',1,'Pataki Gábor','6771 Szeged, Vágóhíd u. 2.','A szállítási cím: Pappas Auto Mo. Kft. 6725 Szeged, Vásárhelyi Pál u. 15. (Mercedes-Benz szalon)',0,'8471a994a88e2c9674c113c4c94497db940ccff1f48d002ae1a133c6515c8abc','P',NULL),(431,83,'2010-10-14 16:12:53','Lengyel Stefánia','1138 Budapest, Szekszárdi u. 11. IV-41.','+36-20-9689-044','Futárszolgálat-fizetés készpénzben, átvételkor',0,'Lengyel Stefánia','1138 Budapest, Szekszárdi u. 11. IV-41.','Érdekel, hogy a beszerelését vállalják e, vagy tudnak e javasolni megbízható szerelõt, aki ezt elvállalná. Ennek függvényében tudnám csak megvásárolni a terméket,köszönöm. \r\nLengyel Stefánia\r\n',0,'9f46e8631d294bbbf6ad92f182aa8c6c1f0f95b9823f8171dafa847646f53d82','P',NULL),(432,85,'2010-10-18 08:02:38','Szopkó Zsolt','5000 Szolnok, Vasvári Pál u. 12 IV/14.','+36 70 940 2753','Futárszolgálat-fizetés készpénzben, átvételkor',0,'Szopkó Zsolt','5000 Szolnok, Vasvári Pál u. 12 IV/14.','A számlát a következõ névre kérném kiállítani:\r\nIlyés László E.V\r\n5200 Törökszentmiklós\r\nVáci Mihály út 43.',0,'d942084815cc164939bbfbd8985cf6b8125704b07db83510c34068b36109ddbf','P',NULL),(433,86,'2010-10-21 11:04:47','Hunyad László','1138 Bp. Karikás Frigyes u. 4/b  VI/32.','0620/3834004','Futárszolgálat-elõre utalással',0,'Hunyad László','1138 Bp. Karikás Frigyes u. 4/b  VI/32.','',0,'58a601dd4dbd1fc061b01dcd85fd56003eafd75030769f47da560f2e6fc60002','U',NULL),(434,87,'2010-10-22 22:27:50','Pék Tibor','97oo Szombathely,Rákóczi ferenc u.86/A','06209658760','Futárszolgálat-fizetés készpénzben, átvételkor',0,'Pék Tibor','97oo Szombathely,Rákóczi ferenc u.86/A','',0,'69e409bb7709a4e6edc4063aebb5d3952ed45eb1d8e9649b890f40180d325cbc','P',NULL),(435,88,'2010-10-25 18:08:22','Szakács Róbert','3529 Miskolc, Tampere lépcsõ 15.','70/32-33-558','Személyes átvétel-fizetés készpénzben, átvételkor',1,'Agrocrop Kft.','3508 Miskolc, Csemetekert u. 10.','Az oldalon nem tudtam kiválasztani, de szeretnék kérni beszerelést, és szeretnék kérni ehhez való Önök által jónak ítélt vízszûrõt. Nem tudom vízkõ ellen ez mennyire megfelelõ... Telefonon bármikor elérhetõ vagyok! Köszönöm!',0,'7937828e161e1808eecbd356241b49326b2b90b9304bf90f3c57f708397eaae8','P',NULL),(436,89,'2010-10-28 12:05:42','Simonné Horváth Henrietta','1181 Budapest Kondor B stny. 18.','70/3254351','Futárszolgálat-fizetés készpénzben, átvételkor',0,'Simonné Horváth Henrietta','1181 Budapest Kondor B stny. 18.','',0,'8b85a5de8599df95d99f0ea3777b9cc13892d1d10313ba9fd1e0f61837f9c441','P',NULL),(437,90,'2010-10-30 19:56:29','Rumi András','8229 Csopak Vasút utca 3','06209318328','Futárszolgálat-fizetés készpénzben, átvételkor',0,'Rumi András','8229 Csopak Vasút utca 3','',0,'d2ac83366a1be1a54164a5cb0e6dd39ae9c68f1f770f8180ef66a070da5ef5b7','P',NULL),(438,92,'2010-11-05 17:00:11','Sódar Attila','5630 Békés, Táncsics Mihály u. 2/1.','06-30-218-6121','Futárszolgálat-fizetés készpénzben, átvételkor',0,'Sódar Attila','5630 Békés, Táncsics Mihály u. 2/1.','Telefonos egyeztetés szükséges.',0,'f95df6205983434a2cce904147465ffff60fb6d0ed39b5b127efa39acc8f0e26','P',NULL),(439,94,'2010-11-08 15:29:43','Cieleszky Péter','1141 Budapest Komócsy u. 14.','305965652','Futárszolgálat-fizetés készpénzben, átvételkor',0,'Cieleszky Péter','1141 Budapest Komócsy u. 14.','',0,'3a86656b24ec2da1cf80af70db50a715d83721605d7bfa477a8b4b34183dab7b','P',NULL),(440,91,'2010-11-12 19:57:12','Nyulász Viktor','1202 Budaprest, Nagyszalonta u. 18.','06302792330','Futárszolgálat-fizetés készpénzben, átvételkor',0,'Nyulász Viktor','1202 Budaprest, Nagyszalonta u. 18.','Beszereléssel, beüzemeléssel együtt rendelem meg a zuhanykabint.',0,'dd9853bae780ab6c399e10665b16a683b03c1d827a465c178a817f1cb698f957','P',NULL),(441,98,'2010-11-14 07:32:08','Veres Zoltán','5600 Békéscsaba Berényi utca 4','+36703105484','Futárszolgálat-fizetés készpénzben, átvételkor',0,'Veres Zoltán','5600 Békéscsaba Berényi utca 4','',0,'b413a3bce7f05d59cc821d65b8701e2c5362abd9780194deddf8af761f3bc487','P',NULL),(442,93,'2010-11-15 13:09:19','Tatai Zsolt','5000 Szolnok, Bajcsy-Zs. u. 8. IV/23.','70/505-1213','Futárszolgálat-bankkártyával fizetés megrendeléskor',0,'Tatai Zsolt','5000 Szolnok, Bajcsy-Zs. u. 8. IV/23.','Kérném mielõtt ideérne a futár hívjon fel, hogy pontosítsuk az átadást! Elõre is köszönöm',0,'87e9c2a402d1b9617176e56dc46dd1504fa8ea1d8972108a9411161debec185b','P',NULL),(443,99,'2010-11-17 09:43:04','Tóth Gábor','1203. Budapest, Lajtha László u. 24.','0612834570','Futárszolgálat-fizetés készpénzben, átvételkor',0,'Tóth Gábor','1203. Budapest, Lajtha László u. 24.','Kiszállitás elõtt 1-2 órával kérünk egy telefont.',0,'a2ff116dacb9472ca16dfc3d5d8a669675b4799f2d7c83de781a27a8e52d4551','P',NULL),(444,101,'2010-11-19 21:46:51','Hausel Roland','3530 Miskolc Vörösmarty út 3 2/3','06202586762','Futárszolgálat-fizetés készpénzben, átvételkor',1,'Ház-Ép-Technika Kft','3908 Rátka Kossuth u. 47','',0,'a24ff5d3eb577933a06c4f67ea63d338a68239ffca34f680e0ee682f9ab58c1c','P',NULL),(445,103,'2010-11-21 18:41:49','Tóth Pál','4400. Nyíregyháza, Puttony utca 21/A.','+36204824642','Futárszolgálat-fizetés készpénzben, átvételkor',0,'Tóth Pál','4400. Nyíregyháza, Puttony utca 21/A.','',0,'937e6c230588a447f21754da88a478fc4a28098da4b8fcc61abd3d53c56ff1b8','P',NULL),(446,104,'2010-11-21 20:28:56','Gulyás István','2200 Monor, Virág utca 26.','06 20 93 90 882','Személyes átvétel-fizetés készpénzben, átvételkor',0,'Gulyás István','2200 Monor, Virág utca 26.','Élni szeretnék akciójukkal, s ingyenes kiszállítást kérek.',0,'397914f9b37a08ce30aef15aa5fed7eb31ca69bfe2f9b21742f92654d65a26a9','P',NULL),(447,100,'2010-11-22 06:25:41','Garamvölgyi Tünde','4700 Mátészalka Móricz Zs. út 102.','30-246-8453','Futárszolgálat-fizetés készpénzben, átvételkor',0,'Garamvölgyi Tünde','4700 Mátészalka Cserepeshegy út 11.','',0,'318c7e8b432d018fc8438eb4e67d705bef9b8024a9364920a080331945e29e84','P',NULL),(448,105,'2010-11-24 14:13:18','Antal László','3300 Eger Sas u. 18.','06 20 329 4749','Futárszolgálat-fizetés készpénzben, átvételkor',0,'Antal László','3300 Eger Sas u. 18.','Nem tartózkodunk a helyszínen (építkezés), kérjük, kiszállítás elõtt hívjanak a fent megadott mobilszámon, hogy oda tudjunk menni kifizetni.\r\nBeszerelést is kérünk: december 3-8 között, ha lehet.\r\nElõre is köszönjük!\r\n',0,'20da3768492ce0ed2fc4383728259e64cbe65345b82e4891cb1148bbc8744545','P',NULL),(449,106,'2010-11-25 17:06:36','Boros Ágnes','1041. Budapest, Árpád út 68-70','0670 338 1613','Futárszolgálat-bankkártyával fizetés megrendeléskor',0,'Boros Ágnes','1041. Budapest, Árpád út 68-70','',0,'b6e2bfd79361ddb2ab5deaf8a9ee15484f7146c8611d71dd8dc55f74b5d9c726','P',NULL),(450,107,'2010-11-27 08:53:15','Berkesné Tóth Beáta','3586 Sajóörös, Jókai u. 2.','20/77-333-18','Futárszolgálat-fizetés készpénzben, átvételkor',1,'Berkesné Tóth Beáta','3586 Sajóörös, Kastély kert 17/a','',0,'b9139bcb4734ba1e43742fa35681d5d8c4ffb81a69556b9728d5cdc158ff6af1','P',NULL),(451,108,'2010-11-28 16:53:03','Salamon Zsolt','6724, Szeged, Csaplár Benedek utca 1/A','+36204550105','Futárszolgálat-bankkártyával fizetés megrendeléskor',0,'Salamon Zsolt','6724, Szeged, Csaplár Benedek utca 1/A','',0,'e2937fd66b57fabff16ec9c36d02f69728f964f0cd81fcd3d37075dc222511d5','P',NULL),(452,110,'2010-11-30 15:37:22','Varga László','1121 Budapest, XI. Meredek u. 6/a.','0670 2819558','Futárszolgálat-bankkártyával fizetés megrendeléskor',1,'Varga László','1121 Budapest, XII. Hajnalka u. 7  II/8.','A kiszállítás, illetve az átvétel idõpontjáról telefonon kérek értesítést.',0,'56fce600149341437d5eea14c1d92034187e776da88806099f4303fa233f865f','P',NULL),(453,108,'2010-12-02 07:49:30','Salamon Zsolt','6724, Szeged, Csaplár Benedek utca 1/A','+36204550105','Futárszolgálat-bankkártyával fizetés megrendeléskor',0,'Salamon Zsolt','6724, Szeged, Csaplár Benedek utca 1/A','',1,'154c10d69fffaf115399896e2dee9b71783d85e715b58e17a5e0f9d1f4928547','P',NULL),(454,111,'2010-12-02 12:36:01','Mohácsi István','1118 Budapest Torbágy utca 6. V. 18.','+36303908997','Futárszolgálat-fizetés készpénzben, átvételkor',0,'Mohácsi István','1118 Budapest Torbágy utca 6. V. 18.','',0,'a8043f56207bbb8790e51a6fe8ff4b2b2a7512b043e26e7f83b4c36a2d5aebf6','P',NULL),(455,114,'2010-12-06 18:14:05','Illés Zoltán','7090 Tamási Szabadság u. 53 Fantázia Ruházati Bolt','30/2340723','Futárszolgálat-fizetés készpénzben, átvételkor',1,'Illés Zoltán','7090 Tamási Dózsa Gy. u. 55.','Futárszolgálat tájékoztasson a kiszállítás napján a várható idõpontról, a \r\n06 30 2340723 telefonszámon, mivel a bolt 12-13 óra között zárva van',0,'293f484588654d15d9c6990638aa5f7cba215960d40cc54f000a4922ac1ccf83','P',NULL),(456,106,'2010-12-07 11:29:33','Boros Ágnes','1121 Budapest, Melinda utca 24 . Fsz. 5.','0670 338 1613','Futárszolgálat-elõre utalással',1,'Prof-Audit Kft','1041. Budapest, Árpád út 68-70 Blph 1/3','A kiszállítást 2010.12.21.re kérjük. \r\nkérem visszajelzésüket, hogy ez megfelelõ-e \r\nÜdv. B.Ágnes',0,'d5627018a6b55e8e29fb977a770b3c57b8bae71e707226bee542f8629d545c68','U',NULL),(457,117,'2010-12-12 18:07:22','Halász Gábor','3240 Parád, Kristály u. 71. (lakcím)','06-30-383-4968','Futárszolgálat-fizetés készpénzben, átvételkor',0,'Halász Gábor','3240 Parád, Kristály u. 71.','Szállítási cím (munkahely): Eger, Klapka út 1/B\r\nHeves Megyei MGSZH Erdészeti Igazgatósága  irodája II. emelet',0,'e54ac0e3716a9f3d0b36de519e833ba5bc80b697a4d067b8307a829f14b56e3b','P',NULL),(458,118,'2010-12-13 14:58:14','Izsó Ildikó','1141.Budapest Kalocsai u. 62/b.','06-702472199','Futárszolgálat-bankkártyával fizetés megrendeléskor',1,'Izsó Ildikó','1141.Budapest Kalocsai u. 62/b.','',1,'51e5ec3c21e15e8254e2b0e4492c97c7ae44b6d95b8d6c82a8b50bfb1228e01a','P',NULL),(459,119,'2010-12-14 13:02:17','Regia Rex Kft. Kis Ferenc','8000 Székesfehérvár, Alba Ipari Zóna, Zsurló u. 4.','30/9462-486','Futárszolgálat-fizetés készpénzben, átvételkor',0,'Kis Ferenc','8000 Székesfehérvár, Alba Ipari Zóna, Zsurló u. 4.','',0,'4f5993b7a2ff561383fcd9743bcd3aeedb14d09ba41018b278b2983f3f6f22e1','P',NULL),(460,120,'2011-01-03 05:26:50','Nagy László','1108 Budapest, Gõzmozdony u. 1 5/23','+36204805762','Személyes átvétel-elõre utalással',0,'Nagy László','1108 Budapest, Gõzmozdony u. 1 5/23','',0,'c789854488559bca31407647436a371c61bfb77d6f9c0ec04b9cf2abbadb3f21','U',NULL),(461,122,'2011-01-03 10:10:56','Dienes Lajos','1033 Harrer Pál utca 3-5','06307030012','Futárszolgálat-fizetés készpénzben, átvételkor',0,'Dienes Lajos','1033 Harrer Pál utca 3-5','h-p 8-16 ',0,'fcf5e07884ca168bcc661300c3cf17ca55559e18fb52b2c3e66b498f47cf40ac','P',NULL),(462,123,'2011-01-03 11:41:33','Bugyi Zsolt','6640 Csongrád jegenye utca 31','06 30 246-5784','Futárszolgálat-fizetés készpénzben, átvételkor',0,'Bugyi Zsolt','6640 Csongrád jegenye utca 31','',0,'dae7b7a8da61225d8d2f728628af8d2fc05482c7058b916177af9631a6dd3177','P',NULL),(463,124,'2011-01-03 12:21:34','Kovács Tibor','5700 Gyula, Dürer Albert u. 11.','30-5373805','Futárszolgálat-bankkártyával fizetés megrendeléskor',0,'Kovács Tibor','5700 Gyula, Dürer Albert u. 11.','',0,'5cf99db7cd57eaa784831617aafc71eea783ca5814470bcaf6c14d706253e8b4','P',NULL),(464,124,'2011-01-03 12:29:33','Kovács Tibor','5700 Gyula, Dürer Albert u. 11.','30-5373805','Futárszolgálat-bankkártyával fizetés megrendeléskor',0,'Kovács Tibor','5700 Gyula, Dürer Albert u. 11.','',1,'5cf99db7cd57eaa784831617aafc71ee3c98e1327f7f57955e246b29281088ce','P',NULL),(465,126,'2011-01-04 12:57:08','Molnár István','2451 Ercsi Híd utca 46.','06 30 422 62 90','Futárszolgálat-bankkártyával fizetés megrendeléskor',0,'Molnár István','2451 Ercsi Híd utca 46.','',0,'90b5db433c17bb1ff9a4244358ffb19701c2a9bdb4d9c9a391e5c405fdf488ea','P',NULL),(466,127,'2011-01-04 13:13:09','Posta Kálmán','4087 Hajdúdorog Nyiregyházi út 22','06/30 246 4289','Futárszolgálat-fizetés készpénzben, átvételkor',0,'Posta Kálmán','4087 Hajdúdorog Nyiregyházi út 22','',0,'b4d1747054c446c9ebf7ba1a00ec84f38d942768e0fc6757ce5d704ef84b8a1a','P',NULL),(467,126,'2011-01-04 13:14:13','Molnár István','2451 Ercsi Híd utca 46.','06 30 422 62 90','Futárszolgálat-elõre utalással',0,'Molnár István','2451 Ercsi Híd utca 46.','',0,'90b5db433c17bb1ff9a4244358ffb1971879ea5de60ba2ee6344474a9564b262','U',NULL),(468,128,'2011-01-04 16:56:05','Orbán András','2060 Bicske Szent István u. 111.','06 70 513 4747','Futárszolgálat-bankkártyával fizetés megrendeléskor',0,'Orbán András','2060 Bicske Szent István u. 111.','',0,'6743ad99ccce28f97083da7922c9ac7a67f79a944245d1993b21b1aadee706f0','P',NULL),(469,129,'2011-01-04 22:22:41','Szitás Endre','2030 Érd Zala u.3.','06 23 375 904','Személyes átvétel-fizetés készpénzben, átvételkor',0,'Szitás Endre','2030 Érd Zala u.3.','',0,'b3796b1c99960b67e2512af8d76a8ad172be898a27c214dca4b601f03e9b02bc','P',NULL),(470,132,'2011-01-06 13:28:39','Horváth Gergely','Budapest, 13. ker. Váci út 175','+36302804054','Futárszolgálat-bankkártyával fizetés megrendeléskor',0,'Horváth Gergely','Váci út 175','',1,'2114faec55fdc66c846ffb35a3a93951e8ef4daab317ecce2dff6f60ff8a8797','P',NULL),(471,133,'2011-01-06 17:23:29','Koza Károly','1146 Budapest Thököly út 53.','+3620 203 39 69','Futárszolgálat-fizetés készpénzben, átvételkor',1,'Koza Károly','1046 Budapest Erdõsor út 7. 1/a','Bejárat a Szabó József utcából.\r\nLehetséges átvétel: munkanapokon 9-17 óra között.\r\nKöszönöm!',0,'3f5505e64cb895a0db5d6c3df7c2e94438edcf36b8edaed11847f529fc9935e2','P',NULL),(472,134,'2011-01-07 15:06:27','Rohrsetzer Árpád','1204 Vécsey 2.','0620 5295460','Futárszolgálat-fizetés készpénzben, átvételkor',1,'Molnar Haus Kft.','1172 III. utca 35.','kérem ELÕRE hívjanak, kb. mikor érkezik a futár! Csengõ rossz, mobilt kéne csörgetni érkezéskor! Kösz',0,'58140fcdd29dd087ef64ea8b87bc2c1ad7ae3273de96239317ff893a902d55bd','P',NULL),(473,136,'2011-01-10 08:34:22','Pinterics Tamás','7584 Babócsa József Attila utca 1','06209941282','Futárszolgálat-fizetés készpénzben, átvételkor',0,'Pinterics Tamás','7584 Babócsa József Attila utca 1','',0,'3b8cc280f9cb6e0d59315e82cd572fe724b11e886dc28762a52c91362e9492c5','P',NULL),(474,137,'2011-01-10 19:14:38','Sipkó Pál','3053 Ecseg, Arany J. út 58.','06204489767','Futárszolgálat-fizetés készpénzben, átvételkor',0,'Sipkó Pál','3053 Ecseg, Arany J. út 58.','',0,'3ba0cdee9938baa19e9893f9b74591223ddb5611a41301978d62ff57527e0490','P',NULL),(475,138,'2011-01-11 12:11:08','Orbán  András','2060 Bicske Szent István u. 111','06 70 5134747','Futárszolgálat-fizetés készpénzben, átvételkor',0,'Orbán  András','2060 Bicske Szent István u. 111','',0,'baa34d07376c21a89ecdc389dd0ec1cabb21779fd7f9566bfb481925aafcba71','P',NULL),(476,141,'2011-01-19 08:11:33','Leposa Norbert Krisztián','2730 Albertirsa Viola utca 70/2','06205785861','Futárszolgálat-fizetés készpénzben, átvételkor',0,'Leposa Norbert Krisztián','2730 Albertirsa Viola utca 70/2','',0,'a54a28a86bc0f356b8824f79fbaad90b6584faedc2cc48ad1e92507f624b512d','P',NULL),(477,142,'2011-01-23 20:48:47','Kiss Renáta','Gyõr Földes Gábor utca 6/B','0620 9678966','Futárszolgálat-elõre utalással',0,'Kiss Renáta','Gyõr Földes Gábor utca 6/B','',0,'0527db40cc6950e159a4b44fb1c3157aa4a088e9350ad114767a75235e3d47a5','U',NULL),(478,143,'2011-01-23 23:36:41','Bódi Viktória','8855 Belezna, Kossuth Lajos utca 81/a','303922955','Futárszolgálat-fizetés készpénzben, átvételkor',0,'Bódi Viktória','8855 Belezna, Kossuth Lajos utca 81/a','',0,'7011e460a2e581a61f4718e31ed251e71067c09be7a9206a5dd038f8c951c8e1','P',NULL),(479,144,'2011-01-24 09:00:22','Márkus Károly','2463 Tordas Arany János u 22.','+3670/3943582','Futárszolgálat-fizetés készpénzben, átvételkor',0,'Márkus Károly','2463 Tordas Arany János u 22.','',0,'88f6fb1ee02aec04feb762bff9598ce3d00ad93de1f81bacde9075c18ee2c7f0','P',NULL),(480,145,'2011-01-24 13:46:15','Teto-Kopacs Bt.','1162 Budapest, Paripa Utca 10','20-9340898','Futárszolgálat-elõre utalással',1,'Teto-Kopacs Bt.','1162 Budapest, Ference ut 94','',0,'78565fe41174786016085ce1c84db0598388c7f6d5230608dde43aefc68f8755','U',NULL),(481,146,'2011-01-24 13:49:03','Kertes Attila','1091 Bp. Üllõi út 185. VII. 30.','36 30 406 7742','Futárszolgálat-fizetés készpénzben, átvételkor',1,'Zentral kft','1118 Bp.,Sasadi u. 72.','',0,'5dc1c14d60dab108d93658c2950ac572de0922d862ba01361bbb941a0fc0eb98','P',NULL),(482,147,'2011-01-26 20:22:47','Meltzner László','1048 Bp. Csíksomlyó u. 23 2/7','06703610812','Futárszolgálat-fizetés készpénzben, átvételkor',1,'ZBM Universal','1171 Bp. Öntözõ u. 5.','Kiszállításkor telefonhívást kérek, mivel a kaputelefon ki van kapcsolva.',0,'b9d7c1524fa3fddf9223bf0a56757574d0873ed001f8e849260029ebfa44b956','P',NULL),(483,148,'2011-01-28 10:46:24','Holler Katalin','9400 Sopron, Rodostói u. 4.','+36304022236','Futárszolgálat-fizetés készpénzben, átvételkor',0,'Holler Katalin','9400 Sopron, Rodostói u. 4.','I. emelet, 8. ajtó',0,'e49b301288d0428c22b4d04ea74ef679d66499cf2728846216c2d9219b33d3f1','P',NULL),(484,149,'2011-01-29 12:14:49','Gregorics Tibor','1149 Budapest, Nagy Lajos király útja 118. I.9.','20-486-9939','Futárszolgálat-elõre utalással',0,'Gregorics Tibor','1149 Budapest, Nagy Lajos király útja 118. I.9.','',0,'2887de672f4681a49d194336fe9902f07665fe67b1d8ffdf0510da56db9b6f39','U',NULL),(485,150,'2011-01-30 10:29:37','Grõb Ferenc','Harta 6326 Petõfi S u 98','06020 9256798','Futárszolgálat-bankkártyával fizetés megrendeléskor',1,'Grõb Ferenc','Harta 6326 Petõfi S u 98','',0,'2471f9210fbc3c2f44bc566224a18383ca96a8880453de6bbda548eb766868d9','P',NULL),(486,151,'2011-01-31 08:17:56','Sámson Renáta','2500 Esztergom, Árok utca 42.','06302344772','Futárszolgálat-bankkártyával fizetés megrendeléskor',0,'Sámson Renáta','2500 Esztergom, Árok utca 42.','',0,'e0f00b60c027ebd9ff1a6676d5371e2d052af9c8abd85a85ab3a0ce049ab988b','P',NULL),(487,151,'2011-01-31 08:28:42','Sámson Renáta','2500 Esztergom, Árok utca 42.','06302344772','Futárszolgálat-fizetés készpénzben, átvételkor',0,'Sámson Renáta','2500 Esztergom, Árok utca 42.','Tisztelt Cím:\r\nmilyen módon van becsomagolva a termék,\r\nátvételkor meg kell nézni, hogy nem sérült e?\r\n(az üveg vagy más?)\r\nMikor szállítják ki a terméket?\r\n\r\nKöszönettel:\r\nSámson Renáta',0,'e0f00b60c027ebd9ff1a6676d5371e2df319c5c703290670f72268866a4c966c','P',NULL),(488,153,'2011-02-01 07:34:30','Sebõk Andrásné','1225 Budapest  Angeli ut 86.','061/2073234','Futárszolgálat-fizetés készpénzben, átvételkor',0,'Sebõk Andrásné','1225 Budapest  Angeli ut 86.','',0,'5b660d63ede8f39b0ba1e035e80afb281ebe4744997a1ec8680ad86613f6c58f','P',NULL),(489,8,'2011-02-01 08:16:32','Érdfalvi Tamás','1037 Budapest, Csillaghegyi út 19-21','06-1-453-0120','Futárszolgálat-fizetés készpénzben, átvételkor',0,'Érdfalvi Tamás','1037 Budapest, Csillaghegyi út 19-21','CSAK TESZT RENDELÉS',0,'b95289fad788f84de5bffc685e4b99b3abec74830558b5d0495dc0453bb67b30','P',NULL),(490,150,'2011-02-01 11:39:22','Grõb Ferenc','Harta 6326 Petõfi S u 98','06020 9256798','Futárszolgálat-fizetés készpénzben, átvételkor',0,'Grõb Ferenc','Harta 6326 Petõfi S u 98','Harta Petõfi S 100 ban is átveszik tf 06209256798',0,'cddba76fddec5d0e2c40138d1c110e8aa736a05adb2b192119b67d5ed33082ca','P',NULL),(491,8,'2011-02-03 17:16:57','Érdfalvi Tamás','1037 Budapest, Csillaghegyi út 19-21','06-1-453-0120','Futárszolgálat-bankkártyával fizetés megrendeléskor',0,'Érdfalvi Tamás','1037 Budapest, Csillaghegyi út 19-21','',0,'3c041eb56ccc8e1d021e14d6c1c47ecad883cc43295e926764d69f363f891bb6','P',2011000104),(492,155,'2011-02-04 15:21:28','Schadl Péterné','1153 Budapest, Eötvös u. 104.','06 20 4146345','Futárszolgálat-bankkártyával fizetés megrendeléskor',0,'Schadl Péterné','1153 Budaapest Eötvös u. 104','Kérem a megrendelés kézhezvételét követõen telefonon történõ megkeresésüket, az áru kiszállításának és az Önök által történõ beszerelési idõpont egyeztetésével kapcsolatban!',0,'dec19ecb17620b7b89676e7a530c72295dad1fb0c3506c05f63ecb68dfef0e34','P',0),(493,155,'2011-02-04 15:22:49','Schadl Péterné','1153 Budapest, Eötvös u. 104.','06 20 4146345','Futárszolgálat-fizetés készpénzben, átvételkor',0,'Schadl Péterné','1153 Budaapest Eötvös u. 104','Kérem a megrendelés kézhezvételét követõen telefonon történõ megkeresésüket, az áru kiszállításának és az Önök által történõ beszerelési idõpont egyeztetésével kapcsolatban!\r\n\r\nAz árat készpénzben fizetnénk az áru átvételekor.',0,'dec19ecb17620b7b89676e7a530c7229835738c6f32a8e2780298e50794edb89','P',0),(494,8,'2011-02-04 15:42:23','Érdfalvi Tamás','1037 Budapest, Csillaghegyi út 19-21','06-1-453-0120','Futárszolgálat-bankkártyával fizetés megrendeléskor',0,'Érdfalvi Tamás','1037 Budapest, Csillaghegyi út 19-21','',0,'3501bd35c9f2cc2013923cb8b8d2ad18fe30870a0f30b869a05e2f3b66b5903e','P',2011000106),(495,8,'2011-02-04 15:43:16','Érdfalvi Tamás','1037 Budapest, Csillaghegyi út 19-21','06-1-453-0120','Személyes átvétel-fizetés készpénzben, átvételkor',0,'Érdfalvi Tamás','1037 Budapest, Csillaghegyi út 19-21','',0,'3501bd35c9f2cc2013923cb8b8d2ad185cf96c887f6b13b81ece9b88c51232a4','P',2011000106),(496,156,'2011-02-05 10:53:36','Bajtek Vilmos','2092 Budakeszi József A.utca 36','06306568569','Személyes átvétel-fizetés készpénzben, átvételkor',0,'Bajtek Vilmos','2092 Budakeszi József A.utca 36','',0,'051d793d463472fa73e785c76391d5a6f93036b164e868002ba1d27e3fcafef2','P',0),(497,8,'2011-02-07 12:24:55','Érdfalvi Tamás','1037 Budapest, Csillaghegyi út 19-21','06-1-453-0120','Futárszolgálat-bankkártyával fizetés megrendeléskor',0,'Érdfalvi Tamás','1037 Budapest, Csillaghegyi út 19-21','',0,'0828b6249c7af37b79627243fc195248623eb6f1ee33af14935492c29c6b6949','P',1000102),(498,1,'2011-02-07 15:29:13','Fajta Zsolt','1239 Budapest Vadászkürt.u 4','30-382-7439','Személyes átvétel-fizetés készpénzben, átvételkor',0,'Fajta Zsolt','1239 Budapest Vadászkürt.u 4','',0,'6ffac0dba137ceb634926f6d2db549bc8e141fb767591f902fbf630d7754cf95','P',1000103),(499,1,'2011-02-07 16:58:01','fajta zsolt','1239 Budapest Vadászkürt u 4','30-382-7439','Futárszolgálat-bankkártyával fizetés megrendeléskor',0,'fajta zsolt','1239 Budapest Vadászkürt u 4','',0,'84130e36d985710044b82d911ff95859ad830561da5a22e8fe265c8269393283','P',1000105),(500,1,'2011-02-07 17:01:53','fajta zsolt','1239 Budapest Vadászkürt u 4','30-382-7439','Futárszolgálat-fizetés készpénzben, átvételkor',0,'fajta zsolt','1239 Budapest Vadászkürt u 4','',0,'84130e36d985710044b82d911ff958591dee0067dd618c5973f0961267053474','P',1000105),(501,153,'2011-02-08 07:36:22','Sebõk Andrásné','Budapest 1224 VIII.utca 20/a','061/3622466','Futárszolgálat-fizetés készpénzben, átvételkor',0,'{{USER_billing_name}}','{{USER_billing_address}}','{{USER_order_comment}}',0,'44479474af332be43a3bcced922499f65a031a2249209b3cf1ec1736b0c20c3d','P',1000106),(502,165,'2011-02-15 12:07:38','Albert László','3377 Szihalom, Kossuth u. 49.','06 30 95 52 486','Futárszolgálat-fizetés készpénzben, átvételkor',1,'Reponál Kft.','3377 Szihalom, Kossuth u. 49.','Nem kérek beüzemelést.',0,'f376c4c9ac49b7524d5b8bf3509b3d43002c5448e57664ccfc74522f9c9e2f6d','P',1000109),(503,195,'2011-02-20 12:40:19','High Quality Kft  Tetõcentrum','4002 Debrecen Balmazújvárosi út. 10.','30/8634149','Futárszolgálat-fizetés készpénzben, átvételkor',1,'Mitru Attila','4244 Újfehértó Rákóczi út 61.','A szállítási cím Debrecenben a Nyugati ipari parkban (volt házgyár) területén található a vasúti átjáró után a második jobbra kanyarodási lehetõség.  ',0,'45d1ed95d330bad0ee80bac93b0663cee93a0eef7272b4df561c4d95704dcfeb','P',1000127),(504,200,'2011-02-22 14:58:50','sövényiné  maurer gabriella','1083 szigony u. 4.','06307388079','Futárszolgálat-fizetés készpénzben, átvételkor',0,'sövényiné  maurer gabriella','1083 szigony u. 4.','',0,'036ba33658f25d603d233abac8cff86fe4268606425df8a0fb603e29ff4383c0','P',1000130),(505,202,'2011-02-22 19:22:37','Major István','2432. Szabadegyháza, István u. 62.','06-30-4403317','Futárszolgálat-fizetés készpénzben, átvételkor',0,'Major István','2432. Szabadegyháza, István u. 62.','',0,'b52b4cef6d6d7542d91b74a97b8593a95b7fc5fd422eae28798f523749281e95','P',1000132),(506,204,'2011-02-23 08:48:55','Szabó Anna','1134.Budapest, Lehel u.14. 3.lház I./5.','0620-3460357','Futárszolgálat-fizetés készpénzben, átvételkor',1,'Adógaléria.hu KFT','1134.Budapest, Lehel u.14. 3.lház I./5.','',0,'7b097097b5f2409f24df2331dbf7a37be488dff9a052cb7d39ddba1f29b41e03','P',1000134),(507,208,'2011-02-23 10:09:00','Budavári Mária','2400 Dunaújváros, Dózsa Gy. út 4/c','+36203880990','Személyes átvétel-fizetés készpénzben, átvételkor',1,'Internet Dunaújváros Kft.','2400 Dunaújváros, Dózsa Gy. út 4/c','Kollégám ma megy fel a zuhanycsaptelepért.',0,'ecb0aed7d35bdd7a774dc1a34cf30aa2bb3024aab0063c2f243a9ef516ead9f7','P',1000137),(508,214,'2011-02-25 15:24:14','Vágó Lászlóné','7634 Pécs Pázmány P. u. 63','06 20 4552124','Futárszolgálat-fizetés készpénzben, átvételkor',0,'Vágó Lászlóné','7634 Pécs Pázmány P. u. 63','',0,'d27fba0749c0254ecd24eecf4aa3fd84ef5a0ee2761fb1528c60596e58f4dfe6','P',1000146),(509,211,'2011-02-28 15:35:35','horváth ákos','8800 nagykanizsa lopotök ut 21089','0670/3675898','Futárszolgálat-fizetés készpénzben, átvételkor',0,'horváth ákos','8800 nagykanizsa lopotök ut 21089','A megrendelt zuhanykabinokat 2011.04.13-n kérem kiszállítani!',0,'0e2948b024482468c7f1bab14ebf4c0ecacc5963dc741df36d42f00d4cb249a3','P',1000145),(510,223,'2011-03-02 16:10:52','Torbágyi Andrea','1026 Budapest,Endrõdi S. u. 39/b.','06309645788','Futárszolgálat-bankkártyával fizetés megrendeléskor',0,'Torbágyi Andrea','1026 Budapest,Endrõdi S. u. 39/b.','',0,'9bdd77dbc1a5f40624af258fc7dbeda983fe1213885e1c9ebc8c09e5c7a63638','P',1000154),(511,223,'2011-03-02 16:57:56','Torbágyi Andrea','1026 Budapest,Endrõdi S. u. 39/b.','06309645788','Futárszolgálat-bankkártyával fizetés megrendeléskor',0,'Torbágyi Andrea','1026 Budapest,Endrõdi S. u. 39/b.','',0,'9bdd77dbc1a5f40624af258fc7dbeda9a8cf970e76c1ebb8d6710a66f2c1ac8c','P',1000154),(512,223,'2011-03-02 17:05:04','Torbágyi Andrea','1026 Budapest,Endrõdi S. u. 39/b.','06309645788','Futárszolgálat-fizetés készpénzben, átvételkor',0,'Torbágyi Andrea','1026 Budapest,Endrõdi S. u. 39/b.','',0,'9bdd77dbc1a5f40624af258fc7dbeda91f6cdc88bc5ee4cf01db6d78124eb8cd','P',1000154),(513,178,'2011-03-02 18:25:45','Németh Andrea','1106. Budapest, Napmátka utca 6','06307300758','Futárszolgálat-fizetés készpénzben, átvételkor',1,'Németh Andrea','1173. Budapest, Pesti út 66.','a munkahelyemen 8-17 óráig vagyok elérhetõ, \r\nköszönöm szépen',0,'637b36b7a068924c74ae15916a68b2a19ab1a818ff8fda0841cbf7a8f4cd2d06','P',1000120),(514,229,'2011-03-03 15:28:42','Víg Péter','8771 Hahót Deák Ferenc u. 47','30/3630774','Futárszolgálat-fizetés készpénzben, átvételkor',0,'Víg Péter','8771 Hahót Deák Ferenc u. 47','Mind a három szûrõbetét a 10\"colos szûrõházba kell.',0,'4b106810b4171ae00f5069fe36e501581705540fd771c3884649783a949e3140','P',1000160),(515,241,'2011-03-08 09:36:21','Tussai Ferenc','Dorog 2510 Vl. akna 48','06309610769','Futárszolgálat-fizetés készpénzben, átvételkor',0,'Tussai Ferenc','Dorog 2510 Vl. akna 48','',0,'a668f1025adc38eb0f96fdf782a35d58fea7029967c02c6838c6dfa57a40b09e','P',1000170),(516,247,'2011-03-09 20:58:50','Bors Zoltán','9122 Felpéc Petõfi S u 6','06306103662','Futárszolgálat-fizetés készpénzben, átvételkor',0,'Bors Zoltán','9122 Felpéc Petõfi S u 6','',0,'d91af5e760141380f808e107c5f33444abee2b08d05e5b688973951d667c5fe5','P',1000175),(517,250,'2011-03-10 13:03:42','Kiss István','6087 Dunavecse Nap u. 6','06209830356','Futárszolgálat-fizetés készpénzben, átvételkor',0,'Kiss István','6087 Dunavecse Nap u. 6','',0,'cc6d0630fdc6a57a355777b2bd3f5904cf55166f8144fe37e90d9bc98f44fa98','P',1000178),(518,255,'2011-03-14 10:36:36','varga lajos','2310 Szigetszentmiklós Rákóczi u.12','36304954870','Személyes átvétel-fizetés készpénzben, átvételkor',0,'varga lajos','2310 Szigetszentmiklós Rákóczi u.12','',0,'3e2a488bfd33dae096caea67976b44692afb73f931727e8d53cc7bdd28b81d4e','P',1000182),(519,261,'2011-03-15 17:41:32','Tóth Györgyné','Orosháza,Hosszú u 103','0668680013','Futárszolgálat-fizetés készpénzben, átvételkor',0,'Tóth Györgyné','Orosháza,Hosszú u 103','',0,'4393d37a7e1b6b82e133057a13954f91c9a351ad42c35814060993e42e174c9f','P',1000187),(520,267,'2011-03-17 20:50:29','Moravcsik József, G. D. Becker Kft.','1071 Budapest, Dózsa György út 66.','06303930205','Futárszolgálat-fizetés készpénzben, átvételkor',0,'Moravcsik József','1071 Budapest','',0,'b9106dc0ee8726654f4b018746e00de6050375ae611c6ff69632ec22adc16450','P',1000194),(521,269,'2011-03-18 09:38:20','Horváth Zsolt','1031 Budapest, Vizimolnár u. 10 5/49','30/483-1717','Futárszolgálat-fizetés készpénzben, átvételkor',0,'Horváth Zsolt','1031 Budapest, Vizimolnár u. 10 5/49','A szállítást 2011 március 28.-a után kérem telefonos egyeztetés után. \r\n\r\nBeüzemelést is kérek, idõpontot a késõbbiekben szeretnék egyeztetni. Mennyibe kerül a beüzemelés?\r\n\r\nSegítségüket elõre is köszönöm.',0,'865099347f8c3d5809980d7bbe3b9f90609e71e739ea6d35628a2fa41896afa2','P',1000197),(522,272,'2011-03-19 15:56:19','Ambruzsné Koltai Julianna','Zichyújfalu','06306253820','Futárszolgálat-fizetés készpénzben, átvételkor',0,'Ambruzsné Koltai Julianna','Zichyújfalu','',0,'0e5c979c2d2cd02446fe515e7df51210a83009f4cb0c539291342ff83ea15fdb','P',1000199),(523,275,'2011-03-20 15:05:54','Dobrovitsné Rátosi Rita','Zalagyömörõ, Kossuth u.14','06307293894','Futárszolgálat-fizetés készpénzben, átvételkor',0,'Dobrovitsné Rátosi Rita','Zalagyömörõ, Kossuth u.14','A Szállítás pontos idõpontjáról telefonos értesítést kérek. köszönöm',0,'02637b3f78c5ee4001b402f01caefc066dfa00e8ac19ebe925d2b8858cd6ebf8','P',1000202),(524,274,'2011-03-20 16:00:45','Lengyel Józsefné','7030 Paks, Dózsa Gy. u. 40.','06204630760','Futárszolgálat-bankkártyával fizetés megrendeléskor',0,'Lengyel Józsefné','7030 Paks, Dózsa Gy. u. 40.','',0,'840a71b4fcc99842b6a44c21a5f22cbbf987b9a9cadcdeaab170dba11146ed7c','P',1000201),(525,274,'2011-03-20 16:01:56','Lengyel Józsefné','7030 Paks, Dózsa Gy. u. 40.','06204630760','Futárszolgálat-bankkártyával fizetés megrendeléskor',0,'Lengyel Józsefné','7030 Paks, Dózsa Gy. u. 40.','',0,'840a71b4fcc99842b6a44c21a5f22cbbd2576cdc9c896e3404634883616e347b','P',1000201),(526,274,'2011-03-21 09:18:55','Lengyel Józsefné','7030 Paks, Dózsa Gy. u. 40.','06204630760','Futárszolgálat-bankkártyával fizetés megrendeléskor',0,'Lengyel Józsefné','7030 Paks, Dózsa Gy. u. 40.','',0,'995a28cefdad11ca295fc4550146b08e4570918ff17d32c136efc90089e3d686','P',1000201),(527,274,'2011-03-21 09:21:12','Lengyel Józsefné','7030 Paks, Dózsa Gy. u. 40.','06204630760','Futárszolgálat-bankkártyával fizetés megrendeléskor',0,'Lengyel Józsefné','7030 Paks, Dózsa Gy. u. 40.','',0,'995a28cefdad11ca295fc4550146b08e58044ca85d5e6ea4f074ef20ba378df1','P',1000201),(528,274,'2011-03-21 09:24:01','Lengyel Józsefné','7030 Paks, Dózsa Gy. u. 40.','06204630760','Futárszolgálat-bankkártyával fizetés megrendeléskor',0,'Lengyel Józsefné','7030 Paks, Dózsa Gy. u. 40.','',0,'995a28cefdad11ca295fc4550146b08e403fa1a9d925e23069c2ad24715104ff','P',1000201),(529,274,'2011-03-21 09:24:36','Lengyel Józsefné','7030 Paks, Dózsa Gy. u. 40.','06204630760','Futárszolgálat-bankkártyával fizetés megrendeléskor',0,'Lengyel Józsefné','7030 Paks, Dózsa Gy. u. 40.','',0,'995a28cefdad11ca295fc4550146b08ee762943c05a95b7aec94cd6beacb0d7f','P',1000201),(530,274,'2011-03-21 09:27:28','Lengyel Józsefné','7030 Paks, Dózsa Gy. u. 40.','06204630760','Futárszolgálat-fizetés készpénzben, átvételkor',0,'Lengyel Józsefné','7030 Paks, Dózsa Gy. u. 40.','',0,'995a28cefdad11ca295fc4550146b08ec5f519b4fda2efce9bad7f341c4cf6e0','P',1000201),(531,270,'2011-03-21 09:58:31','FANCSALSZKY GYULA','2225. Üllõ, Deák Ferenc u. 22. 2/1.','06-20-478-2958','Futárszolgálat-fizetés készpénzben, átvételkor',0,'FANCSALSZKY GYULA','2225. Üllõ, Deák Ferenc u. 22. 2/1.','Megrendelek 4 db.\" FCCST tipusjelzésû szûrõbetétet ioncs. gyantás vízlágyítós\" fajtát.',0,'a25b0f0478964052637965dead8f7e88ba96644aea7d267fccffc2b6a0571db5','P',1000198),(532,283,'2011-03-21 20:07:26','Pap Erika',' Debrecen Bajcsy Zs. u. 7.','06303871249','Személyes átvétel-fizetés készpénzben, átvételkor',0,'Pap Erika','4025 Debrecen Miklós u.21.','',0,'efec68c9da6d07b1fa40fac3058482054e40f7d8567c8d5e83181551a4c7bcba','P',1000208),(533,286,'2011-03-23 09:12:46','Révay Nóra','1025 Budapest, Gül Baba u. 7.','+36 70 335 1879','Futárszolgálat-bankkártyával fizetés megrendeléskor',0,'Révay Nóra','1025 Budapest, Gül Baba u. 7.','',1,'668327f1d044ad4d378ce205f271f3364c9d132918e3a676d4fb78d2ea53bc4e','P',1000209),(534,293,'2011-03-24 19:22:09','Nagyfi Ferenc','2543 Süttõ Árpád utca24.','06309973590','Futárszolgálat-bankkártyával fizetés megrendeléskor',0,'Nagyfi Ferenc','2543 Süttõ Árpád utca24.','',0,'83575ac492c4c3b688daea24b0bbfc51bb8aba67c595cb355f04a0d204905291','P',1000215),(535,293,'2011-03-24 19:23:00','Nagyfi Ferenc','2543 Süttõ Árpád utca24.','06309973590','Futárszolgálat-fizetés készpénzben, átvételkor',0,'Nagyfi Ferenc','2543 Süttõ Árpád utca24.','',0,'83575ac492c4c3b688daea24b0bbfc51c86f8b7de3c81f4b9a69bb60b7f10439','P',1000215),(536,295,'2011-03-26 14:02:06','Kilino Consulting Hungary Kft','4400 Nyíregyháza, Apadó u. 25.','06302093835','Futárszolgálat-fizetés készpénzben, átvételkor',0,'Kilino Consulting Hungary Kft','4400 Nyíregyháza, Apadó u. 25.','',0,'b2db115af036597654856f5958748e2721541ded20927eadfaa6a9a2dd7c80fc','P',1000217),(537,296,'2011-03-26 20:56:49','Radványi Károly','3261 Abasár Galamb ut 25.','+3630 525 8519','Futárszolgálat-fizetés készpénzben, átvételkor',0,'Radványi Károly','3261 Abasár Galamb ut 25.','Jótállási és bekötési feltételekrõl szeretnék pontos tájékoztatást kérni.\r\nKöltségeket illetõen.',0,'c18bb39baaef8285395c686f033e63f495d4299721b18b06c9fba403f4e1ff7d','P',1000218),(538,310,'2011-04-01 18:53:09','Dr. Sziágyi István','2141 Csömör, Szabadság út 58.','06-30-500-2425','Futárszolgálat-fizetés készpénzben, átvételkor',1,'CashPot Kft','2141 Csömör, Nagy Sándor u.4.','',0,'aa8a5c19c09b9ccaded41e9e215ac4f1035e8c485fcf88cb55501ce74ba8f661','P',1000234),(539,318,'2011-04-07 08:29:52','Eperjesi Andrea','1182. Budapest, Drava u. 20','eperjesiandi@yahoo.com','Futárszolgálat-fizetés készpénzben, átvételkor',0,'Eperjesi Andrea','1182. Budapest, Drava u. 20','',0,'b270891506ec380e86fa486d815475aaf33615f6df6c2b3ff3475fb315bcde7d','P',1000241),(540,325,'2011-04-12 14:58:23','Patkó István','3384  Kisköre  Újélet Út 6.','06705556647','Futárszolgálat-fizetés készpénzben, átvételkor',0,'Patkó István','3384  Kisköre  Újélet Út 6.','',0,'0b5fa33b82e8ee9534df218b7c2d87b9fa7df330d7021703a632cf1150e97535','P',1000248),(541,330,'2011-04-15 11:47:53','Bende Gabriella','9700 Szombathely Bartók B.Krt.40/F.','0036303450438','Futárszolgálat-bankkártyával fizetés megrendeléskor',0,'Bende Gabriella','9700 Szombathely Bartók B.Krt.40/F.','',0,'0a997a830f5948e28ddc00a3dff87c44ad23d90ba7e4bb83724ae66e63b3586a','P',1000254),(542,330,'2011-04-15 11:48:29','Bende Gabriella','9700 Szombathely Bartók B.Krt.40/F.','0036303450438','Futárszolgálat-fizetés készpénzben, átvételkor',0,'Bende Gabriella','9700 Szombathely Bartók B.Krt.40/F.','',0,'0a997a830f5948e28ddc00a3dff87c44b1b060f764bd4cbd1856a4883138488a','P',1000254),(543,337,'2011-04-18 16:30:37','Tóth Krisztina','1145 Budapest, Uzsoki utca 30/A 2.emelet, 8.ajtó.','06303688374','Futárszolgálat-fizetés készpénzben, átvételkor',1,'AMGC Entertainment Kft.','2040 Budaörs, Budapesti út 76.','A kapucsengõ nem mûködik, kérnék egy telefonhívást, ha megérkeztek. Köszönöm!',0,'1b9173708fe7397be1e513fad0379358d5494122cf58944dd475b80745b811a5','P',1000258),(544,348,'2011-04-19 11:34:32','Futó Bence','6400 Kiskunhalas Bükkönyös utca 25','06706247321','Futárszolgálat-fizetés készpénzben, átvételkor',0,'Futó Bence','6400 Kiskunhalas Bükkönyös utca 25','',0,'c74976acd8b0413b9354a8edd2c2272e79da71f4206e2b60f0397abfa8e6e956','P',1000269),(545,349,'2011-04-19 19:46:20','Simcsik Krisztián','7056 Szedres Ady Endre U. 7','06704587145','Futárszolgálat-fizetés készpénzben, átvételkor',0,'Simcsik Krisztián','7056 Szedres Ady Endre U. 7','Pénteki szállítást ígértek. Nem leszek gépközelben telefonos értesítést szeretnék kérni. Elõre is köszönöm, Üdv Simcsik Krisztián',0,'5ea29c4c8ec9ac6065ad19a672106be01cd1d103c050cae564651b00dfd26397','P',1000270),(546,357,'2011-04-25 12:16:20','Sipkóné Herle Odett','3032 Apc Petõfi út 58','06-70-208-0148','Futárszolgálat-fizetés készpénzben, átvételkor',0,'Sipkóné Herle Odett','3032 Apc Petõfi út 58','',0,'49dde55dc43cb87814dfc65758861d993f0f816e27814206aa939c7eba5d0bd8','P',1000276),(547,339,'2011-04-26 10:01:42','Tamás Elõd','1131 Budapest Szent László út 133-135.','06204933055','Személyes átvétel-fizetés készpénzben, átvételkor',0,'Tamás Elõd','1131 Budapest Szent László út 133-135.','törzsvásárlói kártya:\r\n1000260',0,'ac2ae99189be8d29c8cb1092e086d12a5a15af7047a9063aadbd513597ea4f2b','P',1000279),(548,360,'2011-04-26 14:00:49','Fekete István','Bocskai u. 43.','30-9417082','Személyes átvétel-fizetés készpénzben, átvételkor',0,'Fekete István','Bocskai u. 43.','',0,'10be632b05d39c6bafb6807897c5f364e55751da86c4380164cdac19b71618a1','P',1000280),(549,361,'2011-04-27 07:52:48','Csonkáné Varga Ibolya','2096 Üröm József Attila utca 9','+36705418723','Futárszolgálat-fizetés készpénzben, átvételkor',0,'Csonkáné Varga Ibolya','2096 Üröm József Attila utca 9','elõre egyeztetett idõpont a szállitásra',0,'0c8e0b21a95a6de856d948150ed12973a3fe6d3d96fd6420f2e730ba8c9cd389','P',1000281),(550,364,'2011-04-27 09:07:40','Vajda György (Copy Károly)','1024 Budapest, Keleti Károly u. 31/b.','06702496364','Futárszolgálat-bankkártyával fizetés megrendeléskor',0,'Vajda György (Copy Károly)','1024 Budapest, Keleti Károly u. 31/b.','',1,'f6faab7db9243ef7a08a570f0d09a156e62005cb4a5e6c4753d6bd3aa0c675e0','P',1000284),(551,362,'2011-04-27 15:28:38','Hornyák Ferenc Csabáné','Veszprém, Sólyi u. 8.','30-2961802','Futárszolgálat-bankkártyával fizetés megrendeléskor',1,'Segítséggel Könnyebb Alapítvány','8400 Ajka, Szilágyi k. u 8.','',0,'106230cc615f8e4916f8ceccdabcd7ce207099745c046f1cab6ff6413ab4675e','P',1000282),(552,362,'2011-04-27 15:29:59','Hornyák Ferenc Csabáné','Veszprém, Sólyi u. 8.','30-2961802','Futárszolgálat-fizetés készpénzben, átvételkor',1,'Segítséggel Könnyebb Alapítvány','8400 Ajka, Szilágyi k. u 8.','',0,'106230cc615f8e4916f8ceccdabcd7cee4412c337ca4e55c13c551ff1940b5ab','P',1000282),(553,367,'2011-04-27 19:41:48','Nagy Károly','6000 Kecskemét Kupa u. 6/a','30/248-7052','Futárszolgálat-fizetés készpénzben, átvételkor',0,'Nagy Károly','6000 Kecskemét Kupa u. 6/a','Szállítás elõtt 1 nappal kérek egyeztetni az idõpontról, köszönöm',0,'d0f8b1c5d145f5911e5c61b9dfc2b72cc1f73435d53a65a6c16db7cf68313d12','P',1000288),(554,369,'2011-04-28 14:34:46','Jávorszky Károly','2200 Monor , Petõfi S. u. 21.','06-30-9400723','Futárszolgálat-fizetés készpénzben, átvételkor',0,'Jávorszky Károly','2200 Monor , Petõfi S. u. 21.','',0,'450e2d51362a43af1b598fe134ae664e16d3d0c5a83725307bf50c4186ac6d61','P',1000289),(555,381,'2011-05-03 20:47:38','Hományi László','1044 Budapest, Szilaspatak sor 44/e 1/4','70-2524745','Futárszolgálat-elõre utalással',0,'Hományi László','1044 Budapest, Szilaspatak sor 44/e','',0,'3ac0bcaa2676ba71ada6873c1f80e1d981f72f356a636df1075a7e54ecc5cf3a','U',1000300),(556,372,'2011-05-04 08:06:46','Liszi István','1184 Budapest, Kossuth Lajos u. 205A','06707795063','Futárszolgálat-bankkártyával fizetés megrendeléskor',1,'Exitszerviz Kft.','1147 Budapest, Birtok u. 15.','',0,'6f98667f9b633994dea9d59bb27d213f237dbbf0ba45b3bbede5c23d3af87bb6','P',1000292),(557,372,'2011-05-04 08:12:41','Liszi István','1184 Budapest, Kossuth Lajos u. 205A','06707795063','Futárszolgálat-fizetés készpénzben, átvételkor',1,'Exitszerviz Kft.','1147 Budapest, Birtok u. 15.','',0,'6f98667f9b633994dea9d59bb27d213fc8f6aca639b50324048b4be5fe442437','P',1000292),(558,387,'2011-05-07 13:35:15','Szén József','3384 Kisköre Kossuth ut 20','36 558 090','Futárszolgálat-fizetés készpénzben, átvételkor',0,'Szén József','3384 Kisköre Kossuth ut 20','Kiszállításról értesítést kérek. ',0,'1d1a439cd4c21b685ec27da64446c903fe8034019c9150c6708a83aefd226210','P',1000306),(559,394,'2011-05-08 13:39:19','Vizkelety Barbara','1025 Budapest, Keselyû út 1.','305206038','Futárszolgálat-bankkártyával fizetés megrendeléskor',0,'Vizkelety Barbara','1025 Budapest, Keselyû út 1.','',1,'bbabbd3e831811807f5286fc1124036c2ca05626ae992b5843a6604362c7079f','P',1000313),(560,399,'2011-05-09 19:40:19','Ekler Katalin','Zalaegerszeg, Alsójnkahegyi út 2. (Ekler és Ekler Kft)','06203264175','Futárszolgálat-fizetés készpénzben, átvételkor',0,'ekler katalin','zalaegerszeg, alsójnkahegyi út 3.','',0,'3666396448c24dfc8f787c8edf02e867c50be085efc3224bd4d9e59b8e0a16e6','P',1000318),(561,401,'2011-05-10 15:06:41','kovács jános','pécel','703692530','Futárszolgálat-bankkártyával fizetés megrendeléskor',0,'kovács jános','pécel','',0,'1b2885653b7fa29327afd2c2f6b67b296b0fe3b2160ed2f2319ffe429d800762','P',1000320),(562,401,'2011-05-10 15:07:59','goldfa bt','2119 pécel pesti ut 112','70/3692530','Futárszolgálat-fizetés készpénzben, átvételkor',0,'kovács jános','pécel','',0,'1b2885653b7fa29327afd2c2f6b67b296298067f45a4395b1c00ee238ad0ec2a','P',1000320),(563,389,'2011-05-12 23:08:15','Erõs Gábor','Vác sõvény utca 37','06309602380','Személyes átvétel-fizetés készpénzben, átvételkor',0,'Erõs Gábor','Vác sõvény utca 37','',0,'26a294598ac0b343193c1b22562bfd7f9a4c25f08242a8c5c714416d928695b8','P',1000308),(564,400,'2011-05-17 08:42:31','Kovách Erzsébet - Selmeczy Oszi','8623 Balatonföldvár, Liszt Ferenc u. 10.','06203884924','Futárszolgálat-elõre utalással',1,'Valek 666 Kft.','1046 Budapest, Vécsey K. u. 57/b.','T. Sanimix!\r\nA szállítás elõtt mindenképp kérnék egy telefont, szerelést is kérünk, ezt nem lehetne egyben intézni?\r\nKöszönöm, üdv. K.E. ',0,'8325dc412d1bc4b84b6582aa6c384cb72bf8e9133ffe0dced433477c83863407','U',1000319),(565,408,'2011-05-17 18:54:46','Zahalka Anita','2251 Tápiószecsõ Árpád 42/A.','06303091632','Személyes átvétel-bankkártyával fizetés megrendeléskor',1,'Cargolog Kft.','2251 Tápiószecsõ Kossuth L. u. 7.','',0,'314f63b2f106008b4c43e7f089c197559295cb621de3686672abdc164480b7b2','P',1000329),(566,408,'2011-05-17 18:55:54','Zahalka Anita','2251 Tápiószecsõ Árpád 42/A.','06303091632','Futárszolgálat-fizetés készpénzben, átvételkor',1,'Cargolog Kft.','2251 Tápiószecsõ Kossuth L. u. 7.','',0,'314f63b2f106008b4c43e7f089c197552d09e184c707212177590346f17f5483','P',1000329),(567,316,'2011-05-18 05:54:51','Karkó Katalin','2072 Zsámbék, Rákóczi út 3.','70/408-5433','Személyes átvétel-fizetés készpénzben, átvételkor',0,'Karkó Katalin','2072 Zsámbék, Rákóczi út 3.','',0,'fef43a84a20e97b2999fdfbdcead5afabcb165636e35afc65e581b5b39171312','P',1000271),(568,405,'2011-05-18 20:17:00','Vojtela Tibor','1043 Budapest, Pozsonyi utca, 6/c 1/15','06308578396','Futárszolgálat-fizetés készpénzben, átvételkor',1,'Vojtela Tibor','1043 Budapest, Pozsonyi utca, 6/c 1/15','',0,'b0f5c232e1a3bd0eebef541ce69316a0ce3f29076d8a1ea8fcae2beae369566a','P',1000324),(569,420,'2011-05-21 12:46:02','Kovács László','1186 Budapest, Benedekfalva u. 46.','+36308150256','Futárszolgálat-bankkártyával fizetés megrendeléskor',0,'Kovács László','1186 Budapest, Benedekfalva u. 46.','',1,'e6a27a1ec28768118016206af4953498487badc84a481c1dc912e3b501efc0be','P',1000335),(570,426,'2011-05-24 08:39:43','Dobos Imre','1204 Budapest, Bocskai utca 15/2.','+36 (30) 901 1603','Futárszolgálat-fizetés készpénzben, átvételkor',0,'Dobos Imre','1204 Budapest, Bocskai utca 15/2.','',0,'4278b43b8f458c79a457dcd3806d0b1b4fa3cd2afa7679f1d50983c183c6a33e','P',1000340),(571,433,'2011-05-25 20:08:39','Bollók Szabolcs','5100 Jászberény Váltó u. 7','06-30/2292221','Futárszolgálat-fizetés készpénzben, átvételkor',1,'Bollók Szabolcs','5130 Jászapáti Hunyadi u.25/a','Kiszállításkor telefonon egyeztetni kell melyik kapun jöjjön be a futár.',0,'14b1aee4e155a6977b99302008d31447397496f14a65730b806ad7a169ad8865','P',1000347),(572,435,'2011-05-26 19:51:43','Rigó Jánosné','2855 Bokod Radnóti ut 1.','703912332','Futárszolgálat-fizetés készpénzben, átvételkor',0,'Rigó Jánosné','2855 Bokod Radnóti ut 1.','Üdv, az áru átvételekor meg szeretnék gyõzõdni az áru minõségérõl és a termékrõl leirtak meglétérõl! ',0,'69a9592dbaa87612142208f4ee005a84402a0cf25bb7f9ad3d176d648b41cfc8','P',1000349),(573,439,'2011-05-28 13:58:28','Pap Róbert','1173 Budapest Kaszáló utca 47.','06703115162','Személyes átvétel-fizetés készpénzben, átvételkor',0,'Pap Róbert','1173 Budapest Kaszáló utca 47.','',0,'2acb40528d2092bb96d4032065f7cb8b985dd1fb24f9f40d7f7b72547ac0c1b1','P',1000354),(574,442,'2011-05-30 15:51:00','Klincsek Jánosné','2117 Isaszeg Béke utca 21','702144728','Futárszolgálat-bankkártyával fizetés megrendeléskor',0,'Klincsek Jánosné','2117 Isaszeg Béke utca 21','',0,'712e340a53d8655b6d0e9ad2c3615020e99b15224a588adafac355df4d521782','P',1000357),(575,442,'2011-05-31 07:00:07','Klincsek Jánosné','2117 Isaszeg Béke utca 21','702144728','Futárszolgálat-fizetés készpénzben, átvételkor',0,'Klincsek Jánosné','2117 Isaszeg Béke utca 21','',0,'1dff56b2d1e6424aa1d3a4e5a7484e3dd76859d67a4d57fc2353cf8ea7454e23','P',1000357),(576,443,'2011-05-31 09:20:12','Antal Imre','Szigetszentmiklós Petöf²iutca 115','06709449510','Személyes átvétel-fizetés készpénzben, átvételkor',0,'Antal Imre','Szigetszentmiklós Petöf²iutca 115','BESZERELÉSI ÁRAJÁNLATOT SZERETNÉNK KÉRNI.MIKORRA ESEDÉKES A KISZÁLLITÁS ÉS SZERELÉS?',0,'43558a36d246bf295d34eca9254ebc69df55926be8078cc73f1a7c8e21b7e4ef','P',1000358),(577,142,'2011-05-31 19:53:42','Kiss Renáta','Gyõr Földes Gábor utca 6/B','0620 9678966','Futárszolgálat-fizetés készpénzben, átvételkor',0,'Kiss Renáta','Gyõr Földes Gábor utca 6/B','',0,'ac15331771ec36eea973184501dc0fd3c76b1f7c0049bda09b092ededdb6a6c9','P',1000360),(578,450,'2011-06-05 04:35:07','Virág Ferenc','1045. Virág u. 13. VI/34.','06-70-324-5145','Futárszolgálat-elõre utalással',0,'Virág Ferenc','1045. Virág u. 13. VI/34.','',0,'283ec17dc70c0c2c7f014f6af88ad17e5f5f414adde1b1b7f160ee4d0813fe43','U',1000365),(579,450,'2011-06-06 08:53:32','Virág Ferenc','1157. Páskom park 4 IV/25..','06-70-324-5145','Futárszolgálat-fizetés készpénzben, átvételkor',0,'Virág Ferenc','1157. Páskom park 4 IV/25..','Kérem telefonon egyeztessék a szállítás idõpontját, mert szerdán 24 órás szolgálatban leszek, ez az idõpont biztosan nem jó.',0,'d818b0c75a3931166fb42df37648f322327a937522f21a1d7bd850a761e62bcd','P',1000366),(580,456,'2011-06-07 06:41:42','Botlik Attila','2400 Dunaújváros Váci Mihály utca 5. 2./1.','70/242-0722','Futárszolgálat-fizetés készpénzben, átvételkor',0,'Botlik Attila','2400 Dunaújváros Váci Mihály utca 5. 2./1.','A szállítást 2011. 06. 10. péntekre szeretném kérni.',0,'017bccdf268b320d5b9d848501dc8fec3cc11e2c139a1ed9b16121fa488fc6c7','P',1000373),(581,458,'2011-06-07 18:11:20','Hendlein Tibor','8000 Székesfehérvár Puskás Tivadar utca 3.','36 30 9276 867','Személyes átvétel-fizetés készpénzben, átvételkor',0,'Hendlein Tibor','8000 Székesfehérvár Puskás Tivadar utca 3.','',0,'8c13901ffb6dc1d4022661ed6b7950880b66531686f14c737b110824fb07141f','P',1000374),(582,374,'2011-06-07 19:53:07','Tõke Ferenc','2017 Pócsmegyer, Holló u. 2575 hrsz.','30 3698428','Futárszolgálat-fizetés készpénzben, átvételkor',0,'Tõke Ferenc','2017 Pócsmegyer, Holló u. 2575 hrsz.','A kiszállítás idejérõl telefonon elõre pontos egyeztetést kérek.\r\nA zuhanykabin beüzemelését kérem a Sanimixtõl.\r\nKérdésem (mert nekem nem tiszta): Más idõpontban jön a termék és más idõpontban jönnek beüzemelõ munkatársaik, vagy ez lehetséges azonos idõpontban?',0,'e92559288700183d683d3404dd50d6bc7bd10f75d8f886d3a30e0dfec73d4d96','P',1000294),(583,463,'2011-06-09 00:08:26','Molnár Ferenc','1192 Budapest, Baross u. 46.','3470332','Futárszolgálat-fizetés készpénzben, átvételkor',0,'Molnár Ferenc','1192 Budapest, Baross u. 46.','',0,'7b0e657b44c8eb88eb51b4746d24477cb4c9c298ff1e68e2bf572d1e5ab8061d','P',1000379),(584,464,'2011-06-09 06:13:35','Schiffer Anna','1133 Budapest, Kárpát u. 3.','06 30 65 65 359','Futárszolgálat-bankkártyával fizetés megrendeléskor',0,'Schiffer Anna','1133 Budapest, Kárpát u. 3.','A számlát a WpontHu Bt. (1133 Budapest, Kárpát u. 3.) névre kérem.',0,'bb5d1f578d3a8221a2a4ce33166a213f747b64915739db99ea63bbaee10cb564','P',1000380),(585,454,'2011-06-10 19:11:58','Vereckei Attila','1155 Bp. Vasutasház u.1.','06205262349','Személyes átvétel-fizetés készpénzben, átvételkor',0,'Vereckei Attila','1155 Bp. Vasutasház u.1.','',0,'d1d5c50a50bb181b8f962ea8c7f2cd14fa89269ff79fa3409899bf6ae32395b4','P',1000371),(586,441,'2011-06-17 13:31:18','Páncsics Bálint','6000 Kecskemét, Borostyán u. 3/B 2.em. 5.','30 9037185','Futárszolgálat-fizetés készpénzben, átvételkor',0,'Páncsics Bálint','6000 Kecskemét, Borostyán u. 3/B 2.em. 5.','',0,'f089612540cf58a9a6518ccf25c214d6be9a016a43a59f0c8c49e1feb5f34b92','P',1000356),(587,480,'2011-06-18 09:22:41','Németh Istvánné','8975 Szentgyörgyvölgy, Petõfi S. u.2','0692355418','Futárszolgálat-bankkártyával fizetés megrendeléskor',0,'Németh Istvánné','8975 Szentgyörgyvölgy, Petõfi S. u.2','06.22-én kérném a kiszállítást!',0,'ec60bc2fbaa3f2f185c82f7292e1daaa76e1588ab249838e45a64b98999626b4','P',1000394),(588,480,'2011-06-18 09:48:45','Németh Istvánné','8975 Szentgyörgyvölgy, Petõfi S. u.2','0692355418','Futárszolgálat-fizetés készpénzben, átvételkor',0,'Németh Istvánné','8975 Szentgyörgyvölgy, Petõfi S. u.2','Kérem 06.22-én szállítsák ki a megrendelt termékeket, és a szûrõházhoz a megfelelõ méretû ill. a zuhanykabinhoz igazodó szûrési képességû betétet mellékeljék! Köszönöm!',0,'ec60bc2fbaa3f2f185c82f7292e1daaa4ae3fc7635ef69bf7ca1000f00e02fa1','P',1000394),(589,481,'2011-06-19 13:42:59','Kovács Lehel','5520 Szeghalom Honvéd U.11','+36309734752','Futárszolgálat-fizetés készpénzben, átvételkor',0,'{{USER_billing_name}}','{{USER_billing_address}}','A kiszállításról legelább 2 nappal elõtte értesítést kérnék.Elõre is köszönöm.',0,'b3a42f3c48a98f6ecb1a1c347a2edd0d408fa88ad4c257eff070bf66f96f30d9','P',1000396),(590,490,'2011-06-23 10:04:44','Szabó Sándor (Gamma Telecom)','1052, Budapest V. Vármegye u. 3-5. II. emelet','+36 (20) 254-8999','Futárszolgálat-bankkártyával fizetés megrendeléskor',1,'Szabó Sándor','8400, Ajka Móricz Zs. u. 18. II/9.','',1,'0d1200e63898ee9bd02fed9ba105fe0bed5d6d5c18f8fb49c003f1b60d2bb3a0','P',0),(591,487,'2011-06-23 10:44:01','Radványi Róbert','1138 Budapest Népfürdõ utca 21/a 2.em.8.','+36-70-367-9309','Futárszolgálat-bankkártyával fizetés megrendeléskor',0,'Radványi Róbert','1138 Budapest Népfürdõ utca 21/a 2.em.8.','',0,'758f4924c1297421d99f84e103be8a0a37670c430d429c3b68a192108c8b8b72','P',1000401),(592,487,'2011-06-23 11:00:05','Radványi Róbert','1138 Budapest Népfürdõ utca 21/a 2.em.8.','+36-70-367-9309','Személyes átvétel-bankkártyával fizetés megrendeléskor',0,'Radványi Róbert','1138 Budapest Népfürdõ utca 21/a 2.em.8.','',0,'758f4924c1297421d99f84e103be8a0acb7c091ea437338dc125a8810839c3b7','P',1000401),(593,491,'2011-06-23 14:16:16','Soós Lászlóné','Jászjákóhalma Thököly u. 18.','06303897155','Futárszolgálat-fizetés készpénzben, átvételkor',0,'{{USER_billing_name}}','{{USER_billing_address}}','{{USER_order_comment}}',0,'249436e9dc5f37d51f7cc353ea2fdd1a2fcc53b43a2824640426f28c2269ffea','P',1000403),(594,492,'2011-06-24 07:19:00','Linzenbold Edit','Hajdúböszörmény Nyár u. 11.','30/2254944','Futárszolgálat-fizetés készpénzben, átvételkor',1,'Linzenbold Edit','Hajdúböszörmény Gyõrössy kert 5. 3/10.','',0,'f2669e771207043785ce324e20910a49902a84ac0060c56feefd68cfa48a2542','P',1000404),(595,497,'2011-06-26 21:44:00','Petróczi József','2051 Biatorbágy Ritsman Pál  u.26.','06-30-221-78-48','Futárszolgálat-fizetés készpénzben, átvételkor',1,'Petróczi József','2051 Biatorbágy Csillag u.1.','Elõzetes egyeztetést kérek. Beszerelést és kiszállítást kérek.',0,'9933d27c42dfe913752379cc36d13421c95682e390a5fd4d2561499c8602f8c9','P',1000410),(596,501,'2011-06-28 10:15:01','Munding László','6044 Hetényegyháza, Kikelet u.39.','+36204743588','Futárszolgálat-elõre utalással',0,'Munding László','6044 Hetényegyháza, Kikelet u.39.','',0,'2a9ea5f72e0a16f359c8797ca05d51f34519631a97adf6d2e3a1315cf91bda48','U',1000412),(597,502,'2011-06-28 16:30:21','Ujvári Tomor','7500 Nagyatád, Mártírok útja 6.','30-9577884','Futárszolgálat-elõre utalással',0,'Ujvári Tomor','7500 Nagyatád, Mártírok útja 6.','Kérem adják meg a számlaszámot, ahová a vételárat utaljam.',0,'7ef5785d176e7371fc8b8d72eaa755d5f0bf881dadd6e4bbe9c77ae052504215','U',1000413),(598,506,'2011-06-30 07:03:56','Molnár Anna','2510 Dorog Hám Kálmán ltp. 4 1e/5a','06707014328','Futárszolgálat-fizetés készpénzben, átvételkor',0,'Molnár Anna','2510 Dorog Hám Kálmán ltp. 4 1e/5a','',0,'687f56f63f6f6a5a958904738008692bee4aed4d4b701b9aa9aa0e1c4b379fc5','P',1000415),(599,510,'2011-07-02 17:40:28','Szabó Kálmán','8181 Berhida, Vasut u. 8.','20-468-8039','Személyes átvétel-fizetés készpénzben, átvételkor',0,'Szabó Kálmán','8181 Berhida, Vasut u. 8.','',0,'8f1b94c8aa99185abf52110704f5d47db95e20590cf738cc20c909befdf2ca1a','P',1000418),(600,518,'2011-07-05 22:33:08','kranz lászló','1173.budapest ujlak u 5   6/52','06305864217','Futárszolgálat-fizetés készpénzben, átvételkor',0,'kranz lászló','1173.budapest ujlak u 5   6/52','',0,'1d2ab79aa5d5ae448a4e7c65937ebbaa4869af56401cd4a7922b7ff635188804','P',1000425),(601,520,'2011-07-06 09:14:47','Csenki Csaba','2637 Perõcsény Dózsa Gy.u.15.','06-30-213-14-52','Futárszolgálat-elõre utalással',0,'Csenki Csaba','2637 Perõcsény Dózsa Gy.u.15.','',0,'9dc35323ebb81c90314b2a549b241d96b4dadfb44d55a88776d28d8b76c739a3','U',1000427),(602,521,'2011-07-06 20:39:49','Dr. Gelsei András','2360. Gyál,  Ady Endre út 17.','06 30 5625868','Futárszolgálat-fizetés készpénzben, átvételkor',0,'Dr. Gelsei András','2360. Gyál,  Ady Endre út 17.','Az eredeti csomagolásában kérem kiszállítani. A beszerelést késõbb pontosított idõben kérem.\r\nKöszönettel:\r\nDr. Gelsei András',0,'8d926b5e7a981dfaf3d46cb05058229f823a487e945f1d64f130edd7555a9783','P',1000428),(603,526,'2011-07-08 08:09:05','Simon Lajos','3580 Tiszaújváros Szt. István út 39./D','703337698','Futárszolgálat-fizetés készpénzben, átvételkor',1,'Piktor-nett Bt.','3580 Tiszaújváros Babits út 27.','A szállítási címen hétköznap 9-16 között lehet leadni a megrendelt terméket.',0,'3649cffac210c7e5733f211b491cbfa47fef4826baa284c977a64c5499761b2c','P',1000433),(604,531,'2011-07-11 05:06:02','Haltmayr Ralf','6787 Zákányszék, tanya 195.','+36705483316','Futárszolgálat-fizetés készpénzben, átvételkor',0,'Haltmayr Ralf','6787 Zákányszék, tanya 195.','Amikor Zákányszékre ér kérem hívjon fel telefonon, +36705483316. Köszönöm!',0,'5669dfaeee39a4f5da959ba5daff9e0bf27eea0227a36e4099589f81ee17988f','P',1000436),(605,537,'2011-07-12 07:36:13','Lévay Csaba','Tiszaföldvár Sajó u. 4.','702570400','Futárszolgálat-elõre utalással',0,'Lévay Csaba','Tiszaföldvár Sajó u. 4.','',0,'6262841b0f437be9dda25fa4ae3a9f84af28af5c8e9a91bb12d1a35091ae940e','U',1000442),(606,544,'2011-07-13 08:42:56','Ági Katalin','Bp Vasgereben u 4/e','06304002825','Futárszolgálat-fizetés készpénzben, átvételkor',0,'Ági Katalin','Bp Vasgereben u 4/e','',0,'34bdb81c1ca1062df465ea29e8c283864f0f1e459661728fbcc60c83f7c19a57','P',1000449),(607,553,'2011-07-17 17:22:56','Bélteki Ferenc','6600, Szentes Dr. Uhlár I. u. 8.','+36 30 2789335','Futárszolgálat-fizetés készpénzben, átvételkor',0,'Bélteki Ferenc','6600, Szentes Dr. Uhlár I. u. 8.','',0,'a64546bda68a5604b8cf16abb47bd8567e5cd3eac1ae489c0e662d056ba40727','P',1000455),(608,565,'2011-07-21 16:26:14','Kézbesítési Adatkezelési csoport','7651 Pécs, Nagy Lajos Király u.1.','0630/553-6608','Futárszolgálat-fizetés készpénzben, átvételkor',1,'Kovács Mariann','7632 Pécs, Eszék u.33.','5. emelet',0,'fed890d29015ed1daf0d7bb543ef1901a8fdd96d56c7051a3404c8a52460fb30','P',1000467),(609,291,'2011-07-24 15:01:14','Lisztmajer Péter','6326 Harta Petõfi Sándor utca 119.','06/20-56-12-500','Futárszolgálat-bankkártyával fizetés megrendeléskor',1,'LM COIL Kft.','6326 Harta Petõfi Sándor utca 119.','',0,'b7ec513e35d4e130d59e612d597973493e68db0fba6f71102b63c9ab606a951c','P',1000213),(610,142,'2011-07-25 17:34:36','Kiss Renáta','Gyõr Földes Gábor utca 6/B','0620 9678966','Személyes átvétel-fizetés készpénzben, átvételkor',0,'Kiss Renáta','Gyõr Földes Gábor utca 6/B','',0,'5d57cbbda9da2b2af4a321be46177724d222090e952b7fc44ea1f3a98edf91bd','P',1000360),(611,569,'2011-07-26 17:50:37','Serhokkné Demeter Erzsébet','2461. Tárnok, Rözler Endre u. 1.','06202954810','Személyes átvétel-fizetés készpénzben, átvételkor',1,'Lépéselõny 95 Kft','2461. Tárnok, Rözler Endre u. 1.','',0,'3e246a647a6cc10894d18b0523f596707dcc5abdd1f3c68824d66c3966107102','P',1000471),(612,574,'2011-07-27 14:48:26','Dr. Oláh János','3360 Heves, Baross Gábor utca 10/A','+36302013113','Futárszolgálat-bankkártyával fizetés megrendeléskor',0,'Dr. Oláh János','3360 Heves, Baross Gábor utca 10/A','',0,'5eb8950ac3311252af5819d699ac74d0d3d95ec196488b450965eb0b6037a4cd','P',1000475),(613,574,'2011-07-27 14:59:02','Dr. Oláh János','3360 Heves, Baross Gábor utca 10/A','+36302013113','Futárszolgálat-bankkártyával fizetés megrendeléskor',0,'Dr. Oláh János','3360 Heves, Baross Gábor utca 10/A','',0,'5eb8950ac3311252af5819d699ac74d0ff66a499cba71e759a1f0d5d4800d17f','P',1000475),(614,574,'2011-07-27 15:03:03','Dr. Oláh János','3360 Heves, Baross Gábor utca 10/A','+36302013113','Futárszolgálat-fizetés készpénzben, átvételkor',0,'Dr. Oláh János','3360 Heves, Baross Gábor utca 10/A','',0,'5eb8950ac3311252af5819d699ac74d016664661db014b1fe2be52ce614175a1','P',1000475),(615,582,'2011-07-28 18:33:34',' Schlégelné  Békefi Csilla','2890 Tata Bacsó Béla u 27/b','06-30-425-8418','Futárszolgálat-fizetés készpénzben, átvételkor',0,' Schlégelné  Békefi Csilla','2890 Tata Szõgyéni u 30','Szállítás idõpontjáról telefonos értesítést kérünk\r\n\r\n06-30-425-4740 vagy 06-30-425-8418',0,'12f4dc12aa51de662fbdc68e1e7c801f9f51f8121ae4c5c2901fc70aa971a56e','P',1000479),(616,588,'2011-08-01 07:22:56','Dikó Éva','Szigetszentmiklós. Vércse.u.13/b. 2310','0620-564-00-16','Személyes átvétel-fizetés készpénzben, átvételkor',0,'Dikó Éva','Szigetszentmiklós. Vércse.u.13/b. 2310','Kérnék a megrendelésem mellé 1 db. automata leeresztõt, melynek áfá-s ára 3.125.-\r\nEgyelõre úgy néz ki, hogy személyesen mennénk érte, de erre mindenképpen megadom hamarosan a választ, így kiküldést MÉG NEM KÉREK. Azonnal értesítem Önöket, hogy sikerült-e kedvezõbb fuvart intéznem. Köszönöm.\r\n06-20-564-00-16',0,'de05c4886acb83e862eaf0d07e0f88684f920b395330809d7f98d9992bdc1ee8','P',1000486),(617,595,'2011-08-02 08:24:27','Kovács Etelka','2310 Szigetszentmiklós, Dunaharaszti u. 17.','+36 20 44 77 951','Személyes átvétel-fizetés készpénzben, átvételkor',0,'Kovács Etelka','2310 Szigetszentmiklós, Dunaharaszti u. 17.','',0,'b4bfe738aa4627b9e926f6762416ee5fbc09370583997f486b76acf3e2b7c74a','P',1000497),(618,596,'2011-08-02 10:02:12','Magyar József','7400 Kaposár Pázmány Péter utca 35','82 418 563','Futárszolgálat-bankkártyával fizetés megrendeléskor',0,'Magyar József','7400 Kaposár Pázmány Péter utca 35','',0,'a23f66c551634cd50e5a2c8a14c484d2e8b041972ab667af9c2686d85282ef50','P',1000498),(619,596,'2011-08-02 10:09:31','Magyar József','7400 Kaposár Pázmány Péter utca 35','82 418 563','Személyes átvétel-fizetés készpénzben, átvételkor',0,'Magyar József','7400 Kaposár Pázmány Péter utca 35','',0,'a23f66c551634cd50e5a2c8a14c484d2317edd2d31ef982c5bbe22d9adb03bd6','P',1000498),(620,464,'2011-08-03 15:12:24','Schiffer Anna','1133 Budapest, Kárpát u. 3.','06 30 65 65 359','Futárszolgálat-bankkártyával fizetés megrendeléskor',1,'WpontHu Bt.','1133 Budapest, Kárpát u. 3.','',1,'cc69b5c529874ec6e136ef32d6b6bc7eb090224435f9bdd52fb1534631b47a22','P',1000380),(621,602,'2011-08-06 20:21:54','Bárány Sándorné','3368 Boconád Ady u.11.','+36205791432','Futárszolgálat-fizetés készpénzben, átvételkor',0,'Bárány Sándorné','3368 Boconád Ady u.11.','',0,'3774c035a19df7675ae8b8d6de8292fc0d4ccf33e1dd27a47fc9da83f6b549f8','P',1000504),(622,608,'2011-08-08 21:19:19','Németh Barbara','6422 Tompa, Kis u. 12.','20/215-8027','Futárszolgálat-fizetés készpénzben, átvételkor',0,'Németh Barbara','6422 Tompa, Kis u. 12.','',0,'80d6e745a060be6524488447b731f8f0c1a8fdba467ab077c0798ebfbf032ff2','P',1000510),(623,609,'2011-08-10 17:02:48','farkas gyula','debrecen bellegelõ kert 60/b','06306824551','Futárszolgálat-fizetés készpénzben, átvételkor',0,'farkas gyula','debrecen bellegelõ kert 60/b','',0,'c43d290a444b7cf70e6e1a37f91f0d20925d1a8b58b818b80aace338c35b39c0','P',1000511),(624,625,'2011-08-16 10:23:34','Mûszerteszt  KFT.','6728 Szeged Külterület 7.','30/2997232','Futárszolgálat-fizetés készpénzben, átvételkor',0,'Mûszerteszt  KFT.  Molnár Zsolt','6728 Szeged Külterület 7.','',0,'e58a9def7102165f434f2262237ac5e963122e21e36270d3518f1d55a8a72353','P',1000527),(625,627,'2011-08-16 12:09:48','Hudák Csaba','2162 Õrbottyán Bajcsy-Zs. u 32 B','06703224857','Személyes átvétel-elõre utalással',0,'Hudák Csaba','2162 Õrbottyán Bajcsy-Zs. u 32 B','',0,'018e9c7eaa9b542f36dfc3ade5c1d2a2e5e81f956ec2231dc87cc894a08a8efb','U',1000529),(626,627,'2011-08-16 13:45:36','Hudák Csaba','2162 Õrbottyán Bajcsy-Zs. u 32 B','06703224857','Személyes átvétel-elõre utalással',0,'Hudák Csaba','2162 Õrbottyán Bajcsy-Zs. u 32 B','',0,'6f2c430468047ebf5fd14c2389399f32258f76a93c4ba13ec9850074458b64b6','U',1000529),(627,635,'2011-08-18 10:00:48','Garamszeginé Zvara Enikõ','3100 Salgótarján, Harmat u. 4.','20-369-5269','Futárszolgálat-bankkártyával fizetés megrendeléskor',1,'Garamszeginé Zvara Enikõ','3104 Salgótarján, Gorkíj krt. 54.','Nem mindig tartózkodom a szállítási címen, de 20 perc alatt bármikor oda tudok érni, ezért az áru megérkezése elõtt 20 perccel a futártól kérnék egy telefonhívást, hogy ne kelljen rám várnia.',1,'1d0ab8af38986e951b9dc85beb6a0d2923dc143b61927cc51a20eb188b0e06be','P',1000538),(628,636,'2011-08-19 22:12:46','Kascsák Tamás','1146 Budapest, Thököly u 138/a 3/2','20/4019186','Futárszolgálat-bankkártyával fizetés megrendeléskor',0,'Kascsák Tamás','1146 Budapest, Thököly u 138/a 3/2','',0,'7808cae0e0a025554778fa67efcd7f6214913275e9bc0af6503589492998e9cd','P',1000539),(629,641,'2011-08-22 15:09:07','Mészáros András',' Nagykata 2760 Jászberényi ut 83','06207739402','Futárszolgálat-bankkártyával fizetés megrendeléskor',0,'Mészáros András','jászberényi ut 83','',0,'804d72ca110e09354bdd989b8169b7ca5085cba353635b72989cb55326246d05','P',1000547),(630,641,'2011-08-22 15:24:49','Mészáros András',' Nagykata 2760 Jászberényi ut 83','06207739402','Futárszolgálat-bankkártyával fizetés megrendeléskor',0,'Mészáros András','jászberényi ut 83','',1,'804d72ca110e09354bdd989b8169b7cab1b3b29d3cc3777712d37d8a8a078fc7','P',1000547),(631,633,'2011-08-23 09:08:09','Hajnal László','5000 Szolnok Hild Viktor 5. 8/65','06/20-45-30-592','Futárszolgálat-fizetés készpénzben, átvételkor',0,'Hajnal László','5000 Szolnok Hild Viktor 5. 8/65','',0,'409eed693af0d8f02663f7b5da8056ff923ea44da0f01a39decf401180cd73ab','P',1000536),(632,650,'2011-08-26 09:49:57','Süm-Agro Kft','3170 Szécsény,Varsányi út','06204538848','Futárszolgálat-fizetés készpénzben, átvételkor',1,'Süm-Agro Kft','1056 Budapest,Ó utca 5.','OMW benzinkút',0,'7d85d5de29624acc43ec9a04f19fbc09cb3a4f29dbf59141da5577230ca22f8a','P',1000557),(633,659,'2011-08-29 17:12:14','Holecz Péter','Nógrádsáp','06305529570','Futárszolgálat-fizetés készpénzben, átvételkor',0,'Holecz Péter','Nógrádsáp','',0,'776831871702c5aeb50c6050c86cd453e968d5b003aa7260ea7624b76be99728','P',1000565),(634,671,'2011-09-04 12:14:38','Princz Zoltán','2730 Albertirsa, Irsay Károly u. 30.','209169205','Futárszolgálat-fizetés készpénzben, átvételkor',0,'Princz Zoltán','2730 Albertirsa, Irinyi u. 13.','',0,'9d68754440c5839c3a8028231e2fbb3373e5210f3c81efbd5d0b061fe2c2d642','P',1000577),(635,434,'2011-09-05 16:12:53','Mesterházy Zsolt','2167 Vácduka, Kikelet utca 26.','20-9110219','Futárszolgálat-fizetés készpénzben, átvételkor',0,'Mesterházy Zsolt','2167 Vácduka, Kikelet utca 26.','Kérem, hogy amennyiben lehetséges, a megrendelést 2011. szeptember 09-én, pénteken szállítsák házhoz. Egyeztetés a 20 9110219 telefonszámon lehetséges.\r\n\r\nA vásárlásról a számlát a fenti címre és névre kérem kiállítani.',0,'69a186f7c22ac5aec497b99f3561f1596210bcfa4aa358bcb7053401c237bdfa','P',1000350),(636,679,'2011-09-08 12:11:13','dr.Hidvégi Imre','9222 Hegyeshalom,Fõ u.156.','30-935-3501','Futárszolgálat-elõre utalással',0,'dr.Hidvégi Imre','9222 Hegyeshalom,Fõ u.156.','A kiszállítást október hónapban kérem,a pontos idõpont az építkezésünk állásától függ.',0,'37b2bb3de1199ef8c3b62d753147848facfe786b0332b1713509775bf42b2cad','U',1000587),(637,628,'2011-09-08 17:50:17','Brenner Zoltán','1171 Budapest Hegyalatti utca 6. C lépcsõház fsz 3.','30/857-0615','Személyes átvétel-fizetés készpénzben, átvételkor',0,'Brenner Zoltán','1173 Budapest Ludas utca 7','Szeretném a kabint az Önök munkatársaival beszereltetni a meglévõ \"mezei\" zuhanykabinom helyére. Kérem tájékoztassanak a részletekrõl. Köszönöm!',0,'8d96305041c993c99b953d82dd5a03a18cd31afbfd17eefe14f6ba7e1b4a45fd','P',1000531),(638,687,'2011-09-13 19:05:07','Pongrácz Barbara','8500 Pápa, Celli út 35.','pongracz.barbara@papa.hu','Futárszolgálat-fizetés készpénzben, átvételkor',0,'Pongrácz Barbara','8500 Pápa, Celli út 35.','',0,'a5f5c35ce8830a77e95eeaef50538e314c3c75f48bbff808ead258dcb3684138','P',1000594),(639,684,'2011-09-13 19:19:23','Sipos Sándor','2890 Tata Új út 88','+36 30 256 6142','Futárszolgálat-elõre utalással',0,'Sipos Sándor','2890 Tata Új út 88','',0,'b6c8c879a3b3da0c78185a13e2819a31431aed05193e49b825ffe32d5474cbd1','U',1000592),(640,689,'2011-09-15 08:02:24','László József','Székesfehérvár, Távírda u. 25. II/1.','06309461324','Futárszolgálat-elõre utalással',0,'László József','Székesfehérvár, Távírda u. 25. II/1.','',0,'92f6555223967d5a068c5262136c6adf6fd13bece3cf3233ee79510042e79dd8','U',1000596),(641,693,'2011-09-20 11:07:52','Balogh Lászlóné','6000 Kecskemét, Szabó Kálmán u. 9 IV/15','06-20/576-8059','Futárszolgálat-fizetés készpénzben, átvételkor',0,'Balogh Lászlóné','6000 Kecskemét, Szabó Kálmán u. 9 IV/15','',0,'4dceae1bef06735606800740cda1bf5f6e70381774e9fba7dbfbb0d1964e2f69','P',1000601),(642,696,'2011-09-21 09:21:06','Presser István','1127 Budapest Böszörményi út 20-22 (Telemedia Kft)','06204747416','Futárszolgálat-bankkártyával fizetés megrendeléskor',1,'Presser István','2065 Mány Zrínyi Miklós u. 35.','',1,'814023bcfe71a09387f571d87ddb0eacf442649799302c28e424e84a4fcc404d','P',1000604),(643,699,'2011-09-26 10:27:46','Baranek István','Budapest 1204 Üveges utca 14','+36204794775','Futárszolgálat-fizetés készpénzben, átvételkor',0,'Baranek István','Budapest 1204 Üveges utca 14','',0,'2523c2de990cd5b9fcec674df9f73e0d4ff6da90ae994e901d94d846163aaa38','P',1000607),(644,700,'2011-09-26 14:29:35','Hocza Sándor','3530. Miskolc.Vörösmarty ut 73.','46/340-629','Futárszolgálat-bankkártyával fizetés megrendeléskor',1,'Vas-Angyal Kft.','3530. Miskolc.Vörösmarty ut 73.','',0,'6fbeadf8d61c41e06349b99e36b1c22b3567a2c23e9e0c0bb9b8ad00b7e27306','P',1000608),(645,700,'2011-09-26 14:32:44','Hocza Sándor','3530. Miskolc.Vörösmarty ut 73.','46/340-629','Futárszolgálat-bankkártyával fizetés megrendeléskor',1,'Vas-Angyal Kft.','3530. Miskolc.Vörösmarty ut 73.','',0,'6fbeadf8d61c41e06349b99e36b1c22bb7f98089b0ded6220d549c7ce7ae142a','P',1000608),(646,700,'2011-09-26 14:33:13','Hocza Sándor','3530. Miskolc.Vörösmarty ut 73.','46/340-629','Futárszolgálat-fizetés készpénzben, átvételkor',1,'Vas-Angyal Kft.','3530. Miskolc.Vörösmarty ut 73.','',0,'6fbeadf8d61c41e06349b99e36b1c22b0864ccc596373abf97ad672999d4c70c','P',1000608);

--
-- Table structure for table `partners`
--

CREATE TABLE `partners` (
  `id` int(11) NOT NULL AUTO_INCREMENT,
  `nev` varchar(255) CHARACTER SET latin1 DEFAULT NULL,
  `cim` varchar(255) CHARACTER SET latin1 DEFAULT NULL,
  `megye` varchar(100) CHARACTER SET latin1 DEFAULT NULL,
  `phone` varchar(100) CHARACTER SET latin1 DEFAULT NULL,
  `megye_text` varchar(255) CHARACTER SET utf8 DEFAULT NULL,
  PRIMARY KEY (`id`)
) ENGINE=MyISAM AUTO_INCREMENT=257 DEFAULT CHARSET=latin2;

--
-- Dumping data for table `partners`
--

INSERT INTO `partners` VALUES (2,'EURO CERAMICA 98 KFT','6230 Soltvadkert, Kõrösi út 3','bacs-kiskun','06/78/581-090','Bács-Kiskun megye'),(3,'LÓGÓ ÉS TÁRSA KFT.','6300 Kalocsa, Pataji út 29.','bacs-kiskun','06/78/462-740','Bács-Kiskun megye'),(4,'OBI Hungary Retail Kft. Kecskemét 030','6000 Kecskemét  Izsáki út 12/B','bacs-kiskun','','Bács-Kiskun megye'),(5,'ÖKOFAKTOR KFT','6500 Baja Dózsa Gy u 264','bacs-kiskun','','Bács-Kiskun megye'),(6,'PRAKTIKER Kecskemét 327','6000 Kecskemét Kurucz tér 7.','bacs-kiskun','','Bács-Kiskun megye'),(8,'Sugo-Kerámia Kft.','6500 Baja, Dózsa György út.113.','bacs-kiskun','06/79/320-359','Bács-Kiskun megye'),(9,'Szatmári Kft Baja','6500 Baja, Ipartelep - Bogrács u. 1.','bacs-kiskun','','Bács-Kiskun megye'),(10,'Szatmári Kft Kiskunhalas','6400 Kiskunhalas, Kárpát u. 32.','bacs-kiskun','','Bács-Kiskun megye'),(11,'T-96 KFT','6320 Solt Kecskeméti út 27/d','bacs-kiskun','06/78/412-223','Bács-Kiskun megye'),(12,'TERRAKOTTA Kereskedelmi Kft Baja','6500 Baja, Keleti krt. 5','bacs-kiskun','78 487 454, 20 5590553','Bács-Kiskun megye'),(14,'Kika Pécs','7634 Pécs, Makay István u 7.','baranya','','Baranya megye'),(15,'LATYEK Kereskedelmi Kft.','7332 Magyaregregy, Zrinyi Miklós utca 6/A','baranya','','Baranya megye'),(16,'P.BAU TEAM KFT.','7622 Pécs, Verseny utca 8.','baranya','06/72/213-564','Baranya megye'),(17,'Pap és Társa Kft','7800 Siklós, Zenthe Ferenc tér 2.','baranya','06/72/579-190','Baranya megye'),(18,'PRAKTIKER Pécs 322','7634 Pécs Makay István ut.','baranya','','Baranya megye'),(21,'Szatmári Kft Pécs','7629 Pécs, Komlói út 2.','baranya','','Baranya megye'),(22,'Daniella Fürdõszoba Bt.','5540 Szarvas, Vasút u 67.','bekes','06/66/210-947','Békés megye'),(23,'FERBONEX KFT.','5700 Gyula, Rosu u.4','bekes','06/66/468-639','Békés megye'),(24,'Grósz és Társai Kft','5600 Békéscsaba, Kétegyházi út 18.','bekes','06/66/430-792','Békés megye'),(25,'IRISZ KATOFER KFT','5600 Békéscsaba, Szarvasi u. 49.','bekes','06/66/451-921','Békés megye'),(26,'OBI Hungary Retail Kft. Békéscsaba 017','5600 Békéscsaba Andrássy ut 58.','bekes','','Békés megye'),(27,'PRAKTIKER Békéscsaba 339','5600 Békéscsaba  Gyulai út 87.','bekes','','Békés megye'),(28,'Szatmári Kft Békéscsaba','5600 Békéscsaba Csorvási út 25.','bekes','','Békés megye'),(29,'Szatmári Kft Gyula','5700 Gyula Rosu út 1.','bekes','','Békés megye'),(30,'Terrakotta  Kereskedelmi Kft Orosháza','5900 Orosháza, Veres J u 2','bekes','06/68/512-980','Békés megye'),(33,'BRICOSTORE Miskolc','3527 Miskolc, József  A u','borsod-abauj-zemplen','','Borsod-Abaúj-Zemplén megye'),(34,'Jó-Csillag Kft','3600 Ózd, Bem út 18.fsz.1','borsod-abauj-zemplen','06/48/472-337','Borsod-Abaúj-Zemplén megye'),(35,'JUHÁSZ LÁSZLÓ ev.','3700 Kazincbarcika, Alsóvárosi krt 56.','borsod-abauj-zemplen','06/48/512-306','Borsod-Abaúj-Zemplén megye'),(36,'Marker Kerámia Kft.','3527 Miskolc, József A ut.55.','borsod-abauj-zemplen','06/46/501-032','Borsod-Abaúj-Zemplén megye'),(37,'Maszat Burkoló és Fürdõszoba Szaküzlet','3450 Mezõcsát, Deák F u 17.','borsod-abauj-zemplen','06/49/352-451','Borsod-Abaúj-Zemplén megye'),(38,'OBI Hungary Retail Kft. Miskolc 011','3526 Miskolc Szentpéterikapu 103.','borsod-abauj-zemplen','','Borsod-Abaúj-Zemplén megye'),(39,'PRAKTIKER Miskolc 329','3516 Miskolc Pesti út 7.','borsod-abauj-zemplen','','Borsod-Abaúj-Zemplén megye'),(42,'Szatmári Kft Miskolc','3527 Miskolc, Boldva u. 4.','borsod-abauj-zemplen','','Borsod-Abaúj-Zemplén megye'),(49,'BRICOSTORE Soroksár','1239 Budapest, Bevásárló u. 6.','budapest','','Budapest'),(50,'Kika Kft M5','1237 Budapest, Bevásárló u 6.','budapest','','Budapest'),(51,'KIKA lakberendezési Kft.','1135 Budapest, Lehel út 51.','budapest','','Budapest'),(52,'KUN-ÉPÍTEK BT.','1237 Budapest  Borona  u 6','budapest','06/1/289-2050','Budapest'),(53,'Navalla Kft','1138 Budapest, Tomori köz. 14-16.','budapest','061/769-0308','Budapest'),(54,'OBI Hungary Retail Kft. Savoya park 016.','1117 Budapest Hunyadi ut 23.','budapest','','Budapest'),(55,'OBI Hungary Retail Kft. Soroksár 009','1095 Budapest, Soroksári út 33-35.','budapest','','Budapest'),(56,'OBI Hungary Retail Kft. Szent Imre u 006','1046 Budapest Szent Imre u 1.','budapest','','Budapest'),(57,'OBI Hungary Retail Kft. Tálas 005','1191 Budapest Tálas utca 4-20.','budapest','','Budapest'),(58,'OBI Hungary Retail Kft. Váci út 003','1138 Budapest Váci út 168.','budapest','','Budapest'),(59,'OBI Hungary Retail Kft.Fogarasi út 024','1148 Budapest Fogarasi út 28-54.','budapest','','Budapest'),(60,'Pianetti Kft','1238 Budapest, Grassalkovich ut 36','budapest','','Budapest'),(61,'PRAKTIKER Bécsi út 332','1034 Budapest Bécsi út 136.','budapest','','Budapest'),(62,'PRAKTIKER M3 321','1150 Budapest  M3-fóti úti leágazás','budapest','','Budapest'),(63,'PRAKTIKER Mester u 330','1095 Budapest Mester utca 87.','budapest','','Budapest'),(64,'Szatmári Kft Budapest IV.ker','1048 Budapest Küls?-Váci út 61-63.','budapest','','Budapest'),(65,'Szatmári Kft Budapest VIII.ker','1083 Budapest  Práter u. 44-48','budapest','','Budapest'),(66,'Szatmári Kft Budapest XIX.ker','1195 Budapest Üll?i út 280.','budapest','','Budapest'),(67,'Szatmári Kft Budapest XVI.ker','1164 Budapest  Vidám vásár u. 36','budapest','','Budapest'),(68,'VARTE KFT','1047 Budapest, Megyeri ut 7/a','budapest','06/1/272-0986','Budapest'),(69,'JAKSI KFT','1203 Budapest, Kossuth L utca. 91.','budapest','06/1/285-3179','Budapest'),(70,'Marbó XXI.Bt.','1214 Budapest Zrínyi  utca 23.','budapest','06/1/420-1346','Budapest'),(71,'Alfa csempeüzlet','Hódmezõvásárhely Kutasi út 12','csongrad','','Csongrád megye'),(73,'Mega-Mix Kft.','6900 Makó  Kálvária u. 128.','csongrad','','Csongrád megye'),(74,'Metall Üzletház KFT','6724 Szeged, Pusztaszeri u. 27.','csongrad','06/62/425-166','Csongrád megye'),(75,'OBI Hungary Retail Kft. Szeged 008','6724 Szeged Szatymazi ut 2.','csongrad','','Csongrád megye'),(76,'OBI Hungary Retail Kft. Szeged 27','6727 Szeged Szabadkai út 7','csongrad','','Csongrád megye'),(77,'PRAKTIKER Szeged 325','6728 Szeged Budapesti út 3.','csongrad','','Csongrád megye'),(78,'Szatmári Kft Hódmezõvásárhely','6800 Hódmezõvásárhely Szántó Kovács János utca 134','csongrad','','Csongrád megye'),(79,'Szatmári Kft Szeged','6728 Szeged, Dorozsmai út. 29.','csongrad','','Csongrád megye'),(80,'TERRAKOTTA Kereskedelmi Kft. Szeged','6726 Szeged, Dorozsmai út 14.','csongrad','','Csongrád megye'),(81,'TERRAKOTTA Kereskedelmi Kft.Békéscsaba','6726 Szeged, Dorozsmai út 14.','csongrad','','Csongrád megye'),(83,'BRICOSTORE Székesfehérvár','8000 Székesfehérvár, Holland fasor 1.','fejer','','Fejér megye'),(84,'KERAMIa-GRES SZÉKESFEHÉRVÁR  KFT.','8000 Székesfehérvár Szárcsa u.42','fejer','','Fejér megye'),(85,'OBI Hungary Retail Kft. Dunaújváros 019','2400 Dunaújváros Venyimi ut 5-7.','fejer','','Fejér megye'),(86,'PRAKTIKER Székesfehérvár 323','8000 Székesfehérvár Budai utca 41.','fejer','','Fejér megye'),(87,'PRAKTIKER Székesfehérvár 340','8000 Székesfehérvár  Balatoni út 44-46.','fejer','','Fejér megye'),(89,'Szatmári Kft Székesfehérvár','8000 Székesfehérvár, Jankovich u. 1.','fejer','','Fejér megye'),(92,'Bödecs és Balázs Kft.','9330 Kapuvár, Deák F u 20.','gyor-moson-sopron','06/96/254-189','Gyõr-Moson-Sopron megye'),(93,'BRICOSTORE Gyõr','9002 Gyõr 2, Pf. 490','gyor-moson-sopron','','Gyõr-Moson-Sopron megye'),(94,'KIKA Lakberendezési Kft.Gyõr','9020 Gyõr, Királyszék u 35.','gyor-moson-sopron','','Gyõr-Moson-Sopron megye'),(95,'Medusa-Home Kft.','9023 Gyõr, Mészáros L u 12.','gyor-moson-sopron','06/96/528-641','Gyõr-Moson-Sopron megye'),(96,'OBI Hungary Retail Kft  Sopron 022','9400 Sopron Határdomb u 3.','gyor-moson-sopron','','Gyõr-Moson-Sopron megye'),(97,'PRAKTIKER Gyõr 326','9024 Gyõr Szent Imre u 55.','gyor-moson-sopron','','Gyõr-Moson-Sopron megye'),(98,'Szatmári Kft Gyõr','9023 Gyõr, Richter János u. 11.','gyor-moson-sopron','','Gyõr-Moson-Sopron megye'),(99,'Mabuko Kft.','4030 Debrecen Mikepércsi u 7/a','hajdu-bihar','','Hajdú-Bihar megye'),(100,'HAJZER TIBOR','4150 Püspökladány Rákóczi u. 10.','hajdu-bihar','06/54/450-164','Hajdú-Bihar megye'),(102,'Complex Ép Kft.','4034 Debrecen, Lahner ut 139.','hajdu-bihar','06/52/443-596','Hajdú-Bihar megye'),(103,'KATÓFER KERESKEDELMI ÉS SZOLG. KFT.','4030 Debrecen Mikepércsi út.70.','hajdu-bihar','06/66/451-921','Hajdú-Bihar megye'),(104,'Kika Lakberendezési Kft. Debrecen','4031 Debrecen, Kishatár út 4.','hajdu-bihar','','Hajdú-Bihar megye'),(105,'PRAKTIKER Debrecen 324','4027 Debrecen Füredi út 27.','hajdu-bihar','','Hajdú-Bihar megye'),(106,'Szatmári Kft Berettyóújfalú','4100 Berettyóújfalu  Dózsa György út 70.','hajdu-bihar','','Hajdú-Bihar megye'),(107,'Szatmári Kft Debrecen','4031 Debrecen Szoboszlói u. 5','hajdu-bihar','','Hajdú-Bihar megye'),(108,'TÜZÉPKER KFT Debrecen','4030 Debrecen, Diószegi út 3-5.','hajdu-bihar','06/52/536-777','Hajdú-Bihar megye'),(109,'VARGATHERM KFT','4220 Hajdúböszörmény, Bánság tér 43.','hajdu-bihar','06/52/561-174','Hajdú-Bihar megye'),(110,'Bezzegh Kft','3200 Gyöngyös, Szurdokpart u 6.','heves','','Heves megye'),(111,'ELECTRONIC - AQUAMIX BT','3200 Gyöngyös, Pesti út 51.','heves','06/37/311-238','Heves megye'),(112,'Imola Lakáskerámia Kft.','3300 Eger, Mátyás király út 138.','heves','06/36/515-720','Heves megye'),(113,'Kovács Tüzép Kft. Eger','3300 Eger Cifrakapu tér 24.','heves','06/36/517-501','Heves megye'),(114,'Márton Bau Kft.','3300 Eger, Mester u 5','heves','06/36/413-600','Heves megye'),(115,'OBI Hungary Retail Ker.Kft. Gyöngyö  032','3200 Gyöngyös Vásár u 4.','heves','','Heves megye'),(116,'OBI Hungary Retail Kft. Eger 014','3300 Eger Rákóczi út 102.','heves','','Heves megye'),(121,'Szatmári Kft Eger','3300 Eger Rákóczi Ferenc út 95.','heves','','Heves megye'),(122,'TAOS 98 Kft. LAGUNA','3200 Gyöngyös, Török I.út 11','heves','','Heves megye'),(123,'Anyagért Kft','5000 Szolnok, Vízmû út 1.','jasz-nagykun-szolnok','06/56/429-692','Jász-Nagykun-Szolnok megye'),(124,'Elektron-Shop- Takács László','5435 Martfû, Szolnoki út 130.','jasz-nagykun-szolnok','06/56/450-759','Jász-Nagykun-Szolnok megye'),(125,'EUROKERÁMIA KFT.','5002 Szolnok, Tószegi út 9.','jasz-nagykun-szolnok','06/56/421-704','Jász-Nagykun-Szolnok megye'),(126,'OBI Hungary Retail Kft. Szolnok 021','5000 Szolnok Felsõ Szandai rét','jasz-nagykun-szolnok','','Jász-Nagykun-Szolnok megye'),(127,'PRAKTIKER Szolnok 334','5000 Szolnok Felsõ Szandai rét 1/a','jasz-nagykun-szolnok','','Jász-Nagykun-Szolnok megye'),(129,'Szatmári Kft Jászberény','5100 Jászberény, Jákóhalmi út 3/a.','jasz-nagykun-szolnok','','Jász-Nagykun-Szolnok megye'),(130,'Gótika 99 Kft.','2800 Tatabánya Táncsics M u 2/f','komarom-esztergom','06/34/300-791','Komárom-Esztergom megye'),(131,'OBI Hungary Retail Kft. Tatabánya 018','2800 Tatabánya Gyõri ut 11.','komarom-esztergom','','Komárom-Esztergom megye'),(132,'PRAKTIKER Esztergom 341','2500 Esztergom  Schweidel u 50.','komarom-esztergom','','Komárom-Esztergom megye'),(133,'KARANCS ÉPKER KFT   Balassagyarmat','2660 Balassagyarmat Kovari út 2.','nograd','06/35/300-135','Nógrád megye'),(134,'KARANCS ÉPKER KFT   Salgótarján','3100 Salgótarján Rákóczi u. 21.','nograd','06/32/314-434','Nógrád megye'),(135,'KARANCS ÉPKER KFT   Szécsény','3170 Szécsény Kossuth u. 1.','nograd','06/32/370-742','Nógrád megye'),(136,'ÉPITKEZÕK BOLTJA','2660 Balassagyarmat, Luther u. 8.','nograd','06/35/310-850','Nógrád megye'),(138,'Szatmári Kft Balassagyarmat','2660 Balassagyarmat Rákóczi fejedelem útja 11.','nograd','','Nógrád megye'),(139,'Szatmári Kft Salgótarján','3100 Salgótarján, Rákóczi út 50.','nograd','','Nógrád megye'),(140,'Rovento Kft','2144 Kerepes Szabadság út 5','pest','06/28/490-476','Pest megye'),(141,'PROFIL CENTER KFT. Kisku','Kiskunlacháza Dózsa  Gy u 50.','pest','','Pest megye'),(142,'OBI Hungary Retail Ker.Kft. Budaörs  010','2040 Budaörs Budapark','pest','','Pest megye'),(143,'Bereczki 97 Kft','2016 Leányfalu, Móricz Zs u. 126.','pest','06/26/383-252','Pest megye'),(144,'Casa Colorata Kft.','Õrbottyán Fõ u 40/B','pest','','Pest megye'),(145,'Aqua Saniter Kft','2310 Szigetszentmiklós, II.Rákóczi Ferenc út hrsz.8206','pest','06/24/475-425','Pest megye'),(147,'Blum Zoltánné','2315 Szigethalom, Mû út 52.','pest','','Pest megye'),(148,'BRICOSTORE Budakalász','2011 Budakalász, Omszk park 2.','pest','','Pest megye'),(149,'BRICOSTORE Csömör','2141 Csömör, Határ ut.8.','pest','','Pest megye'),(150,'BRICOSTORE Fót','2151 Fót, Fehérkõ u. 2.','pest','','Pest megye'),(151,'BRICOSTORE Törökbálint','2045 Törökbálint, Torbágy u. 4.  Pf: 114/3','pest','','Pest megye'),(152,'IPAROS ÉS BARKÁCS CENTER KFT.','2030 Érd, Diósdi út 12.','pest','','Pest megye'),(153,'KAB 23 KFT','2315 Szigethalom, Mû u. 57.','pest','06/24/401-561','Pest megye'),(154,'KIKA Budaörs','2040 Budaörs, Kinizsi út.5.','pest','','Pest megye'),(155,'KINCSEM ARUHÁZ C-VISO BT.','2711 Tápiószentmárton, Sõregi út 1.','pest','06/29/423-831','Pest megye'),(156,'KOMÁROMI CSEMPEBOLT','2330 Dunaharaszti, Dózsa Gy. u. 12.','pest','','Pest megye'),(157,'LEDNICZKY HIGIENIA BT','2049 Diósd  Gyár u 14','pest','06/23/545-038','Pest megye'),(158,'Naszály 97\' Kft.','2600 Vác Temetõ u.1-3','pest','06/27/300-553','Pest megye'),(159,'Németh Zsuzsanna ev.','2760 Nagykáta, Dózsa Gy. út 24/b','pest','06/53/310-285','Pest megye'),(160,'PRAKTIKER Budaörs M1 333','2040 Budaörs Malom utca 3.','pest','','Pest megye'),(161,'PRAKTIKER Vecsés 335','2220 Vecsés Fõ u 246-248','pest','','Pest megye'),(162,'Profil Center Kft.','2321 Szigetbecse, Balassi tér 6.','pest','','Pest megye'),(164,'Tüzépker Kft.','2330 Dunaharaszti, Némedi út 65.','pest','06/24/537-777','Pest megye'),(165,'V-S CSOPORT 2000 KFT','2030 Érd, Iparos út 32.','pest','06/23/372-289','Pest megye'),(166,'Comfort Csempeáruház Peoplecall Bt','8600 Siófok Bajcsy Zs. út 73-79','somogy','06/84/510-276','Somogy megye'),(168,'Lõrincz Épületgépészet Lõrinc Jánosné ev','8624 Balatonszárszó, Szemesi ut 25.','somogy','06/84/362-706','Somogy megye'),(170,'OBI Hungary Retail Kft. Kaposvár 012','7400 Kaposvár  dr Kaposváry György u 2.','somogy','','Somogy megye'),(171,'OBI Hungary Retail Kft. Siófok 004','8600 Siófok Vak Bottyán u 36.','somogy','','Somogy megye'),(172,'Partner 2002 Kft.','7400 Kaposvár, Baross Gábor u.13','somogy','06/82/416-0419','Somogy megye'),(173,'PRAKTIKER Kaposvár 337','7400 Kaposvár Füredi út hrsz:5379','somogy','','Somogy megye'),(179,'Szatmári Kft Kaposvár','7400 Kaposvár, Dombóvári út 1.','somogy','','Somogy megye'),(180,'Balogh Üzletház Kft.','4900 Fehérgyarmat, Kossuth L tér 62-64','szabolcs-szatmar-bereg','06/44-510-246','Szabolcs-Szatmár megye'),(182,'Noé-Márk Kft.','4800 Vásárosnamény, Jókai út 27.','szabolcs-szatmar-bereg','','Szabolcs-Szatmár megye'),(183,'OBI Hungary Retail Kft. Nyíregyháza  026','4400 Nyíregyháza László u 10.','szabolcs-szatmar-bereg','','Szabolcs-Szatmár megye'),(184,'PRAKTIKER Nyíregyháza 328','4400 Nyíregyháza Orosi út.22-24.','szabolcs-szatmar-bereg','','Szabolcs-Szatmár megye'),(185,'Szatmári Kft Kisvárda','4600 Kisvárda, Krucsay Márton','szabolcs-szatmar-bereg','','Szabolcs-Szatmár megye'),(186,'Szatmári Kft Nyíregyháza','4400 Nyíregyháza, Pazonyi út 20.','szabolcs-szatmar-bereg','','Szabolcs-Szatmár megye'),(187,'FODOR CSEMPE HUNGARY KFT.','7100 Szekszárd Szluha Gy u 23.','tolna','06/74/412-250','Tolna megye'),(191,'BRICOSTORE Szekszárd','7100 Szekszárd, Tarcsai Vilmos u hrsz:0320/127','tolna','','Tolna megye'),(192,'OBI Hungary Retail Ker Kft.Szekszárd 029','7100 Szekszárd   Tartsay Vilmos út 89.','tolna','','Tolna megye'),(193,'Pech Tibor','7090 Tamási Rákóczi  út 34.','tolna','06/74/570-064','Tolna megye'),(195,'Szatmári Kft Szekszárd','7100 Szekszárd, Rákóczi Ferenc u. 98.','tolna','','Tolna megye'),(196,'WEBÉPKER KFT','7200 Dombóvár, Gyenis  Antal  u 35.','tolna','06/74/465-747','Tolna megye'),(197,'KÓNYA ÉP. ÉS KER. FÜRDÕSZOBA SZAKÜZLET','9700 Szombathely Szõlõs út 47.','vas','06/94/311-903','Vas megye'),(198,'DERRIVÁL Ker.és Szolg Bet.Társ.','9900 Körmend, Rákóczi út 119','vas','06/94/594-146','Vas megye'),(199,'FEPU KERESKEDELMI BT','9900 Körmend, Rákóczi u. 19.','vas','06/94/ 594-224','Vas megye'),(200,'PRAKTIKER Szombathely 331','9700 Szombathely Rozsnyó út 1.','vas','','Vas megye'),(201,'Szatmári Kft Szombathely','9700 Szombathely, Zanati út 29.','vas','','Vas megye'),(202,'Kovács János Adria Fürdõszoba Szalon','8500 Pápa Korona u 23','veszprem','','Veszprém megye'),(203,'OBI Hungary Retail Kft. Veszprém 015.','8200 Veszprém Külsõ Kádártai út 1.','veszprem','','Veszprém megye'),(204,'RIMÓCZI és TÁRSA BT.','8400 Ajka, Vásár u. 2.','veszprem','','Veszprém megye'),(206,'Szatmári Kft Pápa','8500 Pápa, Küls?-Veszprémi út 72.','veszprem','','Veszprém megye'),(207,'Szatmári Kft Veszprém','8200 Veszprém, Dornyai Béla út 1.','veszprem','','Veszprém megye'),(208,'OBI Hungary Retail Ker.Kft. Keszthely 31','8630 Keszthely Tapolcai út 35.','zala','','Zala megye'),(209,'OBI Hungary Retail Kft. Nagykanizsa 020','8800 Nagykanizsa Récsei út 30.','zala','','Zala megye'),(210,'PRAKTIKER Zalaegerszeg 336','8900 Zalaegerszeg Balatoni út 10.','zala','','Zala megye'),(211,'Szatmári Kft Nagykanizsa','8800 Nagykanizsa, Garay u. 13.','zala','','Zala megye'),(212,'Szatmári Kft Zalaegerszeg','8900 Zalaegerszeg, Hock János u. 72.','zala','','Zala megye'),(213,'SZER-VÍZ-SZER KFT','8900 Zalaegerszeg, Szüret u 9.','zala','','Zala megye'),(215,'Akker Plus Kft.','6200 Kiskõrõs, Dózsa Gy út 67','bacs-kiskun',NULL,'Bács-Kiskun megye'),(216,'TERRAKOTTA Kereskedelmi Kft Baja','6500 Baja, Keleti krt. 5','bacs-kiskun',NULL,'Bács-Kiskun megye'),(217,'P.BAU TEAM KFT.','7622 Pécs, Verseny utca  8.','baranya',NULL,'Baranya megye'),(218,'Aster Ker.Kft','3950 Sárospatak, Bláthy O. u. 3.','borsod-abauj-zemplen',NULL,'Borsod-Abaúj-Zemplén megye'),(219,'MIVAS KFT.','3527 Miskolc, Vágóhíd u. 4-6.','borsod-abauj-zemplen',NULL,'Borsod-Abaúj-Zemplén megye'),(220,'Zempléni Épületgépész Kft.','3980 Sátoraljaújhely , Esze T. u. 78','borsod-abauj-zemplen',NULL,'Borsod-Abaúj-Zemplén megye'),(221,'IRISZ KATOFER KFT','5600 Békéscsaba, Szarvasi u. 49.','bekes',NULL,'Békés megye'),(222,'Sovány Mihály','5540 Szarvas , Deák F.u 2','bekes',NULL,'Békés megye'),(223,'Alderan Plusz Kft.','6600 Szentes, Vásárhelyi út 89','csongrad',NULL,'Csongrád megye'),(224,'Armatura Kft','6900 Makó, Megyeház u. 35/B.','csongrad',NULL,'Csongrád megye'),(225,'Makó-Floor Kft','6900 Makó, Maros út 13.','csongrad',NULL,'Csongrád megye'),(226,'Hollander 2000 Kft','8000 Székesfehérvár, Gyimesi út.2.','fejer',NULL,'Fejér megye'),(227,'KERAMIa-GRES SZÉKESFEHÉRVÁR  KFT.','8000 SZÉKESFEHÉRVÁR, SZÁRCSA U.42','fejer',NULL,'Fejér megye'),(228,'Lati-Therm Kft.','4150 Püspökladány, Damjanich u.','hajdu-bihar',NULL,'Hajdú-Bihar megye'),(229,'Czinczki Fürdõszoba Kft.','2890 Tata, Ady E út 41.','komarom-esztergom',NULL,'Komárom-Esztergom megye'),(230,'Túra-Truck Kft.Építõk Áruháza','2840 Oroszlány, Vasút út 2.','komarom-esztergom',NULL,'Komárom-Esztergom megye'),(231,'VÉRTESÉP KFT','2837 Vértesszõlõs, Valusek u. 126.','komarom-esztergom',NULL,'Komárom-Esztergom megye'),(232,'Alderan Plusz Kft.','2040 Budaörs, Szabadság út 60.','pest',NULL,'Pest megye'),(233,'Árvíz Bt.','1039 Budapest, Hadriánus u. 3. 9/85.','pest',NULL,'Pest megye'),(234,'Com Fort Bt.','1147 Budapest, Miskolci út 62.','pest',NULL,'Pest megye'),(235,'Csempe19 Kft','1192 Budapest Ady E. u. 158','pest',NULL,'Pest megye'),(236,'Épitõk áruháza','3000 Hatvan, Horváth Mihályút 73.','pest',NULL,'Pest megye'),(237,'Fürdex Kft.','3000 Hatvan, Szent Mihály u 12.','pest',NULL,'Pest megye'),(238,'Fürdõszobakereskedõ Kft','2132 Göd, Pesti út 157.','pest',NULL,'Pest megye'),(239,'Hamar Barkács Kft.','2760 Nagykáta, Jászberényi út 21','pest',NULL,'Pest megye'),(240,'KOMÁROMI CSEMPEBOLT','2330 Dunaharaszti, Dózsa Gy. u. 12.','pest',NULL,'Pest megye'),(241,'KO-MI Bt.','1201 Budapest, Török Flóris u 230.','pest',NULL,'Pest megye'),(242,'Marbó XXI.Bt.','1214 BUDAPEST, ZRINYI UTCA 23.','pest',NULL,'Pest megye'),(243,'Techno- Cenzor kft.','2740 Abony , Rózsás D?l? 11.','pest',NULL,'Pest megye'),(244,'Várhidi 2010 Kft.','1171 Budapest, Péceli út 155','pest',NULL,'Pest megye'),(245,'VARTE KFT','1047 Budapest, Megyeri ut 7/a','pest',NULL,'Pest megye'),(246,'Baustock Kft.','8600 Siófok, Bajcsy-Zs 203/A','somogy',NULL,'Somogy megye'),(247,'Kapos-Laguna Kft.','7400 Kaposvár, Baross Gábor u. 18','somogy',NULL,'Somogy megye'),(248,'Fudex Kft.','4700 Mátészalka, József A. út 71','szabolcs-szatmar-bereg',NULL,'Szabolcs-Szatmár megye'),(249,'Kelet-Titán Kft','Kisvárda , Csillag u.38','szabolcs-szatmar-bereg',NULL,'Szabolcs-Szatmár megye'),(250,'Szalka -Ép-Gép Kft','4700 Mátészalka, Ifjuság tér 12','szabolcs-szatmar-bereg',NULL,'Szabolcs-Szatmár megye'),(251,'Dawilex Kft.','7200 Dombovár, Teleki út. 37','tolna',NULL,'Tolna megye'),(252,'Csépcsõ Gáz Kft.','8253 Révfülöp, Füredi Út 4','veszprem',NULL,'Veszprém megye'),(253,'Nílus Fürdõszobacenter Kft','8100 Várpalota, Szabadság tér 5.','veszprem',NULL,'Veszprém megye'),(254,'WHT KFT.','8200 VESZPRÉM, HÁZGYÁRI  U.20','veszprem',NULL,'Veszprém megye'),(255,'Aqua Fürdõszoba','8360 Keszthely, Tapolcai u. 55.','zala',NULL,'Zala megye'),(256,'Szántó Ép ker.','8800 Nagykanizsa, Csengery u.113','zala',NULL,'Zala megye');

--
-- Table structure for table `product_additional_data`
--

CREATE TABLE `product_additional_data` (
  `id` bigint(20) unsigned NOT NULL AUTO_INCREMENT,
  `CIKKSZAM` varchar(255) DEFAULT NULL,
  `data1` mediumtext NOT NULL,
  PRIMARY KEY (`id`)
) ENGINE=MyISAM AUTO_INCREMENT=10 DEFAULT CHARSET=latin1;

--
-- Dumping data for table `product_additional_data`
--

INSERT INTO `product_additional_data` VALUES (1,'22.619.B','teszt'),(2,'22.030','Kizárólag a budapesti üzletünkben vásárolható meg.'),(3,'22.023','Kizárólag a budapesti üzletünkben vásárolható meg.'),(4,'22.9021','Kizárólag a budapesti üzletünkben és a webshopban vásárolható meg.'),(5,'22.6010','Kizárólag a budapesti üzletünkben és a webshopban vásárolható meg.'),(7,'46.1.1/1','A feltüntetett akciós ár kizárólag akkor érvényes, amennyiben a mosdó csaptelep mellé egy zuhany vagy kád csaptelepet is vásárol.'),(8,'46.4.1/1','A feltüntetett akciós ár kizárólag akkor érvényes, amennyiben a zuhany csaptelep mellé egy mosdó csaptelepet is vásárol.'),(9,'46.5.1/1','A feltüntetett akciós ár kizárólag akkor érvényes, amennyiben a kád csaptelep mellé egy mosdó csaptelepet is vásárol.');

--
-- Table structure for table `programs`
--

CREATE TABLE `programs` (
  `id` bigint(20) unsigned NOT NULL AUTO_INCREMENT,
  `title` varchar(255) DEFAULT NULL,
  `lead` mediumtext,
  `content` text,
  `create_date` varchar(10) DEFAULT NULL,
  `lang` char(3) DEFAULT 'hun',
  PRIMARY KEY (`id`)
) ENGINE=MyISAM AUTO_INCREMENT=23 DEFAULT CHARSET=latin1;

--
-- Dumping data for table `programs`
--


--
-- Table structure for table `refs`
--

CREATE TABLE `refs` (
  `id` bigint(20) unsigned NOT NULL AUTO_INCREMENT,
  `year` varchar(255) DEFAULT NULL,
  `title` varchar(255) DEFAULT NULL,
  `content` text,
  `create_date` varchar(10) DEFAULT NULL,
  `lang` char(3) DEFAULT 'hun',
  `mainpic` varchar(255) DEFAULT NULL,
  PRIMARY KEY (`id`)
) ENGINE=MyISAM AUTO_INCREMENT=31 DEFAULT CHARSET=latin1;

--
-- Dumping data for table `refs`
--


--
-- Table structure for table `sajto`
--

CREATE TABLE `sajto` (
  `id` bigint(20) unsigned NOT NULL AUTO_INCREMENT,
  `title` varchar(255) DEFAULT NULL,
  `lead` mediumtext,
  `content` text,
  `create_date` timestamp NOT NULL DEFAULT CURRENT_TIMESTAMP ON UPDATE CURRENT_TIMESTAMP,
  `lang` char(3) DEFAULT 'hun',
  `newstype` varchar(10) DEFAULT NULL,
  `sajto` varchar(255) DEFAULT NULL,
  PRIMARY KEY (`id`)
) ENGINE=MyISAM AUTO_INCREMENT=2 DEFAULT CHARSET=latin1;

--
-- Dumping data for table `sajto`
--

INSERT INTO `sajto` VALUES (1,'teszt cikk','','&nbsp;','2010-04-19 10:39:07','','','Magyar Nemzet');

--
-- Table structure for table `scms_form_partnereinknek`
--

CREATE TABLE `scms_form_partnereinknek` (
  `field_name` varchar(20) DEFAULT NULL,
  `field_desc` varchar(200) DEFAULT NULL,
  `field_type` varchar(10) DEFAULT 'text',
  `field_order` int(11) DEFAULT '100',
  `is_required` tinyint(4) DEFAULT '0',
  `options` mediumtext
) ENGINE=MyISAM DEFAULT CHARSET=latin1;

--
-- Dumping data for table `scms_form_partnereinknek`
--



--
-- Table structure for table `scms_form_partnereinknek_config`
--

CREATE TABLE `scms_form_partnereinknek_config` (
  `field_name` varchar(20) DEFAULT NULL,
  `field_value` varchar(255) DEFAULT NULL
) ENGINE=MyISAM DEFAULT CHARSET=latin1;

--
-- Dumping data for table `scms_form_partnereinknek_config`
--

INSERT INTO `scms_form_partnereinknek_config` VALUES ('thx_message','Köszönjük az ûrlap kitöltését! Engedélyezésrõl a megadott emailcímre értesítõt kap!'),('form_name','Még nincs hozzáférése? Igényeljen!'),('submit_text','Ûrlap elküldése'),('error','A *-al jelölt mezõk kitöltése kötelezõ!'),('backbtn','Vissza a fõoldalra'),('mail_headtext','Az alábbi kitöltött ûrlap érkezett :'),('contact_mail','zsolt.fajta@sanimix.hu'),('contact_mail_subject','Kitöltött ûrlap érkezett'),('sender_mail','noreply@sanimix.hu');

--
-- Table structure for table `scms_form_partnereinknek_data`
--

CREATE TABLE `scms_form_partnereinknek_data` (
  `id` bigint(11) NOT NULL AUTO_INCREMENT,
  `session` varchar(64) DEFAULT NULL,
  `create_date` timestamp NOT NULL DEFAULT CURRENT_TIMESTAMP,
  `field_name` varchar(20) DEFAULT NULL,
  `field_value` mediumtext,
  `is_active` tinyint(4) DEFAULT '0',
  PRIMARY KEY (`id`)
) ENGINE=MyISAM AUTO_INCREMENT=79 DEFAULT CHARSET=latin1;

--
-- Dumping data for table `scms_form_partnereinknek_data`
--

INSERT INTO `scms_form_partnereinknek_data` VALUES (1,'7be8c615d8f13713d6c7e021dbbb12ca','2010-11-03 14:02:35','scms_form_company','Eagent Kft',1),(2,'7be8c615d8f13713d6c7e021dbbb12ca','2010-11-03 14:02:35','scms_form_address','1037 Budapest, Csillaghegyi út 19-21',1),(3,'7be8c615d8f13713d6c7e021dbbb12ca','2010-11-03 14:02:35','scms_form_contact','Érdfalvi Tamás',1),(4,'7be8c615d8f13713d6c7e021dbbb12ca','2010-11-03 14:02:35','scms_form_phone','123-4567',1),(5,'7be8c615d8f13713d6c7e021dbbb12ca','2010-11-03 14:02:35','scms_form_email','devnull@eagent.hu',1),(6,'7be8c615d8f13713d6c7e021dbbb12ca','2010-11-03 14:02:35','scms_form_password','asdasd',1),(7,'38739f27b3038254190ac83670b8fd9b','2010-11-18 10:35:49','scms_form_company','pzt',1),(8,'38739f27b3038254190ac83670b8fd9b','2010-11-18 10:35:49','scms_form_address','ssd',1),(9,'38739f27b3038254190ac83670b8fd9b','2010-11-18 10:35:49','scms_form_contact','sfr',1),(10,'38739f27b3038254190ac83670b8fd9b','2010-11-18 10:35:49','scms_form_phone','djz',1),(11,'38739f27b3038254190ac83670b8fd9b','2010-11-18 10:35:49','scms_form_email','zsolt.fajta@freemail.hu',1),(12,'38739f27b3038254190ac83670b8fd9b','2010-11-18 10:35:49','scms_form_password','zsoltika',1),(13,'ed319caaf386549f7f58e0822955a5f4','2010-11-18 11:06:40','scms_form_company','maci bt.',1),(14,'ed319caaf386549f7f58e0822955a5f4','2010-11-18 11:06:40','scms_form_address','krt',1),(15,'ed319caaf386549f7f58e0822955a5f4','2010-11-18 11:06:40','scms_form_contact','madaras szilvia',1),(16,'ed319caaf386549f7f58e0822955a5f4','2010-11-18 11:06:40','scms_form_phone','sdf',1),(17,'ed319caaf386549f7f58e0822955a5f4','2010-11-18 11:06:40','scms_form_email','szilvia.madaras@sanimix.hu',1),(18,'ed319caaf386549f7f58e0822955a5f4','2010-11-18 11:06:40','scms_form_password','maci',1),(19,'0590b15a9681198ca3ad8f0e9436bd0d','2010-12-10 09:30:12','scms_form_company','Navalla Kft.',1),(20,'0590b15a9681198ca3ad8f0e9436bd0d','2010-12-10 09:30:12','scms_form_address','1138, Budapest, Tomori köz 14-16.',1),(21,'0590b15a9681198ca3ad8f0e9436bd0d','2010-12-10 09:30:12','scms_form_contact','Pretz Nikolett',1),(22,'0590b15a9681198ca3ad8f0e9436bd0d','2010-12-10 09:30:12','scms_form_phone','+36706124991',1),(23,'0590b15a9681198ca3ad8f0e9436bd0d','2010-12-10 09:30:12','scms_form_email','pretz.nikolett@navalla.hu',1),(24,'0590b15a9681198ca3ad8f0e9436bd0d','2010-12-10 09:30:12','scms_form_password','navalla123',1),(25,'6f4d8bdf43ab7659626565b16ef1c455','2010-12-14 09:06:04','scms_form_company','Jó-Csillag Kft',1),(26,'6f4d8bdf43ab7659626565b16ef1c455','2010-12-14 09:06:04','scms_form_address','3600,Ózd József Attila Út 25/A',1),(27,'6f4d8bdf43ab7659626565b16ef1c455','2010-12-14 09:06:04','scms_form_contact','Bettes Attila',1),(28,'6f4d8bdf43ab7659626565b16ef1c455','2010-12-14 09:06:04','scms_form_phone','30-960-21-85',1),(29,'6f4d8bdf43ab7659626565b16ef1c455','2010-12-14 09:06:04','scms_form_email','bettes@vipmail.hu',1),(30,'6f4d8bdf43ab7659626565b16ef1c455','2010-12-14 09:06:04','scms_form_password','jócsillag',1),(31,'deca14714ea74b85ff631ff33aedc2d9','2011-01-06 12:27:22','scms_form_company','Jó-Csillag Kft',1),(32,'deca14714ea74b85ff631ff33aedc2d9','2011-01-06 12:27:22','scms_form_address','3600,Ózd József Attila Út 25/A',1),(33,'deca14714ea74b85ff631ff33aedc2d9','2011-01-06 12:27:22','scms_form_contact','Bettes Attila',1),(34,'deca14714ea74b85ff631ff33aedc2d9','2011-01-06 12:27:22','scms_form_phone','06-30-960-21-85',1),(35,'deca14714ea74b85ff631ff33aedc2d9','2011-01-06 12:27:22','scms_form_email','bettes@vipmail.hu',1),(36,'deca14714ea74b85ff631ff33aedc2d9','2011-01-06 12:27:22','scms_form_password','atika',1),(37,'a2145f4bb0b259b0f2f57059b8eaf302','2011-01-11 13:32:37','scms_form_company','TAOS 98 Kereskedelmi és Szolgáltató Kft',1),(38,'a2145f4bb0b259b0f2f57059b8eaf302','2011-01-11 13:32:37','scms_form_address','3200 Gyöngyös, Török Ignác út 11.',1),(39,'a2145f4bb0b259b0f2f57059b8eaf302','2011-01-11 13:32:37','scms_form_contact','Szajkó Roland',1),(40,'a2145f4bb0b259b0f2f57059b8eaf302','2011-01-11 13:32:37','scms_form_phone','06-37/313-609',1),(41,'a2145f4bb0b259b0f2f57059b8eaf302','2011-01-11 13:32:37','scms_form_email','furdoszobagyongyos@gmail.com',1),(42,'a2145f4bb0b259b0f2f57059b8eaf302','2011-01-11 13:32:37','scms_form_password','zsizso',1),(43,'edde0917f8763747e551f86de2591491','2011-01-17 12:59:48','scms_form_company','IPA4ROS ÉS BARKÁCS CENTER KFT.',1),(44,'edde0917f8763747e551f86de2591491','2011-01-17 12:59:48','scms_form_address','203.ÉRD DIÓSDI ÚT 12',1),(45,'edde0917f8763747e551f86de2591491','2011-01-17 12:59:48','scms_form_contact','NAGYNÉ KOMPANOVITS EDINA',1),(46,'edde0917f8763747e551f86de2591491','2011-01-17 12:59:48','scms_form_phone','06 20 9 145-607',1),(47,'edde0917f8763747e551f86de2591491','2011-01-17 12:59:48','scms_form_email','info@szerszamkell.hu',1),(48,'edde0917f8763747e551f86de2591491','2011-01-17 12:59:48','scms_form_password','iparos',1),(49,'1f97df5ed87852b66c611916c5d06d6a','2011-01-26 11:12:43','scms_form_company','Webépker Kft.',1),(50,'1f97df5ed87852b66c611916c5d06d6a','2011-01-26 11:12:43','scms_form_address','7200 Dombóvár, Gyenis A. u. 35.',1),(51,'1f97df5ed87852b66c611916c5d06d6a','2011-01-26 11:12:43','scms_form_contact','Schmidt Andrea',1),(52,'1f97df5ed87852b66c611916c5d06d6a','2011-01-26 11:12:43','scms_form_phone','70/3820672',1),(53,'1f97df5ed87852b66c611916c5d06d6a','2011-01-26 11:12:43','scms_form_email','andrea.schmidt@webepker.hu',1),(54,'1f97df5ed87852b66c611916c5d06d6a','2011-01-26 11:12:43','scms_form_password','webepker',1),(55,'a0709e9e558efdd84ae5eda4e895bc13','2011-02-01 10:22:51','scms_form_company','ablakcsere kft',1),(56,'a0709e9e558efdd84ae5eda4e895bc13','2011-02-01 10:22:51','scms_form_address','1147 Gervay 90',1),(57,'a0709e9e558efdd84ae5eda4e895bc13','2011-02-01 10:22:51','scms_form_contact','Fábián Zsolt',1),(58,'a0709e9e558efdd84ae5eda4e895bc13','2011-02-01 10:22:51','scms_form_phone','06309346473',1),(59,'a0709e9e558efdd84ae5eda4e895bc13','2011-02-01 10:22:51','scms_form_email','ablakcserekft@gmail.com',1),(60,'a0709e9e558efdd84ae5eda4e895bc13','2011-02-01 10:22:51','scms_form_password','fabiananita',1),(61,'495a75732e640d498c54bbb1a3378fd1','2011-02-26 10:31:51','scms_form_company','Vállalkozás',0),(62,'495a75732e640d498c54bbb1a3378fd1','2011-02-26 10:31:51','scms_form_address','Debrecen Kerekes Ferenc u. 60',0),(63,'495a75732e640d498c54bbb1a3378fd1','2011-02-26 10:31:51','scms_form_contact','Nagy János',0),(64,'495a75732e640d498c54bbb1a3378fd1','2011-02-26 10:31:51','scms_form_phone','06209333484',0),(65,'495a75732e640d498c54bbb1a3378fd1','2011-02-26 10:31:51','scms_form_email','nagy.janos72@upcmail.hu',0),(66,'495a75732e640d498c54bbb1a3378fd1','2011-02-26 10:31:51','scms_form_password','Hazafele59',0),(67,'91b354cd2eba819726fe0831e60e3e86','2011-07-11 15:17:19','scms_form_company','cabafii-trade kft',0),(68,'91b354cd2eba819726fe0831e60e3e86','2011-07-11 15:17:19','scms_form_address','6723 Szeged szamos u. 10/b III/19',0),(69,'91b354cd2eba819726fe0831e60e3e86','2011-07-11 15:17:19','scms_form_contact','Molnár Gyula',0),(70,'91b354cd2eba819726fe0831e60e3e86','2011-07-11 15:17:19','scms_form_phone','70/ 5008027',0),(71,'91b354cd2eba819726fe0831e60e3e86','2011-07-11 15:17:19','scms_form_email','cabafitrade@gmail.com',0),(72,'91b354cd2eba819726fe0831e60e3e86','2011-07-11 15:17:19','scms_form_password','torontalxyz',0),(73,'5ad89fedff2626aa165cb7afe7a19365','2011-07-18 13:10:24','scms_form_company','Mivas-Észak Kft',0),(74,'5ad89fedff2626aa165cb7afe7a19365','2011-07-18 13:10:24','scms_form_address','3527 Miskolc, Zsolcai kapu 12.',0),(75,'5ad89fedff2626aa165cb7afe7a19365','2011-07-18 13:10:24','scms_form_contact','Pogonyi Attila',0),(76,'5ad89fedff2626aa165cb7afe7a19365','2011-07-18 13:10:24','scms_form_phone','06 20 924 5840',0),(77,'5ad89fedff2626aa165cb7afe7a19365','2011-07-18 13:10:24','scms_form_email','pogonyi.attila@mivas.hu',0),(78,'5ad89fedff2626aa165cb7afe7a19365','2011-07-18 13:10:24','scms_form_password','mivas',0);

--
-- Table structure for table `service`
--

CREATE TABLE `service` (
  `id` bigint(11) NOT NULL AUTO_INCREMENT,
  `BEJDAT` date DEFAULT NULL,
  `BEJNEV` varchar(35) DEFAULT NULL,
  `BEJTELEFON` varchar(50) DEFAULT NULL,
  `BEJEMAIL` varchar(50) DEFAULT NULL,
  `BEJIRSZAM` varchar(4) DEFAULT NULL,
  `BEJHELYSEG` varchar(40) DEFAULT NULL,
  `BEJCIM` varchar(40) DEFAULT NULL,
  `VASARHELY` varchar(80) DEFAULT NULL,
  `CEGKOD` varchar(10) DEFAULT NULL,
  `VASARDAT` date DEFAULT NULL,
  `SZLASZAME` varchar(15) DEFAULT NULL,
  `BEUZIRSZAM` varchar(4) DEFAULT NULL,
  `BEUZHELYSEG` varchar(40) DEFAULT NULL,
  `BEUZCIM` varchar(40) DEFAULT NULL,
  `BEUZDAT` date DEFAULT NULL,
  `BEUZSANI` char(1) DEFAULT 'N',
  `SZLAVAN` char(1) DEFAULT 'N',
  `JOTJEGYVAN` char(1) DEFAULT 'N',
  `BEUZSZLAVAN` char(1) DEFAULT 'N',
  `MUNKAIGENY` varchar(5) DEFAULT NULL,
  `MEGJEGYZES` mediumtext,
  PRIMARY KEY (`id`)
) ENGINE=MyISAM AUTO_INCREMENT=77 DEFAULT CHARSET=latin1;

--
-- Dumping data for table `service`
--

INSERT INTO `service` VALUES (1,'2010-08-23','Érdfalvi Tamás','123-4567','devnull@eagent.hu','1234','Budapest','Zsák u.1','Budapest','Praktiker','2010-08-10','mit tudom én','1234','Budapest','Zsák u. 1','2010-08-22','I','I','N','N','GAR','Nincs megjegyzésde az legalább több sorban'),(2,'2010-08-30','Madaras Szilvia','06305854441','szilvia.madaras@sanimix.hu','1225','Budapest','Angeli út 68.','itt','Bricostore','2010-07-09','2010/2235','1225','Budapest','Angeli út.68','2010-08-10','N','I','I','I','GAR','NINCS'),(3,'2010-09-08','Madaras Szilvia','06305854441','szilvia.madaras@sanimix.hu','1225','Budapest','Angeli út 68.','Bricostore','Soroksár','2010-09-01','16416','1225','Budapest','Angeli út.68','2010-04-06','N','I','I','I','GAR','nem tudok mit hozzáfûzni'),(4,'2010-09-09','1','123-4567','3','1234','5','6','7','8','2010-08-10','1§','10','11','12','2010-09-20','N','I','N','N','JAV','no comment'),(5,'2010-09-10','Madaras Szilvia','06305854441','szilvia.madaras@sanimix.hu','1225','Budapest','Angeli út 68.','Bricostore','Soroksár','2010-09-01','kdsjkj','1225','Budapest','Angeli út.68','2010-09-03','I','I','I','I','GAR','mûködjön már!'),(6,'2010-09-13','Érdfalvi Tamás','teszt','tamas.erdfalvi@gmail.com','tesz','teszt','teszt','teszt','teszt','2010-09-21','teszt','tesz','teszt','teszt','2010-09-14','I','N','N','I','BEU','Nincs megjegyzésem. Levél érkezzen meg, ennyit akarok megnézni.'),(7,'2010-09-14','Sanimix Pista','ksjdoasjoas','szilvia.madaras@sanimix.hu','kasA','Budapest','KSADJALSDJ','SXXKSAH','Praktiker','2010-09-01','nxkhxskjc','hak','msan','ksal','2010-09-06','I','I','I','I','GAR','wnwadknwadknasfknafkalfanklsdnbadkmAKNLDNAKDNAKDLBNAKSDNAKDANBKSANKLSAN'),(8,'2010-09-14','lsjwqljd','kjasdajd','szilvia.madaras@sanimix.hu','hsdi','sjdjfcsodj','hisahihc','hidishfdias','jasdjad','2010-08-11','WJDWOQJ','Hdiq','qja','skdpwoa','2010-08-16','I','I','I','I','GAR','uweaodujqworeikqwpdkaeélfjaslklfjwewlfhkjwljwljwjldkwl'),(9,'2010-09-14','lsjwqljd','kjasdajd','szilvia.madaras@sanimix.hu','hsdi','sjdjfcsodj','hisahihc','hidishfdias','jasdjad','2010-08-11','WJDWOQJ','Hdiq','qja','skdpwoa','2010-08-16','I','I','I','I','GAR','uweaodujqworeikqwpdkaeélfjaslklfjwewlfhkjwljwljwjldkwl'),(10,'2010-09-15','Én','111111111','szilvia.madaras@sanimix.hu','1111','Budapest','nsknsn','ksjdaodjo','ashaishdai','2010-08-10','ksakdjiasdhj','ladl','sadmkladalk','oajdjojdojw','2010-09-06','N','N','N','N','JAV','apdsakfpjsosjofjofjefopwuffopwfjféjsa'),(11,'2010-09-16','Bojinka Miklós','1234567','szilvia.madaras@sanimix.hu','1234','Budapest','Angeli út 68.','Praktiker','Soroksári','2010-04-05','12345','Boji','Budapest','Angeli út.68','2010-07-13','N','I','I','N','ALK','snkdnaldnadaklaédj'),(12,'2010-09-23','Papp Zsolt','96-204-825','pappzsolt.movar@freemail.hu','9200','Mosonmagyaróvár','Rákóczi Ferenc u. 29.','Gyõr','Praktiker','2009-06-16','nincs adat','9200','Mosonmagyaróvár','Rákóczi Ferenc u. 29.','2009-08-25','N','N','N','N','ALK','A mellékelt képeken látható zuhanykabin alkatrészt szeretném utánvéttel rendelni.'),(13,'2010-10-04','Antal Sándor','06704198637','alexis69@freemail.hu','7900','Szigetvár','Bika A. u. 25.','Pécs','Praktiker','2010-10-01','013245766660008','7900','Szigetvár','Bika András u. 25.','2010-10-01','N','N','N','N','ALK','A terméket leárazva kiárusításon vettem!!!Szeretnék hozzá venni egy másik zuhanynyitó szelepet, mert a benne lévõ nem mûködik.'),(14,'2010-10-04','Bukovenszky Lászlóné','06202647703','hoholaca@freemail.hu','1039','Budapest','Lukács György u. 2. IX/81.','Budakalász','Brico Stor','2010-10-02','0047/012/100904','1039','Budapest','LukacsGyörgyu,2.9.81','2010-10-04','I','I','I','I','BEU',''),(15,'2010-10-08','Sebestyén Gyula','06705199524','sebigyula@freemail.hu','6237','Kecel','Balassa 11','Kecskemet','szaniter b','2007-10-25','00000','6237','Kecel','Balassa 11','2007-10-26','N','I','N','N','ALK','Érdeklödnék hogy a képen szereplõ mosogatocsaphoz a kihuzhato gégecsõt kulön lehet e veni és mennyibe kerül '),(16,'2010-10-09','egri tibor',' 20 9434463','tibor.egri@gmail.com','1053','budapest','Kossuth L. u. 3','budapest','baumax','2004-10-21','lewhjlhgh','1053','budapest','Kossuth L. u 3','2004-10-21','N','N','N','N','ALK','GAEL álló mosogató csaptelep kihúzható zuhanyfejjel króm Cikkszám : 03.8.1/1 Ehhez a csaptelephez szeretnék csak zuhanyfejet vásárolni.Köszonettel,Egri Tibor'),(17,'2010-10-10','Gurcsó András','06302812395','agurcso@citromail.hu','8100','Várpalota','Waldstein J. 19. fsz.4.','Navalla Kft.','internetes','2010-01-27','005247','8100','Várpalota','Waldstein 19.','2010-01-30','N','N','N','N','GAR','Kérem, mielöbbi tájékoztatást a hiba javításának körülményeirõl!!Üdvözlettel: Gurcsó András'),(18,'2010-10-13','Makó László','20/9687100','mako.laszlo@t-online.hu','6726','Szeged','Bal Fasor 20','Szeged','n','2008-10-08','n','6726','Szeged','Bal fasor 20','2008-10-15','N','I','I','I','ALK','A mellékelt képen látható vezérlõ egység meghibásodott szeretnék egy újjat venni.Amennyiben Szegeden járnak szeretném ha Önök cserélnék ki, amennyiben ez nem lehetséges úgy én is megpróbálhatom.A készüléket Önök üzemelték be.Köszönettel Makó László'),(19,'2010-10-27','Tenkes Csaba','+36309816178','cs.tenkes@gmail.com','1041','Budapest','Deák F. u. 81.','Budapest','Praktiker','2005-11-02','010000400313200','1041','Budapest','Deák F. u.81.','2005-12-03','N','I','I','N','GAR','Sürgõs garanciális javítás szükséges a mai v. holnapi nap folyamán. '),(20,'2010-10-29','Bata Zoltán','06308949141','bata.zoltan@citromail.hu','2071','Páty','Ady Endre u. 10.','Budapest (Miskolci út)','Praktiker','2010-04-02','768000128/0010/','2071','Páty','Ady Endre U. 10.','2010-05-26','I','I','I','I','GAR','A hidromasszás kádam mellett folyik a víz. Mindez a 220 V-os csatlakozásra közvetlenül. Jelenleg életveszély és lehetetlen a használata. Valószínû, hogy a szivattyúhoz tartozó csõ tömítése engedett el. Kérem a mihamarabbi kapcsolatfelvételt és kiszállást. Köszönettel, Bata Zoltán'),(21,'2010-11-01','Matejovics János','06307711204','matejovics@t-online.hu','1213','Budapest','Szellös u 18','Budapest','Baumax 121','2010-08-10','0485/00243','1213','Budapest','Szellös u 18','2010-08-13','N','N','N','N','GAR','A kád csaptelep folyamatosan csöpög!!!!!!!!'),(22,'2010-11-07','Hepp Gyula Gábor','06304075395','hepp@tenkes.net','7815','Harkány','Kõrösi Cs. S. u. 59.','Pécs','p.BAU-TEAM','2009-11-21','09-01/04107','7815','Harkány','Kõrösi Cs. S. u. 59.','2010-12-20','N','N','N','N','GAR','A zuhanykabinunk elektronikával nem rendelkezik. A felsõ zuhanyrózsa hibás, mivel a víz felül spriccel, és nem lefelé folyik. Sajnos a számlát és a garancia levelet nem tudom beszkenelni, azt csak faxon, vagy levélben tudom az Önök részére megküldeni.'),(27,'2010-11-30','Kardosné Hajas Éva','06303423673','ceffa72@vipmail.hu','8710','Balatonszentgyörgy','Kossuth Lajos u. 2.','Keszthely','OBI','2010-11-13','0646/00095','8710','Balatonszentgyörgy','Kossuth u. 2.','2010-11-15','N','I','I','N','GAR',''),(28,'2010-12-06','Tábori Sándor','70-3337700','tabori@ominet.hu','3580','Tiszaújváros','Lévay út 34','Miskolc','Metro Áruh','2008-12-24','N/A','3580','Tiszaújváros','Lévay út 34','2008-12-26','N','N','N','N','ALK','Komplett görgõkészletet vennék csomagküldéssel.'),(25,'2010-11-29','Máté Tamás','+36 20 397 12 40','mate.tamas4@upcmail.hu','1016','Budapest','Piroska utca 4.','Budapest','OBI - Savo','2010-11-28','706000050/1767/','1016','Budapest','Piroska utca 4.','2010-12-03','I','I','I','N','BEU',''),(26,'2010-11-30','Kiss Erika','70/2716633','kisserika@vipmail.hu','1195','Budapest','Battyány u.6. 6/18','Budapest','Praktiker','2010-07-22','768000132/0087/','1195','Budapest','Batthyány u.6. 6/18','2010-08-02','I','I','I','I','GAR','A mennyezeti zuhanyrész nem használható,mivel, mintha kiszakadt volna, mindenhol folyik a víz, csak a rózsából nem.'),(29,'2010-12-08','Vargáné Vancsek Veronika','+36204897163','vancsek@gmail.com','4320','Nagykálló','Tompa M. u. 11/A','Nyíregyháza','bauMax Nyí','2009-10-27','426507831','4320','Nagykálló','Tompa M. u. 11/a','2009-11-26','N','I','N','N','JAV','Nem garanciális javítás'),(30,'2010-12-15','Toth Csaba','+36704576179','csabatoth65@gmail.com','1192','Budapest','Petur utca 11/1','Navalla Kft','Csapshop.h','2010-12-03','2010/6285','1192','Budapest','Petur utca 11/1','2010-12-15','I','I','I','N','BEU',''),(31,'2011-01-05','Abonyi-Tóth Zsolt','30/3281908','abonyi.zsolt@aotk.szie.hu','2330','Dunaharaszti','Golgota u. 17.','Sanimix webshop','Sanimix we','2010-08-06','nincs most nála','2330','Dunaharaszti','Golgota u. 17.','2010-10-21','I','I','I','I','GAR',''),(32,'2011-01-08','Fényes Gyula','06203295513','fenyes.g@freemail.hu','3980','Sátoraljaújhely','Aradi vt. 33.','Sárospatak','Bana tüzép','2008-05-06','nincs meg','3980','Sátoraljaújhely','Aradi vt. 33.','2011-07-14','I','N','N','I','GAR','Tökéletesen mûködik a kabin, kérdésem: használható e ebben az állapotban?Én hozzá nem értõ azt látom, hogy a víz be tud folyni a panelbe, mivel a nyomogomb burkolata beszakadt.Így talán a benne lévõ áram miatt veszélyes is lehet.A panel belseje is vízhatlan és a burkolat csak esztétikai okokból van rajta vagy a víz távoltartására is szolgál?Válaszukat telefonon vagy a megadott e-mail címre várom.'),(33,'2011-01-13','Gyenes Krisztina','+36703570017','mosolykiralyno@vipmail.hu','2600','Vác','Gombási út 28.','2132 Göd,Pesti út 157.','Fürdõszoba','2010-04-26','FS10/00029','2600','Vác','Donga utca 4.','2010-10-13','N','N','N','N','JAV','Segítségüket szeretném kérni,réges rég vettem egy zuhanykabint,sajnos nem a Sanimix-szel szereltettem be,ez egy jó tanuló lecke is volt,tudom hogy a Garanciát nem vehetem igénybe,nem is szeretném,de a segítségüket kérem!Az elmúlt hónapokban azért nem tudok haladni a lakásommal,mert ezzel a kabinnal,mindíg van valami probléma,ha 5x nem voltak kint egyx sem!Remélem nincs akadája,hogy kijöjjenek helyre tenni ezt a kabint!Köszönettel:Gyenes Krisztina'),(34,'2011-01-31','Márkus Károly','70/3943582','torju@freemail.hu','2463','Tordas','Arany János u.22.','Sanimix kft.','web','2011-01-26','2011/00351','2463','Tordas','Arany János u. 22.','2011-02-07','I','I','I','I','BEU','Beüzemelési számla nincs.'),(35,'2011-02-01','Haszeg Istvánné','06/20/564-6003','haszeg.kitti@freemail.hu','7056','Szedres','Ady Endre utca 1/b','Szekszárd','BricoStore','2009-10-17','0053/003/442','7056','Szedres','Ady Endre utca 1/b','2009-11-03','I','I','I','I','ALK','alkatrész rendelés, 2 db'),(36,'2011-02-05','Ifj Tereánszki imre','06203265888','reetro@vipmail.hu','8000','Székesfehérvár','Budai út 159','Székesfehérvár','Baumax','2010-03-22','703000050','8000','Fürdõszoba','Székesfehérvár Budai ut','2010-03-22','N','I','I','N','JAV','Telefonon felvettem önökkel a kapcsolatot, kérték a garanciális levél másolatát, és a blokkot, ez úton küldöm önöknek.Hiba: A csap szivárog az anyag összeillesztésnél, állítólag kerámiabetétet kell cserélni, telefonon errõl értesítettek amit kiküldenek postán...'),(37,'2011-02-08','Abonyi-Tóth Zsolt','30 328 1908','atzs@pr.hu','2330','Dunaharaszti','Golgota u. 17.','Sanimix','Webshop','2010-08-23','2010/04507','2330','Dunaharaszti','Golgota u. 17.','2010-10-21','I','I','I','I','GAR',''),(38,'2011-02-09','Nemesdaróczi Istvánné','70/333-2061','n.andrea@tomgeorge.hu','1124','Budapest','Stromfeld Aurél út 38.','Budaörs','BAUMAX','2010-02-01','T422523830','1124','Budapest','Stromfeld Aurél út 38.','2011-02-10','N','I','N','N','JAV','Kérem, hogy február 22.-n egész nap vagy 23.-án délelõtt küldjenek szerelõt.Nagyon köszönöm várom visszaigazolásukat.'),(39,'2011-02-12','Tilaji Gábor','+36205835977','tilajigabor@vipmail.hu','3704','Berente','Toldi Miklós út 9.','Miskolc','Praktiker','2009-08-15','420000030/0899/','3704','Berente','Toldi Miklós út 9.','2009-08-26','N','I','I','N','GAR',''),(40,'2011-02-14','Kégl András','+36203275588','andras.kegl@bmc.hu','1145','Budapest','Torontál u. 54/A','Budapest, Navalla webplaza','www.csapsh','2011-02-12','F000376','1145','Budapest','Torontál u. 54/A','2011-02-13','N','I','I','N','GAR','A csapshop.hu-n megrendelt Alibaba fali mosogató csapot 12-én, szombaton vettem át. Másnap, fölszerelés után észleltem, hogy a csap testébõl mindkét oldalon csöpög a víz (tehát nem a fali csatlakozásnál és nem a kifolyócsõnél) - fotót mellékeltem.'),(41,'2011-02-23','Duhi Jánosné','+36304781091','janos.duhi@gmail.com','3534','Miskolc','Miskolc Árpád ut 32 1/3','Miskolc','Bricostore','2011-02-22','901/1698','3534','miskolc','Miskolc Árpád ut 32 1/3','2011-03-09','I','I','N','N','BEU',''),(42,'2011-02-28','Major István','06-30-4403317','majoristvan@invitel.hu','2432','Szabadegyháza','István u. 62.','Futár','Budapest ,','2011-02-25','2011/00864','2432','Szabadegyháza','István u.62.','2011-02-25','N','I','N','N','GAR','Gondolom tömítés hiba,kérnék új tömítést.'),(43,'2011-03-03','Waller István','06306927696','wallerocsi@citromail.hu','8095','Pákozd','Dózsa György u. 57.','Budapest','Metro','2008-01-31','11/09/031362','8095','Pákozd','Dózsa György u.57.','2008-02-15','N','N','N','N','ALK','Szeretnék görgõket rendelni a zuhanykabinomhoz.Köszönettel . : Waller István.'),(44,'2011-03-17','Grásel Róbert','+36302779743','grasel.robert@gmail.com','2800','Tatabánya','Kond vezér út 1 II/8.','Székesfehérvár Balatoni u','Praktiker','2011-02-18','0336/00076','2800','Tatabánya','Kikelet u 10','2011-03-16','N','I','I','N','GAR','A csapot február 18-n vásároltam, de a beszerelésre csak tegnapi napon került sor. Kérem tájákoztassanak az ügyintézés menetérõl.'),(45,'2011-03-18','FÉNY BT.','06-30-22-10-200','fenybt@gmail.com','1024','BUDAPEST','RETEK UTCA 21-27/A. VI. em. 24.','BUDAPEST','METRO','2009-08-31','11/36/243087','1024','BUDAPEST','RETEK UTCA 21-27/A.VI.em.24.','2009-11-18','N','N','N','N','JAV',''),(46,'2011-03-30','Kurczné Pénzes Zsuzsanna','06-30/625-3560','elektronikus@citromail.hu','2310','Szigetszentmiklós','Bíró Lajos utca 84.',' Vecsés','PRAKTIKER','2011-02-25','helyszínem tudo','2310','Szigetszentmiklós','Bíró Lajos utca 84.','2011-04-04','I','I','I','N','BEU','T Szerviz!Kérném visszaigazolásukat a beüzemelésre, amely lehetõleg hétfõi vagy pénteki napra szeretném ha esne a jövõhéten. Az Önök által megküldött kiállási rajz szerint a fürdõszoba elkészült.A kabin típusa: 22.6010.G New York hidromasszázs gõzkabin 100x100x210Köszönettel:Kurczné P. ZsuzsannaKurczné Pénzes Zsuzsanna'),(47,'2011-04-08','huszar andrea','0630 9586767','andreahuszar@hotmail.com','3534','miskolc','dorottya ut 4','miskolc','obi hungar','2011-04-04','13136062-2-44','3534','miskolc','dorottya ut 4','2011-04-06','N','I','N','N','GAR',''),(48,'2011-04-08','huszar andrea','0630 9586767','andreahuszar@hotmail.com','3534','miskolc','dorottya ut 4','miskolc','obi hungar','2011-04-04','13136062-2-44','3534','miskolc','dorottya ut 4','2011-04-06','N','I','N','N','GAR',''),(49,'2011-04-08','huszar andrea','0630 9586767','andreahuszar@hotmail.com','3534','miskolc','dorottya ut 4','miskolc','obi hungar','2011-04-04','13136062-2-44','3534','miskolc','dorottya ut 4','2011-04-06','N','I','N','N','GAR',''),(50,'2011-04-08','huszar andrea','0630 9586767','andreahuszar@hotmail.com','3534','miskolc','dorottya ut 4','miskolc','obi hungar','2011-04-04','13136062-2-44','3534','miskolc','dorottya ut 4','2011-04-06','N','I','N','N','GAR',''),(51,'2011-04-18','Frank Tamás','06 30 6768441','tfrank2@freemail.hu','2225','Üllõ','Gárdonyi G. u. 70.','Budapest','Metro Áruh','2007-06-11','1234567','2225','Üllõ','Gárdonyi G.u.70.','2007-06-20','N','N','N','N','JAV','22.52.5 Negyedköríves hidromasszázs gõzkabin 12 jettel'),(52,'2011-05-06','Liszi István','06707795063','iliszi@exitszerviz.hu','1182','Budapest','Kossuth Lajos u. 205a','Sanimix Kft.','Sanimix','2011-05-05','2011/02012','1182','Budapest','Kossuth Lajos u. 205a','2011-05-13','I','I','N','N','BEU','Kérem a vásárolt termék felszerelését, beüzemelését a lehetõség szerint május 13.-án pénteken, vagy egyeztessünk. Köszönöm'),(53,'2011-06-07','Selényi Miklós','30/9163-478','misel56@gmail.com','7833','Görcsöny','Hársfa u.2.','Pécs','Praktiker','2007-06-03','????????????','7833','Görcsöny','Hársfa u.2.','2007-06-03','N','I','N','N','ALK','Ezúton szeretnék megrendelni a mellékleteteken talán látható 4 db. dupla Sanimx zuhanykabin-görgõt.Köszönettel: Selényi Miklós'),(54,'2011-06-07','Selényi Miklós','30/9163-478','misel56@gmail.com','7833','Görcsöny','Hársfa u.2.','Pécs','Praktiker','2007-06-03','????????????','7833','Görcsöny','Hársfa u.2.','2007-06-03','N','I','N','N','ALK','Ezúton szeretnék megrendelni a mellékleteteken talán látható 4 db. dupla Sanimx zuhanykabin-görgõt.Köszönettel: Selényi Miklós'),(55,'2011-06-10','Major Sándor','06-20-382-0333','Majore46@freemail.hu','8152','Kõszárhegy','Szabadság u. 6.','Székesfehérvár','PRAKTIKER','2011-05-13','768000001/0555/','8152','Kõszárhegy','Szabadság u. 6.','2011-06-08','I','N','N','N','ALK','Tisztelt Sanimis Kft.2011. május 13-án Székesfehérváron a Praktiker áruházban vásároltam 1 db  Exkluzív szögletes zuhanykabint Tipus száma:227196, mely a beszerelés elött az egyik oldala szétrobbant, darabokra tört.Mivel így nem lehet összeszerelni, használhatalan azt az 1  lapot pótolni szeretném. Telefonon érdeklõdtem Önöknél és az ügyfélszolgálatos úr, javasolta, hogy e-mailben írjam le a problémát, tehát csak az egyik oldalra lenne szükségem.Melléklelem a kabin fotóját.Kérem Önöket, hogy visszajelezni szíveskedjenek, hogy tudják-e pótolni és kiszállítani részemre a zuhanykabin oldalt.Tisztelettel:Major Sándor'),(56,'2011-06-12','Kövesligeti Éva','30 -539 02 33','yogenzsolt@freemail.hu','4029','Debrecen','Monti Ezredes 5/2  3em./16','Debrecen','Baumax','2007-12-19','33','4029','Debrecen','Monti Ezredes 5/2  3em./16','2008-01-09','N','N','N','N','ALK','Sanimix 22.19.54 Sunny mély tálcás hidromasszázs zuhanykabin 8 fúvókás, kabinunk fokozat váltójából csepeg a viz, valamint a hideg és a meleg viz zuhanyzás közben magától állandóan változik, ezért elég kellemetlen a zuhanyzás.'),(57,'2011-07-04','Gáspár Gyula','06305662921','gasparlaszlo89@freemail.hu','2370','Dabas','Alkotmány u 5/a','Budapest','BRIKOSTORE','2011-06-30','83379','2370','Dabas','Alkotmány u 5/a','2011-07-04','I','I','I','I','BEU','Importõr:Sanimix Kft.1225 Budapest,Angeli út 68.Származási ország:Kína1/4'),(58,'2011-07-22','LÉGRÁDI FERENC','06309322163','legradi@lagermax.hu','1196','Budapest','Nagysándor József utca 199','Budakalász','BRICO STOR','2005-04-23','078079','1196','Budapest','Nagysándor J.u. 199.','2005-04-26','N','N','N','N','JAV','22.27.5 számú gõzkabint szeretnék javíttatni: 1- A forgatható víz-funkcióváltó gomb ereszti a vizet, ki kell cserélni. 2- A kihúzható zuhanyrózsa vízvezetékének fémborítása cserére szorul. '),(59,'2011-07-25','Kalivoda Ildikó','20-36308019','i.kalivoda@gmail.com','1119','Budapest','Fehérvári út 123.1.4.','Veszprém','WHT - Fürd','2011-06-06','123456','1119','Budapest','Fehérvári út 123.1.4.','2011-07-08','N','N','N','N','GAR','A világítás elromlott a kabinban.'),(60,'2011-07-26','Schiff Károly','282 4965 vagy 06 30 6262022','schiffnenagy@gmail.com','1104','Budapest','Mádi utca 125/b II/7','BAUMAX','baumax','2006-03-27','0000015898','1104','Budapest','Mádi utca 125/b II/7','2006-03-27','N','N','N','N','JAV',' .'),(61,'2011-08-03','Tóth János','30/4118886','dvd@t-online.hu','4024','Deberecn','Wesselényi u. 17. 2/5','Debrecen','Tüzépker K','2011-08-02','010460141','4024','Debrecen','Wesselényi u. 17. 2/5','2011-08-02','N','I','I','N','GAR','OLÉ termosztátos kád csaptelep a beüzemelést követõen, kádtöltésre állított, nyitott állapotban, a csaptelep felsõ részén a zuhanyátkapcsoló tövénél szivárog. Kérem garanciális javítását. Számla és garancialevél a helyszínen található. '),(62,'2011-08-05','Sári Andrej','0630 415 1598','sari.andrej@nissho.hu','1039','Budapest','Királyok útja 2.','x','x','2011-08-05','x','x','x','x','0000-00-00','N','N','N','N','JAV','A panel mögött a zuhanyhoz vezetõ csõvezeték szétcsúszott.A kabint elhúzni nem lehet, szét kell szerelni valószínûleg.'),(63,'2011-08-07','Veres László','+ 36 30 4621 4580','vereslaszlomandarin@gmail.com','1073','Budapest','Osvát u. 11.','Budapest','Sanimax -','2011-06-29','2011/02928','1073','Budapest','Osvát u. 11','2011-08-04','I','I','I','I','GAR','1. Garancia levelet nem kaptam2. beszereléskor nem a típusnak megfelelõ kézi zuhanytartó lett beszerelve3. a világítás néha bekapcsol, de akkor is villog4. nem mindegyik hidromasszázs fej mûködikÖsszeszereléskor már pár alkatrész hiányzott, a szerelõ adott egy listát, hogy azokat hozzam el az Angeli utcából.Jelenleg egy tartó fej van a kabinban, magasság állító rúd nincs beszerelve,...A javításhoz és hiánypótláshoz idõpont egyeztetés szükséges aug. 15-ig vidéken vagyok és elég gyakran vagyok távol.Tisztelettel:Veres László'),(64,'2011-08-15','Géri Tamás','06309999052','geritomi77@hotmail.hu','1181','Budapest','Havanna u 1    1em  4','1095 Mester u 87','Praktiker','2011-08-14','768000133-0421-','1181','Budapest','Havanna u. 1     1 em 4','2011-09-01','I','I','I','I','BEU','Beüzemelés'),(65,'2011-08-18','tfgpCPss','YZMVuWbCxHM','biuro@klimago.pl','pCJm','WVObjYcM','hoFaynFB','iuAavjpeML','eTfbxsWmtc','0000-00-00','EbrazBZTaR','OtaI','SRludGEmnxxPifn','XWJRQiRlNfLXxiXNro','0000-00-00','N','N','N','N','JAV','I am froveer indebted to you for this information.'),(66,'2011-08-22','Oroszi Sándor','203177207','euroceramica@t-online.hu','6211','Kaskantyú','Május 1 u.28','Soltvadkert','Euro Ceram','2010-09-15','168/2010','6211','Kaskantyú','Május 1 u.28','2010-09-30','N','N','N','N','GAR',''),(67,'2011-08-24','Póczikné Polgár Mónika','06306232880','mono24@t-online.hu','9700','Szombathely','Üstökös u. 24.','webplaza','Navalla Kf','2010-09-30','2010/4491','9700','Szombathely','Üstökös u. 24.','2011-10-07','N','I','N','I','JAV','A kabin hátoldalán, az egyik csapnál szivárog a víz.'),(68,'2011-08-27','Tibold Jánosné','20/2583859','tibold.anita@gmail.com','1188','Budapest','Szövet utca 52.','Praktiker','Market Cen','2011-08-27','768000149/0456/','1188','Budapest','Szövet utca 52.','2011-09-22','I','I','I','N','BEU','Tisztelt Sanimix Kft.!A pontos beüzemelési idõpontot nem tudtuk megbecsülni. Kérem keressenek fel a további egyeztetés érdekében.Köszönettel,Tibold Jánosné'),(69,'2011-08-29','NAGY PÁL ÁKOS','20 966-0337','nappali65@freemail.hu','1042','BUDAPEST 4.KER','RÓZSA U 36 9/3','BUDAPEST','SZATMÁRI','2011-08-11','93408937','1042','BUDAPEST','ROZSA U 36 9/3','2011-08-29','I','I','I','I','BEU','GARANCIÁLIS BEÜZEMELÉS.'),(70,'2011-08-29','Mészáros László','30 677 7493','rtg71@citromail.hu','9317','SZANY','Táncsics M. u. 3o/a.','Gyõr','Praktiker','2011-08-18','0444/00161','9317','SZANY','Táncsics M. u. 3o/a.','2011-08-31','I','I','I','I','BEU',''),(71,'2011-09-02','Kovács Gábor','+36302485097','koko888@freemail.hu','8154','Polgárdi','Liszt F. u. 7.','Bricostore','Székesfehé','2011-09-01','0051/002/19038','8154','Polgárdi','Liszt F. u. 7.','2011-09-07','N','I','I','I','BEU','A szervízes kollegájukkal történt egyeztetés alapján, kérem a munkalapra írják rá, \"csak a jövõ héten (2011.09.05-09 között) alkalmas a beüzemelés\". Köszönöm. '),(72,'2011-09-06','Krizsán Tivadar','70/388 95 26','csimpilimpi77@freemail.hu','9552','Vásárosmiske','Petõfi Sándor 60.','Szombathely','Praktiker','2011-08-24','-','-','-','-','0000-00-00','N','I','N','N','ALK','22.1020B típusú zuhanykabinhoz szeretnék oldalüveget rendelni. A mérete 28x190, alul felül fekete. Kérem amennyiben lehetséges, írják meg nekem, mennyibe kerülne kiszállítással, és hogy mire érne ide.Köszönöm válaszukat elõre is.'),(73,'2011-09-08','Hanzéli Viktor','06305371577','Hanzeli@freemail.hu','1171','Budapest','Szigetcsép utca 73. TT/12.','Budapest','Baumax - B','2009-09-28','-','1171','Budapest','Szigetcsép utca 73. TT/12','2009-10-05','I','I','I','I','JAV','Tisztel szervíz.A tárgyi kabin javítására kérnék ajánlatot, illetve esetlegesen, egy új csaptelep-funkcióválasztó egység anyag árára.'),(74,'2011-09-19','Dr Dinh Thi Bich Ngoc','0630 829 7929','ngocd156@yahoo.com','1096','Budapest','Haller u. 16-18. XIX.lh. II/70','depo.hu','Kovács Tüz','2011-04-07','WO11-00206','1096','Budapest','Haller u. 16-18. XIX.lh. II/70.','2011-04-15','N','I','I','I','GAR','Tisztelt Sanimix!A gõzkabinomnak a felsõ zuhanyrózsája vízmegnyitáskor elválik a felsõ paneltõl, és a víz nemcsak a rózsa lyukain, hanem az illesztés mentén is távozik. Továbbá a másik zuhanyfejrõl lejött a külsõ fémcsõ, a benne lévõ mûanyagcsõ pedig az illesztés közelében kilyukadt, így a víz szintén nemcsak a zuhanyfej lyukain keresztül távozik.Ezen problémák mielõbbi javításában szeretném kérni szíves segítségüket.Köszönöm.'),(75,'2011-09-23','Padányi Zsombor','06-30-4780903','padanyi.zs@pr.hu','2315','Szigethalom','Mária u. 39.','Budapest, Soroksári út 33.','OBI','2011-09-18','2412/00167','2315','Szigethalom','Mária utca 39','2011-09-18','N','I','I','N','GAR',''),(76,'2011-09-26','Radvánszki György','0630514-0181 /06303/21-5388','radvanszkiek@t-online.hu','6724','Szeged','Eszperantó u 5 3 emelet 2 ajtó','BAUMAX','Kecskemét','2011-02-03','0992/00189','6724','Szeged','Eszperantó u.5 3e. 2a.','2011-02-25','N','I','I','N','JAV','Szeretném ha alkatrészt küldenének mert a csaptelepet nem tudjuk elküldeni nincs helyette másik.A termosztátos részt kellene cserélni ezért ne keljen a teljes csaptelepet felküldeni.A számla és garancialevél mellékelve');

--
-- Table structure for table `service_files`
--

CREATE TABLE `service_files` (
  `id` int(11) NOT NULL AUTO_INCREMENT,
  `service_id` bigint(20) DEFAULT NULL,
  `filename` varchar(255) DEFAULT NULL,
  `filetype` char(3) DEFAULT NULL,
  PRIMARY KEY (`id`)
) ENGINE=MyISAM AUTO_INCREMENT=72 DEFAULT CHARSET=latin1;

--
-- Dumping data for table `service_files`
--

INSERT INTO `service_files` VALUES (1,4,'4_KE_gang_hid(1).jpg','KE'),(2,4,'4_SZ_gang_hid(1).jpg','SZ'),(3,4,'4_GL_gang_hid(1).jpg','GL'),(4,4,'4_BU_gang_hid(1).jpg','BU'),(5,5,'5_KE_22.302.jpg','KE'),(6,5,'5_GL_22.302.jpg','GL'),(7,7,'7_KE_22.1502 final.jpg','KE'),(8,7,'7_SZ_22.1502 final.jpg','SZ'),(9,7,'7_GL_22.1502 final.jpg','GL'),(10,7,'7_BU_22.1502 final.jpg','BU'),(11,8,'8_KE_22 68 5 FS final.jpg','KE'),(12,8,'8_SZ_22 68 5 FS final.jpg','SZ'),(13,8,'8_GL_22 68 5 FS final.jpg','GL'),(14,8,'8_BU_22 68 5 FS final.jpg','BU'),(15,9,'9_KE_22 68 5 FS final.jpg','KE'),(16,9,'9_SZ_22 68 5 FS final.jpg','SZ'),(17,9,'9_GL_22 68 5 FS final.jpg','GL'),(18,9,'9_BU_22 68 5 FS final.jpg','BU'),(19,10,'10_KE_22.1502 final.jpg','KE'),(20,10,'10_SZ_Warning sticker for shower enclosers.jpg','SZ'),(21,10,'10_GL_Quality declaration shower cabin 2012.08.31.pdf','GL'),(22,11,'11_KE_22.6010.jpg','KE'),(23,11,'11_SZ_Manual for 22 6010.doc','SZ'),(24,11,'11_GL_Warning sticker-new.jpg','GL'),(25,12,'12_KE_P1070270.JPG','KE'),(26,15,'15_KE_csap 001.jpg','KE'),(27,15,'15_SZ_csap 002.jpg','SZ'),(28,18,'18_KE_Rádió1.JPG','KE'),(29,19,'19_SZ_szamla2 001.jpg','SZ'),(30,19,'19_GL_garancia 001.jpg','GL'),(31,20,'20_SZ_sanymix_kád.jpg','SZ'),(32,20,'20_GL_sanymix_kád_002.jpg','GL'),(33,20,'20_BU_sanymix_kád_004.jpg','BU'),(34,26,'26_SZ_zuhany0002.PDF','SZ'),(35,26,'26_GL_zuhany0001.PDF','GL'),(36,26,'26_BU_zuhany.PDF','BU'),(37,29,'29_SZ_bauMax számla.jpg','SZ'),(38,35,'35_KE_sz3.JPG','KE'),(39,35,'35_SZ_sz1.JPG','SZ'),(40,35,'35_BU_sz2.JPG','BU'),(41,36,'36_SZ_kép csap 052.jpg','SZ'),(42,36,'36_GL_kép csap 047.jpg','GL'),(43,39,'39_SZ_Sanimix_zuhanycsaptelep_szamla1resz.JPG','SZ'),(44,39,'39_GL_Sanimix_zuhanycsaptelep_jotallas.JPG','GL'),(45,40,'40_KE_DSCF1106.jpg','KE'),(46,42,'42_KE_P1010757.JPG','KE'),(47,44,'44_GL_Praktiker.pdf','GL'),(48,47,'47_KE_DSC01037.JPG','KE'),(49,47,'47_SZ_beolvasás0001.pdf','SZ'),(50,47,'47_GL_beolvasás0002.pdf','GL'),(51,48,'48_KE_DSC01037.JPG','KE'),(52,49,'49_KE_DSC01037.JPG','KE'),(53,49,'49_SZ_beolvasás0001.pdf','SZ'),(54,49,'49_GL_beolvasás0002.pdf','GL'),(55,50,'50_KE_DSC01037.JPG','KE'),(56,50,'50_SZ_beolvasás0001.pdf','SZ'),(57,50,'50_GL_beolvasás0002.pdf','GL'),(58,53,'53_KE_DSC00190.JPG','KE'),(59,54,'54_KE_DSC00190.JPG','KE'),(60,56,'56_KE_106.JPG','KE'),(61,58,'58_KE_22072011091.jpg','KE'),(62,58,'58_SZ_22072011092.JPG','SZ'),(63,58,'58_GL_22072011093.jpg','GL'),(64,63,'63_KE_kep 003.JPG','KE'),(65,63,'63_SZ_Kabin számla.jpg','SZ'),(66,63,'63_BU_Kabin beüzemelés.jpg','BU'),(67,74,'74_SZ_szamla.pdf','SZ'),(68,74,'74_GL_garancialevel.pdf','GL'),(69,74,'74_BU_beuzemelesi_szamla.pdf','BU'),(70,76,'76_KE_0985_001.tif','KE'),(71,76,'76_SZ_0985_001.tif','SZ');

--
-- Table structure for table `service_items`
--

CREATE TABLE `service_items` (
  `id` bigint(11) NOT NULL AUTO_INCREMENT,
  `service_id` bigint(20) DEFAULT NULL,
  `TETSORSZ` int(11) DEFAULT '1',
  `BEJCIKKNEV` varchar(80) DEFAULT NULL,
  `BEJCIKKSZAM` varchar(20) DEFAULT NULL,
  `BEJEAN` varchar(15) DEFAULT NULL,
  `HIBALEIRAS` varchar(250) DEFAULT NULL,
  `BEJALKLEIR` mediumtext,
  PRIMARY KEY (`id`)
) ENGINE=MyISAM AUTO_INCREMENT=83 DEFAULT CHARSET=latin1;

--
-- Dumping data for table `service_items`
--

INSERT INTO `service_items` VALUES (1,1,1,'CLASSIC mosdó csaptelep','01.1.1/3',NULL,'csak teszt','kérdezek csak'),(2,2,1,'CSILLAG nosztalgia mosdó cst. cr.','01.1.1/2',NULL,'asdg','asdg'),(3,3,1,'Negyedkörív gõzkabin függõleges csíkozású üveggel','22.52.52',NULL,'',''),(4,4,1,'','-----------------',NULL,'',''),(5,5,1,'CSILLAG nosztalgia mosdó cst. cr.','01.1.1/2',NULL,'nincs','minden fasza'),(6,6,1,'','-----------------',NULL,'',''),(7,1,1,'CSILLAG nosztalgia álló mosog. cr.','01.6.1/2',NULL,'NIncs hiba','Csak tesztelek'),(8,2,1,'VALAMI','22.302',NULL,'VALAMI','VALAMI'),(9,3,1,'hskchsk','22.317',NULL,'knckcnk','nxkcnkxc'),(10,4,1,'mit tudom én','22.602',NULL,'ezt sem','fogalmam sincs'),(11,5,1,'x','22.302',NULL,'y','z'),(12,6,1,'Termék? Milyen  termék?','123.123',NULL,'nincs hiba','mondtam hogy nincs'),(13,7,1,'lckdlv','22.1502',NULL,'cxvljxmvl','ykcndsk'),(14,8,1,'jljljdfl','22.68.5',NULL,'djlsfjsl','dskj'),(15,9,1,'jljljdfl','22.68.5',NULL,'djlsfjsl','dskj'),(16,10,1,'cdjd','22.1502',NULL,'mjdlffj','mdldjsd'),(17,11,1,'KABIN','22.6010',NULL,'NEM JÓ','NEM JÓ'),(18,12,1,'görgõ','n.a.',NULL,'Törés','A görgõ használat közben eltört.'),(19,13,1,'Ali Baba kád csaptelep zuhanyszettel','xxxxxxxx',NULL,'nem mûködik a zuhany nyitócsapja','hiába húzom fel, nem jön víz a zuhanyból. '),(20,14,1,'Black rajzos','22.1045 Black',NULL,'Beüzemeles','Beüzemeles'),(21,15,1,'mosogatocsap','0000000',NULL,'Lyulas gégescõ','kilyukadt'),(22,16,1,'GAEL csaptelep','03.8.1/1',NULL,'letört a zuhanyfej a csatlakozásnál.',' lefröcsköl a csap ha kinyitom.'),(23,17,1,'Opál kádfeltöltõ csaptelep','43.5.1/1',NULL,'Ereszt a tömítés!!','Elzárt állapotban, intenzív csöpögés a kiömlõ nyiláson!!'),(24,18,1,'n','n',NULL,'Nem mûködikAz érintõgomb fólia megsérült','nem kapcsolódik be.'),(25,19,1,'mosdó csaptelep, kád csaptelep','Retro 12..1/1, 12.5.',NULL,'a mosdó csaptelep folyik (porcelán betét csere), a kéd csaptelep törött a zuhanycsõhöz elvezetõ része (csere)','a mosdó csaptelep folyik (porcelán betét csere), a kéd csaptelep törött a zuhanycsõhöz elvezetõ része (csere)'),(26,20,1,'Hidromasszás kád','5998629708023 392210',NULL,'Tömítési hiba. Életveszély!!!','A kád oldaolánál erõssen folyik a víz a hálózati tápra. '),(27,21,1,'Kis Laguna kád csaptelep','0000070741704',NULL,'folyamatosan csöpög','nincs'),(28,22,1,'Sanimix 90x90x200 üveg hátf.+funkc.6.jet','22180',NULL,'Felsõ zuhanyrózsa hibája.','A víz a mennyezetre spriccel, és nem a zuhanyrózsán folyik le.'),(29,23,1,'jnRlyH  <a href=\"http://hyosdunybuqc.com/\">hyosdunybuqc</a>, [url=http://cfnggdo','jnRlyH  <a href=',NULL,'jnRlyH  <a href=\"http://hyosdunybuqc.com/\">hyosdunybuqc</a>, [url=http://cfnggdodtrcs.com/]cfnggdodtrcs[/url], [link=http://xsvdxehiutbh.com/]xsvdxehiutbh[/link], http://lvaliwwibcwn.com/','jnRlyH  <a href=\"http://hyosdunybuqc.com/\">hyosdunybuqc</a>, [url=http://cfnggdodtrcs.com/]cfnggdodtrcs[/url], [link=http://xsvdxehiutbh.com/]xsvdxehiutbh[/link], http://lvaliwwibcwn.com/'),(30,24,1,'AMgs7z  <a href=\"http://fmnymmhqhgsl.com/\">fmnymmhqhgsl</a>, [url=http://zoekgvz','AMgs7z  <a href=',NULL,'AMgs7z  <a href=\"http://fmnymmhqhgsl.com/\">fmnymmhqhgsl</a>, [url=http://zoekgvzjgwym.com/]zoekgvzjgwym[/url], [link=http://zyenullrxhyc.com/]zyenullrxhyc[/link], http://dhrtnrymhefo.com/','AMgs7z  <a href=\"http://fmnymmhqhgsl.com/\">fmnymmhqhgsl</a>, [url=http://zoekgvzjgwym.com/]zoekgvzjgwym[/url], [link=http://zyenullrxhyc.com/]zyenullrxhyc[/link], http://dhrtnrymhefo.com/'),(31,25,1,'Negyedköríves, hidromasszázs zuhanykabin elektronikával','22.1045 BLACK',NULL,'Beüzemelés','Beüzemelés'),(32,26,1,'zuhanykabin','22.9515',NULL,'mennyezeti zuhanyrész meghibásodás','mennyezeti zuhanyrész mindenhol folyik, csak a zuhanyrózsából nem '),(33,27,1,'mosdó csaptelep gael1','5998629764012',NULL,'csöpög a mosdótálhoz való felfogatásnál','a csap megnyitásakor csöpög a moosdótál és a csap illeszkedésénél'),(34,28,1,'Akril hidromasszázs gõzkabin csíkos','22.52.52',NULL,'Görgõk elöregedtek, eltörtek','Görgõk eltörtek'),(35,29,1,'Las Vegas gõzkabin hidromasszázs káddal','21406409',NULL,'Nem vízzárt, illesztési hibák vezetékeknél és az ajtónál. Bûzelzáró probléma.','A kabin erõsen szivárog. Ajtó illesztés nem jó.Csatornaszag.'),(36,30,1,'zuhanykabin','sanimix-22.317.1',NULL,'beüzemelés','beüzemelés'),(37,31,1,'Sigma gõzkabin','22.77.5',NULL,'Csöpög','Naponta 2-3 liter víz kerül a kádba elzárt csap mellett.'),(38,32,1,'hidromasszázs kabin','z-6166',NULL,'vezerlõpanel gomb burkolata beszakadt','rádió,világítás,stb. kapcsolására szolgáló gombok burkolata beszakadtak. Mögötte lévõ nyomogomb funkcióját ellátja.'),(39,33,1,'Gõzkabin hidromasszázs káddal fekete üveg hátfallal','22.308/2',NULL,'az ajtók és a teteje sem illeszkedik rendesen','az ajtó minden oldalán folyik kifelé a víz,a tetején a sarkokban megy ki a gõz!'),(40,34,1,'elektromos akril zuhanykabin ezüst betéttel','22.172',NULL,'beüzemelés','beüzemelés'),(41,35,1,'alacsonytálcás,elektronikás, mattüveges hidrokabin','22.66.5',NULL,'törött ajtógörgõ','ajtógörgõ csere'),(42,36,1,'New concept mosdo','848180',NULL,'Szivárog','Szivárog'),(43,37,1,'Sigma gõzkabin','22.77.5',NULL,'Nincs gõz','Gõz helyett ömlik a víz, egy idõ után E1 hibaüzenet a kijelzõn.'),(44,38,1,'DREAM 2 Gõzkabin','71022710',NULL,'automatika','áram alatt van, de nem mûködik az automatikája'),(45,39,1,'Zuhany csaptelep','5998629712419',NULL,'Meghibásodás','A hideg víz elzárt állapotban is folyamatosan folyik.'),(46,40,1,'ALI BABA fali mosogató csaptelep','40.7.1/1',NULL,'csöpög','A csap testébõl mindkét oldalon csöpög a víz (tehát nem a fali csatlakozásnál és nem a kifolyócsõnél)'),(47,41,1,'negyedkör.hidrom.6 jet','3922100000',NULL,'beüzemelés','beüzemelés'),(48,42,1,'Zoáé zuhany csaptelep','09.4.1/1',NULL,' Folyat','Zárt állapotban folyat az elzárókar alatt'),(49,43,1,'Hidrom.gõzkabin.csíkos','674870',NULL,'görgõk szétestek.','görgõk eltörtek szét estek.'),(50,44,1,'Zoé álló mosogató csaptelep króm','09.6.1/1',NULL,'Folyás','A csapot megnyitva a csõ oldalirányú mozgatására nincs hiba, de ha véletlenül akár 1 mm-t is megmozgatjuk felfelé, akkor jelentõs folyás tapasztalható a csap talpánál.'),(51,45,1,'Akril hidromasszázs gõzkabin csíkos üveg, mély tálca 90x91x215','22.72.5',NULL,'1.) Az ajtó görgõi széthullottak;2.) A tálcáról csak nagyon lassan folyik le a víz;3.) A lefolyó jobb oldalán megmarad a víz.','A hiba megnevezésénél!'),(52,46,1,'New York hidromasszázs gõzkabin','22.6010.G',NULL,'nincs','nincs'),(53,47,1,'hidrom.kabin magas 90x90x215','5998629710543',NULL,'a 2 iv 60mm hosszabb mint a zuhany tálca ive és a felsö része.','ezért nem lehet összeszerelni.kérem minnél hamarabb a problémát megoldani mert nem tudjuk a furdöszobát használni ellöre is köszönöm.'),(54,48,1,'hidrom.kabin magas 90x90x215','5998629710543',NULL,'a 2 iv 60mm hosszabb mint a zuhany tálca ive és a felsö része.','ezért nem lehet összeszerelni.kérem minnél hamarabb a problémát megoldani mert nem tudjuk a furdöszobát használni ellöre is köszönöm.'),(55,49,1,'hidrom.kabin magas 90x90x215','5998629710543',NULL,'a 2 iv 60mm hosszabb mint a zuhany tálca ive és a felsö része.','ezért nem lehet összeszerelni.kérem minnél hamarabb a problémát megoldani mert nem tudjuk a furdöszobát használni ellöre is köszönöm.'),(56,50,1,'hidrom.kabin magas 90x90x215','5998629710543',NULL,'a 2 iv 60mm hosszabb mint a zuhany tálca ive és a felsö része.','ezért nem lehet összeszerelni.kérem minnél hamarabb a problémát megoldani mert nem tudjuk a furdöszobát használni ellöre is köszönöm.'),(57,51,1,'KeverõcsapA nyitócsap (hideg-meleg víz)felsõ része','???',NULL,'Folyik a víz és nem lehet eltekerni Amivel a csapszárra illeszkedik széttört és leesik','A betét mellett ömlik a vízElfáradt az aluminium.'),(58,52,1,'Hidrom. zuhanyk. elektronikával','22.1045 Black',NULL,'beüzemelés','beüzemelés'),(59,53,1,'Sanimíx hidromasszázs zuhanykabin','???',NULL,'görgõ hiba','A dupla görgõ sorokból több görgõ eltörött'),(60,54,1,'Sanimíx hidromasszázs zuhanykabin','???',NULL,'görgõ hiba','A dupla görgõ sorokból több görgõ eltörött'),(61,55,1,'exkluziv szögletes zuhanykabin','227196',NULL,' üveglap pótlásamérete: széllessége:41 cmmagassága: 195 cm','Eltörött a jobb oldali kerekített üveglap'),(62,56,1,'Sunny mély tálcás hidromasszázs zuhanykabin 8 fúvókával','22.19.54',NULL,'Fokozat váltóból csepeg a viz ,és zuhanyzás közben a hideg meleg viz magától váltakozik.','Fokozat váltóból csepeg a viz ,és zuhanyzás közben a hideg meleg viz magától váltakozik.'),(63,57,1,'Negyedköríves,hidromasszázs zuhanykabin elektronikával-Üveg hátfal,matt króm pro','22.302',NULL,'Nincs','Nincs'),(64,58,1,'Sanimix gõzkabin','22.27.5',NULL,'1- A forgatható víz-funkcióváltó gomb ereszti a vizet, ki kell cserélni. 2- A kihúzható zuhanyrózsa vízvezetékének fémborítása cserére szorul.','22.27.5 számú gõzkabint szeretnék javíttatni: 1- A forgatható víz-funkcióváltó gomb ereszti a vizet, ki kell cserélni. 2- A kihúzható zuhanyrózsa vízvezetékének fémborítása cserére szorul. '),(65,59,1,'Gõzkabin','22.52.52.',NULL,'Világítás elromlott.','Sõtét van.'),(66,60,1,'mélytálcás hidromasszázs zuhanykabin 12 jettel','22.19.51',NULL,'ereszti a vizet a lefolyó szifonnál.','víz folyik ki a tálca alja alól'),(67,61,1,'OLÉ termosztátos kád csaptelep zuhanyszett nélkül króm','16.5.1',NULL,'Szivárgás','OLÉ termosztátos kád csaptelep a beüzemelést követõen, kádtöltésre állított, nyitott állapotban, a csaptelep felsõ részén a zuhanyátkapcsoló tövénél szivárog. Kérem garanciális javítását. '),(68,62,1,'valószínúleg 22.1045-ös','x',NULL,'zuhanyozás közben a kabinon kívül folyik a víz','A panel mögött a zuhanyhoz vezetõ csõvezeték szétcsúszott.A kabint elhúzni nem lehet, szét kell szerelni valószínûleg.'),(69,63,1,'90x90x220 elektr.hidrokabin kék üveg hátfal tsc','22.317',NULL,'hát masszírozó fúvókák közül a jobb felsõ nem üzemelvilágításNincs zuhanyfej tartó rud és csuszkaGarancia levél','minden fúvókából jön erõsen a víz, csak a jobb felsõbõl nemNéha hajlandó villogni, néha még azt seSzerelési hiányGarancia levelet senkitõl se kaptam.A szállítók azt mondták majd a szerelõk hozzák.'),(70,64,1,'Fekete hátfalüveges zuhanykabin elektronikával 90x90x200','221020 b',NULL,'.','.'),(71,65,1,'I am froveer indebted to you for this information.','ZforhgJeE',NULL,'I am froveer indebted to you for this information.','I am froveer indebted to you for this information.'),(72,66,1,'hidormasszázs kád és kabin egyben','22308',NULL,'alkatrészek romlása','ajtók nem jól mûködnek, felsõ esõztetõ nem rögzül, leesik, stb'),(73,67,1,'Delta gõzkabin','22.88.5',NULL,'vízszivárgás','kabin hátoldalán a vízcsõ bekötésnél szivárog a víz'),(74,68,1,'Hidromasszázs Zuhanykabin','5998629710200',NULL,'-','-'),(75,69,1,'IVES HIDROMASSZÁZS ZUHANY KABIN','4270067',NULL,'BEÜZEMELÉS','---------'),(76,70,1,'szögletese hidromasszázs zuhanykabin','22.8011-135',NULL,'beüzemelés','beüzemelés'),(77,71,1,'komplett hidromasszázs zuhanykabin','9019109000',NULL,'nincs','nincs'),(78,72,1,'Negyedköríves hidromasszázs zuhanykabin elektronikával','5 998629 710200',NULL,'törött oldalüveg az ajtó mellett','-'),(79,73,1,'Gõzkabin hidromasszázs káddal.','22.308',NULL,'Feltehetõeleg a funkcióválasztó, illetve keverõcsap hibásodott meg.','Víz egyik állapotban sem folyik.A hiba egyik pillanatról a másikra jött elõ.Természetesen víz van a rendszerben és az egész lakásban.'),(80,74,1,'Gõzkabin hidromasszázs káddal','22.308/2',NULL,'Mindkét zuhanyrózsa meghibásodása','A felsõ zuhanyrózsa illesztése mentén is távozik víz, a másik zuhanyrózsa kilyukadt.'),(81,75,1,'Brass Kád csaptelep','M-15/201008',NULL,'zuhanyváltókar rossz','zuhanyváltó karnál folyik a víz'),(82,76,1,'OLE TERmosztátoskádtöltõ csaptelep','5998629716516',NULL,'melegvízet nem ad','A szûrõk átnézve azok tiszták viszont csak langyos vagy hideg víz jön');

--
-- Table structure for table `web_translations`
--

CREATE TABLE `web_translations` (
  `id` int(11) NOT NULL AUTO_INCREMENT,
  `translation_key` varchar(255) NOT NULL DEFAULT '',
  `translation_hun` mediumtext,
  `translation_eng` mediumtext,
  `translation_ger` mediumtext,
  PRIMARY KEY (`id`)
) ENGINE=MyISAM AUTO_INCREMENT=31 DEFAULT CHARSET=latin1;

--
-- Dumping data for table `web_translations`
--



