-- Table structure for table `csoport_meta`
--

CREATE TABLE `csoport_meta` (
  `CCSOPKOD` varchar(20) DEFAULT NULL,
  `title` varchar(100) DEFAULT NULL,
  `description` text,
  `meta_title` varchar(255) DEFAULT NULL,
  `meta_description` varchar(255) DEFAULT NULL,
  `meta_keywords` varchar(255) DEFAULT NULL
) ENGINE=MyISAM DEFAULT CHARSET=latin1;

--
-- Dumping data for table `csoport_meta`
--

INSERT INTO `csoport_meta` VALUES ('KIEG','','','','',''),('GÕZKÁD','Hidromasszázs kádas gõzkabin - minden egyben','Ezek a termékek azért készültek , hogy a tisztálkodás és relaxáció minden igényét kielégítsék. Felszereltségük lehetõvé teszi a mindennapok fáradalmainak , kipihenését, ellazulást, és szimplán a tisztálkodást is. Hidromasszázs kád, gözkabin, hátmasszázs , esõztetõ zuhanyfej ... minden egyben.','gõzkabin ','Hidromasszázs gõzkabin hidromasszázs káddal melyben minden megtalálható ami a relaxáláshoz és a tisztálkodáshoz kell.','gõzkabin, hidromasszázs gõzkabin, hidromasszázs kád, kádas kabin, '),('AJTÓK','Zuhanykabin ajtó, zuhanyajtó minõségi kivitelezésben ','Profi zsanérral ellátott zuhanyajtó, zuhanykabin ajtó. A biztonsági üveg vastagsága 6-8 mm !\r\nÁtlátszó ( víztiszta ) üveg . Keretes és keret nélküli kivitelben.','zuhanyajtó','Zuhanyajtó, zuhanykabin ajtó épített zuhany fülkéhez.','zuhanykabin ajtó, zuhany ajtó, üveg ajtó,ajtó zuhanyzóhoz, zuhanyajtó , zuhanykabin ajtó, zuhanyajtók,'),('CSAP','Csaptelep','A vízcsap ( csaptelep ) a háztartásokban, fürdõszobában és konyhában, a hideg és meleg víz megnyitására, elzárására, az áramló mennyiség és a hideg meleg víz arányának (a kiömlõ víz hõmérsékletének) szabályozására szolgáló csõszerelvény. ','Csaptelep','Sanimix olcsó és megbízható csaptelep , mosdó csaptelep, kád, csaptelep, mosogató csaptelep, zuhany csaptelep.','csaptelep, csap, mosdó csap, mosogató csaptelep, kádtöltõ csaptelep, zuhany csaptelep, csaptelepek,'),('GÕZKABIN','Gõzkabin, hidromasszázs gõzkabin','A gõzkabin az otthonába viszi a wellnes élményét. A gõzkabin fel van szerelve hidromasszázs fúvókákkal, mely segít az ellaluzlásban egy könnyû masszázs formájában. A hidromasszázs gõzkabin ....','gõzkabin','Gõzkabin hidromasszás funkcióval, rádió , ventilátor , telefon kihangosítás és sok minden más. ','gõzkabin, hidromasszázs gõzkabin, gõz, gõzös zuhanykabin, zuhanykabin'),('KÁDPAR','','','kádparaván','',''),('SZÛRÕ','','','vízszûrõ','',''),('PANEL','','','zuhanypanel','',''),('TÁLCA','Akril zuhanytálca , zuhanytálcák','Minden akril zuhanytálca fém merevítéssel készül, melyek végein állítható lábak találhatóak a megfelelõ vízszint beállításához. Az álltható lábak nagy elõnye, hogy az egyenetlen talajon is megfelelõen alátámasztja a zuhanytálcát.','zuhanytálca','Sanimix akril zuhanytálca, fém merevítéssel, állítható lábakkal, leeresztõvel.','zuhanytálca, zuhanytálcák, akril tálca, tálca, '),('HIDROKAB','Hidromasszázs zuhanykabin','A hidromasszázs zuhanykabin fúvókák segítségével, masszázs formájában segítik az ellazulást. A hidromasszázs fúvókák száma kabinonként változik , mely 3-12 db is lehet.','hidromasszázs kabin','Hidromasszázs kabin nagy választékban, több méretben és formában .','hidromasszázs zuhanykabin, hidrokabin, zuhanykabin, hidromasszázs kabin, hidromasszázs fúvóka'),('TÖRRAD','Törölközõszárító radiátor - 5 év garancia ','A törölközõszárító radiátor 6 bar üzemi nyomásig és 110°C hõmérsékletig alkalmazható szivattyús melegvízfûtési rendszerekhez..\r\nSanimix íves csõradiátor kötéstávolság = névleges szélesség - 50 mm ( tehát a 600mm széles - 50 mm = 550 mm )\r\n4 db 1/2\"-os belsõmenetes csatlakozó csonk .\r\nA csomagolás tartalma: csõradiátor, tartószerkezet, kézi légtelenítõ, záródugó.\r\n','törölközõszárító radiátor','Sanimix törölközõszárító radiátor vagy csõradiátor fûrdõszobai használatra.','radiátor, törölközõszárító radiátor, csõradiátor, tötörközõszárítós radiátor'),('KABIN','Zuhanykabin','Zuhanykabin azoknak akik a meglévõ zuhanytálcára vagy épített aljzatra keresnek kabint.','zuhanykabin','Zuhanykabin olcsó kivitelben zuhanytálca nélkül . Szögletes zuhanykabin.','zuhanykabin, zuhanykabinok, zuhany, kabin'),('KABIN T','Zuhanykabin, zuhanykabinok tálcával, egy komplett megoldás.','Egyszerû zuhanykabin, mely magában foglalja a tálcát is ezért azt nem kell külön megvásárolni. 80-90cm méretben íves és szögletes kivitelben megvásárolható zuhanykabinok.','zuhanykabin','Zuhanykabin, zuhanykabinok, zuhanyfülke, tálcával 80 és 90cm méretben.','zuhanykabin, zuhanykabinok, zuhany, zuhany fülke, zuhanyzó, zuhanykabin tálcával'),('ELEKTR','Hidromasszáz zuhanykabinok elektronikával','Ezek a hidromasszázs kabinok az egyszerû hidro kabinoktól abban különböznek, hogy fel vanak szerelve extra kiegészítõkkel melyek a komfort érzetünket emelik. Rádió, mely lehetõvé teszi a zuhanyozás közbeni zene hallgatást. Világítás, mely a zárt kabinokban segítség lehet ill. ventilátor ami a vízgõzt kiszívja a kabinból...','hidromasszázs zuhanykabin','Hidromasszázs zuhanykabin , mely fel van szerelve rádióval, ventilátorral, világítással .','hidromasszázs kabin, zuhanykabin, rádiós zuhanykabin, hidrokabin, '),('RADIÁTOR','   EURAD lapradiátor, magyar termék - 10 év garancia !','Az EURAD radiátorok a melegvizes fûtési rendszerek korszerû elemei, melyek kiváló minõségû hidegen hengerelt acéllemezbõl az MSZ EN 442 szabvány szerint készülnek.\r\nMaximális nyomás: 10 bar, maximális hõmérséklet: 110°C\r\nKötési távolság : a teljes magasság - 60 mm ( 600as radiátornál 540 mm )\r\nRadiátor jelölések : \r\nDK (22) - két fûtõvizes lap , konvektor lemezekkel, oldal és tetõ burkolattal.\r\nBEK (11) - egy fûtõvizes lap, konvektor lemezzel, oldal és tetõ burkolattal.','radiátor','Eurad magyar radiátor, 10 év garanciával, új termék a lapradiátor piacon.','radiátor, lapradiátor, dunaferr radiátor, dk, 22, bek, olcsó radiátor, magyar radiátor, dég radiátor, eurad radiátor, eurad lapradiátor, radiátorok'),('KÁD','Akril kádak','A kádak 2,8 mm vastag akril lemezbõl készülnek.\r\nA merevséget további 3-5 mm vastag üvegszál erõsítéssel biztosítjuk. A kádak szakszerû beépítéséhez használjon kádlábat.','akril kád','kád , kádak , akrilkád , akril kád , fürdõkád 150x70 , sarok kád, asszimetrikus kád , egyenes kád ','akril fürdõkád , fürdõkád , akril kád');

--
-- Table structure for table `csoport_meta_copy_0402`
--

CREATE TABLE `csoport_meta_copy_0402` (
  `CCSOPKOD` varchar(20) DEFAULT NULL,
  `title` varchar(100) DEFAULT NULL,
  `description` text,
  `meta_title` varchar(255) DEFAULT NULL,
  `meta_description` varchar(255) DEFAULT NULL,
  `meta_keywords` varchar(255) DEFAULT NULL
) ENGINE=MyISAM DEFAULT CHARSET=latin1;

--
-- Dumping data for table `csoport_meta_copy_0402`
--

INSERT INTO `csoport_meta_copy_0402` VALUES ('KIEG','','',NULL,NULL,NULL),('GÕZKABIN','Gõzkabin','','gõzkabin','Gõzkabin hidromasszás funkcióval, rádió , ventilátor , telefon kihangosítás és sok minden más.','gõzkabin, hidromasszázs gõzkabin, gõz, gõzös zuhanykabin'),('RADIÁTOR','EURAD lapradiátor, magyar termék - 10 év garancia !','','radiátor','Eurad magyar radiátor, 10 év garanciával, új termék a lapradiátor piacon.','radiátor, lapradiátor, dunaferr radiátor, dk, 22, bek, olcsó radiátor, magyar radiátor'),('AJTÓK','Zuhanykabin ajtó, zuhanyajtó minõségi kivitelezésben ','Profi zsanérral ellátott zuhanyajtó, zuhanykabin ajtó. A biztonsági üveg vastagsága 8mm !\r\nÁtlátszó ( víztiszta ) üveg . ','zuhanyajtó','Zuhanyajtó, zuhanykabin ajtó épített zuhany fülkéhez.','zuhanykabin ajtó, zuhany ajtó, üveg ajtó,ajtó zuhanyzóhoz, zuhanyajtó , zuhanykabin ajtó, zuhanyajtók,'),('GÕZKÁD','Hidromasszázs kádas gõzkabin - minden egyben','Ezek a termékek azért készültek , hogy a tisztálkodás és relaxáció minden igényét kielégítsék. Felszereltségük lehetõvé teszi a mindennapok fáradalmainak , kipihenését, ellazulást, és szimplán a tisztálkodást is. Hidromasszázs kád, gözkabin, hátmasszázs , esõztetõ zuhanyfej ... minden egyben.','gõzkabin ','Hidromasszázs gõzkabin hidromasszázs káddal melyben minden megtalálható ami a relaxáláshoz és a tisztálkodáshoz kell.','gõzkabin, hidromasszázs gõzkabin, hidromasszázs kád, kádas kabin, '),('CSAP','Csaptelep','A vízcsap ( csaptelep ) a háztartásokban, fürdõszobában és konyhában, a hideg és meleg víz megnyitására, elzárására, az áramló mennyiség és a hideg meleg víz arányának (a kiömlõ víz hõmérsékletének) szabályozására szolgáló csõszerelvény. ','Csaptelep','Sanimix olcsó és megbízható csaptelep , mosdó csaptelep, kád, csaptelep, mosogató csaptelep, zuhany csaptelep.','csaptelep, csap, mosdó csap, mosogató csaptelep, kádtöltõ csaptelep, zuhany csaptelep, csaptelepek,'),('HIDROKAB','Hidromasszázs zuhanykabin','','hidromasszázs kabin','Hidromasszázs kabin nagy választékban, több méretben és formában .','hidromasszázs zuhanykabin, hidrokabin, zuhanykabin, hidromasszázs kabin, hidromasszázs fúvóka'),('ELEKTR','','','hidromasszázs zuhanykabin','Hidromasszázs zuhanykabin , mely fel van szerelve rádióval, ventilátorral, világítással .','hidromasszázs kabin, zuhanykabin, rádiós zuhanykabin, hidrokabin, '),('TÖRRAD','Törölközõszárító radiátor - magyar termék , 10 év garancia ! ','A törölközõszárító radiátor 6 bar üzemi nyomásig és 110°C hõmérsékletig alkalmazható szivattyús melegvízfûtési rendszerekhez..\r\nSanimix íves csõradiátor kötéstávolság = névleges szélesség - 46 mm ( tehát a 600mm széles - 46 mm = 554 mm )\r\n4 db 1/2\"-os belsõmenetes csatlakozó csonk .\r\nA csomagolás tartalma: csõradiátor, tartószerkezet, kézi légtelenítõ, záródugó.\r\n','törölközõszárító radiátor','Sanimix törölközõszárító radiátor vagy csõradiátor fûrdõszobai használatra.','radiátor, törölközõszárító radiátor, csõradiátor'),('KÁDPAR','','','kádparaván','',''),('SZÛRÕ','','','vízszûrõ','',''),('KABIN','Teszt','ALma','','',''),('PANEL','','','zuhanypanel','',''),('TÁLCA','','','zuhanytálca','','');

--
-- Table structure for table `csoportok`
--

CREATE TABLE `csoportok` (
  `id` int(11) NOT NULL AUTO_INCREMENT,
  `name` varchar(100) DEFAULT NULL,
  `readonly` tinyint(1) DEFAULT '0',
  `description` varchar(255) DEFAULT NULL,
  `csop_order` float DEFAULT NULL,
  PRIMARY KEY (`id`)
) ENGINE=MyISAM AUTO_INCREMENT=11 DEFAULT CHARSET=latin1;

--
-- Dumping data for table `csoportok`
--

INSERT INTO `csoportok` VALUES (10,'Ügyfelek',0,NULL,NULL);

--
-- Table structure for table `email`
--

CREATE TABLE `email` (
  `id` int(11) NOT NULL AUTO_INCREMENT,
  `email` varchar(255) DEFAULT NULL,
  `active` tinyint(1) DEFAULT '1',
  `csopid` int(11) DEFAULT '0',
  `name` varchar(255) DEFAULT NULL,
  `company` varchar(255) DEFAULT NULL,
  `phone` varchar(255) DEFAULT NULL,
  `torzskartya` bigint(10) DEFAULT '2011000000',
  `address` varchar(255) DEFAULT NULL,
  `create_date` timestamp NULL DEFAULT CURRENT_TIMESTAMP,
  PRIMARY KEY (`id`)
) ENGINE=MyISAM AUTO_INCREMENT=7773 DEFAULT CHARSET=latin1;

--
-- Dumping data for table `email`
--

INSERT INTO `email` VALUES (7295,'szilvia.madaras@sanimix.hu',1,1,'Madaras Szilvia','','',2011000027,NULL,NULL),(7294,'nlaptop@freemail.hu',1,1,'Schöll Nándor','','',2011000026,NULL,NULL),(7269,'ketbudaikft@invitel.hu',1,1,'Budai József','','',2011000001,NULL,NULL),(7270,'chris20@freemail.hu',1,1,'Kriszti','','',2011000002,NULL,NULL),(7274,'hajni19820208@freemail.hu',1,1,'Kriskoné Hajnalka','','',2011000006,NULL,NULL),(7275,'juteng.sales@gmail.com',1,1,'JackieSun','','',2011000007,NULL,NULL),(7277,'zoltan.kiraly@sanimix.hu',1,1,'Király Zoltán','','',2011000009,NULL,NULL),(7278,'karoly100@gmail.com',1,1,'K-roy','','',2011000010,NULL,NULL),(7292,'palpeter7@gmail.com',1,1,'Pál Péter','','',2011000024,NULL,NULL),(7280,'agoston.lajos@fibermail.hu',1,1,'Ágoston Lajos','','',2011000012,NULL,NULL),(7281,'laszkoistvan@gmail.com',1,1,'laszkoistvan','','',2011000013,NULL,NULL),(7282,'georg@chello.hu',1,1,'Decsi György','','',2011000014,NULL,NULL),(7283,'laszkoistvan@gmail.com',1,1,'laszkoistvan','','',2011000015,NULL,NULL),(7284,'tothszoda@szucsnet.hu',1,1,'Toth János','','',2011000016,NULL,NULL),(7285,'kindernay02@pr.hu',1,1,'Kindernay Kálmán','','',2011000017,NULL,NULL),(7286,'vj1957@indamail.hu',1,1,'varga jános','','',2011000018,NULL,NULL),(7287,'vj1957@indamail.hu',1,1,'varga jános','','',2011000019,NULL,NULL),(7293,'bezsenyim51@gmail.com',1,1,'Kné,Bézsenyi Margit','','',2011000025,NULL,NULL),(7290,'bertram@inbox.com',1,1,'Bertram','','',2011000022,NULL,NULL),(7306,'andok.edit@gmail.com',1,1,'SZABÓNÉ ANDÓK EDIT','','',2011000038,NULL,NULL),(7311,'mohosadrienne@t-online.hu',1,1,'Mohos Adrienne','','',2011000043,NULL,NULL),(7319,'papaferenc65@gmail.com',1,1,'pápaferenc','','',2011000051,NULL,NULL),(7320,'m.mike78@freemail.hu',1,1,'Molnár Miklós','','',2011000052,NULL,NULL),(7325,'E-mail cÃ­me',1,1,'Az Ã–n neve','','',2011000057,NULL,NULL),(7332,'kecskebandi@citromail.hu',1,1,'Simon András','','',2011000064,NULL,NULL),(7350,'kovacsi56@zelkanet.hu',1,1,'Kovács Imre','','',2011000082,NULL,NULL),(7351,'kovacsi56@zelkanet.hu',1,1,'Kovács Imre','','',2011000083,NULL,NULL),(7352,'benow78@gmail.com',1,1,'Noper590','','',2011000084,NULL,NULL),(7354,'melya45@gmail.com',1,1,'Sytbian','','',2011000086,NULL,NULL),(7356,'sort@jargi.com',1,1,'jiga','','',2011000088,NULL,NULL),(7357,'musat21@gmail.com',1,1,'Sterci0','','',2011000089,NULL,NULL),(7362,'vin.and1@yandex.ru',1,1,'MixeT5','','',2011000094,NULL,NULL),(7363,'weger7@gmail.com',1,1,'LotrE3','','',2011000095,NULL,NULL),(7364,'merke7@gmail.com',1,1,'Kope7','','',2011000096,NULL,NULL),(7365,'bolabol4@gmail.com',1,1,'MilL3','','',2011000097,NULL,NULL),(7366,'yergo22@gmail.com',1,1,'BerasO','','',2011000098,NULL,NULL),(7369,'udoev34@gmail.com',1,1,'Kjyer8','','',2011000101,NULL,NULL),(7370,'devnull@eagent.hu',1,1,'test','','',2011000102,NULL,NULL),(7371,'pronki6@gmail.com',1,1,'LukKa2','','',2011000103,NULL,NULL),(7375,'etamas@eagent.hu',1,0,'Érdfalvi Tamás',NULL,'123/45567',2011000104,'1037 Budapest,Csillaghegyi út 19-21','2011-02-03 16:24:10'),(7376,'uzsolt@eagent.hu',1,0,'Udvarhelyi zsolt',NULL,'06-1-453-0120',2011000105,'1037 Budapest, csillaghegyi út 19-21.','2011-02-03 18:59:54'),(7377,'skrew@eagent.hu',1,0,'Érdfalvi Tamás',NULL,'132-4567',2011000106,'1037 Budapest, Csillaghegyi út 19.21.','2011-02-04 14:35:42'),(7378,'brenne3@gmail.com',1,1,'Jutra80','','',2011000107,NULL,'2011-02-06 17:36:25'),(7379,'tollia8@gmail.com',1,1,'YidePo','','',2011000108,NULL,'2011-02-07 18:12:10'),(7380,'cqfsfu@wcjqtz.com',1,1,'rogusi','','',2011000109,NULL,'2011-02-14 23:38:32'),(7381,'xfcqin@bnlhty.com',1,1,'xvyepizg','','',2011000110,NULL,'2011-02-26 17:39:53'),(7382,'kzszgb@hnjcov.com',1,1,'qanoow','','',2011000111,NULL,'2011-03-11 17:55:13'),(7383,'hyqxau@nyibhz.com',1,1,'lbezzreoxf','','',2011000112,NULL,'2011-03-31 01:47:29'),(7384,'nrudph@ksohwi.com',1,1,'vnrsksijouy','','',2011000113,NULL,'2011-04-05 05:32:14'),(7385,'vxnlcp@bguhvj.com',1,1,'quuvlawadat','','',2011000114,NULL,'2011-05-17 05:46:47'),(7386,'georg79@hotmail.com',1,1,'Wilman','','',2011000115,NULL,'2011-10-27 21:32:40'),(7387,'dr.zoiberg.lobster@gmail.com',1,1,'DrZoibergLo','','',2011000116,NULL,'2011-11-29 03:55:10'),(7388,'dr.zoiberg.lobster@gmail.com',1,1,'DrZoibergLo','','',2011000117,NULL,'2011-11-30 13:41:48'),(7389,'dvm.Constantine6328@email-masking.com',1,1,'Elisabeth constantine','','',2011000118,NULL,'2011-12-10 00:53:23'),(7390,'nqqflh@zzaohv.com',1,1,'dcvikiari','','',2011000119,NULL,'2011-12-20 23:05:59'),(7391,'vaviaj@jeoopt.com',1,1,'svpboioqmy','','',2011000120,NULL,'2011-12-20 23:24:02'),(7392,'qlwekf@ugesha.com',1,1,'ikjzmqayuwo','','',2011000121,NULL,'2011-12-26 11:55:22'),(7393,'ryksya@zpfnwt.com',1,1,'famxryujshx','','',2011000122,NULL,'2011-12-29 08:52:25'),(7394,'qedllg@usxhkg.com',1,1,'qunshtgeqvz','','',2011000123,NULL,'2012-01-26 05:36:15'),(7395,'wjuerc@duysby.com',1,1,'mhbxgqvkyy','','',2011000124,NULL,'2012-02-26 07:26:43'),(7396,'vvqcmk@lodrbu.com',1,1,'yvfqbb','','',2011000125,NULL,'2012-03-05 01:22:58'),(7397,'yvzeei@humzyb.com',1,1,'gpysjbq','','',2011000126,NULL,'2012-03-06 16:08:30'),(7398,'ipwyom@nnppfx.com',1,1,'btkgboqgbj','','',2011000127,NULL,'2012-04-07 10:04:47'),(7399,'jbtngb@fftvxu.com',1,1,'qflbcnsqo','','',2011000128,NULL,'2012-04-26 21:20:27'),(7400,'joseph72@hotmail.com',1,1,'gordon','','',2011000129,NULL,'2012-06-21 18:05:31'),(7401,'greenwood@webtown.com',1,1,'Austin','','',2011000130,NULL,'2012-07-26 19:38:11'),(7402,'cmgenz@uvuhqz.com',1,1,'budjwsncvsy','','',2011000131,NULL,'2012-07-31 11:11:57'),(7403,'flyman@gmail.com',1,1,'Austin','','',2011000132,NULL,'2012-09-20 20:57:46'),(7404,'ugwwia@kknwed.com',1,1,'wkonceqzili','','',2011000133,NULL,'2012-09-24 23:32:24'),(7405,'fifa55@yahoo.com',1,1,'Nicholas','','',2011000134,NULL,'2012-09-25 07:44:49'),(7406,'dirtbill@yahoo.com',1,1,'Wyatt','','',2011000135,NULL,'2012-09-26 00:05:49'),(7407,'znmfnv@avhbtd.com',1,1,'dflvvu','','',2011000136,NULL,'2012-09-26 12:40:27'),(7408,'rikky@aol.com',1,1,'Stephanie','','',2011000137,NULL,'2012-10-02 09:49:02'),(7409,'gobiz@gmail.com',1,1,'Claire','','',2011000138,NULL,'2012-10-03 02:15:58'),(7410,'fifa55@yahoo.com',1,1,'Snoopy','','',2011000139,NULL,'2012-10-03 20:25:01'),(7411,'heyjew@msn.com',1,1,'Katelyn','','',2011000140,NULL,'2012-10-03 21:38:24'),(7412,'goodboy@yahoo.com',1,1,'Rachel','','',2011000141,NULL,'2012-10-04 22:23:24'),(7413,'crazyfrog@hotmail.com',1,1,'Vanessa','','',2011000142,NULL,'2012-10-05 14:08:12'),(7414,'coolman@msn.com',1,1,'Elizabeth','','',2011000143,NULL,'2012-10-06 00:18:12'),(7415,'cooler111@yahoo.com',1,1,'Kimberly','','',2011000144,NULL,'2012-10-06 06:33:10'),(7416,'freelove@msn.com',1,1,'Arianna','','',2011000145,NULL,'2012-10-06 22:55:09'),(7417,'lifestile@msn.com',1,1,'Mia','','',2011000146,NULL,'2012-10-07 13:03:49'),(7418,'freelove@msn.com',1,1,'Serenity','','',2011000147,NULL,'2012-10-08 14:02:56'),(7419,'flyman@gmail.com',1,1,'Jeremiah','','',2011000148,NULL,'2012-10-09 15:01:58'),(7420,'quaker@yahoo.com',1,1,'Jackson','','',2011000149,NULL,'2012-10-10 16:02:12'),(7421,'nogood87@yahoo.com',1,1,'Caroline','','',2011000150,NULL,'2012-10-12 18:03:28'),(7422,'john@hotmail.com',1,1,'Carlos','','',2011000151,NULL,'2012-10-14 20:51:00'),(7423,'cooler111@yahoo.com',1,1,'Maya','','',2011000152,NULL,'2012-10-17 12:13:10'),(7424,'incomeppc@hotmail.com',1,1,'Haley','','',2011000153,NULL,'2012-10-18 22:44:11'),(7425,'nogood87@yahoo.com',1,1,'Chloe','','',2011000154,NULL,'2012-10-19 17:34:58'),(7426,'coolman@msn.com',1,1,'cooler111','','',2011000155,NULL,'2012-10-19 18:31:06'),(7427,'kidrock@msn.com',1,1,'Molly','','',2011000156,NULL,'2012-10-20 12:26:31'),(7428,'coolman@msn.com',1,1,'Payton','','',2011000157,NULL,'2012-10-20 21:34:48'),(7429,'greenwood@webtown.com',1,1,'Isabel','','',2011000158,NULL,'2012-10-22 01:05:30'),(7430,'lifestile@msn.com',1,1,'Melanie','','',2011000159,NULL,'2012-10-22 02:22:20'),(7431,'deadman@gmail.com',1,1,'Ricky','','',2011000160,NULL,'2012-10-25 11:22:43'),(7432,'freeman@hotmail.com',1,1,'Christopher','','',2011000161,NULL,'2012-10-25 22:35:20'),(7433,'cooler111@yahoo.com',1,1,'Jessica','','',2011000162,NULL,'2012-10-26 12:02:21'),(7434,'dirtbill@yahoo.com',1,1,'Hannah','','',2011000163,NULL,'2012-10-27 13:33:51'),(7435,'freelove@msn.com',1,1,'Gabriel','','',2011000164,NULL,'2012-10-28 04:14:57'),(7436,'crazyfrog@hotmail.com',1,1,'cooler111','','',2011000165,NULL,'2012-10-31 10:42:32'),(7437,'goodsam@gmail.com',1,1,'Luis','','',2011000166,NULL,'2012-11-05 19:18:52'),(7438,'pitfighter@hotmail.com',1,1,'Jacob','','',2011000167,NULL,'2012-11-06 17:24:06'),(7439,'goodboy@yahoo.com',1,1,'Diego','','',2011000168,NULL,'2012-11-11 01:49:25'),(7440,'coco888@msn.com',1,1,'Kevin','','',2011000169,NULL,'2012-11-13 11:16:58'),(7441,'razer22@yahoo.com',1,1,'Kaylee','','',2011000170,NULL,'2012-11-15 10:20:58'),(7442,'infest@msn.com',1,1,'Isabel','','',2011000171,NULL,'2012-11-16 11:39:16'),(7443,'dirtbill@yahoo.com',1,1,'bobber','','',2011000172,NULL,'2012-11-17 16:41:32'),(7444,'friend35@hotmail.com',1,1,'Jordan','','',2011000173,NULL,'2012-11-19 15:32:10'),(7445,'nogood87@yahoo.com',1,1,'Julia','','',2011000174,NULL,'2012-11-20 01:38:25'),(7446,'incomeppc@hotmail.com',1,1,'Kaitlyn','','',2011000175,NULL,'2012-11-20 11:54:17'),(7447,'behappy@yahoo.com',1,1,'Kimberly','','',2011000176,NULL,'2012-11-20 21:52:24'),(7448,'cooler111@yahoo.com',1,1,'Jocelyn','','',2011000177,NULL,'2012-11-21 08:45:02'),(7449,'kidrock@msn.com',1,1,'greenwood','','',2011000178,NULL,'2012-12-07 12:43:06'),(7450,'cuybsb@hismkw.com',1,1,'nfdtwvzcq','','',2011000179,NULL,'2012-12-19 09:03:42'),(7451,'cglsix@qdpskn.com',1,1,'fevqxvr','','',2011000180,NULL,'2012-12-21 11:53:00'),(7452,'cnetyu@isbgzk.com',1,1,'kvfewqg','','',2011000181,NULL,'2012-12-21 13:44:18'),(7453,'normy273@hotmail.com',1,1,'benly','','',2011000182,NULL,'2013-01-10 21:25:00'),(7454,'quaker@yahoo.com',1,1,'Henry','','',2011000183,NULL,'2013-01-21 17:16:55'),(7455,'crazyivan@yahoo.com',1,1,'Alexis','','',2011000184,NULL,'2013-01-23 11:57:01'),(7456,'john@hotmail.com',1,1,'Riley','','',2011000185,NULL,'2013-01-24 01:51:44'),(7457,'lifestile@msn.com',1,1,'Curt','','',2011000186,NULL,'2013-02-01 19:40:24'),(7458,'freelove@msn.com',1,1,'Barry','','',2011000187,NULL,'2013-02-01 19:40:27'),(7459,'heyjew@msn.com',1,1,'Adam','','',2011000188,NULL,'2013-02-01 19:40:30'),(7460,'nogood87@yahoo.com',1,1,'Natalie','','',2011000189,NULL,'2013-02-01 19:40:37'),(7461,'goodboy@yahoo.com',1,1,'incomeppc','','',2011000190,NULL,'2013-02-01 19:40:39'),(7462,'dirtbill@yahoo.com',1,1,'Jasmine','','',2011000191,NULL,'2013-02-05 00:28:51'),(7463,'rikky@aol.com',1,1,'Cameron','','',2011000192,NULL,'2013-02-06 18:03:00'),(7464,'crazyivan@yahoo.com',1,1,'Hunter','','',2011000193,NULL,'2013-02-06 18:03:05'),(7465,'dogkill@yahoo.com',1,1,'Brayden','','',2011000194,NULL,'2013-02-06 18:03:12'),(7466,'lifestile@msn.com',1,1,'Patrick','','',2011000195,NULL,'2013-02-09 14:42:46'),(7467,'johne434@aol.com',1,1,'Pharme146','','',2011000196,NULL,'2013-02-13 08:12:49'),(7468,'johnd809@aol.com',1,1,'Pharmd844','','',2011000197,NULL,'2013-02-13 08:12:52'),(7469,'johne944@aol.com',1,1,'Pharme620','','',2011000198,NULL,'2013-02-13 13:13:07'),(7470,'johnc396@aol.com',1,1,'Pharmc791','','',2011000199,NULL,'2013-02-13 13:13:11'),(7471,'freeman@hotmail.com',1,1,'Connor','','',2011000200,NULL,'2013-02-15 15:08:22'),(7472,'eblanned@yahoo.com',1,1,'Aiden','','',2011000201,NULL,'2013-02-15 15:08:25'),(7473,'goodsam@gmail.com',1,1,'Dominic','','',2011000202,NULL,'2013-02-15 15:08:28'),(7474,'goodboy@yahoo.com',1,1,'heyjew','','',2011000203,NULL,'2013-02-15 15:08:43'),(7475,'pitfighter@hotmail.com',1,1,'Thomas','','',2011000204,NULL,'2013-02-15 15:08:49'),(7476,'getjoy@msn.com',1,1,'Emma','','',2011000205,NULL,'2013-02-18 01:21:24'),(7477,'goodboy@yahoo.com',1,1,'Carlos','','',2011000206,NULL,'2013-02-18 01:21:25'),(7478,'getjoy@msn.com',1,1,'Brian','','',2011000207,NULL,'2013-02-18 01:21:26'),(7479,'bonser@gmail.com',1,1,'Makayla','','',2011000208,NULL,'2013-02-18 01:21:27'),(7480,'incomeppc@hotmail.com',1,1,'Jenna','','',2011000209,NULL,'2013-02-18 01:21:29'),(7481,'johne732@aol.com',1,1,'Pharme644','','',2011000210,NULL,'2013-02-21 18:07:36'),(7482,'johne872@aol.com',1,1,'Pharme817','','',2011000211,NULL,'2013-02-21 18:07:39'),(7483,'johne766@aol.com',1,1,'Pharme645','','',2011000212,NULL,'2013-02-22 09:46:43'),(7484,'johnc421@aol.com',1,1,'Pharmc718','','',2011000213,NULL,'2013-02-22 09:46:46'),(7485,'deadman@gmail.com',1,1,'Autumn','','',2011000214,NULL,'2013-03-13 14:42:01'),(7486,'thebest@hotmail.com',1,1,'Jada','','',2011000215,NULL,'2013-03-13 14:42:03'),(7487,'bonser@gmail.com',1,1,'Aaliyah','','',2011000216,NULL,'2013-03-13 14:42:04'),(7488,'razer22@yahoo.com',1,1,'Plank','','',2011000217,NULL,'2013-03-13 14:42:05'),(7489,'infest@msn.com',1,1,'Christian','','',2011000218,NULL,'2013-03-13 14:42:07'),(7490,'gobiz@gmail.com',1,1,'DE','','',2011000219,NULL,'2013-03-13 14:42:08'),(7491,'coco888@msn.com',1,1,'Melissa','','',2011000220,NULL,'2013-03-13 14:42:10'),(7492,'crazyfrog@hotmail.com',1,1,'Gabriel','','',2011000221,NULL,'2013-03-13 14:42:11'),(7493,'thebest@hotmail.com',1,1,'Matthew','','',2011000222,NULL,'2013-03-13 14:42:12'),(7494,'behappy@yahoo.com',1,1,'Emily','','',2011000223,NULL,'2013-03-13 14:42:13'),(7495,'incomeppc@hotmail.com',1,1,'Robert','','',2011000224,NULL,'2013-03-16 09:52:31'),(7496,'crazyfrog@hotmail.com',1,1,'Seth','','',2011000225,NULL,'2013-03-16 09:52:34'),(7497,'lightsoul@gmail.com',1,1,'Isabelle','','',2011000226,NULL,'2013-03-16 09:52:40'),(7498,'quaker@yahoo.com',1,1,'Tommy','','',2011000227,NULL,'2013-03-16 09:52:43'),(7499,'incomeppc@hotmail.com',1,1,'Kayla','','',2011000228,NULL,'2013-03-16 09:52:45'),(7500,'nogood87@yahoo.com',1,1,'Charlotte','','',2011000229,NULL,'2013-03-16 09:52:48'),(7501,'rikky@aol.com',1,1,'dirtbill','','',2011000230,NULL,'2013-03-16 09:52:50'),(7502,'freelife@yahoo.com',1,1,'Hailey','','',2011000231,NULL,'2013-03-16 09:52:53'),(7503,'cooler111@yahoo.com',1,1,'Richard','','',2011000232,NULL,'2013-03-16 09:52:55'),(7504,'eblanned@yahoo.com',1,1,'Curt','','',2011000233,NULL,'2013-03-16 09:52:59'),(7505,'behappy@yahoo.com',1,1,'Alex','','',2011000234,NULL,'2013-03-19 10:12:03'),(7506,'coolman@msn.com',1,1,'Kaylee','','',2011000235,NULL,'2013-03-19 10:12:04'),(7507,'quaker@yahoo.com',1,1,'Eric','','',2011000236,NULL,'2013-03-19 10:12:07'),(7508,'john@hotmail.com',1,1,'Kimberly','','',2011000237,NULL,'2013-03-19 10:12:09'),(7509,'cooler111@yahoo.com',1,1,'Christian','','',2011000238,NULL,'2013-03-19 10:12:11'),(7510,'steep777@yahoo.com',1,1,'gobiz','','',2011000239,NULL,'2013-03-19 10:12:13'),(7511,'eblanned@yahoo.com',1,1,'Jonathan','','',2011000240,NULL,'2013-03-19 10:12:15'),(7512,'coco888@msn.com',1,1,'Michael','','',2011000241,NULL,'2013-03-19 10:12:20'),(7513,'bonser@gmail.com',1,1,'Jesus','','',2011000242,NULL,'2013-03-19 10:12:22'),(7514,'lifestile@msn.com',1,1,'John','','',2011000243,NULL,'2013-03-19 10:12:24'),(7515,'ahhrgn@hwxyeg.com',1,1,'orcngiostz','','',2011000244,NULL,'2013-03-26 10:57:22'),(7516,'inizqz@cqvuhl.com',1,1,'kjdrzjl','','',2011000245,NULL,'2013-03-26 10:57:30'),(7517,'bawtya@qvumru.com',1,1,'mvhfbjpiplt','','',2011000246,NULL,'2013-03-26 13:47:25'),(7518,'qmidif@qbcaxt.com',1,1,'espwqhozlbd','','',2011000247,NULL,'2013-03-27 16:25:31'),(7519,'hixdar@qbxugo.com',1,1,'eictrrk','','',2011000248,NULL,'2013-04-09 08:02:54'),(7520,'vgvmiv@qbejik.com',1,1,'rxzfbgjnive','','',2011000249,NULL,'2013-04-09 16:43:39'),(7521,'xzuxja@xkjywv.com',1,1,'hjhgzxnl','','',2011000250,NULL,'2013-04-09 16:45:00'),(7522,'lsukft@snkerg.com',1,1,'agsbovu','','',2011000251,NULL,'2013-04-10 23:13:28'),(7523,'dondy228@hotmail.com',1,1,'ronny','','',2011000252,NULL,'2013-05-04 20:14:52'),(7524,'rkgurz@syfpdu.com',1,1,'nsyaoe','','',2011000253,NULL,'2013-07-17 20:11:28'),(7525,'dbfuzz@hotmail.com',1,1,'ronny','','',2011000254,NULL,'2013-10-13 16:46:34'),(7526,'jaqqhm@dpnsgm.com',1,1,'slzyqsawpi','','',2011000255,NULL,'2013-10-26 11:25:43'),(7527,'unlove@gmail.com',1,1,'Jesus','','',2011000256,NULL,'2014-01-01 16:30:48'),(7528,'lifestile@msn.com',1,1,'Nicholas','','',2011000257,NULL,'2014-01-01 16:30:50'),(7529,'cooler111@yahoo.com',1,1,'Caroline','','',2011000258,NULL,'2014-01-01 16:30:51'),(7530,'getjoy@msn.com',1,1,'Kaitlyn','','',2011000259,NULL,'2014-01-01 16:30:53'),(7531,'cooler111@yahoo.com',1,1,'Barbera','','',2011000260,NULL,'2014-01-01 16:30:54'),(7532,'goodsam@gmail.com',1,1,'Diego','','',2011000261,NULL,'2014-01-07 14:24:12'),(7533,'goodsam@gmail.com',1,1,'Emily','','',2011000262,NULL,'2014-01-07 14:24:13'),(7534,'incomeppc@hotmail.com',1,1,'Jaden','','',2011000263,NULL,'2014-01-07 14:24:14'),(7535,'cooler111@yahoo.com',1,1,'Landon','','',2011000264,NULL,'2014-01-07 14:24:14'),(7536,'incomeppc@hotmail.com',1,1,'Brandon','','',2011000265,NULL,'2014-01-07 14:24:15'),(7537,'dondy228@hotmail.com',1,1,'matt','','',2011000266,NULL,'2014-01-13 18:06:25'),(7538,'rikky@aol.com',1,1,'thebest','','',2011000267,NULL,'2014-01-20 14:45:22'),(7539,'unlove@gmail.com',1,1,'Amelia','','',2011000268,NULL,'2014-01-20 14:45:23'),(7540,'behappy@yahoo.com',1,1,'Daniel','','',2011000269,NULL,'2014-01-20 14:45:24'),(7541,'dogkill@yahoo.com',1,1,'Sydney','','',2011000270,NULL,'2014-01-20 14:45:25'),(7542,'kidrock@msn.com',1,1,'Patric','','',2011000271,NULL,'2014-01-20 14:45:26'),(7543,'fifa55@yahoo.com',1,1,'Kimberly','','',2011000272,NULL,'2014-01-26 17:34:34'),(7544,'fifa55@yahoo.com',1,1,'Thomas','','',2011000273,NULL,'2014-01-26 17:34:35'),(7545,'dogkill@yahoo.com',1,1,'Owen','','',2011000274,NULL,'2014-01-26 17:34:36'),(7546,'nogood87@yahoo.com',1,1,'goodboy','','',2011000275,NULL,'2014-01-26 17:34:37'),(7547,'crazyivan@yahoo.com',1,1,'Jaden','','',2011000276,NULL,'2014-01-26 17:34:38'),(7548,'nogood87@yahoo.com',1,1,'Alyssa','','',2011000277,NULL,'2014-02-02 07:06:36'),(7549,'dogkill@yahoo.com',1,1,'Arianna','','',2011000278,NULL,'2014-02-02 07:06:37'),(7550,'getjoy@msn.com',1,1,'Faith','','',2011000279,NULL,'2014-02-02 07:06:38'),(7551,'unlove@gmail.com',1,1,'Sydney','','',2011000280,NULL,'2014-02-02 07:06:40'),(7552,'freelife@yahoo.com',1,1,'Destiny','','',2011000281,NULL,'2014-02-02 07:06:41'),(7553,'razer22@yahoo.com',1,1,'Evelyn','','',2011000282,NULL,'2014-02-08 13:59:06'),(7554,'cooler111@yahoo.com',1,1,'Ian','','',2011000283,NULL,'2014-02-08 13:59:07'),(7555,'freeman@hotmail.com',1,1,'Ella','','',2011000284,NULL,'2014-02-08 13:59:09'),(7556,'pitfighter@hotmail.com',1,1,'Lucas','','',2011000285,NULL,'2014-02-08 13:59:10'),(7557,'infest@msn.com',1,1,'crazyivan','','',2011000286,NULL,'2014-02-08 13:59:11'),(7558,'john@hotmail.com',1,1,'Bryan','','',2011000287,NULL,'2014-02-14 01:01:42'),(7559,'eblanned@yahoo.com',1,1,'Isabel','','',2011000288,NULL,'2014-02-14 01:01:43'),(7560,'cooler111@yahoo.com',1,1,'Alexis','','',2011000289,NULL,'2014-02-14 01:01:44'),(7561,'john@hotmail.com',1,1,'Adam','','',2011000290,NULL,'2014-02-14 01:01:46'),(7562,'dirtbill@yahoo.com',1,1,'Bryan','','',2011000291,NULL,'2014-02-14 01:01:48'),(7563,'john@hotmail.com',1,1,'Evelyn','','',2011000292,NULL,'2014-02-20 08:45:41'),(7564,'nogood87@yahoo.com',1,1,'Garry','','',2011000293,NULL,'2014-02-20 08:45:43'),(7565,'steep777@yahoo.com',1,1,'Layla','','',2011000294,NULL,'2014-02-20 08:45:44'),(7566,'incomeppc@hotmail.com',1,1,'Savannah','','',2011000295,NULL,'2014-02-20 08:45:46'),(7567,'coco888@msn.com',1,1,'goodsam','','',2011000296,NULL,'2014-02-20 08:45:47'),(7568,'pvjxvx@mfmdwj.com',1,1,'USA','','',2011000297,NULL,'2014-02-23 02:31:56'),(7569,'gzaxnrzw@vyekenya.com',1,1,'Vvocpzhd','','',2011000298,NULL,'2014-03-06 23:36:17'),(7570,'osesccqz@brgeqbji.com',1,1,'Mrnfpvrs','','',2011000299,NULL,'2014-03-08 05:07:21'),(7571,'btwwjs@elgixx.com',1,1,'rsephk','','',2011000300,NULL,'2014-03-17 21:15:43'),(7572,'hsxksnnc@dxkqzpzz.com',1,1,'Yxkxqqvz','','',2011000301,NULL,'2014-03-18 14:00:55'),(7573,'friend35@hotmail.com',1,1,'Charles','','',2011000302,NULL,'2014-03-20 10:58:39'),(7574,'goodsam@gmail.com',1,1,'Cameron','','',2011000303,NULL,'2014-03-20 10:58:41'),(7575,'thebest@hotmail.com',1,1,'freelove','','',2011000304,NULL,'2014-03-20 10:58:43'),(7576,'friend35@hotmail.com',1,1,'Samantha','','',2011000305,NULL,'2014-03-20 10:58:44'),(7577,'john@hotmail.com',1,1,'Katelyn','','',2011000306,NULL,'2014-03-20 10:58:46'),(7578,'rikky@aol.com',1,1,'Ava','','',2011000307,NULL,'2014-03-20 23:28:54'),(7579,'steep777@yahoo.com',1,1,'Aaliyah','','',2011000308,NULL,'2014-03-20 23:28:56'),(7580,'quaker@yahoo.com',1,1,'Brandon','','',2011000309,NULL,'2014-03-20 23:28:57'),(7581,'crazyfrog@hotmail.com',1,1,'Alexis','','',2011000310,NULL,'2014-03-20 23:28:59'),(7582,'steep777@yahoo.com',1,1,'Lillian','','',2011000311,NULL,'2014-03-20 23:29:00'),(7583,'zsqrkj@aljsbt.com',1,1,'sibvozgkbc','','',2011000312,NULL,'2014-03-24 20:30:32'),(7584,'goodsam@gmail.com',1,1,'dirtbill','','',2011000313,NULL,'2014-03-27 06:03:13'),(7585,'freeman@hotmail.com',1,1,'Patrick','','',2011000314,NULL,'2014-03-27 06:03:16'),(7586,'greenwood@webtown.com',1,1,'Gavin','','',2011000315,NULL,'2014-03-27 06:03:18'),(7587,'pitfighter@hotmail.com',1,1,'razer22','','',2011000316,NULL,'2014-03-27 06:03:19'),(7588,'steep777@yahoo.com',1,1,'Matthew','','',2011000317,NULL,'2014-03-27 06:03:21'),(7589,'kidrock@msn.com',1,1,'Seth','','',2011000318,NULL,'2014-03-28 00:42:46'),(7590,'friend35@hotmail.com',1,1,'Timothy','','',2011000319,NULL,'2014-03-28 00:42:47'),(7591,'steep777@yahoo.com',1,1,'Mariah','','',2011000320,NULL,'2014-03-28 00:42:48'),(7592,'rikky@aol.com',1,1,'getjoy','','',2011000321,NULL,'2014-03-28 00:42:49'),(7593,'flyman@gmail.com',1,1,'Katelyn','','',2011000322,NULL,'2014-03-28 00:42:54'),(7594,'greenwood@webtown.com',1,1,'Ella','','',2011000323,NULL,'2014-04-02 12:07:58'),(7595,'freeman@hotmail.com',1,1,'Dghonson','','',2011000324,NULL,'2014-04-02 12:07:59'),(7596,'freeman@hotmail.com',1,1,'Gianna','','',2011000325,NULL,'2014-04-02 12:08:01'),(7597,'steep777@yahoo.com',1,1,'Lillian','','',2011000326,NULL,'2014-04-02 12:08:02'),(7598,'bonser@gmail.com',1,1,'Adrian','','',2011000327,NULL,'2014-04-02 12:08:04'),(7599,'lightsoul@gmail.com',1,1,'Justin','','',2011000328,NULL,'2014-04-04 03:24:05'),(7600,'goodboy@yahoo.com',1,1,'Madelyn','','',2011000329,NULL,'2014-04-04 03:24:05'),(7601,'lifestile@msn.com',1,1,'Evan','','',2011000330,NULL,'2014-04-04 03:24:07'),(7602,'unlove@gmail.com',1,1,'William','','',2011000331,NULL,'2014-04-04 03:24:08'),(7603,'goodboy@yahoo.com',1,1,'Gabriella','','',2011000332,NULL,'2014-04-04 03:24:10'),(7604,'Alexandra.Amisano@galushka.name',1,1,'John','','',2011000333,NULL,'2014-04-06 16:46:09'),(7605,'lightsoul@gmail.com',1,1,'Jocelyn','','',2011000334,NULL,'2014-04-09 03:21:34'),(7606,'infest@msn.com',1,1,'kidrock','','',2011000335,NULL,'2014-04-09 03:21:35'),(7607,'infest@msn.com',1,1,'unlove','','',2011000336,NULL,'2014-04-09 03:21:37'),(7608,'gobiz@gmail.com',1,1,'Sophia','','',2011000337,NULL,'2014-04-09 03:21:38'),(7609,'dirtbill@yahoo.com',1,1,'Chloe','','',2011000338,NULL,'2014-04-09 03:21:39'),(7610,'dirtbill@yahoo.com',1,1,'Angelina','','',2011000339,NULL,'2014-04-11 03:42:07'),(7611,'dirtbill@yahoo.com',1,1,'Tommy','','',2011000340,NULL,'2014-04-11 03:42:07'),(7612,'incomeppc@hotmail.com',1,1,'Isabel','','',2011000341,NULL,'2014-04-11 03:42:08'),(7613,'freeman@hotmail.com',1,1,'Kaylee','','',2011000342,NULL,'2014-04-11 03:42:09'),(7614,'coolman@msn.com',1,1,'Amelia','','',2011000343,NULL,'2014-04-11 03:42:10'),(7615,'freeman@hotmail.com',1,1,'Garry','','',2011000344,NULL,'2014-04-11 18:15:03'),(7616,'friend35@hotmail.com',1,1,'Allison','','',2011000345,NULL,'2014-04-11 18:15:04'),(7617,'john@hotmail.com',1,1,'James','','',2011000346,NULL,'2014-04-11 18:15:05'),(7618,'pitfighter@hotmail.com',1,1,'Lucas','','',2011000347,NULL,'2014-04-11 18:15:06'),(7619,'greenwood@webtown.com',1,1,'Kevin','','',2011000348,NULL,'2014-04-11 18:15:07'),(7620,'john@hotmail.com',1,1,'Sophia','','',2011000349,NULL,'2014-04-12 04:08:06'),(7621,'bonser@gmail.com',1,1,'Lucas','','',2011000350,NULL,'2014-04-12 04:08:07'),(7622,'quaker@yahoo.com',1,1,'Mary','','',2011000351,NULL,'2014-04-12 04:08:09'),(7623,'kidrock@msn.com',1,1,'Matthew','','',2011000352,NULL,'2014-04-12 04:08:09'),(7624,'fifa55@yahoo.com',1,1,'Henry','','',2011000353,NULL,'2014-04-12 04:08:10'),(7625,'kidrock@msn.com',1,1,'Alexandra','','',2011000354,NULL,'2014-04-12 06:10:47'),(7626,'greenwood@webtown.com',1,1,'Kaitlyn','','',2011000355,NULL,'2014-04-12 06:10:49'),(7627,'rikky@aol.com',1,1,'Maria','','',2011000356,NULL,'2014-04-12 06:10:51'),(7628,'razer22@yahoo.com',1,1,'Nathan','','',2011000357,NULL,'2014-04-12 06:10:52'),(7629,'eblanned@yahoo.com',1,1,'Angel','','',2011000358,NULL,'2014-04-12 06:10:54'),(7630,'dirtbill@yahoo.com',1,1,'John','','',2011000359,NULL,'2014-04-12 17:06:43'),(7631,'crazyfrog@hotmail.com',1,1,'Jose','','',2011000360,NULL,'2014-04-12 17:06:45'),(7632,'nogood87@yahoo.com',1,1,'lightsoul','','',2011000361,NULL,'2014-04-12 17:06:46'),(7633,'dogkill@yahoo.com',1,1,'Jacob','','',2011000362,NULL,'2014-04-12 17:06:47'),(7634,'crazyivan@yahoo.com',1,1,'Angel','','',2011000363,NULL,'2014-04-12 17:06:48'),(7635,'greenwood@webtown.com',1,1,'Chloe','','',2011000364,NULL,'2014-04-26 20:51:34'),(7636,'razer22@yahoo.com',1,1,'Lily','','',2011000365,NULL,'2014-04-26 20:51:35'),(7637,'crazyivan@yahoo.com',1,1,'Jason','','',2011000366,NULL,'2014-04-26 20:51:35'),(7638,'pitfighter@hotmail.com',1,1,'Tommy','','',2011000367,NULL,'2014-04-26 20:51:37'),(7639,'greenwood@webtown.com',1,1,'Brady','','',2011000368,NULL,'2014-04-26 20:51:37'),(7640,'yjtusfql@bgrsnuef.com',1,1,'Gyshjics','','',2011000369,NULL,'2014-04-30 13:09:50'),(7641,'dqfsbcoh@vfebrflp.com',1,1,'cialis','','',2011000370,NULL,'2014-05-21 08:04:09'),(7642,'jwtddzrt@gzuaoomi.com',1,1,'viagra online cheap','','',2011000371,NULL,'2014-05-21 19:58:37'),(7643,'xctufh@yyoucz.com',1,1,'glctbmhxdn','','',2011000372,NULL,'2014-06-17 01:12:24'),(7644,'fifa55@yahoo.com',1,1,'Xavier','','',2011000373,NULL,'2014-06-25 05:36:52'),(7645,'john@hotmail.com',1,1,'Ethan','','',2011000374,NULL,'2014-06-25 05:36:52'),(7646,'pitfighter@hotmail.com',1,1,'Morgan','','',2011000375,NULL,'2014-06-25 05:36:53'),(7647,'dogkill@yahoo.com',1,1,'Amber','','',2011000376,NULL,'2014-06-25 05:36:53'),(7648,'unlove@gmail.com',1,1,'Mackenzie','','',2011000377,NULL,'2014-06-25 05:36:54'),(7649,'dogkill@yahoo.com',1,1,'Madelyn','','',2011000378,NULL,'2014-06-27 09:15:10'),(7650,'dirtbill@yahoo.com',1,1,'Alex','','',2011000379,NULL,'2014-06-27 09:15:11'),(7651,'goodboy@yahoo.com',1,1,'Austin','','',2011000380,NULL,'2014-06-27 09:15:12'),(7652,'pitfighter@hotmail.com',1,1,'Henry','','',2011000381,NULL,'2014-06-27 09:15:12'),(7653,'coolman@msn.com',1,1,'Avery','','',2011000382,NULL,'2014-06-27 09:15:13'),(7654,'infest@msn.com',1,1,'Layla','','',2011000383,NULL,'2014-06-30 22:14:44'),(7655,'unlove@gmail.com',1,1,'Xavier','','',2011000384,NULL,'2014-06-30 22:14:44'),(7656,'coolman@msn.com',1,1,'Genesis','','',2011000385,NULL,'2014-06-30 22:14:45'),(7657,'freelife@yahoo.com',1,1,'Anthony','','',2011000386,NULL,'2014-06-30 22:14:46'),(7658,'razer22@yahoo.com',1,1,'Luis','','',2011000387,NULL,'2014-06-30 22:14:47'),(7659,'quaker@yahoo.com',1,1,'Isaac','','',2011000388,NULL,'2014-07-03 16:30:56'),(7660,'heyjew@msn.com',1,1,'Kylie','','',2011000389,NULL,'2014-07-03 16:30:57'),(7661,'cooler111@yahoo.com',1,1,'James','','',2011000390,NULL,'2014-07-03 16:30:57'),(7662,'lightsoul@gmail.com',1,1,'Makayla','','',2011000391,NULL,'2014-07-03 16:30:58'),(7663,'freeman@hotmail.com',1,1,'Ayden','','',2011000392,NULL,'2014-07-03 16:30:59'),(7664,'getjoy@msn.com',1,1,'Isaiah','','',2011000393,NULL,'2014-07-05 17:54:17'),(7665,'eblanned@yahoo.com',1,1,'Anna','','',2011000394,NULL,'2014-07-05 17:54:19'),(7666,'getjoy@msn.com',1,1,'Vanessa','','',2011000395,NULL,'2014-07-05 17:54:20'),(7667,'eblanned@yahoo.com',1,1,'Joshua','','',2011000396,NULL,'2014-07-05 17:54:20'),(7668,'crazyivan@yahoo.com',1,1,'Natalie','','',2011000397,NULL,'2014-07-05 17:54:21'),(7669,'coolman@msn.com',1,1,'cooler111','','',2011000398,NULL,'2014-07-11 07:37:37'),(7670,'coolman@msn.com',1,1,'Leslie','','',2011000399,NULL,'2014-07-11 07:37:38'),(7671,'fifa55@yahoo.com',1,1,'Tyler','','',2011000400,NULL,'2014-07-11 07:37:39'),(7672,'cooler111@yahoo.com',1,1,'Erin','','',2011000401,NULL,'2014-07-11 07:37:39'),(7673,'quaker@yahoo.com',1,1,'Trinity','','',2011000402,NULL,'2014-07-11 07:37:40'),(7674,'getjoy@msn.com',1,1,'freelove','','',2011000403,NULL,'2014-07-11 13:14:32'),(7675,'coolman@msn.com',1,1,'Morgan','','',2011000404,NULL,'2014-07-11 13:14:33'),(7676,'rikky@aol.com',1,1,'Destiny','','',2011000405,NULL,'2014-07-11 13:14:33'),(7677,'incomeppc@hotmail.com',1,1,'Bailey','','',2011000406,NULL,'2014-07-11 13:14:34'),(7678,'fifa55@yahoo.com',1,1,'Isabel','','',2011000407,NULL,'2014-07-11 13:14:36'),(7679,'behappy@yahoo.com',1,1,'Xavier','','',2011000408,NULL,'2014-07-18 02:23:10'),(7680,'greenwood@webtown.com',1,1,'Tristan','','',2011000409,NULL,'2014-07-18 02:23:11'),(7681,'lifestile@msn.com',1,1,'Parker','','',2011000410,NULL,'2014-07-18 02:23:12'),(7682,'friend35@hotmail.com',1,1,'Leslie','','',2011000411,NULL,'2014-07-18 02:23:13'),(7683,'friend35@hotmail.com',1,1,'Rachel','','',2011000412,NULL,'2014-07-18 02:23:13'),(7684,'crazyfrog@hotmail.com',1,1,'Jocelyn','','',2011000413,NULL,'2014-07-19 20:07:37'),(7685,'lightsoul@gmail.com',1,1,'Jada','','',2011000414,NULL,'2014-07-19 20:07:37'),(7686,'friend35@hotmail.com',1,1,'John','','',2011000415,NULL,'2014-07-19 20:07:38'),(7687,'goodboy@yahoo.com',1,1,'Samantha','','',2011000416,NULL,'2014-07-19 20:07:39'),(7688,'flyman@gmail.com',1,1,'David','','',2011000417,NULL,'2014-07-19 20:07:40'),(7689,'bonser@gmail.com',1,1,'Carson','','',2011000418,NULL,'2014-07-23 15:41:01'),(7690,'quaker@yahoo.com',1,1,'Aiden','','',2011000419,NULL,'2014-07-23 15:41:03'),(7691,'freelife@yahoo.com',1,1,'Ethan','','',2011000420,NULL,'2014-07-23 15:41:03'),(7692,'nogood87@yahoo.com',1,1,'Noah','','',2011000421,NULL,'2014-07-23 15:41:04'),(7693,'eblanned@yahoo.com',1,1,'Mike','','',2011000422,NULL,'2014-07-23 15:41:05'),(7694,'getjoy@msn.com',1,1,'Gracie','','',2011000423,NULL,'2014-07-25 19:17:52'),(7695,'heyjew@msn.com',1,1,'Christian','','',2011000424,NULL,'2014-07-25 19:17:52'),(7696,'behappy@yahoo.com',1,1,'Jose','','',2011000425,NULL,'2014-07-25 19:17:53'),(7697,'thebest@hotmail.com',1,1,'Rachel','','',2011000426,NULL,'2014-07-25 19:17:53'),(7698,'infest@msn.com',1,1,'Matthew','','',2011000427,NULL,'2014-07-25 19:17:54'),(7699,'rikky@aol.com',1,1,'Alyssa','','',2011000428,NULL,'2014-07-28 09:53:55'),(7700,'crazyfrog@hotmail.com',1,1,'William','','',2011000429,NULL,'2014-07-28 09:53:56'),(7701,'deadman@gmail.com',1,1,'Colin','','',2011000430,NULL,'2014-07-28 09:53:57'),(7702,'bonser@gmail.com',1,1,'Sydney','','',2011000431,NULL,'2014-07-28 09:53:58'),(7703,'dirtbill@yahoo.com',1,1,'Joshua','','',2011000432,NULL,'2014-07-28 09:53:58'),(7704,'jsjyto@ipkwdi.com',1,1,'ukbqwl','','',2011000433,NULL,'2014-07-31 01:03:29'),(7705,'lpwchi@lmbocm.com',1,1,'qbckvyqszsg','','',2011000434,NULL,'2014-07-31 01:59:04'),(7706,'brgcnv@hiwzta.com',1,1,'wjarlydsbz','','',2011000435,NULL,'2014-07-31 10:14:01'),(7707,'ewvyrb@epjcmk.com',1,1,'vndesbaorzy','','',2011000436,NULL,'2014-07-31 15:02:42'),(7708,'crazyfrog@hotmail.com',1,1,'Gabriel','','',2011000437,NULL,'2014-07-31 17:21:05'),(7709,'nogood87@yahoo.com',1,1,'Eric','','',2011000438,NULL,'2014-07-31 17:21:06'),(7710,'john@hotmail.com',1,1,'Caleb','','',2011000439,NULL,'2014-07-31 17:21:08'),(7711,'freelove@msn.com',1,1,'Aiden','','',2011000440,NULL,'2014-07-31 17:21:09'),(7712,'coolman@msn.com',1,1,'Samuel','','',2011000441,NULL,'2014-07-31 17:21:09'),(7713,'rikky@aol.com',1,1,'Melanie','','',2011000442,NULL,'2014-08-02 19:06:28'),(7714,'eblanned@yahoo.com',1,1,'Lily','','',2011000443,NULL,'2014-08-02 19:06:28'),(7715,'behappy@yahoo.com',1,1,'Eric','','',2011000444,NULL,'2014-08-02 19:06:29'),(7716,'flyman@gmail.com',1,1,'Molly','','',2011000445,NULL,'2014-08-02 19:06:30'),(7717,'thebest@hotmail.com',1,1,'Diego','','',2011000446,NULL,'2014-08-02 19:06:31'),(7718,'gobiz@gmail.com',1,1,'Cole','','',2011000447,NULL,'2014-08-08 12:13:17'),(7719,'eblanned@yahoo.com',1,1,'Trinity','','',2011000448,NULL,'2014-08-08 12:13:18'),(7720,'freelove@msn.com',1,1,'Riley','','',2011000449,NULL,'2014-08-08 12:13:18'),(7721,'dirtbill@yahoo.com',1,1,'razer22','','',2011000450,NULL,'2014-08-08 12:13:19'),(7722,'fifa55@yahoo.com',1,1,'incomeppc','','',2011000451,NULL,'2014-08-08 12:13:20'),(7723,'razer22@yahoo.com',1,1,'Peyton','','',2011000452,NULL,'2014-08-08 12:17:42'),(7724,'getjoy@msn.com',1,1,'Isabella','','',2011000453,NULL,'2014-08-08 12:17:43'),(7725,'flyman@gmail.com',1,1,'Layla','','',2011000454,NULL,'2014-08-08 12:17:45'),(7726,'razer22@yahoo.com',1,1,'Jayden','','',2011000455,NULL,'2014-08-08 12:17:45'),(7727,'behappy@yahoo.com',1,1,'Trinity','','',2011000456,NULL,'2014-08-08 12:17:47'),(7728,'nogood87@yahoo.com',1,1,'Haley','','',2011000457,NULL,'2014-08-14 15:07:31'),(7729,'coolman@msn.com',1,1,'Magic','','',2011000458,NULL,'2014-08-14 15:07:32'),(7730,'crazyfrog@hotmail.com',1,1,'Elijah','','',2011000459,NULL,'2014-08-14 15:07:33'),(7731,'coolman@msn.com',1,1,'DE','','',2011000460,NULL,'2014-08-14 15:07:34'),(7732,'fifa55@yahoo.com',1,1,'nogood87','','',2011000461,NULL,'2014-08-14 15:07:36'),(7733,'coolman@msn.com',1,1,'Ryan','','',2011000462,NULL,'2014-08-14 18:53:16'),(7734,'razer22@yahoo.com',1,1,'Genesis','','',2011000463,NULL,'2014-08-14 18:53:17'),(7735,'coco888@msn.com',1,1,'Alexis','','',2011000464,NULL,'2014-08-14 18:53:18'),(7736,'deadman@gmail.com',1,1,'Ayden','','',2011000465,NULL,'2014-08-14 18:53:19'),(7737,'unlove@gmail.com',1,1,'Colton','','',2011000466,NULL,'2014-08-14 18:53:19'),(7738,'rikky@aol.com',1,1,'Arianna','','',2011000467,NULL,'2014-08-19 09:45:19'),(7739,'heyjew@msn.com',1,1,'Brooklyn','','',2011000468,NULL,'2014-08-19 09:45:19'),(7740,'behappy@yahoo.com',1,1,'Aubrey','','',2011000469,NULL,'2014-08-19 09:45:20'),(7741,'goodsam@gmail.com',1,1,'DE','','',2011000470,NULL,'2014-08-19 09:45:20'),(7742,'friend35@hotmail.com',1,1,'Molly','','',2011000471,NULL,'2014-08-19 09:45:21'),(7743,'cooler111@yahoo.com',1,1,'Makayla','','',2011000472,NULL,'2014-08-26 13:14:08'),(7744,'coco888@msn.com',1,1,'Madelyn','','',2011000473,NULL,'2014-08-26 13:14:09'),(7745,'heyjew@msn.com',1,1,'Maya','','',2011000474,NULL,'2014-08-26 13:14:09'),(7746,'coolman@msn.com',1,1,'Sophia','','',2011000475,NULL,'2014-08-26 13:14:10'),(7747,'friend35@hotmail.com',1,1,'Sydney','','',2011000476,NULL,'2014-08-26 13:14:11'),(7748,'coco888@msn.com',1,1,'Christian','','',2011000477,NULL,'2014-08-31 06:43:12'),(7749,'rikky@aol.com',1,1,'Hunter','','',2011000478,NULL,'2014-08-31 06:43:13'),(7750,'friend35@hotmail.com',1,1,'Daniel','','',2011000479,NULL,'2014-08-31 06:43:14'),(7751,'thebest@hotmail.com',1,1,'Mariah','','',2011000480,NULL,'2014-08-31 06:43:14'),(7752,'infest@msn.com',1,1,'Emma','','',2011000481,NULL,'2014-08-31 06:43:15'),(7753,'lifestile@msn.com',1,1,'Connor','','',2011000482,NULL,'2014-09-05 11:33:04'),(7754,'gobiz@gmail.com',1,1,'Nicholas','','',2011000483,NULL,'2014-09-05 11:33:05'),(7755,'rikky@aol.com',1,1,'Allison','','',2011000484,NULL,'2014-09-05 11:33:05'),(7756,'incomeppc@hotmail.com',1,1,'Abigail','','',2011000485,NULL,'2014-09-05 11:33:06'),(7757,'thebest@hotmail.com',1,1,'Aubrey','','',2011000486,NULL,'2014-09-05 11:33:07'),(7758,'rdaniel92089@floopa.com',1,1,'Az Ã–n neve','','',2011000487,NULL,'2014-09-23 22:43:24'),(7759,'barny182@hotmail.com',1,1,'matt','','',2011000488,NULL,'2014-09-28 09:38:23'),(7760,'sbdh47tf@hotmail.com',1,1,'horny','','',2011000489,NULL,'2014-10-03 15:38:44'),(7761,'john@hotmail.com',1,1,'horny','','',2011000490,NULL,'2014-10-06 09:18:13'),(7762,'uvlyzp@slwskx.com',1,1,'gfumjjqiw','','',2011000491,NULL,'2014-11-03 13:58:35'),(7763,'segtof@rkddhq.com',1,1,'akvueigyatb','','',2011000492,NULL,'2014-11-03 15:02:24'),(7764,'xklayj@xzvpaw.com',1,1,'qhkgupwbkd','','',2011000493,NULL,'2014-11-03 20:38:29'),(7765,'derby451@hotmail.com',1,1,'sally','','',2011000494,NULL,'2015-01-06 16:20:46'),(7766,'klark2d4@gmail.com',1,1,'darel','','',2011000495,NULL,'2015-01-09 16:21:29'),(7767,'klark2d4@gmail.com',1,1,'darel','','',2011000496,NULL,'2015-01-09 16:21:39'),(7768,'zork2j3he@gmail.com',1,1,'zork','','',2011000497,NULL,'2015-01-09 19:40:04'),(7769,'luidji2d@gmail.com',1,1,'gabahey','','',2011000498,NULL,'2015-01-11 09:59:22'),(7770,'drsyhb@noqbxr.com',1,1,'pnsmnu','','',2011000499,NULL,'2015-04-02 14:41:19'),(7771,'barny182@hotmail.com',1,1,'sally','','',2011000500,NULL,'2015-08-05 11:43:10'),(7772,'mroob67508@floopa.com',1,1,'Az ?n neve','','',2011000501,NULL,'2016-04-30 07:38:56');

--
-- Table structure for table `emails`
--

CREATE TABLE `emails` (
  `id` bigint(20) unsigned NOT NULL AUTO_INCREMENT,
  `group_id` bigint(20) DEFAULT '2',
  `name` varchar(255) DEFAULT NULL,
  `email` varchar(255) DEFAULT NULL,
  `create_date` varchar(10) DEFAULT '',
  `active` tinyint(1) DEFAULT '1',
  PRIMARY KEY (`id`)
) ENGINE=MyISAM AUTO_INCREMENT=1006 DEFAULT CHARSET=latin1;

--
-- Dumping data for table `emails`
--

INSERT INTO `emails` VALUES (567,2,'Kiss Gergely','spanner@freemail.hu','1270056515',1),(568,2,'Cmykyxcu','tplpugsi@ielpnyvo.com','1275709039',1),(569,2,'Szabó Péter','szabo.peter.gepeszet@gmail.com','1276793722',1),(570,2,'Pet&#337; Sándor','peto.eu.sandor@citromail.hu','1276890827',1),(571,2,'Varga György','Gy_Varga@t-online.hu','1277561032',1),(572,2,'Kóczián Zsolt','koczian@tvn.hu','1277588562',1),(573,21,'Andri Tamás','andritamas@gmail.com','1277820895',1),(574,22,'Elek Márton','elek.marton@gepetto.hu','1277885823',1),(575,22,'Szilas Ádám','adam@szilas.com','1277885877',1),(576,22,'Jónás Dorka','info@dorkajonas.com','1277885965',1),(577,22,'Schlicher András','info@htfstudio.hu','1277886039',1),(578,22,'Fejes Gergõ','gergo@plusdesign.hu','1277886602',1),(579,22,'Selmeczi György','info@artes.hu','1277886698',1),(580,22,'Belloni Belsõépítész Mûhely','info@belloni.hu','1277886756',1),(581,22,'Rápolthy Zsolt','info@belsoepiteszet.net','1277886812',1),(582,22,'Kovács B. Dániel','info@dizajn.org','1277886860',1),(583,22,'Simon Zsolt','sim.zs@t-online.hu','1277886915',1),(584,22,'Balogh Judit','baloghjudit@mail.datanet.hu','1277886999',1),(585,22,'Jaksa Szilvia Anita','jaksa.szilvia@dekortechstudio.hu','1277887031',1),(586,22,'Bárányné Szanitter Szonja','akantusz@akantuszlakberendezes.hu','1277887061',1),(588,22,'Szûcs Klára','szucs.klara@partner-epitesz.hu','1277887118',1),(589,22,'M. Hargitai Alice','alicedeco@c2.hu','1277887217',1),(590,22,'Horváth Lászlóné Erika','cerika65@gmail.com','1277887249',1),(591,22,'Molnár Eszter','emolnar@modesign.hu','1277887307',1),(592,22,'Lovas Cecília','info@studiolr.hu','1277887403',1),(593,22,'Kamarás Borbála','studio@kamaras.hu','1277887467',1),(594,22,'Petrus Ferenc','info@randsdesign.hu','1277887511',1),(595,22,'Gyurkovics Gábor','info@signodesign.hu','1277887556',1),(596,22,'Balogh Péter','peter.balogh@baloghdesign.com','1277887584',1),(597,22,'SD Sinus Design Bt','sinusdesign@sinusdesign.hu','1277887638',1),(598,22,'Salekovics Györgyi','tervezes@s-linea.hu','1277887670',1),(599,22,'Zahorán Róbert','zformax@zformax.hu','1277887754',1),(600,22,'Krúzs Gabriella','architektus@architektus.hu','1277887784',1),(601,22,'Bánhalmi Zsuzsanna','zsbanhalmi@gmail.com','1277887813',1),(602,22,'Danubiana Design Stúdió','info@danubianadesign.hu','1277887849',1),(603,22,'Ördög Alíz','architekt@ordogalizdesign.hu','1277888258',1),(604,22,'Kiss Júlia','kissjulia@korterem.hu','1277888320',1),(605,22,'dr. Németh Gábor','interior-design@freemail.hu','1277888349',1),(606,22,'Weiner Judit','weiner.judit@gmail.com','1277888375',1),(607,22,'Csizmadia Orsolya','fleshpink@fleshpink.hu','1277888404',1),(608,22,'Héder János','inarchi@inarchi.com','1277888436',1),(609,22,'Dékány Annamária','info@dekanyannamaria.hu','1277888472',1),(610,22,'Fest Krisztina','info@designdock.hu','1277888504',1),(611,22,'Jakab Andrea','lakber@lakhandi.hu','1277888542',1),(612,22,'Serbán Nóra','info@norart.hu','1277888579',1),(613,22,'Kránicz Zoltán','info@kraniczepiteszet.hu','1277888609',1),(614,22,'Szarvas Gabo','gabo.szarvas@gmail.com','1277888635',1),(615,22,'Czili Katalin','czilikatalin@pastel-s.hu','1277888666',1),(616,22,'Pálmai Attila','i-deco@i-deco.hu','1277888692',1),(617,22,'Seyfried Gusztáv','seyfried@freemail.hu','1277888720',1),(618,22,'Sütõ Kata','info@suto.hu','1277888753',1),(619,22,'Dóró Judit','doro_judit@invitel.hu','1277888778',1),(620,22,'Gönczõ Róbert','robertgonczo@artwebber.hu','1277888804',1),(621,22,'Zsóri Hajnalka','h.zsori@t-online.hu','1277888830',1),(622,22,'Home Design','info@home-design.hu','1277888972',1),(623,22,'Vida Gabriella','vigabi21@gmail.com','1277889047',1),(624,22,'Teleki István','info@telekiepterv.hu','1277890459',1),(625,22,'Putnoki Edina','info@greyandsilver.hu','1277890487',1),(626,22,'Koczoh Judit','judit.koczoh@pinxit.hu','1277890517',1),(627,22,' Madosfalvi Zoltán','info@limaeurope.hu','1277890561',1),(628,22,'Cadden','info@cadden.hu','1277890598',1),(629,22,'Ernst András','info@insiderdesign.hu','1277890625',1),(630,22,'Janosch Imre','jaroschimre@t-online.hu','1277890649',1),(631,22,'Szabó Erika','info@enteriorpecs.hu','1277890673',1),(632,22,'Sárvári Anita','info@sarvarianita.hu','1277890698',1),(633,22,'Ternyák Éva','evaternyak@t-online.hu','1277890728',1),(634,22,'Horváth Éva','horvatheva@horvatheva.hu','1277890754',1),(775,22,'Demeter Anikó','fortunadekor@fortunadekor.hu','1277974754',1),(636,22,'Pál Zsuzsanna','studiokreart@studiokreart.hu','1277890817',1),(637,22,'Farkas Kinga','kinga.farkas@lakber.hu','1277890892',1),(638,22,' Medveczky Kazimir','art@medveczky-gothard.hu','1277890931',1),(639,22,'Szabó Attila','szattila@hotmail.com','1277890958',1),(640,22,'Szabó Otília','info@flatart.hu','1277891013',1),(641,22,'Majorcsik Tímea','hydrogene@hydrogene.hu','1277891041',1),(642,22,'Zeibig Anna','info@annazeibig.com','1277891065',1),(643,22,'M2 Design','info@m2design.hu','1277891096',1),(644,22,'Exact Speed Kft.','info@exactspeed.hu','1277891128',1),(645,22,'Tonka Zsuzsa','meton.bau@gmail.com','1277891167',1),(646,22,'Joó Mira','joo@jooepitesz.hu','1277891193',1),(647,22,'Gikovszki Zsana','zsana@creall.hu','1277891220',1),(648,22,'Bak Péter','bakpeter@modulhome.hu','1277891253',1),(649,22,'Szabó Zoltán','zline@zalaszam.hu','1277891281',1),(650,22,'Radnóthy Szabolcs','szradnothy@enternet.hu','1277891307',1),(651,22,'Berta Péter','epiteszstudio@t-online.hu','1277891331',1),(652,22,'Weisz Gábor','wugu@t-online.hu','1277891354',1),(653,22,'Makai László','xlbau@xlbau.hu','1277891380',1),(654,22,'Bolgárfalvi Gábor','exateam@mediacenter.hu','1277891430',1),(655,22,'Lenkey Zoltán','spd@spacedesign74.com','1277891454',1),(656,22,'Luigi Stamegna','info@renoveaux.eu','1277891496',1),(657,22,'Veréb Károly','info@novohome.hu','1277891529',1),(658,22,'Topfa Belsõépítészeti és Faipari Kft.','topfa@topfa.hu','1277891571',1),(659,22,'AMELIS Építõipari és Szolgáltató Kft.','amelis@amelis.hu','1277891627',1),(660,22,'Fias Berta','berta.fias@luispirit.hu','1277891696',1),(661,22,'Martoni Attila','martoni@martoni.com','1277891733',1),(662,22,'Meranti Kft.','merantikft@gmail.com','1277891803',1),(663,22,'Szathmári Sándor','szatya@t-online.hu','1277891833',1),(664,22,'Preszter Gábor','info@mshake.hu','1277891857',1),(665,22,'Nara Stúdió','nara@nara-studio.hu','1277891918',1),(666,22,'Pál Belsõépítészet','habiolpal@gmail.com','1277891948',1),(667,22,'Sa-Fa Design','sa-fa@sa-fa.hu','1277891986',1),(668,23,'Szabó Csilla Tünde','kapcsolat@kertterv.hu','1277892819',1),(669,23,'Szende Gábor','szende.gabor@freemail.hu','1277892852',1),(670,23,'Temesvári Gergely','amarillisz-kert@freemail.hu','1277892888',1),(671,23,'Nagy Gábor','info@mindenamikert.hu','1277892955',1),(672,23,'Andante Kert','iroda@andantekert.hu','1277893056',1),(673,23,'Csizmadia Botond','csizmadia.botond@aperta.hu','1277893093',1),(674,23,'Balogh Tibor','baloghtibor@aqua-matic.hu','1277893138',1),(675,23,'Boros László','info@kert-epito.hu','1277893170',1),(676,23,'Huszár Csaba','budakert@freemail.hu','1277893203',1),(677,23,'Dobrocsi Lénárd','dobrocsilenard@artdeco-garden.hu','1277893240',1),(678,23,'Heffler Imre Richárd','info@artgarden.hu','1277893268',1),(679,23,'Krébecz József','krebecz@t-online.hu','1277893294',1),(680,23,'ZÖLD-LOMB Euro Bt.','zold-lomb.euro@t-online.hu','1277895220',1),(681,23,'Avantgarden','info@avantgarden.lakas.hu','1277895728',1),(682,23,'Ábránd Kertépítõ Kft.','abrand_kert@citromail.hu','1277895793',1),(683,23,'BauM Kft.','baumkft@t-online.hu','1277895900',1),(684,23,'Dosztál Bálint','balintpark@index.hu','1277896021',1),(685,23,'Fazakas Márton','berkenye.studio@freemail.hu','1277901502',1),(686,23,'Borhy Palota Kert','info@borhykert.hu','1277902089',1),(687,23,'Fehér Gábor','fehergabor@borokart.hu','1277902117',1),(688,23,'Kova-Kert Kertészeti Szolg. És Oktató Kft','info@kovakert.hu','1277902157',1),(689,23,'Budapest Kert','budapestkert@gmail.com','1277902191',1),(690,23,'C.E.G. Management Kft.','info@cegkft.hu','1277902224',1),(691,23,'Kert Mester','info@kertmester.eu','1277902259',1),(692,23,'Ciprus Kert','info@kertepites-gyepszonyeg.hu','1277902297',1),(693,23,'Veres Sándor','info@citygardenkft.hu','1277902333',1),(694,23,'CsaBest Kert','kertinfo@csabest.hu','1277902378',1),(695,23,'Csekey Kert','csekeykert@freemail.hu','1277902424',1),(696,23,'Deep Forest Környezetépítészet','info@deepforest.hu','1277902517',1),(697,23,'Digitális Kerttervezés','gartenausungarn@gmail.com','1277902556',1),(698,23,'Everling Kertészet','info@everling.hu','1277902593',1),(699,23,'Extrakert','info@eplanet.hu','1277902630',1),(700,23,'Édenkert Kkt.','laszlo.ekes@gmail.com','1277902664',1),(701,23,'Horváth Ferenc','fehernyirfa@fehernyirfa.hu','1277902700',1),(702,23,'Kalmár Erzsébet','info@floralgarden.hu','1277902735',1),(703,23,'Lukács Zoltán','gardenkft@gardenkft.hu','1277902764',1),(704,23,'Gardenpro','gardenpro@freemail.hu','1277902801',1),(705,23,'Ujvári Iván Péter','garnet-art@axelero.hu','1277902849',1),(706,23,'Gart Kertépítés','gart@gart.hu','1277902980',1),(707,23,'Gold Kert','goldkert@citromail.hu','1277903016',1),(708,23,'Green Art Kft.','info@greenart.hu','1277903050',1),(709,23,'Gergely Tamás','gergelytamas@mozaikkert.hu','1277903079',1),(710,23,'H és H Kert Bt.','odi_csabi@freemail.hu','1277903116',1),(711,23,'Rácz Péter','rpeter@hill.hu','1277903146',1),(712,23,'Réz Barbara','imbakert@imbakert.hu','1277903178',1),(713,23,'Jávorszky Tiszafa Kft.','javorszky.tiszafa@axelero.hu','1277903221',1),(714,23,'Kertelünk Kft.','info@kertelunk.hu','1277903388',1),(716,23,'Markó Sándor','kevelykert@freemail.hu','1277903459',1),(717,23,'Szabó József','szaboj@kertesz-2000.hu','1277903525',1),(718,23,'Szecskó Tamás','kertfuggo@gmail.com','1277903550',1),(719,23,'Tóth Ádám','info@kertguru.hu','1277903578',1),(720,23,'Barabás Attila','kertimunka@uw.hu','1277903606',1),(721,23,'Balla Dávid','info@kertkozmetika.hu','1277903635',1),(722,23,'Simon József','info@kert-lak.hu','1277903663',1),(723,23,'Kertszépítés','kertszepites@gmail.com','1277903702',1),(724,23,'Zeitler Alexandra','alex.zeitler@gmail.com','1277903731',1),(725,23,'Mokos Béla','info@valyoghazak.hu','1277903757',1),(726,23,'KerTTrade 2001 Bt.','info@kertben.hu','1277903815',1),(727,23,'Kerttrend','kerttrend@gmail.com','1277903881',1),(728,23,'Papp Katalin','info@kertvonal.hu','1277903908',1),(729,23,'Kormos Attila','kormos.attila@kertxviz.hu','1277903949',1),(730,23,'Nagy Balázs','kodin@chello.hu','1277903977',1),(731,23,'Leyland Kert Bt.','info@leylandkert.hu','1277904014',1),(732,23,'Udvardy Jenõ','jeno@malamutebt.hu','1277904045',1),(733,23,'Mágikuskert','info@magikuskert.hu','1277904159',1),(734,23,'Márai Béla','mmi@maraimi.hu','1277904190',1),(736,23,'Bánó Mátyás','mohanyespafra@gmail.com','1277904262',1),(737,23,'Moka-Garden Kft.','mokert@vipmail.hu','1277904385',1),(738,23,'Õri Balázs','monardella@chello.hu','1277904423',1),(739,23,'Rózsahegyi Máté','muveszkert@muveszkert.hu','1277904504',1),(740,23,'Balogh Zsombor','iroda@naturbs.hu','1277904532',1),(742,23,'Pástét János','pastet@kertepites.com','1277904617',1),(743,23,'Pagony Táj- és Kertépítész Kft.','pagony2@enternet.hu','1277904656',1),(744,23,'Paradin Kft.','kertem@kertem.hu','1277904689',1),(745,23,'Márton Zoltán','kertem@pazsitmester.hu','1277904718',1),(746,23,'Plantart Kft.','info@plantart.hu','1277904761',1),(747,23,'Plantera','plantera@plantera.hu','1277904809',1),(748,23,'Kállai Gábor','kallai.gabor@profigarden.hu','1277904839',1),(749,23,'Buxus-Kertész Kft.','profikertesz@profikertesz.hu','1277904877',1),(750,23,'Prohászka Gábor','pronatura@pronaturakert.hu','1277905052',1),(751,23,'Nagy Dénes','info@reneszanszkertepito.hu','1277905638',1),(752,23,'SD Kertépítés és Lakberendezés','spiegelakos@s-d.hu','1277905727',1),(753,23,'Horváth Vera','horvathvera@setakert.hu','1277905756',1),(754,23,'Ölvedi Gabriella','info@stonedesign.hu','1277905810',1),(755,23,'Stúdió 73.','studio@s73.hu','1277905843',1),(756,23,'Hegedûs László','info@szerena.hu','1277905885',1),(757,23,'Szikomor Bt.','kiralya@szikomor.hu','1277905923',1),(758,23,'Levente Dóra','teletaj@t-online.hu','1277905962',1),(759,23,'Kovács Gábor','gabor@kerteszkedes.hu','1277906004',1),(760,23,'Papp Zoltán','papp_terko@invitel.hu','1277906034',1),(761,23,'Zöldpagony','zoldpagony@yahoo.com','1277906069',1),(762,23,'Medgyessy Ildikó','titina@t-online.hu','1277906105',1),(763,23,'Topkertek','tamas@topkertek.hu','1277906140',1),(764,23,'Ulicska Judit','ulicskajudit@yahoo.com','1277906168',1),(765,23,'V.31. Kft.','info@v31.hu','1277906210',1),(766,23,'Vár-Kert Kft.','varkert-terv@varkert-terv.hu','1277906242',1),(767,23,'Alekszi Barbara','info@vilgarden.hu','1277906273',1),(768,23,'Vízöntõk Bt.','vizontokbt@t-online.hu','1277906309',1),(769,23,'Megyeri Szabolcs','szabolcs.megyeri@westgarden.hu','1277906334',1),(770,23,'Ivók Yvette','info@ypszilon-kert.hu','1277906362',1),(771,23,'Lukács Zoltán','zoldkert@zoldkert.hu','1277906389',1),(772,23,'Zöld Mókus','info@zoldmokus.hu','1277906419',1),(773,23,'Abies Bt.','abiestrend@gmail.com','1277906450',1),(774,23,'Szabó Gergely','csaladkert@freemail.hu','1277906488',1),(776,2,'Tóth Károly','annmarka@gmail.com','1278398655',1),(777,24,'Kutrucz Orsolya','kutrucz.orsolya@mediagum.hu','1279014372',1),(778,24,'Herczeg Tímea','herczeg.timea@mediagum.hu','1279014394',1),(793,25,'Borély Tibor','borbely.tibor@brokernet.hu','1295594543',1),(780,2,'Funtek László','laszlo.funtek@t-online.hu','1280767628',1),(781,2,'BERTALAN SÁNDOR','autocenterkmet@freemail.hu','1282122972',1),(782,2,'Veress György','veressgyorgy@fuzestv.hu','1282851759',1),(794,25,'Bodnár János','dbodnar@gloriakiado.com','1295594605',1),(784,2,'PIRICSI LÁSZLÓ','lpiro1946@t-online.hu','1283019396',1),(785,2,'Kovács ferenc','kovacs.f@citromail.hu','1285338247',1),(796,25,'Kovács Csaba','nagykovacstami@t-online.hu','1295594703',1),(795,25,'Pisták István','info@medermix.hu','1295594659',1),(788,2,'Bán István','eddy02@t-online.hu','1285484296',1),(790,2,'Barna Zoltán','baraka7@freemail.hu','1285834347',1),(791,2,'ELisabeth Constantine','chr.Constantine3173@email-masking.com','1289812376',1),(792,2,'Balogh László','balogh.laci60@gmail.com','1291758057',1),(797,25,'Blummer Tamás','tamas@blummers.de','1295594757',1),(798,25,'Hrutka Ferenc','hrutkaferenc@monornet.hu','1295594821',1),(799,25,'Domján István','domjan_istvan@t-online.hu','1295594960',1),(800,25,'Akli Imre','akli@obaroknet.hu','1295595057',1),(801,25,'Ásztai Bálint','asztai@index.hu','1295595156',1),(802,25,'Hirschler György','saniter@saniter.hu','1295595218',1),(803,25,'Hajnal Zsolt','hajnal.zsolt@dunaweb.hu','1295595371',1),(804,25,'Ferenc András','ferencz.andras@freemail.hu','1295595466',1),(805,25,'Sándor József','superman07@freemail.hu','1295595516',1),(806,25,'Szarvasy Eszter','szarvasy@papcsak.hu','1295595615',1),(807,25,'Tóth Attila','arapaima@freemail.hu','1295595725',1),(808,25,'Tóth László','ibuker@chello.hu','1295595778',1),(809,25,'Csörgõ Tibor','csorgot@wordscomeeasy.hu','1295595832',1),(810,25,'Kaluzsnyi Viktor','konferencia@hotelszieszta.hu','1295595887',1),(811,25,'Varga Sándor','heviz.muszak@danubiushotels.com','1295595938',1),(812,25,'Ferenczy Anikó','aniko.ferenczy@danubiushotels.com','1295595995',1),(813,25,'Andrásik Ervin','adelervin@freemail.hu','1295596047',1),(814,25,'Zsilka Mihály','zsilka@t-email.hu','1295596092',1),(815,25,'Markgraf Lászlóné','orgrof@t-online.hu','1295596209',1),(816,25,'Vadász László','vadla@freemail.hu','1295596248',1),(817,25,'Czitán Gábor','gczitan@hu.tuv.com','1295596292',1),(818,25,'Tárnok Eszter','tarnoke@t-online.hu','1295596337',1),(819,25,'Nagy Norbert','norbert.nagy@ehszer.hu','1295596451',1),(820,25,'László Pál','laszlopal@index.hu','1295596510',1),(821,25,'Barna Gábor','barna@nhh.hu','1295596556',1),(822,25,'Budai Ildikó','ildiko.budai@t-online.hu','1295596592',1),(823,25,'Ordódi Kornél','ordodikornel@hdsnet.hu','1295596634',1),(824,25,'Szeidel László','lszeidel@freemail.hu','1295596720',1),(825,25,'Urbán Béla','makkusz@citromail.hu','1295596774',1),(826,25,'Fenyves Péter','fenyves.gallen@fibermail.hu','1295596814',1),(827,25,'Hankó Gábor','hancodiszlet@gmail.com','1295596871',1),(828,25,'Fazekas János','fazekas.j@invitel.hu','1295596923',1),(829,25,'Weiszgerber Ágota','wa@eklektika.hu','1295596996',1),(830,25,'Rózsavölgyi Norbert','norbert.rozsavolgyi@gmail.com','1295597075',1),(831,25,'Molnár Iván','mvan400@gmail.com','1295597111',1),(832,25,'Tancsa István','tancsa@atlantischild.hu','1295597160',1),(833,25,'Tabányi László','tabanyilaszlo@gmail.com','1295597201',1),(834,25,'Kárpáti Edit','dittus@vipmail.hu','1295597242',1),(835,25,'Perlusz Gabriella','volumen@tvn.hu','1295597288',1),(836,25,'Hofer Sándor','hofersandor@daytoday.hu','1295597323',1),(837,25,'Vas Mária','tomika61@vipmail.hu','1295597362',1),(838,25,'Várszegi Géza','varszegi.geza@chello.hu','1295597401',1),(839,25,'Bogdán Csilla','nyomda@mail.tvnet.hu','1295597442',1),(840,25,'Kálmán András','istenesildi@freemail.hu','1295597477',1),(841,25,'Majóczki Mária','majoczki.maria@freemail.hu','1295597544',1),(842,25,'Kiss Judit','ragtime@interware.hu','1295597591',1),(843,25,'Marics László','marics@t-email.hu','1295597632',1),(844,25,'Pásztor Józsefné','pasztorerzsi@vipmail.hu','1295597672',1),(845,25,'Gáspár Edina','g.edi@freemail.hu','1295597708',1),(846,25,'Pethõné','rita.filo@invitel.hu','1295597757',1),(847,25,'Nagy Gyuláné','nagyevica@citromail.hu','1295597800',1),(848,25,'Gulyás Tibor','gulyas0818@freemail.hu','1295597839',1),(849,25,'Szegfû Norbert','szegf@fibermail.hu','1295597876',1),(850,25,'Popperné dr. Török Mária','tmari39@freemail.hu','1295597971',1),(851,25,'Albert György','info@albertestarsa.hu','1295598039',1),(852,25,'Csatári Imre','csatari.imre@gmx.at','1295616474',1),(853,25,'Dr. Kozma György','drkozmagyorgy@t-online.hu','1295616539',1),(854,25,'Török Krisztina','torok@dunainfo.net','1295616603',1),(855,25,'Bódi Imre','imre.bodi@gmail.com','1295616675',1),(856,25,'Kukla Imre','manager@corporateimpex.com','1295616850',1),(857,25,'Rozsnyai Attila','rozsatilla@freemail.hu','1295616896',1),(858,25,'Gyulai Szilveszter','szilveszter.gyulai@chevroletgyulai.hu','1295616975',1),(859,25,'Nagy Judit','nagyjudit73@t-online.hu','1295617093',1),(860,25,'Bodnár Bernadett','bodnarmaga@citromail.hu','1295617143',1),(861,25,'Kerekes János','janosk67@hotmail.com','1295617225',1),(862,25,'Csereklye-Melicher Ramóna Mónika','keresztapa96@citromail.hu','1295617291',1),(863,25,'Jehoda Tibor','jeho-bau1@t-online.hu','1295617472',1),(864,25,'Korzenszky Péter','korzen70@hotmail.com','1295617539',1),(865,25,'Becsey Mariann','becseymariann@citromail.hu','1295618703',1),(866,25,'Peszleg Ferenc','kanizsaber@chello.hu','1295618769',1),(867,25,'Túri Ferenc','ferenc.turi@mail.hodtav.hu','1295618820',1),(868,25,'Farkas Pál','margareta.farkas760@gmail.com','1295619632',1),(869,25,'Zentai Zsolt','zenzso@freemail.hu','1295619734',1),(870,25,'Német Attila','nemetimester@gmail.com','1295619811',1),(871,25,'Német József','porzsak@vnet.hu','1295619862',1),(872,25,'Beke Gyula','beke.gyula@t-online.hu','1295619923',1),(873,25,'Veres Péter','peter.m.veres@gmail.com','1295619971',1),(874,25,'Német Károly','nemeth.karoly1@chello.hu','1295620013',1),(875,25,'Vincze Katalin','kativincze@yahoo.com','1295620127',1),(876,25,'Német Zoltán','nemethzoltan@net-portal.hu','1295620180',1),(877,25,'Keskeny György','keskeny@freemail.hu','1295620238',1),(878,25,'Kertész Ferenc','ferenc.kertesz@gmail.com','1295620279',1),(879,25,'Bíró Gabriella','birogabriella@upcmail.hu','1295620323',1),(880,25,'Dännier György','dannier.gyorgy@freemail.hu','1295620397',1),(881,25,'Vadász Julianna','vadaszcili@upcmail.hu','1295620438',1),(882,25,'Bencsik Éva','bencsikeva03@t-online.hu','1295620484',1),(883,25,'Tóth Ildikó','tildi08@hotmail.com','1295620550',1),(884,25,'Hotorán Gábor','kacsanyi.eva@chello.hu','1295620617',1),(885,25,'Csorba Levente','levente13cs@gmail.com','1295620666',1),(886,25,'Hídvégi József','hidvegimeheszet@gmail.com','1295620712',1),(887,25,'Kertész Erika','kertesz.era@freemail.hu','1295620793',1),(888,25,'Dr. Szalay Hajnalka','drszalay@laserdent.hu','1295620850',1),(889,25,'Grédics Tivadar','info@gredicsredony.hu','1295620894',1),(890,25,'Farkas Andor','andor1206@citromail.hu','1295620946',1),(891,25,'Czakó Zsolt','czakokomarom@t-online.hu','1295621023',1),(892,25,'Dénes György','resszu@gmail.com','1295621066',1),(893,25,'Farkas Rózsa','rozsa79@citromail.hu','1295621105',1),(894,25,'Schmidtné','heszheni@enternet.hu','1295621265',1),(895,25,'Fülöp Tamás','ftomgenesis@gmail.com','1295621329',1),(896,25,'Oláh József','olahmate@pr.hu','1295621370',1),(897,25,'Nógrádi Tamás','nogradiestarsa@gmail.com','1295621418',1),(898,25,'Tóth Zsolt','tzsolt15@gmail.com','1295621478',1),(899,25,'Pálvölgyi Pál','illatvilag.fm@gmail.com','1295621529',1),(900,25,'Horváth István','picurka85@freemail.hu','1295621567',1),(901,25,'Szabó Zsuzsanna','zsszabo@t-online.hu','1295621606',1),(902,25,'Nagy Krisztina','rubyn@freemail.hu','1295621672',1),(903,25,'Szabó Pál','18064@freemail.hu','1295621717',1),(904,25,'Koncz Katalin','katalin.koncz@uni-corvinus.hu','1295621787',1),(905,25,'Kovács Tibor','mallerbau@freemail.hu','1295621838',1),(906,25,'Horváth Erika','e.szabonehorvath@freemail.hu','1295621890',1),(907,25,'Patocskai Dalma','patocskai.dalma@spahotel.hu','1295621967',1),(908,25,'Balla Sándor','gepesz@proform.hu','1295622016',1),(909,25,'Balázs Katalin','katalin.balazs@poliparagon.hu','1295622105',1),(910,25,'Dohos László','dohos.laszlo@suzukivilag.hu','1295622163',1),(911,25,'Fábia Árpádné','fjudit79@gmail.com','1295622208',1),(912,25,'Feil Jánosné','maxi@tolna.net','1295622275',1),(913,25,'Bakos István','bakosek@t-online.hu','1295622327',1),(914,25,'Varga József','vargadagi@gmail.com','1295622374',1),(915,25,'Dr. Horváth Zsuzsa','zsuzsa.horvath@jurista.hu','1295622420',1),(916,25,'Nagy Eszter','neszter01@gmail.com','1295622465',1),(918,25,'Gulyás Elemér','gelemer@mail.datanet.hu','1295622579',1),(919,25,'Lõrincz Bence','Lorincz.Bence@bestmachinery.hu','1295622635',1),(920,25,'Gombás Zsolt','gzsolti78@t-online.hu','1295622680',1),(921,25,'Vadász István','istvanvadasz@gmail.com','1295622734',1),(922,25,'Bikádi Aranka','galaxy@cargorent.hu','1295622780',1),(923,25,'Szobonya Zsolt','szobonyazsolt@dunaweb.hu','1295622821',1),(924,25,'Novák Judit','novak.judit@tilago.eu','1295622864',1),(925,25,'Magyar Istvánné','istvan44@citromail.hu','1295622904',1),(926,25,'Parditka Ágnes','parditka@rubicom.hu','1295622965',1),(927,25,'Bencze László','becze.laci@gmail.com','1295623007',1),(928,25,'Simon Tamás','betonker@t-online.hu','1295623050',1),(929,25,'Vas Zoltán','vas.zoli@anyrt.hu','1295623102',1),(930,25,'Kosztolányi Ágnes','qualitativo@kosztolanyia.t-online.hu','1295623153',1),(931,25,'Gáger Judit','gagerjud@wimaxxed.at','1295623197',1),(932,25,'Lakatos Elek','eleklakatos@freemail.hu','1295623233',1),(933,25,'Horváth Tibor','star@stonline.sk','1295700086',1),(934,25,'Halmosi Zoltán','halmosiz@baja.hu','1295700129',1),(935,25,'Rácz Zoltán','raczstudio@tolna.net','1295700181',1),(936,25,'Varga Szabolcs','varszaba@invitel.hu','1295700360',1),(937,25,'Tolnai Gábor','rakosmentekft@gmail.com','1295700411',1),(938,25,'Dr. Szánthó Pál','info@drszp.hu','1295700462',1),(939,25,'Szabó László','laszlo.szabo@hu.storck.com','1295700530',1),(940,25,'Szitár Endre','endre.szitar@fortunat.hu','1295700570',1),(941,25,'Hubai Imre','office@biohotelnimrod.hu','1295700648',1),(942,25,'Szabolcsi Zoltán','aron@altavizsla.hu','1295700851',1),(943,25,'Klemencz Marika','marika.klemenczlorincne@ge.com','1295700922',1),(944,25,'Ördög József','delzold@redfruct.hu','1295700976',1),(945,25,'Gyulavári Helga','gyulavarihelga@freemail.hu','1295701040',1),(946,25,'Blonszky Szilvia','cindy2000@vipmail.hu','1295701391',1),(947,25,'Jenei Zoltán','jeneizoli@citromail.hu','1295701447',1),(948,25,'Dózsa József','d.jozsef@herminabau.hu','1295701489',1),(949,25,'Kovács István','info@ncprofil.hu','1295701540',1),(950,25,'Tóth Csabáné','golyci87@freemail.hu','1295701581',1),(951,25,'Tárczy Tünde','tarczytunde@gmail.com','1295701626',1),(952,25,'Konka Péter','konka@detect.hu','1295701705',1),(953,25,'Gyoroki Ágnes','csibok@citromail.hu','1295701794',1),(954,25,'Kisari Róbert','projektna@hotelstacio.hu','1295701840',1),(955,25,'Baldauf László','zsuzsi.555@freemail.hu','1295701901',1),(956,25,'Juhász Tímea','fam.juhasz@chello.hu','1295701933',1),(957,25,'Wunderlich János','wunderlich.janos@freemail.hu','1295701974',1),(958,25,'Szilvási Henriett','szilvasi.h@freemail.hu','1295702028',1),(960,25,'Danka Péter','daruka@monornet.hu','1295702157',1),(961,25,'Iván György','ivan.gyorgy@uzsoki.hu','1295702194',1),(962,25,'Szunyi Béla','burkolomester@gmail.com','1295702245',1),(963,25,'Gálné Pál Tímea','g.paltimea@citromail.hu','1295702282',1),(964,25,'Ferencz Bianka','bianka@delton.hu','1295702473',1),(965,25,'Kindlinger Krisztián','kindlinger.kr@gmail.com','1295702544',1),(966,25,'Fodor Tamás','tamas.fodor@ecocranes.hu','1295702671',1),(967,25,'Gáger Judit','juditgager@aon.at','1295702733',1),(968,25,'Szabó Antal','antal.szabo@groupamagarancia.hu','1295702790',1),(969,25,'Keller Károly','keller@keller-park.hu','1295702837',1),(970,25,'Balogh Péter','balogh@ecovis.hu','1295702883',1),(971,25,'Kóczián Zsolt','koczian@tvn.hu','1295702920',1),(972,25,'Máté Lajos','matelajos2@gmail.com','1295702956',1),(973,25,'Pászti Tóth Gyula','pasztigy@gmail.com','1295703026',1),(974,25,'Borok Andrea','borokandi@t-online.hu','1295703061',1),(975,25,'Tugyi László','tugyi.laszlo@freemail.hu','1295703101',1),(976,25,'Éberhardt Erik','erik.uny@gmail.com','1295703151',1),(977,25,'Bozó Zoltán','bozozoli@gmail.com','1295703198',1),(978,25,'Miskolczy András','amisimisi@gmail.com','1295703271',1),(979,25,'Széles Tímea','timcy@belnet.hu','1295703363',1),(981,25,'Pozsonyi Imre','pozsonyiimre@gmail.com','1295703452',1),(982,25,'Kalocsai Péter','peterkal@t-email.hu','1295703485',1),(983,25,'Gergely Zayzon','gergoe@harras.be','1295703716',1),(984,25,'Bertalan Sándor','autocenterkmet@freemail.hu','1295703763',1),(985,25,'Lukácsi Sándor','slukacsi@gmail.com','1295703798',1),(986,25,'Krautwurt Tibor','krautwurst.tibor@gmail.com','1295703849',1),(987,25,'Sipos Zoltán','kaja@t-online.hu','1295703889',1),(988,25,'Nagy István','xxstevie@yahoo.com','1295703926',1),(989,25,'Szarka Miklós','Iharoskft@gmail.com','1295703977',1),(990,25,'Dr. Pintér János','janos.pinter66@freemail.hu','1295704048',1),(991,25,'Gedeon Ferenc','gedeon_ferenc@r-time.hu','1295704118',1),(992,25,'Nagy József','nagy@lajt.hu','1295704207',1),(993,25,'Barabás Imre','oni-mobil@freemail.hu','1295704278',1),(994,25,'Kovácsné Kasi Gabriella','kovacst@invitel.hu','1295704330',1),(995,25,'Csapó Attila','csapoa@invitel.hu','1295704390',1),(996,25,'Csiba Tibor','csibus@t-online.hu','1295704452',1),(997,25,'Borbás Tamás','slosar.k@t-online.hu','1295704491',1),(998,25,'Király Zsuzsa','kiralyzsuzsa@hotmail.com','1295704539',1),(999,25,'Kurta Edit','kurtaedit@gmail.com','1295704573',1),(1000,25,'Pelyhéné Koós Henrietta','pkhenrietta@ambroziapanzio.hu','1295704637',1),(1001,25,'Szalkai Andrea','andrea.szalkai@styl-bau.hu','1295709145',1),(1002,25,'Polgári Zsolt','polgari@ptel.hu','1295709224',1),(1003,25,'Sápi Tibor','aranypan@t-email.hu','1295709264',1),(1004,21,'Szalay Gergely','selectkft@t-online.hu','1295789452',1),(1005,25,'Szalay','info@selectkft.hu','1295789489',1);

--
-- Table structure for table `events`
--

CREATE TABLE `events` (
  `year` int(11) DEFAULT NULL,
  `month` int(11) DEFAULT NULL,
  `day` int(11) DEFAULT NULL,
  `description` mediumtext
) ENGINE=MyISAM DEFAULT CHARSET=latin1;

--
-- Dumping data for table `events`
--

INSERT INTO `events` VALUES (2010,4,1,''),(2010,4,0,''),(2010,4,2,''),(2010,4,3,''),(2010,4,4,''),(2010,4,5,''),(2009,11,1,''),(2010,4,7,''),(2010,4,8,''),(2010,4,9,''),(2010,4,10,''),(2010,4,11,''),(2010,4,12,''),(2010,4,13,''),(2010,4,14,''),(2010,4,15,''),(2010,4,16,''),(2010,4,17,''),(2010,4,18,''),(2010,4,19,''),(2010,4,20,''),(2010,4,21,''),(2010,4,22,''),(2010,4,23,''),(2010,4,24,''),(2010,4,25,''),(2010,4,26,''),(2010,4,27,''),(2010,4,28,''),(2010,4,29,''),(2010,4,30,''),(2010,4,31,''),(2010,4,6,''),(2009,11,2,''),(2009,11,3,''),(2009,11,4,''),(2009,11,5,''),(2009,11,6,'Rövid tesztelés - fejlesztés'),(2009,11,7,''),(2009,11,8,''),(2009,11,9,'Rendszer átadás'),(2009,11,10,''),(2009,11,11,''),(2009,11,12,''),(2009,11,13,''),(2009,11,14,''),(2009,11,15,''),(2009,11,16,''),(2009,11,17,''),(2009,11,18,'Fejlesztési konzultáció : \r\nÉrdfalvi Tamás\r\nMadaras Szilvia'),(2009,11,19,''),(2009,11,20,''),(2009,11,21,''),(2009,11,22,''),(2009,11,23,''),(2009,11,24,''),(2009,11,25,'Rövid tesztelés - fejlesztés'),(2009,11,26,'Rövid tesztelés - fejlesztés'),(2009,11,27,'Átadás'),(2009,11,28,''),(2009,11,29,''),(2009,11,30,''),(2009,11,31,'');

--
-- Table structure for table `forum`
--

CREATE TABLE `forum` (
  `id` int(11) NOT NULL AUTO_INCREMENT,
  `name` text,
  `creator` text,
  `createdate` text,
  `type` char(1) DEFAULT NULL,
  `aktiv` char(1) DEFAULT NULL,
  `parent` int(11) DEFAULT NULL,
  PRIMARY KEY (`id`)
) ENGINE=MyISAM AUTO_INCREMENT=315 DEFAULT CHARSET=latin1;

--
-- Dumping data for table `forum`
--


--
-- Table structure for table `forum_msg`
--

CREATE TABLE `forum_msg` (
  `id` int(11) NOT NULL AUTO_INCREMENT,
  `szoveg` longtext,
  `creator` varchar(50) DEFAULT NULL,
  `createdate` varchar(10) DEFAULT NULL,
  `parent` int(11) DEFAULT NULL,
  `aktiv` char(1) DEFAULT NULL,
  PRIMARY KEY (`id`)
) ENGINE=MyISAM AUTO_INCREMENT=1876 DEFAULT CHARSET=latin1;

--
-- Dumping data for table `forum_msg`
--


--
-- Table structure for table `forum_topics`
--

CREATE TABLE `forum_topics` (
  `id` int(11) NOT NULL AUTO_INCREMENT,
  `nev` text,
  `creator` int(11) DEFAULT NULL,
  `createdate` varchar(10) DEFAULT NULL,
  `lastmsg` varchar(10) DEFAULT NULL,
  PRIMARY KEY (`id`)
) ENGINE=MyISAM AUTO_INCREMENT=40 DEFAULT CHARSET=latin1;

--
-- Dumping data for table `forum_topics`
--


--
-- Table structure for table `forumusers`
--

CREATE TABLE `forumusers` (
  `id` int(11) NOT NULL AUTO_INCREMENT,
  `nev` text,
  `login` varchar(20) DEFAULT NULL,
  `pwd` text,
  `flags` varchar(10) DEFAULT NULL,
  `aktiv` char(1) DEFAULT NULL,
  `accessnum` int(11) DEFAULT NULL,
  `email` varchar(40) DEFAULT NULL,
  `kedvenczene` text,
  `hobby` text,
  `hirlevel` char(1) DEFAULT NULL,
  PRIMARY KEY (`id`)
) ENGINE=MyISAM AUTO_INCREMENT=61 DEFAULT CHARSET=latin1;

--
-- Dumping data for table `forumusers`
--


--
-- Table structure for table `gallery`
--

CREATE TABLE `gallery` (
  `id` bigint(20) unsigned NOT NULL AUTO_INCREMENT,
  `filename` varchar(255) DEFAULT NULL,
  `pic_order` float DEFAULT '1000',
  `comment` varchar(255) DEFAULT NULL,
  PRIMARY KEY (`id`)
) ENGINE=MyISAM AUTO_INCREMENT=267 DEFAULT CHARSET=latin1;

--
-- Dumping data for table `gallery`
--


--
-- Table structure for table `groups`
--

CREATE TABLE `groups` (
  `id` bigint(20) unsigned NOT NULL AUTO_INCREMENT,
  `company_id` bigint(20) DEFAULT NULL,
  `name` varchar(255) DEFAULT NULL,
  `create_date` varchar(10) DEFAULT NULL,
  PRIMARY KEY (`id`)
) ENGINE=MyISAM AUTO_INCREMENT=26 DEFAULT CHARSET=latin1;

--
-- Dumping data for table `groups`
--

INSERT INTO `groups` VALUES (2,1,'Felíratkozások',NULL),(20,7,'teszt csoport','1255432622'),(21,1,'belso/kertesz','1277820868'),(22,1,'Belsõépítész','1277885628'),(23,1,'Kertépítészek','1277892754'),(24,1,'Media Gum','1279014346'),(25,1,'ügyfelek','1295594416');

--
-- Table structure for table `guestbook`
--

CREATE TABLE `guestbook` (
  `id` int(11) NOT NULL AUTO_INCREMENT,
  `datum` datetime DEFAULT NULL,
  `name` varchar(100) DEFAULT NULL,
  `email` varchar(100) DEFAULT NULL,
  `text` text,
  `enable` tinyint(1) DEFAULT '0',
  PRIMARY KEY (`id`)
) ENGINE=MyISAM AUTO_INCREMENT=9 DEFAULT CHARSET=latin1;

--
-- Dumping data for table `guestbook`
--


--
-- Table structure for table `hirlevelek`
--

CREATE TABLE `hirlevelek` (
  `id` int(11) NOT NULL AUTO_INCREMENT,
  `datum` datetime DEFAULT NULL,
  `message` text,
  `felado` int(1) DEFAULT NULL,
  PRIMARY KEY (`id`)
) ENGINE=MyISAM AUTO_INCREMENT=27 DEFAULT CHARSET=latin1;

--
-- Dumping data for table `hirlevelek`
--


--
-- Table structure for table `menu`
--

CREATE TABLE `menu` (
  `id` int(11) NOT NULL AUTO_INCREMENT,
  `parentid` int(11) DEFAULT NULL,
  `name` varchar(100) DEFAULT NULL,
  `menu_order` int(11) DEFAULT '100',
  `active` tinyint(1) DEFAULT '1',
  `subpage_text` varchar(255) DEFAULT 'webdesign',
  `show_on_page` tinyint(1) DEFAULT '1',
  `type` char(2) DEFAULT 'c',
  `module` varchar(30) DEFAULT NULL,
  `module_param` varchar(255) DEFAULT NULL,
  `function_name` varchar(255) DEFAULT NULL,
  `lang` char(3) DEFAULT 'hun',
  `url` varchar(200) DEFAULT NULL,
  PRIMARY KEY (`id`)
) ENGINE=InnoDB AUTO_INCREMENT=73 DEFAULT CHARSET=latin1;

--
-- Dumping data for table `menu`
--

INSERT INTO `menu` VALUES (39,0,'Sanimix',100,1,'webdesign',1,'c',NULL,NULL,NULL,'hun',NULL),(40,0,'Viszonteladóink',200,1,'webdesign',1,'mc','partners',NULL,'getPartnersContent','hun',NULL),(41,0,'Alkatrész, szerviz, szállítás',300,1,'webdesign',1,'c',NULL,NULL,NULL,'hun',NULL),(42,0,'Szolgáltatásaink',400,1,'webdesign',1,'c',NULL,NULL,NULL,'hun',NULL),(43,0,'Vásárlás menete',500,0,'webdesign',1,'c',NULL,NULL,NULL,'hun',NULL),(45,0,'Visszajelzések',700,0,'webdesign',0,'c',NULL,NULL,NULL,'hun',NULL),(46,0,'Kapcsolat',800,1,'webdesign',1,'c',NULL,NULL,NULL,'hun',NULL),(47,0,'Katalógusunk',250,1,'webdesign',0,'mc','cat',NULL,'getCatContent','hun',NULL),(48,39,'Bevezetõ',100,1,'webdesign',0,'c',NULL,NULL,NULL,'hun',NULL),(49,1,'Hírek',100,1,'webdesign',0,'m','news',NULL,'getNewsContent','hun',NULL),(50,43,'Regisztráció',100,1,'webdesign',0,'mc','reg',NULL,'getRegContent','hun',NULL),(51,0,'Rendelés',100,1,'webdesign',0,'m','order',NULL,'getOrderContent','hun',NULL),(52,41,'Csaptelep vásárlói tájékoztató',100,1,'webdesign',1,'c',NULL,NULL,NULL,'hun',NULL),(53,41,'Csaptelep jótállási feltételek',200,1,'webdesign',1,'c',NULL,NULL,NULL,'hun',NULL),(54,41,'Csaptelep összeszerelési útmutató',300,1,'webdesign',1,'c',NULL,NULL,NULL,'hun',NULL),(55,0,'Gyakran ismételt kérdések',100,0,'webdesign',1,'c',NULL,NULL,NULL,'hun',NULL),(56,0,'Általános információk',100,1,'webdesign',0,'c',NULL,NULL,NULL,'hun',NULL),(58,0,'Zuhanykabinok - tudta-e?',710,1,'head_1',1,'c',NULL,NULL,NULL,'hun','/Zuhanykabinok.html'),(59,0,'Hidromasszázs kabinok - tudta-e?',720,1,'head_2',1,'c',NULL,NULL,NULL,'hun','/Hidromasszazs_kabinok.html'),(60,0,'Gõzkabinok - tudta-e?',730,1,'head_3',1,'c',NULL,NULL,NULL,'hun','/Gozkabinok.html'),(61,0,'Csaptelepek - tudta-e?',740,1,'head_4',1,'c',NULL,NULL,NULL,'hun','/Csaptelepek.html'),(62,0,'Korábbi rendelések',900,1,'webdesign',0,'mc','prevorders',NULL,'getPrevordersContent','hun',NULL),(63,41,'Zuhanykabin jótállási feltételek',400,1,'webdesign',1,'c',NULL,NULL,NULL,'hun',NULL),(64,41,'Szerelési és beüzemelési díjak',500,1,'webdesign',1,'c',NULL,NULL,NULL,'hun',NULL),(65,0,'Jogi és adatkezelési nyilatkozat',900,1,'webdesign',1,'c',NULL,NULL,NULL,'hun',NULL),(66,0,'Szerviz bejelentés',350,1,'webdesign',1,'m','service',NULL,'getServiceContent','hun',NULL),(67,41,'Szállítási díjak',600,1,'webdesign',1,'c',NULL,NULL,NULL,'hun',NULL),(68,0,'Partnereinknek',220,1,'webdesign',1,'mc','contact','partnereinknek','getContactContent','hun',NULL),(69,0,'Outlet',100,1,'webdesign',0,'mc','outlet',NULL,'getOutletContent','hun',NULL),(71,0,'Akciós értesítõ és törzsvásárlói program',100,1,'webdesign',0,'mc','reg','torzs','getRegContent','hun',NULL),(72,0,'Állásajánlat',225,0,'webdesign',0,'c',NULL,NULL,NULL,'hun',NULL);

--
-- Table structure for table `metas_by_mid`
--

CREATE TABLE `metas_by_mid` (
  `id` int(11) unsigned NOT NULL AUTO_INCREMENT,
  `mid` int(11) DEFAULT NULL,
  `meta_title` varchar(255) DEFAULT NULL,
  `meta_keywords` varchar(255) DEFAULT NULL,
  `meta_description` varchar(255) DEFAULT NULL,
  PRIMARY KEY (`id`)
) ENGINE=MyISAM AUTO_INCREMENT=5 DEFAULT CHARSET=latin1;

--
-- Dumping data for table `metas_by_mid`
--

INSERT INTO `metas_by_mid` VALUES (1,58,'Zuhanykabin','zuhanykabin, zuhanykabinok','Amit a zuhanykabinokról tudni érdemes.'),(2,59,'Hidromasszázs kabin','hidromasszázs kabin, hidromasszázs kabinok','Amit a hidromasszázs kabinokról tudni érdemes.'),(3,60,'Gõzkabin','gõzkabin, gõzkabinok','Amit a Gõzkabinokról tudni érdemes.'),(4,61,'Csaptelep','Csaptelep, csaptelepek','Amit a csaptelepekrõl tudni érdemes.');

--
-- Table structure for table `misc`
--

CREATE TABLE `misc` (
  `param_id` varchar(100) DEFAULT NULL,
  `param_value` mediumtext
) ENGINE=MyISAM DEFAULT CHARSET=latin1;

--
-- Dumping data for table `misc`
--


--
-- Table structure for table `naplo_message_types`
--

CREATE TABLE `naplo_message_types` (
  `id` int(11) NOT NULL AUTO_INCREMENT,
  `message_type` varchar(255) COLLATE latin1_general_ci DEFAULT NULL,
  `sorszam` int(11) DEFAULT '0',
  PRIMARY KEY (`id`)
) ENGINE=MyISAM AUTO_INCREMENT=2 DEFAULT CHARSET=latin1 COLLATE=latin1_general_ci;

--
-- Dumping data for table `naplo_message_types`
--


--
-- Table structure for table `naplo_messages`
--

CREATE TABLE `naplo_messages` (
  `id` int(11) NOT NULL AUTO_INCREMENT,
  `topic_id` int(11) DEFAULT '0',
  `owner_id` int(11) DEFAULT '0',
  `message_type` int(11) DEFAULT '1',
  `message` text COLLATE latin1_general_ci,
  `create_date` varchar(10) COLLATE latin1_general_ci DEFAULT NULL,
  PRIMARY KEY (`id`)
) ENGINE=MyISAM AUTO_INCREMENT=138 DEFAULT CHARSET=latin1 COLLATE=latin1_general_ci;

--
-- Dumping data for table `naplo_messages`
--

INSERT INTO `naplo_messages` VALUES (65,37,14,1,'<div>Attia!</div><div></div><div>Telefonon már említettem, hogy sz&uuml;ks&eacute;g lesz n&eacute;hány változtatásra, melyet mindk&eacute;t c&eacute;gn&eacute;l meg kellene csinálni.</div><div></div><div><strong>Az elsõ, a fordított adózás</strong>:</div><div>L&eacute;nyege, hogy a szállító áfa n&eacute;lk&uuml;l számláz fel&eacute;nk, mert a t&ouml;rv&eacute;ny szerint az adófizet&eacute;sre a vevõ k&ouml;telezett, úgy mint a k&ouml;z&ouml;ss&eacute;gi beszerz&eacute;sn&eacute;l.</div><div>Az íly módon nettó &ouml;sszeggel &eacute;rkezõ számlákat a bej&ouml;võ számlák k&ouml;z&ouml;tt r&ouml;gzítj&uuml;k. Meg kell oldani, hogy r&ouml;gzít&eacute;s során bejel&ouml;lhess&uuml;k, hogy fordított adózással adózik. Azaz a program a számla nettó &eacute;rt&eacute;k&eacute;t figyelembe v&eacute;ve 20% áfát felszámol mint fizetendõ áfát (fõk&ouml;nyvi r&ouml;gzít&eacute;se: 4671), ugyanakkor levonható áfak&eacute;nt is r&ouml;gzíti az áfa bevallásban &eacute;s a fõk&ouml;nyv&ouml;n: 4661-re.</div><div>Az áfa listán t&ouml;rt&eacute;nõ megjelenít&eacute;se: a fizetendõ áfa :4671: bevallás 35.sor, valamint táj&eacute;koztató adatk&eacute;nt: bevallás 62.sor( A fordított adózás szabályai szerint szolgáltatás ig&eacute;nybev&eacute;tele eset&eacute;n fizetendõ adó a 35.sorból)</div><div>A levonható áfánál erre a c&eacute;lra nincs k&uuml;l&ouml;n sor, hanem a 20%-os áfa k&ouml;z&eacute; kell berakni, azaz bevallás 70.sora. Azonban mivel k&uuml;l&ouml;n fõk&ouml;nyvi számon lesz nyilvántartva, &eacute;n nem bánnám, ha úgy jelenne meg a listán, hogy 70 - 4671: Fordított adózás miatt felszámított (levonható) áfa 20%. (Majd &ouml;sszeadom a 70- 4672-vel.)</div><div></div><div><strong>Az áfa bevallás egyes sorainak számozása megváltozott.</strong> Csak azt írom le, hogy mi volt- mi lett:</div><div>új sor: 35 &eacute;s 62&nbsp;(fentiekben említettem)</div><div>43 - 44</div><div>57 - 67</div><div>60 - 70</div><div>62 - 72</div><div>64 - 74</div><div>65 - 75</div><div>66 - 77/ez csak a Rozmárnál/</div><div>72 - 83</div><div>75 - 86</div><div></div><div></div><div><strong>A második a kerekít&eacute;s:</strong></div><div>2008.03.01-tõl bevonják az 1 &eacute;s 2 forintost, így csak 0-ra vagy 5-re v&eacute;gzõdhet egy k&eacute;szp&eacute;nzes számla.</div><div>Ezt kell megoldani, vagyis ha a fizet&eacute;s módja k&eacute;szp&eacute;nz akkor a számlában a v&eacute;g&eacute;n legyen egy kerekít&eacute;s aminek a k&ouml;nyvel&eacute;se: 3688(Kimenõ számlák kerekít&eacute;se elszámolási számla) Majd &eacute;v v&eacute;g&eacute;n az egyenleg&eacute;t elk&ouml;nyvelem a megfelelõ helyre. Ha felfele kerekít: T311 - K3688, he lefele: T3688 - K311</div><div></div><div><strong>A kerekít&eacute;s szabályai:</strong></div><div>1 &eacute;s 2-re v&eacute;gzõdõ: lefele kerekít&eacute;s 0-ra</div><div>3 &eacute;s 4-re v&eacute;gzõdõ: felfele kerekít&eacute;s 5-re</div><div>6 &eacute;s 7-re v&eacute;gzõdõ: lefele kerekít&eacute;s 5-re</div><div>8 &eacute;s 9-re v&eacute;gzõdõ: felfele kerekít&eacute;s 10-re</div><div></div><div>ELõre is k&ouml;szi, ha k&eacute;rd&eacute;sed van hívj.</div><div></div><div>Icus <div>Attia!</div><div></div><div>Telefonon már említettem, hogy sz&uuml;ks&eacute;g lesz n&eacute;hány változtatásra, melyet mindk&eacute;t c&eacute;gn&eacute;l meg kellene csinálni.</div><div></div><div><strong>Az elsõ, a fordított adózás</strong>:</div><div>L&eacute;nyege, hogy a szállító áfa n&eacute;lk&uuml;l számláz fel&eacute;nk, mert a t&ouml;rv&eacute;ny szerint az adófizet&eacute;sre a vevõ k&ouml;telezett, úgy mint a k&ouml;z&ouml;ss&eacute;gi beszerz&eacute;sn&eacute;l.</div><div>Az íly módon nettó &ouml;sszeggel &eacute;rkezõ számlákat a bej&ouml;võ számlák k&ouml;z&ouml;tt r&ouml;gzítj&uuml;k. Meg kell oldani, hogy r&ouml;gzít&eacute;s során bejel&ouml;lhess&uuml;k, hogy fordított adózással adózik. Azaz a program a számla nettó &eacute;rt&eacute;k&eacute;t figyelembe v&eacute;ve 20% áfát felszámol mint fizetendõ áfát (fõk&ouml;nyvi r&ouml;gzít&eacute;se: 4671), ugyanakkor levonható áfak&eacute;nt is r&ouml;gzíti az áfa bevallásban &eacute;s a fõk&ouml;nyv&ouml;n: 4661-re.</div><div>Az áfa listán t&ouml;rt&eacute;nõ megjelenít&eacute;se: a fizetendõ áfa :4671: bevallás 35.sor, valamint táj&eacute;koztató adatk&eacute;nt: bevallás 62.sor( A fordított adózás szabályai szerint szolgáltatás ig&eacute;nybev&eacute;tele eset&eacute;n fizetendõ adó a 35.sorból)</div><div>A levonható áfánál erre a c&eacute;lra nincs k&uuml;l&ouml;n sor, hanem a 20%-os áfa k&ouml;z&eacute; kell berakni, azaz bevallás 70.sora. Azonban mivel k&uuml;l&ouml;n fõk&ouml;nyvi számon lesz nyilvántartva, &eacute;n nem bánnám, ha úgy jelenne meg a listán, hogy 70 - 4671: Fordított adózás miatt felszámított (levonható) áfa 20%. (Majd &ouml;sszeadom a 70- 4672-vel.)</div><div></div><div><strong>Az áfa bevallás egyes sorainak számozása megváltozott.</strong> Csak azt írom le, hogy mi volt- mi lett:</div><div>új sor: 35 &eacute;s 62&nbsp;(fentiekben említettem)</div><div>43 - 44</div><div>57 - 67</div><div>60 - 70</div><div>62 - 72</div><div>64 - 74</div><div>65 - 75</div><div>66 - 77/ez csak a Rozmárnál/</div><div>72 - 83</div><div>75 - 86</div><div></div><div></div><div><strong>A második a kerekít&eacute;s:</strong></div><div>2008.03.01-tõl bevonják az 1 &eacute;s 2 forintost, így csak 0-ra vagy 5-re v&eacute;gzõdhet egy k&eacute;szp&eacute;nzes számla.</div><div>Ezt kell megoldani, vagyis ha a fizet&eacute;s módja k&eacute;szp&eacute;nz akkor a számlában a v&eacute;g&eacute;n legyen egy kerekít&eacute;s aminek a k&ouml;nyvel&eacute;se: 3688(Kimenõ számlák kerekít&eacute;se elszámolási számla) Majd &eacute;v v&eacute;g&eacute;n az egyenleg&eacute;t elk&ouml;nyvelem a megfelelõ helyre. Ha felfele kerekít: T311 - K3688, he lefele: T3688 - K311</div><div></div><div><strong>A kerekít&eacute;s szabályai:</strong></div><div>1 &eacute;s 2-re v&eacute;gzõdõ: lefele kerekít&eacute;s 0-ra</div><div>3 &eacute;s 4-re v&eacute;gzõdõ: felfele kerekít&eacute;s 5-re</div><div>6 &eacute;s 7-re v&eacute;gzõdõ: lefele kerekít&eacute;s 5-re</div><div>8 &eacute;s 9-re v&eacute;gzõdõ: felfele kerekít&eacute;s 10-re</div><div></div><div>ELõre is k&ouml;szi, ha k&eacute;rd&eacute;sed van hívj.</div><div></div><div>Icus</div></div>','1254339953'),(66,37,14,1,'<div>Szia Attila!</div><div></div><div>L&eacute;gyszíves javítsd az áfa listát a Sanimix Kft.-n&eacute;l az alábbiak miatt:</div><div></div><div>- a szervizesek mindíg tárgyhót k&ouml;vetõen számolnak el a javítási k&eacute;szp&eacute;nzes számlákkal, ami az elszámolás hónapjában a p&eacute;nztárból k&ouml;nyvelõdik: K922,4672-re. Az áfa listán ezek jelenleg k&uuml;l&ouml;n oldalon jelennek meg:&quot; 60 - &nbsp;4672Fizetendõ áfak&eacute;nt&quot;. Helyesen a 08. sorba gyûjt&ouml;tt adatoknál kellene lennie.</div><div>- mivel a javítási számláknak az áfáját&nbsp;az elõzõ hónapban kell bevallanunk, ez&eacute;rt &eacute;n az átvezet&eacute;sben átvezetem egyik hónapról a másikra: </div><div>Pl. 11.09.-&eacute;n elszámoltak a 10.havi javítási számlákkal. A 11.09. p&eacute;nztárban szerepel a számlák k&ouml;nyvel&eacute;se: K922,4672</div><div>Az átvezet&eacute;s során k&ouml;nyvelem: T4672-K3689: csak az áfát( 11.09. dátummal) &eacute;s T3689-K4672: csak az áfát (10.31.dátummal) Mivel az átvezet&eacute;s a 4672-es fõk&ouml;nyvet &eacute;rinti, ez&eacute;rt a 08.sorba gyûjt&ouml;tt t&eacute;telek k&ouml;z&ouml;tt kell lennie.</div><div>Jelenleg az áfa listán a 65 &ouml;s sorba az import term&eacute;kek után felszámított áfák k&ouml;z&eacute; gyûjti a program az átvezet&eacute;seket.</div><div></div><div>- már korábban is volt p&eacute;lda arra, hogy kimenõ deviza számlát áfásan állítottunk ki, mert a gazdasági esem&eacute;ny ezt indokolta. A rendszer az áfa listán ezt nem jól kezeli. Mivel szint&eacute;n 4672-es fõk&ouml;nyvet &eacute;rint így a kimenõ deviza számla áfáját &eacute;s adóalapját is a 08-as sorba kell, hogy gyûjts&uuml;k. Jelenleg a program az export&eacute;rt&eacute;kesít&eacute;shez gyûjti az adóalapot, &eacute;s nem veszi figyelembe, hogy a számlán áfa is van.</div><div></div><div>Elõra is k&ouml;szi</div><div></div><div>Icus</div><div></div><div>Ui: Nagyon klassz a faktorprogram. Nagyon k&ouml;szi!</div>','1254339980'),(67,36,14,1,'<div>Szia!</div><div></div><div>Az Ora-Sani mi alapján importálja be az árfolyamokat?</div><div></div><div>Nem lehetne-ezt napi szinten megcsinálni? A Volksbank minden nap k&uuml;ld deviza &eacute;s valutaárfolyamot is.</div><div></div><div>&Uuml;dv,</div><div></div><div>Eszter</div>','1254340087'),(68,36,14,1,'<div>Szia Eszter!</div><div></div><div></div><div>Milyen formában k&uuml;ldi az árfolyamot? Ki lehet valahogy exportálni a programból? Ha ki tudok exportálni, akkor k&uuml;ldd el a fájlt, valószínûleg be lehet majd olvani, ha kiokosítom&nbsp;egy kicsit a programot.</div><div></div><div></div><div>Icának mondtam, hogy jó volna, ha elk&uuml;lden&eacute;d az adatokat, mert a p&eacute;nztár k&ouml;r&uuml;l valami nem stimmel, pedig nálam minden rendben l&eacute;võnek látszik.</div><div></div><div>El tudod k&uuml;ldeni?</div><div></div><div></div><div>K&ouml;szi:</div><div></div><div>H. Attila</div>','1254340112'),(69,36,14,1,'<div>Szia!</div><div></div><div>Elvileg txt formátumú, csak meg kell találnom a módját, hogy kimentsem.</div><div></div><div>&Uuml;dv,</div><div></div><div>Eszter</div>','1254340134'),(70,36,14,1,'<div>Szia!</div><div></div><div>A banki árfolyammal kapcsolatban: </div><div>hiába t&ouml;lt&ouml;m át, a devizaszámlánál nem hozza fel automatikusan. Ezt hogyan lehetne megoldani?</div><div>Valamint az árfolyam&nbsp;file alap&eacute;rtelmezett k&ouml;nyvtára:</div><div>H:\\VOLKS\\MCCWIN\\DAT\\FILES</div><div>tudnád erre módosítani az alap&eacute;rtelmez&eacute;st?</div><div></div><div>K&ouml;szi,</div><div></div><div>Eszter</div>','1254340183'),(71,36,14,1,'<div>Szia&nbsp;Eszter!</div><div></div><div></div><div>Ez az árfolyam-varázslat benne van a programban, ha teljesít&eacute;s keltek&eacute;nt olyan napot adsz meg, amihez van árfolyam, akkor azt elõveszi a program (persze csak akkor, ha a bank &eacute;s a devizanem is adott).</div><div></div><div>Ellenõrizd l&eacute;gyszi, mennie kell!</div><div></div><div></div><div>&Uuml;dv.:<br />Attila</div>','1254340196'),(72,36,14,1,'<div>Szia!</div><div></div><div>Mindenhol k&ouml;z&eacute;p árfolyam kell.</div><div></div><div>Azt mindjárt rát&ouml;lt&ouml;m.</div><div></div><div>&Uuml;dv,</div><div></div><div>Eszter</div>','1254340214'),(73,36,14,1,'<div>Szia Eszter!</div><div></div><div></div><div>A tegnapi adagot megkaptad, let&ouml;lt&ouml;tted?</div><div></div><div>A devizaszámla árfolyamot megn&eacute;zem, csak mondjátok meg, hogy melyik számlánál (kimenõ, bej&ouml;võ) melyik árfolyamot kell használni (eladási&nbsp; &eacute;s v&eacute;teli vagy mindkettõn&eacute;l k&ouml;z&eacute;p? - számviteli politikától f&uuml;gg).</div><div></div><div>Az árfolyamok el&eacute;r&eacute;si útját a rendszerparam&eacute;terekn&eacute;l lehet módosítani (akinek joga van hozzá :-)), a &quot;PATH_ARF&quot; nevû param&eacute;ter &eacute;rt&eacute;k&eacute;hez kell beírni az el&eacute;r&eacute;si utat.</div><div></div><div></div><div>&Uuml;dv.:</div><div></div><div>Attila</div>','1254340228'),(74,38,14,1,'<div>Szia!</div><div></div><div>Besz&eacute;ltem a bankos &uuml;rg&eacute;sve, azt mondta, hogy a mozgásokból elõ lehet bármikor k&eacute;zzel állítani azt a file-t amire sz&uuml;ks&eacute;ged van. Azt íg&eacute;rte, hogy ma átk&uuml;ldi, hogyan kell.</div><div></div><div>Amint meg van k&uuml;ld&ouml;m.</div><div></div><div>&Uuml;dv,</div><div></div><div>Eszter</div>','1254340265'),(75,38,14,1,'<div>Szia Eszter</div><div></div><div>Jó, k&ouml;szi, akkor ezt megvárom!</div><div></div><div></div><div>&Uuml;dv.:<br />Attila</div>','1254340279'),(76,38,14,1,'<p>Szia4<br /><br />&nbsp;Mûk&ouml;dik az export.<br /><br />&nbsp;Csak a rendszerparam&eacute;terekhez nem f&eacute;rek hozzá. Der nem gond, megmutzattam<br />&nbsp;a Gabinak, hol találja a file-t.<br /><br />&nbsp;K&ouml;szi a segíts&eacute;get.<br /><br />&nbsp;&Uuml;dv,<br /><br />&nbsp;Eszter<br />&nbsp;----- Original Message -----<br />&nbsp;From: &quot;Horváth Attila&quot; <a href=\"mailto:horvath.attila@d-n-s.hu\">horvath.attila@d-n-s.hu</a><br />&nbsp;To: &quot;Sanimix import&quot; <a href=\"mailto:sani.import@t-online.hu\">sani.import@t-online.hu</a><br />&nbsp;Sent: Tuesday, January 24, 2006 2:17 PM<br />&nbsp;Subject: Bank, lista módosítás<br /><br /></p><p>&nbsp;Szia Eszter!<br /><br /><br /><br />&nbsp;Elk&eacute;sz&uuml;lt a banki beolvasás. A sikeres beolvasáshoz az kell, hogy azt az<br />&nbsp;elsõ sort, amit az egyes pozíciók jelent&eacute;se miatt beleraktál a fájlba,<br />&nbsp;most<br />&nbsp;vedd ki. :-) Van a fájlban olyan bankszámla, ami nincs benne a<br />&nbsp;bankszámlák<br />&nbsp;t&ouml;rzs&eacute;ben. Ha ez nem kell e beolvasáskor, akkor ki kellene hagyni az<br />&nbsp;export<br />&nbsp;fájlból.<br /><br />&nbsp;A banki beolvasással kapcsolatban m&eacute;g k&eacute;t dolog. Az egyik, hogy a banki<br />&nbsp;fájl<br />&nbsp;helye &eacute;s neve átírható a T&ouml;rzs-Egy&eacute;b t&ouml;rzsek-Rendszerparam&eacute;terek<br />&nbsp;men&uuml;pontban. A &quot;PATH_VOLKS&quot; nevû param&eacute;ter &eacute;rt&eacute;k&eacute;t kell megfelelõen<br />&nbsp;beállítani, pl: BANK\\MOZGASOK.TXT, &eacute;s akkor nem kell minden alkalommal<br />&nbsp;keresg&eacute;lni a fájlt beolvasás elõtt.<br /><br />&nbsp;A másik, hogy úgy látom, nem használjátok a Bank-Új bankszámlák<br />&nbsp;azonosítása<br />&nbsp;men&uuml;pontot. Ez az&eacute;rt kár, mert ha ezt t&ouml;lt&ouml;getitek, akkor az ellenoldali<br />&nbsp;bankszámlaszám alapján azonosítani tudja a program pl. a k&uuml;ldõ c&eacute;get vagy<br />&nbsp;pl. az átutalás jogcím&eacute;t.<br /><br /><br />&nbsp;K&uuml;ld&ouml;m a Kriszti által k&eacute;rt listamódosítást is.<br /><br /><br />&nbsp;Telepít&eacute;s a szokásos módon.<br /><br /><br />&nbsp;Ha k&eacute;rd&eacute;s vagy probl&eacute;ma van, szólj nyugodtan.<br /><br /><br />&Uuml;dv.:<br />Attila<br /></p>','1254340347'),(77,20,14,1,'Szia Miklós!<br /><br />Tegnap voltam a Baumax táj&eacute;koztatóján, ahol az EDI bevezet&eacute;s&eacute;rõl volt szó.<br />A<br />DOCCA OutSource IT Kft. szakemberei vitt&eacute;k a szót, technikai &eacute;s anyagi<br />term&eacute;szetû t&eacute;mák ker&uuml;ltek terít&eacute;kre.<br />Az EDI-be bekapcsolódó c&eacute;gek számára k&eacute;t lehetõs&eacute;get kínálnak (mell&eacute;kelem<br />az<br />árajánlatukat):<br /><br />1) WEB Edinet kapcsolat<br />Ez az olcsóbb változat, &eacute;s mivel f&uuml;ggetlen&uuml;l mûk&ouml;dik nekem sem kell<br />fejlesztenem az áruforgalmi programot. Ennek a telepít&eacute;si díja 250 EUR a<br />havi díja pedig &uuml;zenetszámtól f&uuml;ggetlen&uuml;l 40 EUR.<br />Ez a megoldás azt jelenti, hogy a Baumax rendel&eacute;seket egy internetes<br />fel&uuml;leten látjátok, az onnan leolvasott adatokat be kell r&ouml;gzíteni az<br />áruforgalmi rendszer rendel&eacute;sei k&ouml;z&eacute;. A Baumax számára elk&eacute;sz&uuml;lõ számlákat<br />pedig ezen az internetes fel&uuml;leten újra be kell r&ouml;gzíteni, az áruforgalmi<br />rendszerben r&ouml;gzítettel azonos módon.<br /><br /><br />2) EDINET Connector kapcsolat<br />Ennek telepít&eacute;si díja 500 EUR, a havi díja pedig 40 EUR. Ennek az az<br />elõnye,<br />hogy automatikusan fogadja &eacute;s k&uuml;ldi az elõk&eacute;szített &uuml;zeneteket. Viszont<br />ahhoz, hogy az áruforgalmi rendszerbe is beker&uuml;ljenek a rendel&eacute;sek írnom<br />kell egy k&uuml;l&ouml;n kis programot, ami figyeli a be&eacute;rkezõ rendel&eacute;seket &eacute;s<br />bedolgozza az áruforgalmi rendszerbe, illetve a számlákat is elõ kell<br />állítanom egy olyan formátumban, amit a Baumax fogadni tud. Ez úgy<br />nagyjából<br />30-35 órás munkával lenne megoldható.<br /><br /><br />A k&eacute;tf&eacute;le elõfizet&eacute;s k&ouml;z&ouml;tt van átjárás, megrendelhetitek most az olcsóbb<br />kapcsolatot, &eacute;s átt&eacute;rhettek k&eacute;sõbb a k&eacute;nyelmesebb, de drágább megoldásra.<br /><br /><br />Van egy számla archiválásra vonatkozó oszlop is a mell&eacute;kelt árlistában,<br />ezek<br />a t&eacute;telek akkor l&eacute;pnek &eacute;rv&eacute;nybe, ha a Baumax-szal megállapodtok az<br />elektronikus számlázásban. Ezek a díjak az elektronikusan kibocsájtott &eacute;s<br />fogadott számlák APEH-elõírásoknak megfelelõ achiválására vonatkoznak.<br />Erre<br />az&eacute;rt van sz&uuml;ks&eacute;g, mert ha a c&eacute;gek k&ouml;z&ouml;tt megállapodás sz&uuml;letik az<br />elektronikus számlacser&eacute;rõl, akkor az APEH már nem a kinyomtatott<br />dokumentumokat vizsgálja egy ellenõrz&eacute;skor, hanem ezt az archivumot. Az<br />archiváló szolgáltatást nem k&ouml;telezõ ig&eacute;nybe venni, bármelyik c&eacute;g<br />archiválhatja az elektronikus számláit, de az archiválás módjára olyan<br />elõírások vannak, amelyeket lehetetlen teljesíteni (atombiztos bunker,<br />naplózott bel&eacute;ptetõrendszer stb.). Nem v&eacute;letlen, hogy Magyarországon nincs<br />is ilyen szolgáltatás, a DOCCA archiváló szervere is Lengyelországban van.<br />A<br />l&eacute;nyeg: ha elektronikusan számláztok, meg kell rendelnetek az archiváló<br />szolgáltatást, aminek van egy egyszeri 400 EUR bel&eacute;p&eacute;si díja &eacute;s egy 30 EUR<br />&ouml;sszegû havi díja.<br />Az archiváló szolgáltatást egyelõre nem &eacute;rdemes megrendelni, mert a Baumax<br />sem tudja m&eacute;g, hogyan fogja arciválni a számláit, &eacute;s ameddig õ nem<br />archivál,<br />addig úgysem tudtok megállapodni az elektronikus számlázásról. Addig is<br />k&uuml;ldeni kell azonban a számlákat elektronikusan, viszont papíron is.<br />Egyelõre a papír számít APEH-dokumentumnak.<br /><br /><br />Fontos hogy a mell&eacute;kletben szereplõ árak akkor &eacute;rv&eacute;nyesek, ha november<br />30-ig<br />szerõdt&ouml;k a DOCCA-val! Vannak már EDI-szolgáltatók is, de azok a Baumax<br />EDI-felelõse szerint drágábbak is, viszont sok a bizonytalanság a<br />szolgáltatásaiban, ez&eacute;rt a Baumax a DOCCA-t javasolja.<br /><br />Ennyi volt, ha k&eacute;rd&eacute;sed van, beszl&eacute;het&uuml;nk róla!<br /><br />&Uuml;dv.:<br />Horváth Attila<br />','1254340445'),(78,20,14,1,'Szia Brigi!<br /><br />A cikkt&ouml;rzs nyomtatásba betettem, hogy szûrhetõ legyen cikkcsoportra, &eacute;s<br />PDF-be lehessen nyomtatni, hogy Zsolti el tudja k&uuml;ldeni e-mailben az<br />EAN-kódokat a vevõj&eacute;nek.<br /><br /><br />Csak ki kellene csomagolnod az Ora-Sani-ba!<br /><br /><br /><br />&Uuml;dv.:<br /><br />Attila<br />','1254340478'),(79,22,14,1,'<div>Szia Attila!<br /><br />Ahhoz k&eacute;pest, hogy látatlanban csináltad nagyon profi. Annyi az eg&eacute;sz, hogy <br />az elsõ oszlopot k&eacute;ne egy nagyon picit jobbra vinni, a t&ouml;bbi jó helyen van.<br /><br />K&ouml;szi, Brigi<br /></div>','1254340496'),(80,20,14,1,'<div>Szia!</div><div></div><div>A devizaszámlán a c&eacute;g&uuml;nk adatai k&ouml;zt fel kellene t&uuml;ntetni az EU-s adószámunkat:</div><div></div><div>HU 10928426</div><div></div><div>K&ouml;szi,</div><div></div><div>Eszter</div>','1254340511'),(81,39,14,1,'<div>Szia!</div><div></div><div>K&ouml;szi a gyors segíts&eacute;get.</div><div></div><div>&Uuml;dv,</div><div></div><div>Eszter</div><blockquote style=\"border-left: #000000 2px solid; padding-left: 5px; padding-right: 0px; margin-left: 5px; margin-right: 0px\" dir=\"ltr\"><div>----- Original Message ----- </div><div><strong>From:</strong> <a title=\"blocked::mailto:horvath.attila@d-n-s.hu horvath.attila@d-n-s.hu\" href=\"mailto:horvath.attila@d-n-s.hu\">Horváth Attila</a> </div><div><strong>To:</strong> <a title=\"blocked::mailto:sani.import@t-online.hu sani.import@t-online.hu\" href=\"mailto:sani.import@t-online.hu\">Sanimix import</a> </div><div><strong>Sent:</strong> Wednesday, December 21, 2005 10:55 AM</div><div><strong>Subject:</strong> Re: EU Adószám</div><div><br /></div><div>Szia Eszter!</div><div></div><div>Itt van a mósosítás, csak ki kell csomagolnod!</div><div></div><div>&Uuml;dv.:</div><div>Attila</div><div></div><blockquote style=\"border-left: #000000 2px solid; padding-left: 5px; padding-right: 0px; margin-left: 5px; margin-right: 0px\" dir=\"ltr\"><div>----- Original Message ----- </div><div><strong>From:</strong> <a title=\"blocked::mailto:sani.import@t-online.hu sani.import@t-online.hu\" href=\"mailto:sani.import@t-online.hu\">Sanimix import</a> </div><div><strong>To:</strong> <a title=\"blocked::mailto:horvath.attila@d-n-s.hu horvath.attila@d-n-s.hu\" href=\"mailto:horvath.attila@d-n-s.hu\">Horváth Attila</a> </div><div><strong>Sent:</strong> Tuesday, December 20, 2005 3:41 PM</div><div><strong>Subject:</strong> EU Adószám</div><div><br /></div><div>Szia!</div><div></div><div>A devizaszámlán a c&eacute;g&uuml;nk adatai k&ouml;zt fel kellene t&uuml;ntetni az EU-s adószámunkat:</div><div></div><div>HU 10928426</div><div></div><div>K&ouml;szi,</div><div></div><div>Eszter</div></blockquote></blockquote>','1254340581'),(82,20,14,1,'Szia Erika!<br /><br /><br />Nem &eacute;rtem ezt az Excel beolvasós t&ouml;rt&eacute;netet. Nálunk eggyel újabb&nbsp; verzió<br />van MS Office-ból, mint a Te g&eacute;peden, de itt egybõl helyesen olvassa be a<br />CSV fájlt. Nem tudom, ott mi lehet.<br />Módosítottam rajta egy kicsit, most TXT kiterjeszt&eacute;ssel menti el ugyanazt<br />a tartalmat, &eacute;s így az Excel megk&eacute;rdezi, hogy mi az oszlopokat elválasztó<br />karakter (eset&uuml;nkben pontosvesszõ: ;). Ha Brigi telepítette a csomagot,<br />amit k&uuml;ldtem neki, akkor ki kellene próbálnod, hogy így be tudod-e olvasni<br />az Excelbe az adatokat.<br /><br /><br />A k&eacute;pernyõn is megjelenik &eacute;s az Excel fájlba is a bele tettem az<br />átlagárat.<br /><br /><br />&Uuml;dv.:<br /><br />Attila<br />','1254340621'),(83,40,14,1,'<div>Szia Brigi!</div><div></div><div>Ez az.</div><div></div><div>Sajnos sokat nem tudtam csinálni vele. Eszm&eacute;letlen h&uuml;lye szerkezetben vannak benne az adatok. Ráadásul nem csak a szerkezet szar, hanem a tartalom is &eacute;rdekes. Az EUR számlátokat az&eacute;rt nem találta meg, mert a v&eacute;g&eacute;n l&eacute;võ &quot;000005&quot; nem szerepel a fájlban (a forint számlában pl. benne van az utolsó&nbsp;6 jegy is &quot;000004&quot;). Ezt a probl&eacute;mát&nbsp;m&eacute;g lekezeltem...</div><div></div><div>Eddig egy banki fájl egy bankszámla egy napi forgalmát tartalmazta, ez az EUR számla ennek is bekavar. Most egy fájl tartalmazza az EUR &eacute;s a&nbsp;HUF számla napi forgalmát is, ebbõl most csak az elsõt tudja beolvasni a program (az EUR-t).</div><div></div><div>Csomagold ki a mell&eacute;kletet!</div><div></div><div>&Uuml;dv.:</div><div>H. Attila</div><blockquote style=\"border-left: #000000 2px solid; padding-left: 5px; padding-right: 0px; margin-left: 5px; margin-right: 0px\" dir=\"ltr\"><div>----- Original Message ----- </div><div><strong>From:</strong> <a title=\"blocked::mailto:sanimix@axelero.hu sanimix@axelero.hu\" href=\"mailto:sanimix@axelero.hu\">Sanimix</a> </div><div><strong>To:</strong> <a title=\"blocked::mailto:horvath.attila@d-n-s.hu horvath.attila@d-n-s.hu\" href=\"mailto:horvath.attila@d-n-s.hu\">Horváth Attila</a> </div><div><strong>Sent:</strong> Wednesday, January 19, 2005 9:02 AM</div><div><strong>Subject:</strong> fájl</div><div><br /></div><div>Szia Attila!</div><div></div><div>K&uuml;ld&ouml;m a banki fájlt. (rem&eacute;lem ez az)</div><div /><div>Brigi&nbsp;</div></blockquote>','1254340674'),(84,41,14,1,'<p>Szia Attila !<br /><br />Szeretn&eacute;nk, ha a mell&eacute;kelt sz&ouml;veg szerepelne a fizet&eacute;si felszólításokon.<br /><br />K&ouml;szi: Ica<br /></p><span>A fentiek alapján <strong><span>felszólítom</span></strong>, hogy fennálló tartozását jelen lev&eacute;l k&eacute;zhezv&eacute;tel&eacute;tõl számított 5 napon bel&uuml;l fizesse meg. Táj&eacute;koztatom, hogy k&eacute;sedelmes fizet&eacute;se eset&eacute;n az aktuális jegybanki alapkamat k&eacute;tszeres&eacute;t számítjuk fel. <p>&nbsp;</p></span><span><p>&nbsp;</p></span><span>Amennyiben a fenti határidõ eredm&eacute;nytelen&uuml;l telik el, úgy k&eacute;nytelenek lesz&uuml;nk k&ouml;vetel&eacute;s&uuml;nket polgári nem peres, peres úton, illetve felszámolási eljárás keret&eacute;ben &eacute;rv&eacute;nyesíteni.<p>&nbsp;</p></span><span><p>&nbsp;</p></span><span>Táj&eacute;koztatom, hogy a csõdeljárásról, a felszámolási eljárásról &eacute;s a v&eacute;gelszámolásról szóló 1991. &eacute;vi XLIX. t&ouml;rv&eacute;ny szerint az illet&eacute;kes bíróság az adós felszámolását k&eacute;relemre v&eacute;gz&eacute;ssel elrendeli, ha az adós fizet&eacute;sk&eacute;ptelens&eacute;g&eacute;t állapítja meg. A hivatkozott t&ouml;rv&eacute;ny 27.&sect; (2) bekezd&eacute;s a) pontja szerint a bíróság az adós fizet&eacute;sk&eacute;ptelens&eacute;g&eacute;t akkor állapítja meg, ha korábban nem vitatott vagy elismert tartozását az esed&eacute;kess&eacute;get k&ouml;vetõ &ndash; a felszámolási eljárás kezdem&eacute;nyez&eacute;s&eacute;re vonatkozó figyelmeztet&eacute;st is tartalmazó &ndash; fizet&eacute;si felszólítás k&eacute;zhezv&eacute;tel&eacute;tõl számított 15 napon bel&uuml;l indokolással alátámasztott írásbeli nyilatkozatával nem vitatta &eacute;s nem egyenlítette ki.<p>&nbsp;</p></span><span><p>&nbsp;</p></span><span><p>&nbsp;</p></span><span>Amennyiben számlá(i)nkat idõk&ouml;zben kiegyenlített&eacute;k, szíveskedjenek k&ouml;z&ouml;lni az átutalás dátumát.<p>&nbsp;</p></span> <p>&nbsp;</p>','1254340745'),(85,42,14,1,'&nbsp;Szia Eszter!<br />&gt;<br />&gt;<br />&gt; Az adatokból azt látom, amit a folyószámla is mutat, a 2005.10.13-i<br />&gt; bankban k&eacute;tszer szerepel a 2005/04028, 29, 30, 81, 82 stb. számlák<br />&gt; ellen&eacute;rt&eacute;ke. A 2005/04028 p&eacute;ldául a 7. &eacute;s a 13. sorszámú t&eacute;telben is<br />&gt; kiegyenlít&eacute;sre ker&uuml;lt.<br />&gt;<br />&gt;<br />&gt; &Uuml;dv.:<br />&gt;<br />&gt;<br />&gt; Horváth Attila<br />&gt; horvath.attila@d-n-s.hu<br />&gt; ----------------------------<br />&gt; DNS Szoftverház Kft.<br />&gt; 1221 Budapest Baross u. 18.<br />&gt; Tel: (36-1) 424-5414<br />&gt; Fax: (36-1) 424-5416<br />&gt; E-mail: d-n-s@d-n-s.hu<br />','1254340788'),(86,42,14,1,'Szia!<br />&gt;<br />&gt; Nálam a Borderónál a 13. t&eacute;tel t&ouml;k más. Az nálam Brico Szfeh&eacute;rvár, nem a<br />&gt; Budakalász.<br />&gt;<br />&gt; Akkor ezt hogyan lehetne helyrerakni?<br />&gt; Mert az a bajom, hogy a borderónál csak egyszer szerepel. T&ouml;r&ouml;ljem<br />&gt; teljesen azt a napot &eacute;s vigy&uuml;k be újra?<br />&gt;<br />&gt; &Uuml;dv,<br />&gt;<br />&gt; Eszter<br />&gt;<br />&gt; ----- Original Message -----<br />&gt; From: &quot;Horváth Attila&quot; &lt;horvath.attila@d-n-s.hu&gt;<br />&gt; To: &quot;Sanimix import&quot; &lt;sani.import@t-online.hu&gt;<br />&gt; Sent: Tuesday, October 18, 2005 5:15 PM<br />&gt; Subject: Folyószámla<br />&gt;<br />&gt;<br />&gt;&gt; Szia Eszter!<br />&gt;&gt;<br />&gt;&gt;<br />&gt;&gt; Az adatokból azt látom, amit a folyószámla is mutat, a 2005.10.13-i<br />&gt;&gt; bankban k&eacute;tszer szerepel a 2005/04028, 29, 30, 81, 82 stb. számlák<br />&gt;&gt; ellen&eacute;rt&eacute;ke. A 2005/04028 p&eacute;ldául a 7. &eacute;s a 13. sorszámú t&eacute;telben is<br />&gt;&gt; kiegyenlít&eacute;sre ker&uuml;lt.<br />&gt;&gt;<br />&gt;&gt;<br />&gt;&gt; &Uuml;dv.:<br />','1254340806'),(87,38,14,1,'<div>Kedves Attila!</div><div /><div>Megint van egy banki fájl amit nem olvas be a program. K&eacute;rlek n&eacute;zd meg, &eacute;s ha ki tudod javítani </div><div>l&eacute;gyszives k&uuml;ld vissza.</div><div /><div /><div>K&ouml;szi</div><div /><div>Brigi</div>','1254340838'),(88,20,14,1,'<div>Szia!</div><div></div><div>A k&ouml;vetkezõ k&eacute;rd&eacute;seink lenn&eacute;nek:</div><div></div><div>a Toplistában n&eacute;mely partnern&eacute;l hoz kg-ot, máshol nem. Hol lehet az adott súlyokat beállítani az &ouml;sszes term&eacute;khez?</div><div></div><div>Mostanában t&ouml;bb áramsz&uuml;net&uuml;nk is volt, de a szerver sz&uuml;netmentese nem igazán bírja a dolgokat. </div><div></div><div>A Miklós k&eacute;rdezi, hogy megváltoztattad-e a DNS jelszavát?</div><div></div><div>&Uuml;dv,</div><div></div><div>Eszter</div>','1254340860'),(89,20,14,1,'<div>Szia!</div><div></div><div>1)&nbsp;A súlyadatokat a cikkt&ouml;rzsben lehet megadni.</div><div></div><div>2) Gondolom, r&eacute;gi a sz&uuml;netmentes, vagy akkut kellene cser&eacute;lni benne vagy kellene egy új. Az utóbbi megoldás eset&eacute;n tudunk segíteni.</div><div></div><div>3) Megváltoztattam.</div><div></div><div>&Uuml;dv.:</div><div>H. Attila</div>','1254340898'),(90,20,14,1,'Szia!<br />&gt;<br />&gt; Ez nem mûk&ouml;dik. Pedig ezt is úgy telepítettem, hogy nem volt bel&eacute;pve<br />&gt; senki.<br />&gt;<br />&gt; &Uuml;dv,<br />&gt;<br />&gt; Eszter<br />&gt;<br />&gt; ----- Original Message -----<br />&gt; From: &quot;Horváth Attila&quot; &lt;horvath.attila@d-n-s.hu&gt;<br />&gt; To: &quot;Sanimix import&quot; &lt;sani.import@t-online.hu&gt;<br />&gt; Sent: Thursday, November 10, 2005 1:28 PM<br />&gt; Subject: K&eacute;szletár felkínálása<br />&gt;<br />&gt;<br />&gt;&gt; Szia Eszter!<br />&gt;&gt;<br />&gt;&gt;<br />&gt;&gt; Kriszta k&eacute;szletár-probl&eacute;mája viszonlyag gyorsan megoldódott, ez van a<br />&gt;&gt; csomagban. A gond az volt, hogy olyan raktárba akarta bev&eacute;telezni az<br />&gt;&gt; árut,<br />&gt;&gt; amelyikben nem volt k&eacute;szlet, így k&eacute;szletárat sem tudodtt felkínálni a<br />&gt;&gt; program. Úgy módosítottam, hogy az &ouml;sszes raktár k&eacute;szlet&eacute;t figyelembe<br />&gt;&gt; vegye,<br />&gt;&gt; így ad árat.<br />&gt;&gt;<br />&gt;&gt;<br />&gt;&gt; &Uuml;dv.:<br />&gt;&gt;<br />&gt;&gt; Horváth Attila<br />','1254341002'),(91,20,14,1,'Szia Eszter!<br />&gt;<br />&gt; A múltkori megbesz&eacute;l&eacute;sek szerint módosítottam a ki nem szállított<br />&gt; rendel&eacute;s-t&eacute;telek listáján.<br />&gt;<br />&gt; Mostantól lehetõs&eacute;g van csak azoknak a t&eacute;teleknek a kilistázására,<br />&gt; amelyekre<br />&gt; van el&eacute;g k&eacute;szlet. Ha ilyen listát nyomtattok, akkor elõsz&ouml;r cikkenk&eacute;nt<br />&gt; &ouml;sszegzi a rendszer a ki nem szállított rendel&eacute;seket &eacute;s a rendelkez&eacute;sre<br />&gt; álló<br />&gt; k&eacute;szletet, majd r&eacute;szletesen is megjelenik a listán, hogy mely rendel&eacute;sek<br />&gt; t&eacute;telei el&eacute;gíthatõk ki a k&eacute;szletbõl. A lista ilyen móson t&ouml;rt&eacute;nõ<br />&gt; kinyomtatása egy-egy be&eacute;rkez&eacute;s után c&eacute;lszerû.<br />&gt;<br />&gt;<br />&gt; Telepítsd l&eacute;gyszi a szokásos módon, más tennivaló nincs!<br />&gt;<br />&gt;<br />&gt; K&ouml;szi &eacute;s &uuml;dv.:<br />&gt;<br />&gt;<br />&gt; Horváth Attila<br />','1254341022'),(92,26,14,1,'Szia Attila!<br /><br />Megsz&uuml;letek a munkalapokkal kapcsolatok k&eacute;r&eacute;sek:<br />Elõsz&ouml;r magával a munkalappal kapcsolatban:<br />-a ML szám csak a g&eacute;pben nagyobb. A kinyomtatott ML komplett betûm&eacute;ret&eacute;t<br />nagyobbra k&eacute;ne venni (a fiúk vakok nem látják)<br />-csak nagybetûvel lehessen nevet , címet beírni mert a keres&eacute;sn&eacute;l nem<br />mindegy, hogy keresel<br />-ha rossz irányítószámot írsz be &eacute;s át javítod, már a várost meg a megy&eacute;t<br />nem módosítja<br />-k&eacute;ne egy olyan t&ouml;rzs ahol a megy&eacute;khez hozzá lehet rendelni a szervízest &eacute;s<br />a cím beírásával a g&eacute;p már automatikusan hozná<br />-lek&eacute;rdez&eacute;sn&eacute;l hiába választassz cikket nem lehet rá lek&eacute;rdezni.<br />A másik pedig a munkalappal kapcsolatos listák:<br />-k&eacute;tf&eacute;le lista kellene: rendezett, rendezetlen (a helyben ill. posta<br />automatikusan rendezett legyen)<br />-a rendezett listát lehessen szûrni: megy&eacute;re, szervizesre, cikkre, a<br />rendez&eacute;s módjára &eacute;s dátumra.<br />-a rendezettlent pedig megy&eacute;re &eacute;s szervizesre<br /><br />Nagyvonalakban ennyi, de a puding próbája az ev&eacute;s, majd meglátjuk.<br /><br />K&ouml;szi, jobbulást<br /><br />Brigi<br />','1254341084'),(93,24,14,1,'Akkor írom: A számla v&eacute;g&ouml;sszege .......... Ft k&ouml;rnyezetv&eacute;delmi term&eacute;kdíjat<br />tartalmaz, mely a Sanimix Kft. r&eacute;sz&eacute;rõl befizet&eacute;sre ker&uuml;lt.<br /><br />k&ouml;szi, brigi<br /><br /><br /><br />----- Original Message -----<br />From: &quot;Horváth Attila&quot; &lt;horvath-attila@axelero.hu&gt;<br />To: &quot;Sanimix Kft.&quot; &lt;sanimix@axelero.hu&gt;<br />Sent: Wednesday, May 12, 2004 1:24 PM<br />Subject: K&ouml;rnyezetv&eacute;delmi term&eacute;kdíj<br /><br /><br />Szia Brigi!<br /><br />Elvileg k&eacute;szen vagyok, k&uuml;ldd l&eacute;gyszi a számlára nyomtatandó sz&ouml;veget! Ha<br />k&eacute;szen vagy az egys&eacute;gnyi díjak r&ouml;gzít&eacute;s&eacute;vel, akkor k&uuml;ld&ouml;m a cuccot!<br /><br />&Uuml;dv.:<br />H. Attila<br />','1254341170'),(94,20,14,1,'<div>Attila !</div><div></div><div>L&eacute;gyszíves n&eacute;zd meg hogy mi lehet az oka a telefonbesz&eacute;lget&eacute;s&uuml;nkben vázolt probl&eacute;mának:</div><div></div><div>2-es raktár: Postázott csaptelepek: leltár elszámolásnál nem számolta el a differenciát kiadásk&eacute;nt egyes term&eacute;kekn&eacute;l. </div><div>Pld. 10.6.1/1 &eacute;s a listán ezen term&eacute;k alatt szereplõ t&ouml;bbi term&eacute;kn&eacute;l sem.</div><div>A 10.6.1/1-bõl 2005.12.31.-&eacute;n 2db van, ugyanakkor ha kiadási bizonylatban r&ouml;gzíteni akarom, ott 0-t hoz fel, azonban a mai nappal is van belõle 1db &nbsp;a cikk kartonon.</div><div></div><div>Szóval nem &eacute;rtem a dolgot. Ha lehet segíts abbnan is, hogy mit csináljak, ha 0db-hoz &eacute;rt&eacute;ket hoz az adott napi k&eacute;szletlista.</div><div></div><div>K&ouml;szi</div><div>Icus</div>','1254341206'),(95,20,14,1,'&nbsp;Szia Attila !<br /><br />&nbsp;&nbsp;&nbsp; R&eacute;szletesen átn&eacute;zt&uuml;k az IMPORT RENDELÉS/BEJ&Ouml;VÕ DEVIZASZÁMLA/BEVÉTELEZÉS<br />módosításait. A k&ouml;vetkezõket tapasztaltuk:<br /><br />&nbsp;&nbsp;&nbsp; - A rendel&eacute;sszám nem jelenik meg a rendel&eacute;s &eacute;s a bev&eacute;telez&eacute;s<br />kinyomtatásakor.<br />&nbsp;&nbsp;&nbsp; - A raktár nem jelenik meg a bev&eacute;telez&eacute;s nyomtatásakor, ha t&ouml;bb raktár<br />van egy bev&eacute;telez&eacute;sen.<br /><br />&nbsp;&nbsp;&nbsp; - A r&eacute;szletes, dátummal ellátott megjegyz&eacute;sek sem jelennek meg a<br />bev&eacute;telez&eacute;s nyomtatásán.<br /><br /><br /><br />&nbsp;&nbsp;&nbsp; Legy&eacute;l szíves módosítani az Ora-Sani-t, hogy a fenti adatok a<br />nyomtatásnál is szerepeljenek.<br /><br /><br />&nbsp;&nbsp;&nbsp; &Uuml;dv&ouml;zlettel:<br /><br /><br /><br />&nbsp;&nbsp;&nbsp; Pápai Ádám<br /><br /><br /><br />&nbsp;&nbsp;&nbsp; import asszisztens<br /><br /><br /><br />&nbsp;&nbsp;&nbsp; Sanimix Kereskedelmi Kft.<br />&nbsp;&nbsp;&nbsp; 1225. Budapest, Angeli út 68.<br />&nbsp;&nbsp;&nbsp; Telefon: (1) 2073234.<br />&nbsp;&nbsp;&nbsp; Telefax: (1) 2076026.<br />&nbsp;&nbsp;&nbsp; E-mail: papai.adam@sanimix.t-online.hu<br />&nbsp;&nbsp;&nbsp; Web: www.sanimix.hu<br /><br /><br />----- Original Message -----<br />From: &quot;Horváth Attila&quot; &lt;horvath.attila@d-n-s.hu&gt;<br />To: &quot;Adam Papai&quot; &lt;papai.adam@sanimix.t-online.hu&gt;<br />Sent: Monday, January 14, 2008 11:26 AM<br />Subject: Re: Lista<br /><br /><br />&gt; Szia Ádám!<br />&gt;<br />&gt;<br />&gt; 1.<br />&gt;<br />&gt; OK<br />&gt;<br />&gt; 2.<br />&gt;<br />&gt; OK<br />&gt;<br />&gt; 3.<br />&gt;<br />&gt; Ezt nem &eacute;rtem. Egy adott cikk ára nincs rajta? Melyik cikk&eacute;? Melyik ár?<br />&gt;<br />&gt; 4.<br />&gt;<br />&gt; A lista sorrendje: c&eacute;g neve, rendel&eacute;sszám, bev&eacute;telez&eacute;s kelte, bev&eacute;t.<br />&gt; bizonylat száma, cikkszám. Kihagyhatjuk a szállító nev&eacute;t, de attól a<br />&gt; sorrend nem nagyon fog módosulni, hiszen a partnerekhez tartozó betûk<br />&gt; állandóak.<br />&gt;<br />&gt; A lista sorrendje az &ouml;sszegfokozatok logikájának felel meg. Nem igazán<br />&gt; &eacute;rtem, hogy mit szeretn&eacute;l.<br />&gt;<br />&gt; 5.<br />&gt;<br />&gt; Lásd a 4. pontnál leírtakat. Egy rendel&eacute;sen bel&uuml;l megvan a dátum sorrend.<br />&gt; Egy&eacute;bk&eacute;nt nem &eacute;rtem. Szerintem megint túl sokat akartok egy listától. Ez<br />&gt; nem egy Excel táblázat, amit aszerint az oszlop szerint rendeztek le,<br />&gt; amelyiket akarjátok.<br />&gt;<br />&gt; 6.<br />&gt;<br />&gt; Errõl majd besz&eacute;lj&uuml;k. Nem látom, hogy mi&eacute;rt megoldás, amit írsz. Az elsõ<br />&gt; megoldás egy&eacute;bk&eacute;nt el&eacute;gg&eacute; megborítja a rendszert, a 2.-ról egyeztess&uuml;nk.<br />&gt;<br />&gt; 7.<br />&gt;<br />&gt; OK.<br />&gt;<br />&gt; 8.<br />&gt;<br />&gt; Ez OK, de nem &quot;javítás&quot; kategória.<br />&gt;<br />&gt;<br />&gt; Majd besz&eacute;lj&uuml;nk az eg&eacute;szrõl, a h&eacute;ten megyek valamikor telepíteni<br />&gt; (lehets&eacute;ges, hogy ma).<br />&gt;<br />&gt;<br />&gt; &Uuml;dv.:<br />&gt;<br />&gt; Attila<br />&gt;<br />&gt;<br />&gt; ----- Original Message -----<br />&gt; From: &quot;Adam Papai&quot; &lt;papai.adam@sanimix.t-online.hu&gt;<br />&gt; To: &quot;Horváth Attila&quot; &lt;horvath.attila@d-n-s.hu&gt;<br />&gt; Cc: &lt;madaras.szilvia@sanimix.t-online.hu&gt;<br />&gt; Sent: Monday, January 14, 2008 10:09 AM<br />&gt; Subject: Re: Lista<br />&gt;<br />&gt;<br />&gt;<br />&gt;&nbsp;&nbsp;&nbsp; Szia Attila !<br />&gt;<br />&gt;&nbsp;&nbsp;&nbsp; Siker&uuml;lt telepíteni a csomagot.<br />&gt;<br />&gt;&nbsp;&nbsp;&nbsp; Az elsõ tesztel&eacute;s után a k&ouml;vetkezõ probl&eacute;mák j&ouml;ttek elõ, amiket ki kell<br />&gt; javítani:<br />&gt;<br />&gt;&nbsp;&nbsp;&nbsp; 1. Egyáltlán nem szerepel a listán &eacute;s lek&eacute;rdezni sem lehet, hogy a<br />&gt; szállítmány melyik raktárba &eacute;rkezett. Fontos megk&uuml;l&ouml;nb&ouml;ztetn&uuml;nk a<br />&gt; raktárakat<br />&gt; is, így szûrni is lehessen rá &eacute;s a kiadott listán is szerepeljen.<br />&gt;<br />&gt;&nbsp;&nbsp;&nbsp; 2. A rendel&eacute;sszám a listán szerepel, de a lek&eacute;rdez&eacute;sn&eacute;l szûr&eacute;sk&eacute;nt nem.<br />&gt; Jó lenne tól/-ig szûr&eacute;si lehetõs&eacute;g.<br />&gt;<br />&gt;&nbsp;&nbsp;&nbsp; 3. Szint&eacute;n nem szerepel a listán egy db. cikk ára.<br />&gt;<br />&gt;&nbsp;&nbsp;&nbsp; 4. A t&eacute;teles lista megk&uuml;l&ouml;nb&ouml;zteti a cikkeket - ez jó, de a cikkeket is<br />&gt; sorrendbe kellene rendezni. A rendel&eacute;seket is lehessen sorrendbe rendezni,<br />&gt; amihez nem sz&uuml;ks&eacute;ges megjeleníteni a beszállító nev&eacute;t, hiszen a<br />&gt; rendel&eacute;sszámból az úgyis kider&uuml;l.<br />&gt;<br />&gt;&nbsp;&nbsp;&nbsp; 5. Lehessen dátum szerint is rendezni, ne csak beszállítók szerint.<br />&gt;<br />&gt;&nbsp;&nbsp;&nbsp; 6. A számla szerinti mennyis&eacute;get k&eacute;tszer számolja az új lista, ha t&ouml;bb<br />&gt; bev&eacute;telez&eacute;s is tartozik hozzá. Erre megoldások:<br />&gt;<br />&gt;&nbsp;&nbsp;&nbsp; - Egy számlához csak egy bev&eacute;telt rendel&uuml;nk, de azon t&ouml;bb, k&uuml;l&ouml;nb&ouml;zõ<br />&gt; raktárhoz is lesz bev&eacute;telez&eacute;s. Ehhez viszont az kell, hogy a bev&eacute;telez&eacute;si<br />&gt; bizonylaton is jelenjen meg, hogy melyik cikk melyik raktárba ker&uuml;lt<br />&gt; bev&eacute;telez&eacute;sre.<br />&gt;&nbsp;&nbsp;&nbsp; - A bev&eacute;telez&eacute;sn&eacute;l minden cikkhez lehessen k&uuml;l&ouml;n rendel&eacute;sszámot<br />&gt; rendelni.<br />&gt;<br />&gt;&nbsp;&nbsp;&nbsp; 7. A Forgalom mozgásnem-cikk bontásban listára is ker&uuml;lj&ouml;n fel a<br />&gt; rendel&eacute;sszám.<br />&gt;<br />&gt;&nbsp;&nbsp;&nbsp; 8. A beszerz&eacute;sek lek&eacute;rdez&eacute;s&eacute;n&eacute;l is jelenjen meg a rendel&eacute;sszám,<br />&gt; valamint<br />&gt; ez a lista legyen nyomtatható.<br />&gt;<br />&gt;&nbsp;&nbsp;&nbsp; &Uuml;dv&ouml;zlettel:<br />&gt;<br />&gt;&nbsp;&nbsp;&nbsp; Pápai Ádám<br />&gt;<br />&gt;&nbsp;&nbsp;&nbsp; import asszisztens<br />&gt;<br />&gt;&nbsp;&nbsp;&nbsp; Sanimix Kereskedelmi Kft.<br />&gt;&nbsp;&nbsp;&nbsp; 1225. Budapest, Angeli út 68.<br />&gt;&nbsp;&nbsp;&nbsp; Telefon: (1) 2073234.<br />&gt;&nbsp;&nbsp;&nbsp; Telefax: (1) 2076026.<br />&gt;&nbsp;&nbsp;&nbsp; E-mail: papai.adam@sanimix.t-online.hu<br />&gt;&nbsp;&nbsp;&nbsp; Web: www.sanimix.hu<br />&gt;<br />&gt; ----- Original Message -----<br />&gt; From: &quot;Horváth Attila&quot; &lt;horvath.attila@d-n-s.hu&gt;<br />&gt; To: &quot;Adam Papai&quot; &lt;papai.adam@sanimix.t-online.hu&gt;<br />&gt; Sent: Thursday, January 10, 2008 4:36 PM<br />&gt; Subject: Lista<br />&gt;<br />&gt;<br />&gt;&gt; Szia Ádám!<br />&gt;&gt;<br />&gt;&gt;<br />&gt;&gt;<br />&gt;&gt; Elk&uuml;ldtem Briginek a csomagot, ha m&eacute;g ott van, akkor telepíteni is<br />&gt;&gt; tudjuk.<br />&gt;&gt;<br />&gt;&gt;<br />&gt;&gt; N&eacute;zedess&eacute;tek, ha valami változtatnivaló van, szóljatok!<br />&gt;&gt;<br />&gt;&gt;<br />&gt;&gt; A rendel&eacute;sszám &eacute;s a be&eacute;rkez&eacute;shez kapcsolódó esem&eacute;nyek kezel&eacute;se kb. 3,5<br />&gt;&gt; óra lenne.<br />&gt;&gt;<br />&gt;&gt;<br />&gt;&gt; &Uuml;dv.:<br />&gt;&gt;<br />&gt;&gt; Horváth Attila<br />','1254341235'),(96,20,14,1,'Szia Ádám!<br />&gt;<br />&gt;<br />&gt; 1.<br />&gt;<br />&gt; OK<br />&gt;<br />&gt; 2.<br />&gt;<br />&gt; OK<br />&gt;<br />&gt; 3.<br />&gt;<br />&gt; Ezt nem &eacute;rtem. Egy adott cikk ára nincs rajta? Melyik cikk&eacute;? Melyik ár?<br />&gt;<br />&gt; 4.<br />&gt;<br />&gt; A lista sorrendje: c&eacute;g neve, rendel&eacute;sszám, bev&eacute;telez&eacute;s kelte, bev&eacute;t.<br />&gt; bizonylat száma, cikkszám. Kihagyhatjuk a szállító nev&eacute;t, de attól a<br />&gt; sorrend nem nagyon fog módosulni, hiszen a partnerekhez tartozó betûk<br />&gt; állandóak.<br />&gt;<br />&gt; A lista sorrendje az &ouml;sszegfokozatok logikájának felel meg. Nem igazán<br />&gt; &eacute;rtem, hogy mit szeretn&eacute;l.<br />&gt;<br />&gt; 5.<br />&gt;<br />&gt; Lásd a 4. pontnál leírtakat. Egy rendel&eacute;sen bel&uuml;l megvan a dátum sorrend.<br />&gt; Egy&eacute;bk&eacute;nt nem &eacute;rtem. Szerintem megint túl sokat akartok egy listától. Ez<br />&gt; nem egy Excel táblázat, amit aszerint az oszlop szerint rendeztek le,<br />&gt; amelyiket akarjátok.<br />&gt;<br />&gt; 6.<br />&gt;<br />&gt; Errõl majd besz&eacute;lj&uuml;k. Nem látom, hogy mi&eacute;rt megoldás, amit írsz. Az elsõ<br />&gt; megoldás egy&eacute;bk&eacute;nt el&eacute;gg&eacute; megborítja a rendszert, a 2.-ról egyeztess&uuml;nk.<br />&gt;<br />&gt; 7.<br />&gt;<br />&gt; OK.<br />&gt;<br />&gt; 8.<br />&gt;<br />&gt; Ez OK, de nem &quot;javítás&quot; kategória.<br />&gt;<br />&gt;<br />&gt; Majd besz&eacute;lj&uuml;nk az eg&eacute;szrõl, a h&eacute;ten megyek valamikor telepíteni<br />&gt; (lehets&eacute;ges, hogy ma).<br />&gt;<br />&gt;<br />&gt; &Uuml;dv.:<br />&gt;<br />&gt; Attila<br />&gt;<br />&gt;<br />&gt; ----- Original Message -----<br />&gt; From: &quot;Adam Papai&quot; &lt;papai.adam@sanimix.t-online.hu&gt;<br />&gt; To: &quot;Horváth Attila&quot; &lt;horvath.attila@d-n-s.hu&gt;<br />&gt; Cc: &lt;madaras.szilvia@sanimix.t-online.hu&gt;<br />&gt; Sent: Monday, January 14, 2008 10:09 AM<br />&gt; Subject: Re: Lista<br />&gt;<br />&gt;<br />&gt;<br />&gt;&nbsp;&nbsp;&nbsp; Szia Attila !<br />&gt;<br />&gt;&nbsp;&nbsp;&nbsp; Siker&uuml;lt telepíteni a csomagot.<br />&gt;<br />&gt;&nbsp;&nbsp;&nbsp; Az elsõ tesztel&eacute;s után a k&ouml;vetkezõ probl&eacute;mák j&ouml;ttek elõ, amiket ki kell<br />&gt; javítani:<br />&gt;<br />&gt;&nbsp;&nbsp;&nbsp; 1. Egyáltlán nem szerepel a listán &eacute;s lek&eacute;rdezni sem lehet, hogy a<br />&gt; szállítmány melyik raktárba &eacute;rkezett. Fontos megk&uuml;l&ouml;nb&ouml;ztetn&uuml;nk a<br />&gt; raktárakat<br />&gt; is, így szûrni is lehessen rá &eacute;s a kiadott listán is szerepeljen.<br />&gt;<br />&gt;&nbsp;&nbsp;&nbsp; 2. A rendel&eacute;sszám a listán szerepel, de a lek&eacute;rdez&eacute;sn&eacute;l szûr&eacute;sk&eacute;nt nem.<br />&gt; Jó lenne tól/-ig szûr&eacute;si lehetõs&eacute;g.<br />&gt;<br />&gt;&nbsp;&nbsp;&nbsp; 3. Szint&eacute;n nem szerepel a listán egy db. cikk ára.<br />&gt;<br />&gt;&nbsp;&nbsp;&nbsp; 4. A t&eacute;teles lista megk&uuml;l&ouml;nb&ouml;zteti a cikkeket - ez jó, de a cikkeket is<br />&gt; sorrendbe kellene rendezni. A rendel&eacute;seket is lehessen sorrendbe rendezni,<br />&gt; amihez nem sz&uuml;ks&eacute;ges megjeleníteni a beszállító nev&eacute;t, hiszen a<br />&gt; rendel&eacute;sszámból az úgyis kider&uuml;l.<br />&gt;<br />&gt;&nbsp;&nbsp;&nbsp; 5. Lehessen dátum szerint is rendezni, ne csak beszállítók szerint.<br />&gt;<br />&gt;&nbsp;&nbsp;&nbsp; 6. A számla szerinti mennyis&eacute;get k&eacute;tszer számolja az új lista, ha t&ouml;bb<br />&gt; bev&eacute;telez&eacute;s is tartozik hozzá. Erre megoldások:<br />&gt;<br />&gt;&nbsp;&nbsp;&nbsp; - Egy számlához csak egy bev&eacute;telt rendel&uuml;nk, de azon t&ouml;bb, k&uuml;l&ouml;nb&ouml;zõ<br />&gt; raktárhoz is lesz bev&eacute;telez&eacute;s. Ehhez viszont az kell, hogy a bev&eacute;telez&eacute;si<br />&gt; bizonylaton is jelenjen meg, hogy melyik cikk melyik raktárba ker&uuml;lt<br />&gt; bev&eacute;telez&eacute;sre.<br />&gt;&nbsp;&nbsp;&nbsp; - A bev&eacute;telez&eacute;sn&eacute;l minden cikkhez lehessen k&uuml;l&ouml;n rendel&eacute;sszámot<br />&gt; rendelni.<br />&gt;<br />&gt;&nbsp;&nbsp;&nbsp; 7. A Forgalom mozgásnem-cikk bontásban listára is ker&uuml;lj&ouml;n fel a<br />&gt; rendel&eacute;sszám.<br />&gt;<br />&gt;&nbsp;&nbsp;&nbsp; 8. A beszerz&eacute;sek lek&eacute;rdez&eacute;s&eacute;n&eacute;l is jelenjen meg a rendel&eacute;sszám,<br />&gt; valamint<br />&gt; ez a lista legyen nyomtatható.<br />&gt;<br />&gt;&nbsp;&nbsp;&nbsp; &Uuml;dv&ouml;zlettel:<br />&gt;<br />&gt;&nbsp;&nbsp;&nbsp; Pápai Ádám<br />&gt;<br />&gt;&nbsp;&nbsp;&nbsp; import asszisztens<br />&gt;<br />&gt;&nbsp;&nbsp;&nbsp; Sanimix Kereskedelmi Kft.<br />&gt;&nbsp;&nbsp;&nbsp; 1225. Budapest, Angeli út 68.<br />&gt;&nbsp;&nbsp;&nbsp; Telefon: (1) 2073234.<br />&gt;&nbsp;&nbsp;&nbsp; Telefax: (1) 2076026.<br />&gt;&nbsp;&nbsp;&nbsp; E-mail: papai.adam@sanimix.t-online.hu<br />&gt;&nbsp;&nbsp;&nbsp; Web: www.sanimix.hu<br />&gt;<br />&gt; ----- Original Message -----<br />&gt; From: &quot;Horváth Attila&quot; &lt;horvath.attila@d-n-s.hu&gt;<br />&gt; To: &quot;Adam Papai&quot; &lt;papai.adam@sanimix.t-online.hu&gt;<br />&gt; Sent: Thursday, January 10, 2008 4:36 PM<br />&gt; Subject: Lista<br />&gt;<br />&gt;<br />&gt;&gt; Szia Ádám!<br />&gt;&gt;<br />&gt;&gt;<br />&gt;&gt;<br />&gt;&gt; Elk&uuml;ldtem Briginek a csomagot, ha m&eacute;g ott van, akkor telepíteni is<br />&gt;&gt; tudjuk.<br />&gt;&gt;<br />&gt;&gt;<br />&gt;&gt; N&eacute;zedess&eacute;tek, ha valami változtatnivaló van, szóljatok!<br />&gt;&gt;<br />&gt;&gt;<br />&gt;&gt; A rendel&eacute;sszám &eacute;s a be&eacute;rkez&eacute;shez kapcsolódó esem&eacute;nyek kezel&eacute;se kb. 3,5<br />&gt;&gt; óra lenne.<br />&gt;&gt;<br />&gt;&gt;<br />&gt;&gt; &Uuml;dv.:<br />&gt;&gt;<br />&gt;&gt; Horváth Attila<br />','1254341265'),(97,20,14,1,'&nbsp; Szia Attila !<br /><br />&nbsp;&nbsp;&nbsp; Siker&uuml;lt telepíteni a csomagot.<br /><br />&nbsp;&nbsp;&nbsp; Az elsõ tesztel&eacute;s után a k&ouml;vetkezõ probl&eacute;mák j&ouml;ttek elõ, amiket ki kell<br />javítani:<br /><br />&nbsp;&nbsp;&nbsp; 1. Egyáltlán nem szerepel a listán &eacute;s lek&eacute;rdezni sem lehet, hogy a<br />szállítmány melyik raktárba &eacute;rkezett. Fontos megk&uuml;l&ouml;nb&ouml;ztetn&uuml;nk a raktárakat<br />is, így szûrni is lehessen rá &eacute;s a kiadott listán is szerepeljen.<br /><br />&nbsp;&nbsp;&nbsp; 2. A rendel&eacute;sszám a listán szerepel, de a lek&eacute;rdez&eacute;sn&eacute;l szûr&eacute;sk&eacute;nt nem.<br />Jó lenne tól/-ig szûr&eacute;si lehetõs&eacute;g.<br /><br />&nbsp;&nbsp;&nbsp; 3. Szint&eacute;n nem szerepel a listán egy db. cikk ára.<br /><br />&nbsp;&nbsp;&nbsp; 4. A t&eacute;teles lista megk&uuml;l&ouml;nb&ouml;zteti a cikkeket - ez jó, de a cikkeket is<br />sorrendbe kellene rendezni. A rendel&eacute;seket is lehessen sorrendbe rendezni,<br />amihez nem sz&uuml;ks&eacute;ges megjeleníteni a beszállító nev&eacute;t, hiszen a<br />rendel&eacute;sszámból az úgyis kider&uuml;l.<br /><br />&nbsp;&nbsp;&nbsp; 5. Lehessen dátum szerint is rendezni, ne csak beszállítók szerint.<br /><br />&nbsp;&nbsp;&nbsp; 6. A számla szerinti mennyis&eacute;get k&eacute;tszer számolja az új lista, ha t&ouml;bb<br />bev&eacute;telez&eacute;s is tartozik hozzá. Erre megoldások:<br /><br />&nbsp;&nbsp;&nbsp; - Egy számlához csak egy bev&eacute;telt rendel&uuml;nk, de azon t&ouml;bb, k&uuml;l&ouml;nb&ouml;zõ<br />raktárhoz is lesz bev&eacute;telez&eacute;s. Ehhez viszont az kell, hogy a bev&eacute;telez&eacute;si<br />bizonylaton is jelenjen meg, hogy melyik cikk melyik raktárba ker&uuml;lt<br />bev&eacute;telez&eacute;sre.<br />&nbsp;&nbsp;&nbsp; - A bev&eacute;telez&eacute;sn&eacute;l minden cikkhez lehessen k&uuml;l&ouml;n rendel&eacute;sszámot<br />rendelni.<br /><br />&nbsp;&nbsp;&nbsp; 7. A Forgalom mozgásnem-cikk bontásban listára is ker&uuml;lj&ouml;n fel a<br />rendel&eacute;sszám.<br /><br />&nbsp;&nbsp;&nbsp; 8. A beszerz&eacute;sek lek&eacute;rdez&eacute;s&eacute;n&eacute;l is jelenjen meg a rendel&eacute;sszám, valamint<br />ez a lista legyen nyomtatható.<br /><br />&nbsp;&nbsp;&nbsp; &Uuml;dv&ouml;zlettel:<br /><br />&nbsp;&nbsp;&nbsp; Pápai Ádám<br /><br />&nbsp;&nbsp;&nbsp; import asszisztens<br /><br />&nbsp;&nbsp;&nbsp; Sanimix Kereskedelmi Kft.<br />&nbsp;&nbsp;&nbsp; 1225. Budapest, Angeli út 68.<br />&nbsp;&nbsp;&nbsp; Telefon: (1) 2073234.<br />&nbsp;&nbsp;&nbsp; Telefax: (1) 2076026.<br />&nbsp;&nbsp;&nbsp; E-mail: papai.adam@sanimix.t-online.hu<br />&nbsp;&nbsp;&nbsp; Web: www.sanimix.hu<br /><br />----- Original Message -----<br />From: &quot;Horváth Attila&quot; &lt;horvath.attila@d-n-s.hu&gt;<br />To: &quot;Adam Papai&quot; &lt;papai.adam@sanimix.t-online.hu&gt;<br />Sent: Thursday, January 10, 2008 4:36 PM<br />Subject: Lista<br /><br /><br />&gt; Szia Ádám!<br />&gt;<br />&gt;<br />&gt;<br />&gt; Elk&uuml;ldtem Briginek a csomagot, ha m&eacute;g ott van, akkor telepíteni is tudjuk.<br />&gt;<br />&gt;<br />&gt; N&eacute;zedess&eacute;tek, ha valami változtatnivaló van, szóljatok!<br />&gt;<br />&gt;<br />&gt; A rendel&eacute;sszám &eacute;s a be&eacute;rkez&eacute;shez kapcsolódó esem&eacute;nyek kezel&eacute;se kb. 3,5 óra<br />&gt; lenne.<br />&gt;<br />&gt;<br />&gt; &Uuml;dv.:<br />&gt;<br />&gt; Horváth Attila<br />','1254341287'),(98,20,14,1,'&nbsp; Szia Attila !<br /><br />&nbsp;&nbsp;&nbsp; R&eacute;szletesen átn&eacute;zt&uuml;k az IMPORT RENDELÉS/BEJ&Ouml;VÕ DEVIZASZÁMLA/BEVÉTELEZÉS<br />módosításait. A k&ouml;vetkezõket tapasztaltuk:<br /><br />&nbsp;&nbsp;&nbsp; - A rendel&eacute;sszám nem jelenik meg a rendel&eacute;s &eacute;s a bev&eacute;telez&eacute;s<br />kinyomtatásakor.<br />&nbsp;&nbsp;&nbsp; - A raktár nem jelenik meg a bev&eacute;telez&eacute;s nyomtatásakor, ha t&ouml;bb raktár<br />van egy bev&eacute;telez&eacute;sen.<br /><br />&nbsp;&nbsp;&nbsp; - A r&eacute;szletes, dátummal ellátott megjegyz&eacute;sek sem jelennek meg a<br />bev&eacute;telez&eacute;s nyomtatásán.<br /><br /><br /><br />&nbsp;&nbsp;&nbsp; Legy&eacute;l szíves módosítani az Ora-Sani-t, hogy a fenti adatok a<br />nyomtatásnál is szerepeljenek.<br /><br /><br />&nbsp;&nbsp;&nbsp; &Uuml;dv&ouml;zlettel:<br /><br /><br /><br />&nbsp;&nbsp;&nbsp; Pápai Ádám<br /><br /><br /><br />&nbsp;&nbsp;&nbsp; import asszisztens<br /><br /><br /><br />&nbsp;&nbsp;&nbsp; Sanimix Kereskedelmi Kft.<br />&nbsp;&nbsp;&nbsp; 1225. Budapest, Angeli út 68.<br />&nbsp;&nbsp;&nbsp; Telefon: (1) 2073234.<br />&nbsp;&nbsp;&nbsp; Telefax: (1) 2076026.<br />&nbsp;&nbsp;&nbsp; E-mail: papai.adam@sanimix.t-online.hu<br />&nbsp;&nbsp;&nbsp; Web: www.sanimix.hu<br /><br /><br />----- Original Message -----<br />From: &quot;Horváth Attila&quot; &lt;horvath.attila@d-n-s.hu&gt;<br />To: &quot;Adam Papai&quot; &lt;papai.adam@sanimix.t-online.hu&gt;<br />Sent: Monday, January 14, 2008 11:26 AM<br />Subject: Re: Lista<br /><br /><br />&gt; Szia Ádám!<br />&gt;<br />&gt;<br />&gt; 1.<br />&gt;<br />&gt; OK<br />&gt;<br />&gt; 2.<br />&gt;<br />&gt; OK<br />&gt;<br />&gt; 3.<br />&gt;<br />&gt; Ezt nem &eacute;rtem. Egy adott cikk ára nincs rajta? Melyik cikk&eacute;? Melyik ár?<br />&gt;<br />&gt; 4.<br />&gt;<br />&gt; A lista sorrendje: c&eacute;g neve, rendel&eacute;sszám, bev&eacute;telez&eacute;s kelte, bev&eacute;t.<br />&gt; bizonylat száma, cikkszám. Kihagyhatjuk a szállító nev&eacute;t, de attól a<br />&gt; sorrend nem nagyon fog módosulni, hiszen a partnerekhez tartozó betûk<br />&gt; állandóak.<br />&gt;<br />&gt; A lista sorrendje az &ouml;sszegfokozatok logikájának felel meg. Nem igazán<br />&gt; &eacute;rtem, hogy mit szeretn&eacute;l.<br />&gt;<br />&gt; 5.<br />&gt;<br />&gt; Lásd a 4. pontnál leírtakat. Egy rendel&eacute;sen bel&uuml;l megvan a dátum sorrend.<br />&gt; Egy&eacute;bk&eacute;nt nem &eacute;rtem. Szerintem megint túl sokat akartok egy listától. Ez<br />&gt; nem egy Excel táblázat, amit aszerint az oszlop szerint rendeztek le,<br />&gt; amelyiket akarjátok.<br />&gt;<br />&gt; 6.<br />&gt;<br />&gt; Errõl majd besz&eacute;lj&uuml;k. Nem látom, hogy mi&eacute;rt megoldás, amit írsz. Az elsõ<br />&gt; megoldás egy&eacute;bk&eacute;nt el&eacute;gg&eacute; megborítja a rendszert, a 2.-ról egyeztess&uuml;nk.<br />&gt;<br />&gt; 7.<br />&gt;<br />&gt; OK.<br />&gt;<br />&gt; 8.<br />&gt;<br />&gt; Ez OK, de nem &quot;javítás&quot; kategória.<br />&gt;<br />&gt;<br />&gt; Majd besz&eacute;lj&uuml;nk az eg&eacute;szrõl, a h&eacute;ten megyek valamikor telepíteni<br />&gt; (lehets&eacute;ges, hogy ma).<br />&gt;<br />&gt;<br />&gt; &Uuml;dv.:<br />&gt;<br />&gt; Attila<br />&gt;<br />&gt;<br />&gt; ----- Original Message -----<br />&gt; From: &quot;Adam Papai&quot; &lt;papai.adam@sanimix.t-online.hu&gt;<br />&gt; To: &quot;Horváth Attila&quot; &lt;horvath.attila@d-n-s.hu&gt;<br />&gt; Cc: &lt;madaras.szilvia@sanimix.t-online.hu&gt;<br />&gt; Sent: Monday, January 14, 2008 10:09 AM<br />&gt; Subject: Re: Lista<br />&gt;<br />&gt;<br />&gt;<br />&gt;&nbsp;&nbsp;&nbsp; Szia Attila !<br />&gt;<br />&gt;&nbsp;&nbsp;&nbsp; Siker&uuml;lt telepíteni a csomagot.<br />&gt;<br />&gt;&nbsp;&nbsp;&nbsp; Az elsõ tesztel&eacute;s után a k&ouml;vetkezõ probl&eacute;mák j&ouml;ttek elõ, amiket ki kell<br />&gt; javítani:<br />&gt;<br />&gt;&nbsp;&nbsp;&nbsp; 1. Egyáltlán nem szerepel a listán &eacute;s lek&eacute;rdezni sem lehet, hogy a<br />&gt; szállítmány melyik raktárba &eacute;rkezett. Fontos megk&uuml;l&ouml;nb&ouml;ztetn&uuml;nk a<br />&gt; raktárakat<br />&gt; is, így szûrni is lehessen rá &eacute;s a kiadott listán is szerepeljen.<br />&gt;<br />&gt;&nbsp;&nbsp;&nbsp; 2. A rendel&eacute;sszám a listán szerepel, de a lek&eacute;rdez&eacute;sn&eacute;l szûr&eacute;sk&eacute;nt nem.<br />&gt; Jó lenne tól/-ig szûr&eacute;si lehetõs&eacute;g.<br />&gt;<br />&gt;&nbsp;&nbsp;&nbsp; 3. Szint&eacute;n nem szerepel a listán egy db. cikk ára.<br />&gt;<br />&gt;&nbsp;&nbsp;&nbsp; 4. A t&eacute;teles lista megk&uuml;l&ouml;nb&ouml;zteti a cikkeket - ez jó, de a cikkeket is<br />&gt; sorrendbe kellene rendezni. A rendel&eacute;seket is lehessen sorrendbe rendezni,<br />&gt; amihez nem sz&uuml;ks&eacute;ges megjeleníteni a beszállító nev&eacute;t, hiszen a<br />&gt; rendel&eacute;sszámból az úgyis kider&uuml;l.<br />&gt;<br />&gt;&nbsp;&nbsp;&nbsp; 5. Lehessen dátum szerint is rendezni, ne csak beszállítók szerint.<br />&gt;<br />&gt;&nbsp;&nbsp;&nbsp; 6. A számla szerinti mennyis&eacute;get k&eacute;tszer számolja az új lista, ha t&ouml;bb<br />&gt; bev&eacute;telez&eacute;s is tartozik hozzá. Erre megoldások:<br />&gt;<br />&gt;&nbsp;&nbsp;&nbsp; - Egy számlához csak egy bev&eacute;telt rendel&uuml;nk, de azon t&ouml;bb, k&uuml;l&ouml;nb&ouml;zõ<br />&gt; raktárhoz is lesz bev&eacute;telez&eacute;s. Ehhez viszont az kell, hogy a bev&eacute;telez&eacute;si<br />&gt; bizonylaton is jelenjen meg, hogy melyik cikk melyik raktárba ker&uuml;lt<br />&gt; bev&eacute;telez&eacute;sre.<br />&gt;&nbsp;&nbsp;&nbsp; - A bev&eacute;telez&eacute;sn&eacute;l minden cikkhez lehessen k&uuml;l&ouml;n rendel&eacute;sszámot<br />&gt; rendelni.<br />&gt;<br />&gt;&nbsp;&nbsp;&nbsp; 7. A Forgalom mozgásnem-cikk bontásban listára is ker&uuml;lj&ouml;n fel a<br />&gt; rendel&eacute;sszám.<br />&gt;<br />&gt;&nbsp;&nbsp;&nbsp; 8. A beszerz&eacute;sek lek&eacute;rdez&eacute;s&eacute;n&eacute;l is jelenjen meg a rendel&eacute;sszám,<br />&gt; valamint<br />&gt; ez a lista legyen nyomtatható.<br />&gt;<br />&gt;&nbsp;&nbsp;&nbsp; &Uuml;dv&ouml;zlettel:<br />&gt;<br />&gt;&nbsp;&nbsp;&nbsp; Pápai Ádám<br />&gt;<br />&gt;&nbsp;&nbsp;&nbsp; import asszisztens<br />&gt;<br />&gt;&nbsp;&nbsp;&nbsp; Sanimix Kereskedelmi Kft.<br />&gt;&nbsp;&nbsp;&nbsp; 1225. Budapest, Angeli út 68.<br />&gt;&nbsp;&nbsp;&nbsp; Telefon: (1) 2073234.<br />&gt;&nbsp;&nbsp;&nbsp; Telefax: (1) 2076026.<br />&gt;&nbsp;&nbsp;&nbsp; E-mail: papai.adam@sanimix.t-online.hu<br />&gt;&nbsp;&nbsp;&nbsp; Web: www.sanimix.hu<br />&gt;<br />&gt; ----- Original Message -----<br />&gt; From: &quot;Horváth Attila&quot; &lt;horvath.attila@d-n-s.hu&gt;<br />&gt; To: &quot;Adam Papai&quot; &lt;papai.adam@sanimix.t-online.hu&gt;<br />&gt; Sent: Thursday, January 10, 2008 4:36 PM<br />&gt; Subject: Lista<br />&gt;<br />&gt;<br />&gt;&gt; Szia Ádám!<br />&gt;&gt;<br />&gt;&gt;<br />&gt;&gt;<br />&gt;&gt; Elk&uuml;ldtem Briginek a csomagot, ha m&eacute;g ott van, akkor telepíteni is<br />&gt;&gt; tudjuk.<br />&gt;&gt;<br />&gt;&gt;<br />&gt;&gt; N&eacute;zedess&eacute;tek, ha valami változtatnivaló van, szóljatok!<br />&gt;&gt;<br />&gt;&gt;<br />&gt;&gt; A rendel&eacute;sszám &eacute;s a be&eacute;rkez&eacute;shez kapcsolódó esem&eacute;nyek kezel&eacute;se kb. 3,5<br />&gt;&gt; óra lenne.<br />&gt;&gt;<br />&gt;&gt;<br />&gt;&gt; &Uuml;dv.:<br />&gt;&gt;<br />&gt;&gt; Horváth Attila<br />','1254341317'),(99,24,14,1,'<div>Szia!</div><div></div><div>A PDF-et nem kell k&ouml;vetni, csak a normál nyomtatást kellene k&ouml;vetni, mert a&nbsp;szervizvezetõnk pattog az adminisztrátornak, hogy nem nyomtatja ki rendesen a munkalapokat.</div><div>Normál esetben csak nyomtatóra k&uuml;ldj&uuml;k a munkalapot, kiv&eacute;ve, ha PDF-be szûrj&uuml;k le.</div><div></div><div>&Uuml;dv,</div><div></div><div>Eszter</div><blockquote style=\"border-left: #000000 2px solid; padding-left: 5px; padding-right: 0px; margin-left: 5px; margin-right: 0px\" dir=\"ltr\"><div>----- Original Message ----- </div><div><strong>From:</strong> <a title=\"blocked::mailto:horvath.attila@d-n-s.hu horvath.attila@d-n-s.hu\" href=\"mailto:horvath.attila@d-n-s.hu\">Horváth Attila</a> </div><div><strong>To:</strong> <a title=\"blocked::mailto:sani.import@t-online.hu sani.import@t-online.hu\" href=\"mailto:sani.import@t-online.hu\">Sanimix import</a> </div><div><strong>Sent:</strong> Tuesday, November 29, 2005 2:05 PM</div><div><strong>Subject:</strong> Re: Módosítandók</div><div><br /></div><div>Ok&eacute;.</div><div></div><div>A PDF-be nyomtatás nyomtatásnak számít? M&eacute;g egy dolog kell, hogy be tudjam jegyezni a nyomtatás t&eacute;ny&eacute;t: egybõl nyomtatóra kell k&uuml;ldenem, nem lehetne megn&eacute;zni elõtte. Mert ha már az elõzetes megtekint&eacute;s kinn van a k&eacute;penyõn, onnan már nincs nálam a vez&eacute;rl&eacute;s, nem tudom, hogy onnan kik&uuml;lditek a nyomtatóra vagy sem.</div><blockquote style=\"border-left: #000000 2px solid; padding-left: 5px; padding-right: 0px; margin-left: 5px; margin-right: 0px\" dir=\"ltr\"><div>----- Original Message ----- </div><div><strong>From:</strong> <a title=\"blocked::mailto:sani.import@t-online.hu sani.import@t-online.hu\" href=\"mailto:sani.import@t-online.hu\">Sanimix import</a> </div><div><strong>To:</strong> <a title=\"blocked::mailto:horvath.attila@d-n-s.hu horvath.attila@d-n-s.hu\" href=\"mailto:horvath.attila@d-n-s.hu\">Horváth Attila</a> </div><div><strong>Sent:</strong> Tuesday, November 29, 2005 1:57 PM</div><div><strong>Subject:</strong> Re: Módosítandók</div><div><br /></div><div>Szia!</div><div></div><div>A PDF kimenetre nyomtatáson kív&uuml;l egyenk&eacute;nt nyomtatjuk a munkalapokat.</div><div></div><div>Azt sejtettem, hogy tudod, mi a pro-forma ;-) csak a sajátságos helyzetet akartam vázolni.</div><div>Megbesz&eacute;lem az Icuval ezt m&eacute;g. Csak gondolom neki is jobb lenne, ha nem lenne tele storno számlákkal a rendszer. Nekem is jobb lenne, ha nem k&eacute;zzel kellene ezekre ráírni, hogy &quot;pro-forma&quot;.</div><div></div><div>A banki &uuml;gyben m&eacute;g nem kaptam választ sajna.</div><div></div><div>&Uuml;dv,</div><div></div><div>Eszter</div><blockquote style=\"border-left: #000000 2px solid; padding-left: 5px; padding-right: 0px; margin-left: 5px; margin-right: 0px\" dir=\"ltr\"><div>----- Original Message ----- </div><div><strong>From:</strong> <a title=\"blocked::mailto:horvath.attila@d-n-s.hu horvath.attila@d-n-s.hu\" href=\"mailto:horvath.attila@d-n-s.hu\">Horváth Attila</a> </div><div><strong>To:</strong> <a title=\"blocked::mailto:sani.import@t-online.hu sani.import@t-online.hu\" href=\"mailto:sani.import@t-online.hu\">Sanimix import</a> </div><div><strong>Sent:</strong> Tuesday, November 29, 2005 1:50 PM</div><div><strong>Subject:</strong> Re: Módosítandók</div><div><br /></div><div>Szia Eszter!</div><div></div><div></div><div>Ha egyenk&eacute;nt nyomtatjátok a munkalapokat, akkor megoldható ennek a jelz&eacute;snek a be&eacute;pít&eacute;se (mint a vevõ számlánál), de ha egyszerre t&ouml;bbet nyomtattok, akkor nem egyszerû a dolog.</div><div></div><div>Igen, tudom, mi a proforma számla! :-) Ezeknek k&uuml;l&ouml;n adattáblákat kellene l&eacute;trehozni, hogy v&eacute;letlen&uuml;l se ker&uuml;ljenek a k&ouml;nyvelendõ &eacute;s a folyószámlánál figyelembe veendõ t&eacute;telek k&ouml;z&eacute;. Ez az&eacute;rt egy pár órai munkát jelentene...</div><div></div><div></div><div>Bankban mi a helyzet? Nincs m&eacute;g export fájl?</div><div></div><div></div><div>&Uuml;dv.:</div><div></div><div>Attila</div><div></div><div></div><blockquote style=\"border-left: #000000 2px solid; padding-left: 5px; padding-right: 0px; margin-left: 5px; margin-right: 0px\" dir=\"ltr\"><div>----- Original Message ----- </div><div><strong>From:</strong> <a title=\"blocked::mailto:sani.import@t-online.hu sani.import@t-online.hu\" href=\"mailto:sani.import@t-online.hu\">Sanimix import</a> </div><div><strong>To:</strong> <a title=\"blocked::mailto:horvath.attila@d-n-s.hu horvath.attila@d-n-s.hu\" href=\"mailto:horvath.attila@d-n-s.hu\">Horváth Attila</a> </div><div><strong>Sent:</strong> Tuesday, November 29, 2005 12:37 PM</div><div><strong>Subject:</strong> Módosítandók</div><div><br /></div><div>Szia!</div><div></div><div>K&ouml;szi az eddigi módosításokat.</div><div></div><div>Felmer&uuml;lt egy olyan ig&eacute;ny, hogy meg lehet-e oldani, hogy látszódjon valahol, ha egy szerviz munkalapot már kinyomtattak.</div><div></div><div>A másik: nekem sz&uuml;ks&eacute;gem lenne arra&nbsp; afunkcióra a kimenõ deviza számlánál, hogy pro-forma számla.</div><div>Ennek szintúgy pluszos &eacute;rt&eacute;kûnek kellene lennie, de ne számítson bele sehová. Nem tudom, hogy így &eacute;rthetõ-e, hogy mit akarok. Sokszor kell ugyanis mintát kik&uuml;ldenem, amihez valamilyen minimális &eacute;rt&eacute;k kell, de utána le kell ezt mindig sztornóznom, hogy ne lógjon az &eacute;rt&eacute;k ott az Icának, hiszen ezeket nem kell, hogy kifizesse a vevõ.</div><div></div><div>&Uuml;dv,</div><div></div><div>Eszter</div></blockquote></blockquote></blockquote></blockquote>','1254341344'),(100,24,14,1,'<div>Szia!</div><div></div><div>Szerintem t&ouml;k&eacute;letes.</div><div></div><div>Banki file-t csak holnap tudok k&uuml;ldeni.</div><div></div><div>&Uuml;dv,</div><div></div><div>Eszter</div>','1254341391'),(101,24,14,1,'<div>Szia!</div><div></div><div>K&ouml;szi az eddigi módosításokat.</div><div></div><div>Felmer&uuml;lt egy olyan ig&eacute;ny, hogy meg lehet-e oldani, hogy látszódjon valahol, ha egy szerviz munkalapot már kinyomtattak.</div><div></div><div>A másik: nekem sz&uuml;ks&eacute;gem lenne arra&nbsp; afunkcióra a kimenõ deviza számlánál, hogy pro-forma számla.</div><div>Ennek szintúgy pluszos &eacute;rt&eacute;kûnek kellene lennie, de ne számítson bele sehová. Nem tudom, hogy így &eacute;rthetõ-e, hogy mit akarok. Sokszor kell ugyanis mintát kik&uuml;ldenem, amihez valamilyen minimális &eacute;rt&eacute;k kell, de utána le kell ezt mindig sztornóznom, hogy ne lógjon az &eacute;rt&eacute;k ott az Icának, hiszen ezeket nem kell, hogy kifizesse a vevõ.</div><div></div><div>&Uuml;dv,</div><div></div><div>Eszter</div>','1254341422'),(102,24,14,1,'<div>Szia Eszter!</div><div></div><div></div><div>Ha egyenk&eacute;nt nyomtatjátok a munkalapokat, akkor megoldható ennek a jelz&eacute;snek a be&eacute;pít&eacute;se (mint a vevõ számlánál), de ha egyszerre t&ouml;bbet nyomtattok, akkor nem egyszerû a dolog.</div><div></div><div>Igen, tudom, mi a proforma számla! :-) Ezeknek k&uuml;l&ouml;n adattáblákat kellene l&eacute;trehozni, hogy v&eacute;letlen&uuml;l se ker&uuml;ljenek a k&ouml;nyvelendõ &eacute;s a folyószámlánál figyelembe veendõ t&eacute;telek k&ouml;z&eacute;. Ez az&eacute;rt egy pár órai munkát jelentene...</div><div></div><div></div><div>Bankban mi a helyzet? Nincs m&eacute;g export fájl?</div><div></div><div></div><div>&Uuml;dv.:</div><div></div><div>Attila</div>','1254341436'),(103,24,14,1,'<div>Ok&eacute;.</div><div></div><div>A PDF-be nyomtatás nyomtatásnak számít? M&eacute;g egy dolog kell, hogy be tudjam jegyezni a nyomtatás t&eacute;ny&eacute;t: egybõl nyomtatóra kell k&uuml;ldenem, nem lehetne megn&eacute;zni elõtte. Mert ha már az elõzetes megtekint&eacute;s kinn van a k&eacute;penyõn, onnan már nincs nálam a vez&eacute;rl&eacute;s, nem tudom, hogy onnan kik&uuml;lditek a nyomtatóra vagy sem.</div>','1254341461'),(104,20,14,1,'<div>Szia!</div><div></div><div>Azt nem lehet esetleg ártípusk&eacute;nt felvenni, hogy a szállítólev&eacute;len szereplõ nettó ár (engedm&eacute;nyeket is tartalmazva)?</div><div>Így talán m&eacute;g pontosabb k&eacute;pet is kaphatnánk.</div><div></div><div>&Uuml;dv,</div><div></div><div>Eszter</div>','1254341478'),(105,20,14,1,'<div>Szia!</div><div></div><div></div><div>Lehet ilyet, de csak akkor, ha megíg&eacute;ritek, hogy nem hasonlítgatjátok a számlalistákkal! :-)</div><div></div><div>A számlázáskor m&eacute;g fel&uuml;l lehet írni a az árakat &eacute;s az engedm&eacute;nyeket, ez&eacute;rt nem garantálható, hogy a k&eacute;t lista ugyanazt hozza.</div><div></div><div>Csináljak egy ilyen lehetõs&eacute;get? Ennek csak a 210-es mozgásnem eset&eacute;n lenne &eacute;rtelme.</div><div></div><div>Tartozom m&eacute;g a banki árfolyamok beolvasásával, meg icának egy pár dologgal, amit a múltkor megbesz&eacute;lt&uuml;nk.</div><div></div><div></div><div>&Uuml;dv.:</div><div>a</div>','1254341494'),(106,20,14,1,'<div>Szia!</div><div></div><div>Megbesz&eacute;ltem Icával, akkor mehet a dolog &eacute;s megíg&eacute;rj&uuml;k, hogy nem hasonlítgatunk.</div><div></div><div>&Uuml;dv,</div><div></div><div>Eszter</div>','1254341513'),(107,40,14,1,'<div>Szia!</div><div></div><div>Ez a file hogy tetszik?</div><div></div><div>&Uuml;rge-b&uuml;rg&eacute;vel nem tudtam besz&eacute;lni, de k&uuml;ld&ouml;tt egy file-t amivel ezt l&eacute;tre tudtam hozni.</div><div></div><div>&Uuml;dv,</div><div></div><div>Eszter</div>','1254341559'),(108,40,14,1,'<div>Szia Eszter!</div><div></div><div></div><div>Formailag jónak tûnik, de nem ártana tudni, hogy melyik oszlopban milyen adat van. Talán kideríthetõ, hogy melyik oszlop mit tartalmaz (&ouml;sszevetve a nyomtatott kivonattal), de&nbsp;az ellenoldali bankszámlaszámot nem&nbsp;találtam az adatok k&ouml;z&ouml;tt.</div>','1254341582'),(109,20,14,1,'Szia Eszter!<br />&gt;<br />&gt;<br />&gt; Krisztát nem &eacute;rtem el telefonon, ezúton &uuml;zenem neki, hogy a listák k&ouml;z&ouml;tt<br />&gt; van egy &quot;Nem forgó k&eacute;szletek&quot; nevû, arra van sz&uuml;ks&eacute;ge!<br />&gt;<br />&gt;<br />&gt; &Uuml;dv.:<br />&gt;<br />&gt; Attila<br />','1254341601'),(110,20,14,1,'<div>Szia Attila!</div><div></div><div>A besz&eacute;lget&eacute;s&uuml;nk óta t&ouml;bb olyat is találtam, hogy nullával lett bev&eacute;telezve, de a mozgások lek&eacute;rdez&eacute;s&eacute;n&eacute;l nem jelenik meg.</div><div></div><div>Pld. 2006.03.16./B0005177 bev&eacute;ten /180-as mozgásnem/ t&ouml;bb t&eacute;tel is nullával lett bev.-ve. A mozgások lek&eacute;rdez&eacute;s&eacute;n&eacute;l, ha a nullára k&eacute;rdezem le, azok nem j&ouml;nnek fel.</div><div>Ilyen bev&eacute;t van m&eacute;g pl. 2006.05.31.-&eacute;n, 2006.10.31.-&eacute;n /180-as/</div><div></div><div>K&eacute;rlek n&eacute;zd meg, hogy mi az oka.</div><div></div><div>K&ouml;szi:</div><div>Ica</div>','1254341635'),(111,20,14,1,'<div>Szia!</div><div></div><div>Eln&eacute;z&eacute;st, hogy tegnap nem k&uuml;ldtem el az Ora Sanit, de ma pótolom.</div><div></div><div>A Miklósnak lenne egy k&eacute;r&eacute;se a raktárk&eacute;szlettel kapcsolatban.</div><div>Minden adatot eg&eacute;szre kellene kerekíteni (mennyis&eacute;g, egys&eacute;gár, nagyker/kisker ár)</div><div></div><div>K&ouml;szi,</div><div></div><div>Eszter</div>','1254341729'),(112,20,14,1,'<div>Szia!</div><div></div><div>Szerintem a miklósnak igazából az a l&eacute;nyeg, hogyha kinyomtatunk egy k&eacute;szlet listát, akkor azon ne szerepeljen tizedesjegy semelyik szám&eacute;rt&eacute;kn&eacute;l sem.</div><div></div><div>K&ouml;szi,</div><div></div><div>Eszter</div>','1254341753'),(113,20,14,1,'<div>Szia!</div><div></div><div>megtanácskoztuk, &eacute;s mindenhonnan el kellene õket t&uuml;ntetni.</div><div></div><div>K&ouml;szi,</div><div></div><div>Eszter</div><blockquote style=\"border-left: #000000 2px solid; padding-left: 5px; padding-right: 0px; margin-left: 5px; margin-right: 0px\" dir=\"ltr\"><div>----- Original Message ----- </div><div><strong>From:</strong> <a title=\"blocked::mailto:horvath.attila@d-n-s.hu horvath.attila@d-n-s.hu\" href=\"mailto:horvath.attila@d-n-s.hu\">Horváth Attila</a> </div><div><strong>To:</strong> <a title=\"blocked::mailto:sani.import@axelero.hu sani.import@axelero.hu\" href=\"mailto:sani.import@axelero.hu\">Sanimix import</a> </div><div><strong>Sent:</strong> Wednesday, April 20, 2005 12:43 PM</div><div><strong>Subject:</strong> Re: Ora Sani</div><div><br /></div><div>OK, így &eacute;rtem, akkor &ouml;ssze kellene szedni, hogy melyik listákrók írtsam ki a tizedes jegyeket.</div></blockquote>','1254341782'),(114,20,14,1,'<div>Szia Attila,</div><div></div><div>Szeretn&eacute;nk k&eacute;rni, hogy a k&eacute;szlet bev&eacute;teli bizonylaton a mennyis&eacute;g &eacute;s az egys&eacute;gár k&ouml;z&ouml;tt szerepeljen a term&eacute;k legutolsó beszerz&eacute;si ára.</div><div></div><div>K&ouml;sz&ouml;nettel</div><div></div><div>Barna Lajos</div><div>Sanimix Kft.</div>','1254341813'),(115,20,14,1,'Szia Attila !<br /><br />&nbsp;&nbsp;&nbsp; Elõsz&ouml;r is szeretn&eacute;nk sikerekben &eacute;s &eacute;lm&eacute;nyekben nagyon gazdag Új Évet<br />kívánni.<br /><br />&nbsp;&nbsp;&nbsp; 1. Egyúttal megrendelj&uuml;k az alább említett listát. Ehhez a listához<br />kiindulási alapnak jók a bev&eacute;telez&eacute;si adatok, de azokból kellene &ouml;sszehozni<br />a lehívható adatokat.<br /><br />&nbsp;&nbsp;&nbsp; A lista az alábbi adatokat mindenk&eacute;ppen tartalmazza:<br /><br />&nbsp;&nbsp;&nbsp; Rendel&eacute;sszám, Dátum, Raktár, Cikkszám, Mennyis&eacute;g, Ár/db., Ért&eacute;k.<br />Rendel&eacute;sszám alatt a megjegyz&eacute;s rovatban felt&uuml;ntetett adatot &eacute;rtj&uuml;k (pl.<br />SL-42, CW-13, GE-31, stb.).<br /><br />&nbsp;&nbsp;&nbsp; Lehessen szûrni minden fenti felt&eacute;telre, -tól/-ig &eacute;rt&eacute;kekkel. Az<br />ártípust is meg lehessen határozni. Legyen t&eacute;teles &eacute;s &ouml;sszesített lista,<br />valamint mindenk&eacute;ppen nyomtathatónak kell lennie. A t&eacute;teles lista a<br />beszállítókat k&uuml;l&ouml;nb&ouml;ztesse meg, &eacute;s azon bel&uuml;l rendezze az adatokat. Az<br />&ouml;sszesített lista ne v&eacute;gezzen csoportosítást beszállítók szerint.<br /><br />&nbsp;&nbsp;&nbsp; A devizaszámla szerinti darabszám &eacute;s a bev&eacute;telezett darabszám elt&eacute;rhet<br />(pl. s&eacute;r&uuml;l&eacute;s eset&eacute;n). Szeretn&eacute;nk, ha a 2 k&ouml;l&ouml;nb&ouml;zõ darabszámot is kiadná a<br />lista, &eacute;s mindk&eacute;t darabszámmal beszorozná az árat.<br /><br />&nbsp;&nbsp;&nbsp; Értelemszerûen az adatok sorai logikailag sorrendben legyenek, pl.<br />idõrendben vagy cikkszám szerint, attól f&uuml;ggõen, hogy mi szerint vannak<br />lek&eacute;rdezve.<br /><br />&nbsp;&nbsp;&nbsp; 2. K&eacute;rj&uuml;k, hogy a Forgalom mozgásnem-cikk bontásban listát is módosítsd<br />az alábbiak szerint, tehát a cikk megnevez&eacute;se helyett a cikkszám<br />mindenk&eacute;ppen szerepeljen. A dátumok pedig legyenek sorrendben. A 0-ás<br />t&eacute;teleket telefonon már tisztáztuk.<br /><br />&nbsp;&nbsp;&nbsp; 3. Az alábbi táj&eacute;koztatásod szerint mindez kb. 2 óra munka, az óradíjad<br />12.000,00 Ft. + ÁFA/óra, tehát &ouml;sszesen 24.000,00 Ft. + ÁFA.<br /><br />&nbsp;&nbsp;&nbsp; 4. Mik a felt&eacute;telei annak, ha az elk&eacute;sz&uuml;lt listán esetleg valamit<br />módosítani sz&uuml;ks&eacute;ges ?<br /><br />&nbsp;&nbsp;&nbsp; 5. L&eacute;gy szíves hívjál fel telefonon - m&eacute;g mielõtt elkezded -, &eacute;s szóban<br />is kifejtj&uuml;k, hogy hogyan szeretn&eacute;nk.<br /><br />&nbsp;&nbsp;&nbsp; &Uuml;dv&ouml;zlettel:<br /><br />&nbsp;&nbsp;&nbsp; Pápai Ádám<br /><br />&nbsp;&nbsp;&nbsp; import asszisztens<br /><br />&nbsp;&nbsp;&nbsp; Sanimix Kereskedelmi Kft.<br />&nbsp;&nbsp;&nbsp; 1225. Budapest, Angeli út 68.<br />&nbsp;&nbsp;&nbsp; Telefon: (1) 2073234.<br />&nbsp;&nbsp;&nbsp; Telefax: (1) 2076026.<br />&nbsp;&nbsp;&nbsp; E-mail: papai.adam@sanimix.t-online.hu<br />&nbsp;&nbsp;&nbsp; Web: www.sanimix.hu<br /><br />----- Original Message -----<br />From: &quot;Horváth Attila&quot; &lt;horvath.attila@d-n-s.hu&gt;<br />To: &quot;Adam Papai&quot; &lt;papai.adam@sanimix.t-online.hu&gt;<br />Sent: Tuesday, December 18, 2007 2:40 PM<br />Subject: Re: OraSani<br /><br /><br />&gt; Szia Ádám!<br />&gt;<br />&gt;<br />&gt; 1) Ez akkor nem arról szól, amirõl telefonon besz&eacute;lt&uuml;nk? Ott &eacute;ppen a<br />&gt; cikkekkel volt a probl&eacute;ma.<br />&gt;<br />&gt; Ha a bev&eacute;telez&eacute;sben benne van a devizaszámla száma, &eacute;s a devizaszámlában a<br />&gt; rendel&eacute;sszám, akkor meg lehet csinálni egy ilyesmi listát:<br />&gt;<br />&gt; Rendel&eacute;sszám&nbsp;&nbsp; Devizaszámla&nbsp;&nbsp; K&eacute;szletbizonylat&nbsp;&nbsp; Bev&eacute;t kelte<br />&gt;&nbsp;&nbsp;&nbsp; Cikk&nbsp;&nbsp; Mennyis&eacute;g&nbsp;&nbsp; Ért&eacute;k<br />&gt;<br />&gt;<br />&gt; Lehetne szûrni idõszakra, rendel&eacute;sre, cikkre. Jól gondolom? Esetleg<br />&gt; lehetne nyomtatni t&eacute;telesen (cikkel egy&uuml;tt) &eacute;s &ouml;sszesítve (csak a<br />&gt; bev&eacute;telez&eacute;seket).<br />&gt;<br />&gt;<br />&gt; 2)&nbsp; A cikkszámot rá tudom tenni a listára, &eacute;s a sorrendet is be tudom<br />&gt; állítani. A 0 &eacute;rt&eacute;kkel kapcsolatban valami konkr&eacute;tum kellene, cikk &eacute;s<br />&gt; dátum vagy hasonlók, lehetõleg az elsõ f&eacute;l&eacute;vbõl, mert akkori adatok vannak<br />&gt; nálam.<br />&gt;<br />&gt;<br />&gt;<br />&gt; 2 óra alatt megoldom a k&eacute;t dolgot, ha jó, amit írtam.<br />&gt;<br />&gt;<br />&gt; &Uuml;dv.:<br />&gt;<br />&gt; Attila<br />&gt;<br />&gt;<br />&gt;<br />&gt; ----- Original Message -----<br />&gt; From: &quot;Adam Papai&quot; &lt;papai.adam@sanimix.t-online.hu&gt;<br />&gt; To: &quot;Horváth Attila&quot; &lt;horvath.attila@d-n-s.hu&gt;<br />&gt; Cc: &lt;madaras.szilvia@sanimix.t-online.hu&gt;<br />&gt; Sent: Tuesday, December 18, 2007 11:52 AM<br />&gt; Subject: OraSani<br />&gt;<br />&gt;<br />&gt;<br />&gt;&nbsp;&nbsp;&nbsp; Szia Attila !<br />&gt;<br />&gt;&nbsp;&nbsp;&nbsp; 1. Telefonbesz&eacute;lget&eacute;s&uuml;nkre hivatkozva szeretn&eacute;nk, ha az OraSani-ba<br />&gt; k&eacute;szíten&eacute;l egy olyan lek&eacute;rdez&eacute;si lehetõs&eacute;get, ahol azt lehet megtudni,<br />&gt; hogy<br />&gt; adott idõszakban milyen beszerz&eacute;seink voltak, milyen cikk mikor, melyik<br />&gt; rendel&eacute;sszámon, melyik raktárunkba &eacute;rkezett. Lehessen szûrni minden<br />&gt; felt&eacute;telre, ki is lehessen nyomtatni.<br />&gt;<br />&gt;&nbsp;&nbsp;&nbsp; L&eacute;gy szíves táj&eacute;koztatni, hogy ez mennyibe ker&uuml;l &eacute;s mikorra tudnád<br />&gt; elk&eacute;szíteni. Ezek f&uuml;ggv&eacute;ny&eacute;ben d&ouml;nt&uuml;nk a megrendel&eacute;s&eacute;rõl.<br />&gt;<br />&gt;&nbsp;&nbsp;&nbsp; 2. Forgalom mozgásnem-cikk bontásban lista lehívásakor t&ouml;bb probl&eacute;mát<br />&gt; is<br />&gt; találtunk:<br />&gt;<br />&gt;&nbsp;&nbsp;&nbsp; - A cikk megnevez&eacute;se helyett a cikkszámot kellene felt&uuml;ntetni (az<br />&gt; elnevez&eacute;s is maradhat), valamint a dátumoknak sorrendben kellene lenni&uuml;k.<br />&gt;&nbsp;&nbsp;&nbsp; - N&eacute;hány esetben az &eacute;rt&eacute;k 0, amit nem tudunk, hogy mi&eacute;rt van. Pár<br />&gt; esetet<br />&gt; megvizsgáltam, sem a bej&ouml;võ devizaszámlánál, sem a bev&eacute;telez&eacute;sn&eacute;l, sem a<br />&gt; beszerz&eacute;sek lek&eacute;rdez&eacute;s&eacute;nel nem 0 szerepel &eacute;rt&eacute;knek.<br />&gt;<br />&gt;&nbsp;&nbsp;&nbsp; Gyors választ k&eacute;r&uuml;nk &eacute;s várunk.<br />&gt;<br />&gt;&nbsp;&nbsp;&nbsp; &Uuml;dv&ouml;zlettel:<br />&gt;<br />&gt;&nbsp;&nbsp;&nbsp; Pápai Ádám<br />&gt;<br />&gt;&nbsp;&nbsp;&nbsp; import asszisztens<br />&gt;<br />&gt;&nbsp;&nbsp;&nbsp; Sanimix Kereskedelmi Kft.<br />','1254341904'),(116,20,14,1,'Szia Ádám!<br />&gt;<br />&gt;<br />&gt; Besz&eacute;lj&uuml;nk errõl, mert szerintem egy kicsit más ez, mint amirõl &eacute;n<br />&gt; besz&eacute;ltem.<br />&gt;<br />&gt; Úgy tûnik, hogy t&ouml;bb lista tartalmát szeretn&eacute;tek egy listában...<br />&gt;<br />&gt;<br />&gt; &Uuml;dv.:<br />&gt; Attila<br />&gt;<br />&gt;<br />&gt; ----- Original Message -----<br />&gt; From: &quot;Adam Papai&quot; &lt;papai.adam@sanimix.t-online.hu&gt;<br />&gt; To: &quot;Horváth Attila&quot; &lt;horvath.attila@d-n-s.hu&gt;<br />&gt; Cc: &lt;madaras.szilvia@sanimix.t-online.hu&gt;<br />&gt; Sent: Friday, January 04, 2008 4:15 PM<br />&gt; Subject: Re: OraSani<br />&gt;<br />&gt;<br />&gt;<br />&gt;&nbsp;&nbsp;&nbsp; Szia Attila !<br />&gt;<br />&gt;&nbsp;&nbsp;&nbsp; Elõsz&ouml;r is szeretn&eacute;nk sikerekben &eacute;s &eacute;lm&eacute;nyekben nagyon gazdag Új Évet<br />&gt; kívánni.<br />&gt;<br />&gt;&nbsp;&nbsp;&nbsp; 1. Egyúttal megrendelj&uuml;k az alább említett listát. Ehhez a listához<br />&gt; kiindulási alapnak jók a bev&eacute;telez&eacute;si adatok, de azokból kellene<br />&gt; &ouml;sszehozni<br />&gt; a lehívható adatokat.<br />&gt;<br />&gt;&nbsp;&nbsp;&nbsp; A lista az alábbi adatokat mindenk&eacute;ppen tartalmazza:<br />&gt;<br />&gt;&nbsp;&nbsp;&nbsp; Rendel&eacute;sszám, Dátum, Raktár, Cikkszám, Mennyis&eacute;g, Ár/db., Ért&eacute;k.<br />&gt; Rendel&eacute;sszám alatt a megjegyz&eacute;s rovatban felt&uuml;ntetett adatot &eacute;rtj&uuml;k (pl.<br />&gt; SL-42, CW-13, GE-31, stb.).<br />&gt;<br />&gt;&nbsp;&nbsp;&nbsp; Lehessen szûrni minden fenti felt&eacute;telre, -tól/-ig &eacute;rt&eacute;kekkel. Az<br />&gt; ártípust is meg lehessen határozni. Legyen t&eacute;teles &eacute;s &ouml;sszesített lista,<br />&gt; valamint mindenk&eacute;ppen nyomtathatónak kell lennie. A t&eacute;teles lista a<br />&gt; beszállítókat k&uuml;l&ouml;nb&ouml;ztesse meg, &eacute;s azon bel&uuml;l rendezze az adatokat. Az<br />&gt; &ouml;sszesített lista ne v&eacute;gezzen csoportosítást beszállítók szerint.<br />&gt;<br />&gt;&nbsp;&nbsp;&nbsp; A devizaszámla szerinti darabszám &eacute;s a bev&eacute;telezett darabszám elt&eacute;rhet<br />&gt; (pl. s&eacute;r&uuml;l&eacute;s eset&eacute;n). Szeretn&eacute;nk, ha a 2 k&ouml;l&ouml;nb&ouml;zõ darabszámot is kiadná a<br />&gt; lista, &eacute;s mindk&eacute;t darabszámmal beszorozná az árat.<br />&gt;<br />&gt;&nbsp;&nbsp;&nbsp; Értelemszerûen az adatok sorai logikailag sorrendben legyenek, pl.<br />&gt; idõrendben vagy cikkszám szerint, attól f&uuml;ggõen, hogy mi szerint vannak<br />&gt; lek&eacute;rdezve.<br />&gt;<br />&gt;&nbsp;&nbsp;&nbsp; 2. K&eacute;rj&uuml;k, hogy a Forgalom mozgásnem-cikk bontásban listát is módosítsd<br />&gt; az alábbiak szerint, tehát a cikk megnevez&eacute;se helyett a cikkszám<br />&gt; mindenk&eacute;ppen szerepeljen. A dátumok pedig legyenek sorrendben. A 0-ás<br />&gt; t&eacute;teleket telefonon már tisztáztuk.<br />&gt;<br />&gt;&nbsp;&nbsp;&nbsp; 3. Az alábbi táj&eacute;koztatásod szerint mindez kb. 2 óra munka, az óradíjad<br />&gt; 12.000,00 Ft. + ÁFA/óra, tehát &ouml;sszesen 24.000,00 Ft. + ÁFA.<br />&gt;<br />&gt;&nbsp;&nbsp;&nbsp; 4. Mik a felt&eacute;telei annak, ha az elk&eacute;sz&uuml;lt listán esetleg valamit<br />&gt; módosítani sz&uuml;ks&eacute;ges ?<br />&gt;<br />&gt;&nbsp;&nbsp;&nbsp; 5. L&eacute;gy szíves hívjál fel telefonon - m&eacute;g mielõtt elkezded -, &eacute;s szóban<br />&gt; is kifejtj&uuml;k, hogy hogyan szeretn&eacute;nk.<br />&gt;<br />&gt;&nbsp;&nbsp;&nbsp; &Uuml;dv&ouml;zlettel:<br />&gt;<br />&gt;&nbsp;&nbsp;&nbsp; Pápai Ádám<br />&gt;<br />&gt;&nbsp;&nbsp;&nbsp; import asszisztens<br />&gt;<br />&gt;&nbsp;&nbsp;&nbsp; Sanimix Kereskedelmi Kft.<br />&gt;&nbsp;&nbsp;&nbsp; 1225. Budapest, Angeli út 68.<br />&gt;&nbsp;&nbsp;&nbsp; Telefon: (1) 2073234.<br />&gt;&nbsp;&nbsp;&nbsp; Telefax: (1) 2076026.<br />&gt;&nbsp;&nbsp;&nbsp; E-mail: papai.adam@sanimix.t-online.hu<br />&gt;&nbsp;&nbsp;&nbsp; Web: www.sanimix.hu<br />&gt;<br />&gt; ----- Original Message -----<br />&gt; From: &quot;Horváth Attila&quot; &lt;horvath.attila@d-n-s.hu&gt;<br />&gt; To: &quot;Adam Papai&quot; &lt;papai.adam@sanimix.t-online.hu&gt;<br />&gt; Sent: Tuesday, December 18, 2007 2:40 PM<br />&gt; Subject: Re: OraSani<br />&gt;<br />&gt;<br />&gt;&gt; Szia Ádám!<br />&gt;&gt;<br />&gt;&gt;<br />&gt;&gt; 1) Ez akkor nem arról szól, amirõl telefonon besz&eacute;lt&uuml;nk? Ott &eacute;ppen a<br />&gt;&gt; cikkekkel volt a probl&eacute;ma.<br />&gt;&gt;<br />&gt;&gt; Ha a bev&eacute;telez&eacute;sben benne van a devizaszámla száma, &eacute;s a devizaszámlában<br />&gt;&gt; a<br />&gt;&gt; rendel&eacute;sszám, akkor meg lehet csinálni egy ilyesmi listát:<br />&gt;&gt;<br />&gt;&gt; Rendel&eacute;sszám&nbsp;&nbsp; Devizaszámla&nbsp;&nbsp; K&eacute;szletbizonylat&nbsp;&nbsp; Bev&eacute;t kelte<br />&gt;&gt;&nbsp;&nbsp;&nbsp; Cikk&nbsp;&nbsp; Mennyis&eacute;g&nbsp;&nbsp; Ért&eacute;k<br />&gt;&gt;<br />&gt;&gt;<br />&gt;&gt; Lehetne szûrni idõszakra, rendel&eacute;sre, cikkre. Jól gondolom? Esetleg<br />&gt;&gt; lehetne nyomtatni t&eacute;telesen (cikkel egy&uuml;tt) &eacute;s &ouml;sszesítve (csak a<br />&gt;&gt; bev&eacute;telez&eacute;seket).<br />&gt;&gt;<br />&gt;&gt;<br />&gt;&gt; 2)&nbsp; A cikkszámot rá tudom tenni a listára, &eacute;s a sorrendet is be tudom<br />&gt;&gt; állítani. A 0 &eacute;rt&eacute;kkel kapcsolatban valami konkr&eacute;tum kellene, cikk &eacute;s<br />&gt;&gt; dátum vagy hasonlók, lehetõleg az elsõ f&eacute;l&eacute;vbõl, mert akkori adatok<br />&gt;&gt; vannak<br />&gt;&gt; nálam.<br />&gt;&gt;<br />&gt;&gt;<br />&gt;&gt;<br />&gt;&gt; 2 óra alatt megoldom a k&eacute;t dolgot, ha jó, amit írtam.<br />&gt;&gt;<br />&gt;&gt;<br />&gt;&gt; &Uuml;dv.:<br />&gt;&gt;<br />&gt;&gt; Attila<br />&gt;&gt;<br />&gt;&gt;<br />&gt;&gt;<br />&gt;&gt; ----- Original Message -----<br />&gt;&gt; From: &quot;Adam Papai&quot; &lt;papai.adam@sanimix.t-online.hu&gt;<br />&gt;&gt; To: &quot;Horváth Attila&quot; &lt;horvath.attila@d-n-s.hu&gt;<br />&gt;&gt; Cc: &lt;madaras.szilvia@sanimix.t-online.hu&gt;<br />&gt;&gt; Sent: Tuesday, December 18, 2007 11:52 AM<br />&gt;&gt; Subject: OraSani<br />&gt;&gt;<br />&gt;&gt;<br />&gt;&gt;<br />&gt;&gt;&nbsp;&nbsp;&nbsp; Szia Attila !<br />&gt;&gt;<br />&gt;&gt;&nbsp;&nbsp;&nbsp; 1. Telefonbesz&eacute;lget&eacute;s&uuml;nkre hivatkozva szeretn&eacute;nk, ha az OraSani-ba<br />&gt;&gt; k&eacute;szíten&eacute;l egy olyan lek&eacute;rdez&eacute;si lehetõs&eacute;get, ahol azt lehet megtudni,<br />&gt;&gt; hogy<br />&gt;&gt; adott idõszakban milyen beszerz&eacute;seink voltak, milyen cikk mikor, melyik<br />&gt;&gt; rendel&eacute;sszámon, melyik raktárunkba &eacute;rkezett. Lehessen szûrni minden<br />&gt;&gt; felt&eacute;telre, ki is lehessen nyomtatni.<br />&gt;&gt;<br />&gt;&gt;&nbsp;&nbsp;&nbsp; L&eacute;gy szíves táj&eacute;koztatni, hogy ez mennyibe ker&uuml;l &eacute;s mikorra tudnád<br />&gt;&gt; elk&eacute;szíteni. Ezek f&uuml;ggv&eacute;ny&eacute;ben d&ouml;nt&uuml;nk a megrendel&eacute;s&eacute;rõl.<br />&gt;&gt;<br />&gt;&gt;&nbsp;&nbsp;&nbsp; 2. Forgalom mozgásnem-cikk bontásban lista lehívásakor t&ouml;bb probl&eacute;mát<br />&gt;&gt; is<br />&gt;&gt; találtunk:<br />&gt;&gt;<br />&gt;&gt;&nbsp;&nbsp;&nbsp; - A cikk megnevez&eacute;se helyett a cikkszámot kellene felt&uuml;ntetni (az<br />&gt;&gt; elnevez&eacute;s is maradhat), valamint a dátumoknak sorrendben kellene lenni&uuml;k.<br />&gt;&gt;&nbsp;&nbsp;&nbsp; - N&eacute;hány esetben az &eacute;rt&eacute;k 0, amit nem tudunk, hogy mi&eacute;rt van. Pár<br />&gt;&gt; esetet<br />&gt;&gt; megvizsgáltam, sem a bej&ouml;võ devizaszámlánál, sem a bev&eacute;telez&eacute;sn&eacute;l, sem a<br />&gt;&gt; beszerz&eacute;sek lek&eacute;rdez&eacute;s&eacute;nel nem 0 szerepel &eacute;rt&eacute;knek.<br />&gt;&gt;<br />&gt;&gt;&nbsp;&nbsp;&nbsp; Gyors választ k&eacute;r&uuml;nk &eacute;s várunk.<br />&gt;&gt;<br />&gt;&gt;&nbsp;&nbsp;&nbsp; &Uuml;dv&ouml;zlettel:<br />&gt;&gt;<br />&gt;&gt;&nbsp;&nbsp;&nbsp; Pápai Ádám<br />&gt;&gt;<br />&gt;&gt;&nbsp;&nbsp;&nbsp; import asszisztens<br />&gt;&gt;<br />&gt;&gt;&nbsp;&nbsp;&nbsp; Sanimix Kereskedelmi Kft.<br />','1254341925'),(117,20,14,1,'&nbsp;Szia Attila !<br /><br />&nbsp;&nbsp;&nbsp; 1. Telefonbesz&eacute;lget&eacute;s&uuml;nkre hivatkozva szeretn&eacute;nk, ha az OraSani-ba<br />k&eacute;szíten&eacute;l egy olyan lek&eacute;rdez&eacute;si lehetõs&eacute;get, ahol azt lehet megtudni, hogy<br />adott idõszakban milyen beszerz&eacute;seink voltak, milyen cikk mikor, melyik<br />rendel&eacute;sszámon, melyik raktárunkba &eacute;rkezett. Lehessen szûrni minden<br />felt&eacute;telre, ki is lehessen nyomtatni.<br /><br />&nbsp;&nbsp;&nbsp; L&eacute;gy szíves táj&eacute;koztatni, hogy ez mennyibe ker&uuml;l &eacute;s mikorra tudnád<br />elk&eacute;szíteni. Ezek f&uuml;ggv&eacute;ny&eacute;ben d&ouml;nt&uuml;nk a megrendel&eacute;s&eacute;rõl.<br /><br />&nbsp;&nbsp;&nbsp; 2. Forgalom mozgásnem-cikk bontásban lista lehívásakor t&ouml;bb probl&eacute;mát is<br />találtunk:<br /><br />&nbsp;&nbsp;&nbsp; - A cikk megnevez&eacute;se helyett a cikkszámot kellene felt&uuml;ntetni (az<br />elnevez&eacute;s is maradhat), valamint a dátumoknak sorrendben kellene lenni&uuml;k.<br />&nbsp;&nbsp;&nbsp; - N&eacute;hány esetben az &eacute;rt&eacute;k 0, amit nem tudunk, hogy mi&eacute;rt van. Pár esetet<br />megvizsgáltam, sem a bej&ouml;võ devizaszámlánál, sem a bev&eacute;telez&eacute;sn&eacute;l, sem a<br />beszerz&eacute;sek lek&eacute;rdez&eacute;s&eacute;nel nem 0 szerepel &eacute;rt&eacute;knek.<br /><br />&nbsp;&nbsp;&nbsp; Gyors választ k&eacute;r&uuml;nk &eacute;s várunk.<br /><br />&nbsp;&nbsp;&nbsp; &Uuml;dv&ouml;zlettel:<br /><br />&nbsp;&nbsp;&nbsp; Pápai Ádám<br /><br />&nbsp;&nbsp;&nbsp; import asszisztens<br /><br />&nbsp;&nbsp;&nbsp; Sanimix Kereskedelmi Kft.<br />','1254341949'),(118,20,14,1,'Szia Ádám!<br />&gt;<br />&gt;<br />&gt; 1) Ez akkor nem arról szól, amirõl telefonon besz&eacute;lt&uuml;nk? Ott &eacute;ppen a<br />&gt; cikkekkel volt a probl&eacute;ma.<br />&gt;<br />&gt; Ha a bev&eacute;telez&eacute;sben benne van a devizaszámla száma, &eacute;s a devizaszámlában a<br />&gt; rendel&eacute;sszám, akkor meg lehet csinálni egy ilyesmi listát:<br />&gt;<br />&gt; Rendel&eacute;sszám&nbsp;&nbsp; Devizaszámla&nbsp;&nbsp; K&eacute;szletbizonylat&nbsp;&nbsp; Bev&eacute;t kelte<br />&gt;&nbsp;&nbsp;&nbsp; Cikk&nbsp;&nbsp; Mennyis&eacute;g&nbsp;&nbsp; Ért&eacute;k<br />&gt;<br />&gt;<br />&gt; Lehetne szûrni idõszakra, rendel&eacute;sre, cikkre. Jól gondolom? Esetleg<br />&gt; lehetne nyomtatni t&eacute;telesen (cikkel egy&uuml;tt) &eacute;s &ouml;sszesítve (csak a<br />&gt; bev&eacute;telez&eacute;seket).<br />&gt;<br />&gt;<br />&gt; 2)&nbsp; A cikkszámot rá tudom tenni a listára, &eacute;s a sorrendet is be tudom<br />&gt; állítani. A 0 &eacute;rt&eacute;kkel kapcsolatban valami konkr&eacute;tum kellene, cikk &eacute;s<br />&gt; dátum vagy hasonlók, lehetõleg az elsõ f&eacute;l&eacute;vbõl, mert akkori adatok vannak<br />&gt; nálam.<br />&gt;<br />&gt;<br />&gt;<br />&gt; 2 óra alatt megoldom a k&eacute;t dolgot, ha jó, amit írtam.<br />&gt;<br />&gt;<br />&gt; &Uuml;dv.:<br />&gt;<br />&gt; Attila<br />&gt;<br />&gt;<br />&gt;<br />&gt; ----- Original Message -----<br />&gt; From: &quot;Adam Papai&quot; &lt;papai.adam@sanimix.t-online.hu&gt;<br />&gt; To: &quot;Horváth Attila&quot; &lt;horvath.attila@d-n-s.hu&gt;<br />&gt; Cc: &lt;madaras.szilvia@sanimix.t-online.hu&gt;<br />&gt; Sent: Tuesday, December 18, 2007 11:52 AM<br />&gt; Subject: OraSani<br />&gt;<br />&gt;<br />&gt;<br />&gt;&nbsp;&nbsp;&nbsp; Szia Attila !<br />&gt;<br />&gt;&nbsp;&nbsp;&nbsp; 1. Telefonbesz&eacute;lget&eacute;s&uuml;nkre hivatkozva szeretn&eacute;nk, ha az OraSani-ba<br />&gt; k&eacute;szíten&eacute;l egy olyan lek&eacute;rdez&eacute;si lehetõs&eacute;get, ahol azt lehet megtudni,<br />&gt; hogy<br />&gt; adott idõszakban milyen beszerz&eacute;seink voltak, milyen cikk mikor, melyik<br />&gt; rendel&eacute;sszámon, melyik raktárunkba &eacute;rkezett. Lehessen szûrni minden<br />&gt; felt&eacute;telre, ki is lehessen nyomtatni.<br />&gt;<br />&gt;&nbsp;&nbsp;&nbsp; L&eacute;gy szíves táj&eacute;koztatni, hogy ez mennyibe ker&uuml;l &eacute;s mikorra tudnád<br />&gt; elk&eacute;szíteni. Ezek f&uuml;ggv&eacute;ny&eacute;ben d&ouml;nt&uuml;nk a megrendel&eacute;s&eacute;rõl.<br />&gt;<br />&gt;&nbsp;&nbsp;&nbsp; 2. Forgalom mozgásnem-cikk bontásban lista lehívásakor t&ouml;bb probl&eacute;mát<br />&gt; is<br />&gt; találtunk:<br />&gt;<br />&gt;&nbsp;&nbsp;&nbsp; - A cikk megnevez&eacute;se helyett a cikkszámot kellene felt&uuml;ntetni (az<br />&gt; elnevez&eacute;s is maradhat), valamint a dátumoknak sorrendben kellene lenni&uuml;k.<br />&gt;&nbsp;&nbsp;&nbsp; - N&eacute;hány esetben az &eacute;rt&eacute;k 0, amit nem tudunk, hogy mi&eacute;rt van. Pár<br />&gt; esetet<br />&gt; megvizsgáltam, sem a bej&ouml;võ devizaszámlánál, sem a bev&eacute;telez&eacute;sn&eacute;l, sem a<br />&gt; beszerz&eacute;sek lek&eacute;rdez&eacute;s&eacute;nel nem 0 szerepel &eacute;rt&eacute;knek.<br />&gt;<br />&gt;&nbsp;&nbsp;&nbsp; Gyors választ k&eacute;r&uuml;nk &eacute;s várunk.<br />&gt;<br />&gt;&nbsp;&nbsp;&nbsp; &Uuml;dv&ouml;zlettel:<br />&gt;<br />&gt;&nbsp;&nbsp;&nbsp; Pápai Ádám<br />&gt;<br />&gt;&nbsp;&nbsp;&nbsp; import asszisztens<br />&gt;<br />&gt;&nbsp;&nbsp;&nbsp; Sanimix Kereskedelmi Kft.<br />','1254341977'),(119,20,14,1,'Szia Miklós!<br />&gt;<br />&gt; Reggel ott voltam Nálatok, &eacute;s elhoztam az adatokat, hogy tudjam tesztelni<br />&gt; a listák k&ouml;z&ouml;tti elt&eacute;r&eacute;seket.<br />&gt;<br />&gt; Most &eacute;ppen az a gondom, hogy nem tudok olyan idõszakot lek&eacute;rdezni, amin&eacute;l<br />&gt; Tamás&eacute;k eladási statisztkája nagyobb &eacute;rt&eacute;ket ad, mint a Te &ouml;sszesített<br />&gt; &eacute;rt&eacute;kesít&eacute;sed.<br />&gt;<br />&gt;<br />&gt; Ha mindk&eacute;t listánál csak az idõszak elej&eacute;t adom meg 2006.01.01.-nek,<br />&gt; akkor:<br />&gt;<br />&gt;&nbsp;&nbsp;&nbsp; Az eladási statisztika:&nbsp;&nbsp;&nbsp;&nbsp;&nbsp;&nbsp;&nbsp;&nbsp; 1.274.356.180<br />&gt;&nbsp;&nbsp;&nbsp; Az &ouml;sszesített &eacute;rt&eacute;kesít&eacute;s:&nbsp;&nbsp; 1.303.765.352<br />&gt;<br />&gt; Ha mindk&eacute;t listánál a 2006.01.01.-2006.10.31. idõszakra szûr&ouml;k:<br />&gt;<br />&gt;&nbsp;&nbsp;&nbsp; Az eladási statisztika:&nbsp;&nbsp;&nbsp;&nbsp;&nbsp;&nbsp;&nbsp; 1.268.322.760<br />&gt;&nbsp;&nbsp;&nbsp; Az &ouml;sszesített &eacute;rt&eacute;kesít&eacute;s:&nbsp; 1.283.367.832<br />&gt;<br />&gt;<br />&gt; Mindk&eacute;t esetben a Te eredm&eacute;nyed t&ouml;bb. Vagy rendben van a dolog vagy &eacute;n<br />&gt; &eacute;rtek f&eacute;lre valamit. Tudnom kellene, hogy pontosan mit hasonlítottatok<br />&gt; &ouml;ssze mivel, mert egyelõre nekem rendben l&eacute;võnek tûnik a dolog elvileg is<br />&gt; &eacute;s a gyakorlatban is.<br />&gt;<br />&gt;<br />&gt; &Uuml;dv.:<br />&gt;<br />&gt; Horváth Attila<br />&gt; horvath.attila@d-n-s.hu<br />','1254341996'),(120,20,14,1,'Szevasz Attila!<br /><br />Csak azt tudom mondani, hogy naponta figyelem, rem&eacute;lem rendben lesz.<br /><br />&Uuml;dv. Miklós<br /><br /><br /><br /><br /><br /><br /><br /><br /><br /><br />----- Original Message -----<br />From: &quot;Horváth Attila&quot; &lt;horvath.attila@d-n-s.hu&gt;<br />To: &quot;Bojinka Miklós&quot; &lt;bojinka@t-online.hu&gt;<br />Sent: Monday, November 06, 2006 12:06 PM<br />Subject: &Ouml;sszesített &eacute;rt&eacute;kesít&eacute;s &eacute;s eladási statisztika elt&eacute;r&eacute;se<br /><br /><br />&gt; Szia Miklós!<br />&gt;<br />&gt; Reggel ott voltam Nálatok, &eacute;s elhoztam az adatokat, hogy tudjam tesztelni<br />&gt; a listák k&ouml;z&ouml;tti elt&eacute;r&eacute;seket.<br />&gt;<br />&gt; Most &eacute;ppen az a gondom, hogy nem tudok olyan idõszakot lek&eacute;rdezni, amin&eacute;l<br />&gt; Tamás&eacute;k eladási statisztkája nagyobb &eacute;rt&eacute;ket ad, mint a Te &ouml;sszesített<br />&gt; &eacute;rt&eacute;kesít&eacute;sed.<br />&gt;<br />&gt;<br />&gt; Ha mindk&eacute;t listánál csak az idõszak elej&eacute;t adom meg 2006.01.01.-nek,<br />&gt; akkor:<br />&gt;<br />&gt;&nbsp;&nbsp;&nbsp; Az eladási statisztika:&nbsp;&nbsp;&nbsp;&nbsp;&nbsp;&nbsp;&nbsp;&nbsp; 1.274.356.180<br />&gt;&nbsp;&nbsp;&nbsp; Az &ouml;sszesített &eacute;rt&eacute;kesít&eacute;s:&nbsp;&nbsp; 1.303.765.352<br />&gt;<br />&gt; Ha mindk&eacute;t listánál a 2006.01.01.-2006.10.31. idõszakra szûr&ouml;k:<br />&gt;<br />&gt;&nbsp;&nbsp;&nbsp; Az eladási statisztika:&nbsp;&nbsp;&nbsp;&nbsp;&nbsp;&nbsp;&nbsp; 1.268.322.760<br />&gt;&nbsp;&nbsp;&nbsp; Az &ouml;sszesített &eacute;rt&eacute;kesít&eacute;s:&nbsp; 1.283.367.832<br />&gt;<br />&gt;<br />&gt; Mindk&eacute;t esetben a Te eredm&eacute;nyed t&ouml;bb. Vagy rendben van a dolog vagy &eacute;n<br />&gt; &eacute;rtek f&eacute;lre valamit. Tudnom kellene, hogy pontosan mit hasonlítottatok<br />&gt; &ouml;ssze mivel, mert egyelõre nekem rendben l&eacute;võnek tûnik a dolog elvileg is<br />&gt; &eacute;s a gyakorlatban is.<br />&gt;<br />&gt;<br />&gt; &Uuml;dv.:<br />&gt;<br />&gt; Horváth Attila<br />&gt; horvath.attila@d-n-s.hu<br />','1254342018'),(121,43,14,1,'Szia Brigi!<br />&gt;<br />&gt; Kiokosítottam a p&eacute;nztárbizonylat-generálást a negatív elõjelû számlák<br />&gt; kezel&eacute;s&eacute;re.<br />&gt;<br />&gt; Telepítsd, ahogy szoktad!<br />&gt;<br />&gt; &Uuml;dv.:<br />','1254342060'),(122,42,14,1,'<div>Szia!</div><div></div><div>Megbesz&eacute;lt&uuml;k az Icával, &eacute;s mehet a pro-forma számla.</div><div></div><div>&Uuml;dv,</div><div></div><div>Eszter</div>','1254342090'),(123,20,14,1,'Szia Attila!<br /><br />Hát akkor a k&ouml;vetkezõ lenne:<br />Ami nem kell: Forgalom mozgásnem-partner, mozgásnem-cikkcsoport,<br />partner-mozgásnem, Áttárolás partner bontásban, Ért&eacute;kesít&eacute;s<br />cikkcsoport, -cikk, -partner, -c&eacute;gcsoport-cikk bontásban, (ez szerintem mind<br />benne van a toplistában) Beszerz&eacute;s cikkenk&eacute;nt, beszerz&eacute;s partnerenk&eacute;nt (ez<br />pedig a forgalom mozgásnem-cikkbõl nyomtatható) A forgalom mozgásnem-cikk<br />bontásban-t át k&eacute;ne nevezni &quot;forgalom mozgásnem bontásban&quot;. Nagy segíts&eacute;g<br />lenne m&eacute;g ha a toplistát Eladási statisztikának (vevõnk&eacute;nt,<br />cikkenk&eacute;nt...stb) hívnák. Ami viszont kellene: toplista cikkenk&eacute;nt-ben<br />&ouml;sszegezze a db-ot, a toplista vevõnk&eacute;nt-bõl pedig kivenni a cikk ill.<br />cikkcsoport szûrõt mert csak bezavar. Ha valamelyiket szerinted meg k&eacute;ne<br />tartani l&eacute;gy szi, szólj. M&eacute;g valami: nem tudom bonyolult-e, de ha megoldható<br />jobban &ouml;r&uuml;ln&eacute;nk, ha&nbsp; a listák f&ouml;nnt egy k&uuml;l&ouml;n fejl&eacute;cen lenn&eacute;nek. Hát<br />ennyi.........nagyon ne szídj.......Brigi<br /><br />----- Original Message -----<br />From: &quot;Horváth Attila&quot; &lt;horvath.attila@d-n-s.hu&gt;<br />To: &quot;Sanimix Kft.&quot; &lt;sanimix@axelero.hu&gt;<br />Sent: Friday, July 23, 2004 9:18 AM<br />Subject: Rendel&eacute;s nyomtatás, etikett számlákhoz<br /><br /><br />Szia Brigi!<br /><br />Itt van n&eacute;hány módosítás. Csomagold ki a ZIP-et, aztán m&eacute;g Toadítani is<br />kell!<br /><br />&Uuml;dv.:<br /><br />Horváth Attila<br />horvath.attila@d-n-s.hu<br />','1254342116'),(124,20,14,1,'Szia Kriszta!<br />&gt;<br />&gt;<br />&gt;<br />&gt; Megn&eacute;ztem a 22.58.5 cikkszámot, hogy mi lehet vele a gond a Rewico<br />&gt; raktárban.<br />&gt;<br />&gt; Igazából nem j&ouml;ttem rá, hogy mi t&ouml;rt&eacute;nt, azt vizsgáltam, hogy<br />&gt;<br />&gt; - nem írtatok-e át utólag valamilyen mennyis&eacute;get - NEM<br />&gt; - nem módosítottátok-e a raktárkódot - NEM<br />&gt; - nem vittetek-e fel a leltározott idõszakra új bizonylatot - NEM<br />&gt;<br />&gt;<br />&gt; Azt az egyet nem tudom vizsgálni, hogy nem t&ouml;r&ouml;ltetek-e utólag valamilyen<br />&gt; bev&eacute;telez&eacute;s-t&eacute;telt, mert a t&ouml;r&ouml;lt t&eacute;telek eltûnnek a rendszerbõl. Pedig<br />&gt; valami ilyesmi t&ouml;rt&eacute;nhetett, mert ha most elõállítom a 2006.12.18-i<br />&gt; k&eacute;szletet (amint azt a cikk karton is mutatja) 30 db-ot hoz, a<br />&gt; leltározáskor pedig csak 25 db-ot talált a nyilvántartás szerint.<br />&gt;<br />&gt;<br />&gt;<br />&gt; &Uuml;dv.:<br />&gt;<br />&gt; Horváth Attila<br />','1254342157'),(125,24,14,1,'<div>Szia!</div><div></div><div>Meg lehet oldani, hogy a szerviz munkalapoknál nyomtassa ki azt is, amit a hiba leírásába írunk?</div><div></div><div>Amit k&uuml;ldt&eacute;l a Briginek, azt csak simán bontsam ki? L&eacute;pjen ki elõtte mindenki az Ora-Saniból?</div><div></div><div>K&ouml;szi,</div><div></div><div>Eszter</div>','1254342177'),(126,26,14,1,'<div>Szie Gergõ!</div><div></div><div></div><div></div><div>Bocsi, kint voltam c&eacute;gn&eacute;l.</div><div></div><div>Úgy n&eacute;zem, most j&ouml;nnek a megrendel&eacute;sek, minden rendben van.</div><div></div><div></div><div>K&ouml;szi:</div><div></div><div>Attila</div><div>d-n-s</div><div></div><div></div><blockquote style=\"border-left: #000000 2px solid; padding-left: 5px; padding-right: 0px; margin-left: 5px; margin-right: 0px\" dir=\"ltr\"><div>----- Original Message ----- </div><div><strong>From:</strong> <a title=\"blocked::mailto:gergo.soter@netfabrik.hu gergo.soter@netfabrik.hu\" href=\"mailto:gergo.soter@netfabrik.hu\">gergo.soter@netfabrik.hu</a> </div><div><strong>To:</strong> <a title=\"blocked::mailto:horvath.attila@d-n-s.hu horvath.attila@d-n-s.hu\" href=\"mailto:horvath.attila@d-n-s.hu\">horvath.attila@d-n-s.hu</a> </div><div><strong>Sent:</strong> Tuesday, July 28, 2009 11:56 AM</div><div><strong>Subject:</strong> RE: TransNet</div><div><br /></div><div class=\"Section1\"><span>Szia Attila!<p>&nbsp;</p></span><span><p>&nbsp;</p></span><span>Nekem ez van a console ablakomban<img border=\"0\" alt=\"Sanimix szerver.JPG\" src=\"cid:89CF516B95F5452D94091A9D82D341CC@DNSAtyVista\" width=\"1280\" height=\"800\" /><p>&nbsp;</p></span><span><p>&nbsp;</p></span> <div><span>&Uuml;dv&ouml;zlettel/Regards:</span><span><p>&nbsp;</p></span><span>&nbsp;<p>&nbsp;</p></span><u><span>Sót&eacute;r Gergõ</span></u><span><br /></span><span>IT Groupe Manager<br />Netfabrik Hungary Kft.<br />Mobil: (+36-20) 959-74-25<br />Fax: (+36-1) 8012787</span><span><br /></span><span>1133 Budapest <br />Hegedûs Gyula u. 91/c.<br />E-mail: </span><span><a title=\"blocked::mailto:gergo.soter@netfabrik.hu mailto:gergo.soter@netfabrik.hu mailto:laszlo.kronavetter@netfabrik.hu\" href=\"mailto:gergo.soter@netfabrik.hu\"><span>gergo.soter@netfabrik.hu</span></a><br /></span><span>Web: </span><span><a title=\"blocked::http://www.netfabrik.hu/ blocked::blocked::http://www.netfabrik.hu/ blocked::http://www.netfabrik.hu/ http://www.netfabrik.hu/\" href=\"http://www.netfabrik.hu/\"><span>www.netfabrik.hu</span></a><p>&nbsp;</p></span><span><img border=\"0\" alt=\"cid:image001.gif@01C99DA5.1F5FDA70\" src=\"cid:F0C11F4F972E4C78A0F53303FAADD0E7@DNSAtyVista\" width=\"170\" height=\"88\" /></span><span><p>&nbsp;</p></span></div><span><p>&nbsp;</p></span> <div><div><strong><span>From:</span></strong><span> Horváth Attila [mailto:horvath.attila@d-n-s.hu] <br /><strong>Sent:</strong> Tuesday, July 28, 2009 10:35 AM<br /><strong>To:</strong> Sót&eacute;r Gergõ<br /><strong>Subject:</strong> TransNet<p>&nbsp;</p></span></div></div><p>&nbsp;</p> <div><span>Szia Gergõ!</span><p>&nbsp;</p></div><div>&nbsp;<p>&nbsp;</p></div><div>&nbsp;<p>&nbsp;</p></div><div>&nbsp;<p>&nbsp;</p></div><div><span>Rán&eacute;zn&eacute;l erre a TransNet-re? Gyanús, hogy egyetlen megrendel&eacute;st sem t&ouml;lt le. A Log fájlban sem látok semmit. Fut ez egyáltalán?</span><p>&nbsp;</p></div><div>&nbsp;<p>&nbsp;</p></div><div><span>Elvileg a fõablakban írja, ha valami nem stimmel.</span><p>&nbsp;</p></div><div>&nbsp;<p>&nbsp;</p></div><div>&nbsp;<p>&nbsp;</p></div><div>&nbsp;<p>&nbsp;</p></div><div>&nbsp;<p>&nbsp;</p></div><div><span>K&ouml;szi:</span><p>&nbsp;</p></div><div>&nbsp;<p>&nbsp;</p></div><div><span>Attila</span><p>&nbsp;</p></div><div><span>d-n-s</span><p>&nbsp;</p></div></div></blockquote>','1254342229'),(127,26,14,1,'Szerintem ezek az oldalak az Oracle Applications upgrade-j&eacute;rõl szólnak. Az<br />egy olyan &uuml;zleti alkalmazás, mint az SAP vagy hasonlók.<br /><br />Kipróbáltam itt nálunk, egyszerûen kivettem a Path-ból az Oralce-s java<br />beállításokat, a szerver rendesen fut. Egy&eacute;bk&eacute;nt sem használunk hozzá<br />semmilyen java-s programot, szerintem ott is ki kellene próbálni ezt a<br />megoldást. Mentsd le valahová a mostani Path beállításokat, &eacute;s gyomláld ki<br />belõle az Oracle alatti java al&eacute;r&eacute;si utakat.<br /><br /><br /><br />----- Original Message -----<br />From: &lt;gergo.soter@netfabrik.hu&gt;<br />To: &lt;horvath.attila@d-n-s.hu&gt;<br />Cc: &lt;richard.balazs@netfabrik.hu&gt;; &lt;laszlo.kronavetter@netfabrik.hu&gt;<br />Sent: Friday, July 24, 2009 2:30 PM<br />Subject: RE: Transnet telepít&eacute;s<br /><br /><br />Noss... megn&eacute;ztem &eacute;s nekem a szerver t&eacute;nyleg ezt írja ki:<br /><br />java version &quot;1.3.1_01&quot;<br />Java(TM) 2 Runtime Environment, Standard Edition (build 1.3.1_01)<br />Java HotSpot(TM) Client VM (build 1.3.1_01, mixed mode)<br /><br />Találtam egy fórumot amin szerintem errõl van szó, de a te jóváhagyásod<br />n&eacute;lk&uuml;l nem csinálom v&eacute;gig a stepp-eket.<br /><br />Itt vannak a linkek l&eacute;gy szíves n&eacute;zd át, hogy ez a megoldás-e valóban.<br /><br />Elsõ r&eacute;sze:<br /><br /><a title=\"blocked::http://oracle-apps-dba.blogspot.com/2009/05/upgrade-java-plug-in-jre-to-latest.html\" href=\"http://oracle-apps-dba.blogspot.com/2009/05/upgrade-java-plug-in-jre-to-latest.html\">http://oracle-apps-dba.blogspot.com/2009/05/upgrade-java-plug-in-jre-to-latest.html</a><br /><br /><br />Második r&eacute;sze:<br /><br /><a title=\"blocked::http://oracle-apps-dba.blogspot.com/2008/03/upgrade-from-jinitiator-13-to-java.html\" href=\"http://oracle-apps-dba.blogspot.com/2008/03/upgrade-from-jinitiator-13-to-java.html\">http://oracle-apps-dba.blogspot.com/2008/03/upgrade-from-jinitiator-13-to-java.html</a><br /><br /><br /><br />&Uuml;dv&ouml;zlettel/Regards:<br /><br />Sót&eacute;r Gergõ<br />IT Groupe Manager<br />Netfabrik Hungary Kft.<br />Mobil: (+36-20) 959-74-25<br />Fax: (+36-1) 8012787<br />1133 Budapest<br />Hegedûs Gyula u. 91/c.<br />E-mail: gergo.soter@netfabrik.hu<br />Web: www.netfabrik.hu<br /><br /><br />-----Original Message-----<br />From: Horváth Attila [<a title=\"blocked::mailto:horvath.attila@d-n-s.hu\" href=\"mailto:horvath.attila@d-n-s.hu\">mailto:horvath.attila@d-n-s.hu</a>]<br />Sent: Friday, July 24, 2009 1:37 PM<br />To: Sót&eacute;r Gergõ<br />Subject: Fw: Transnet telepít&eacute;s<br /><br />Szia Gergõ!<br /><br /><br /><br />Amikor tegnap Ricsivel találkoztam a Saniban, megpróbáltuk telepíteni a<br />szerverre az EDI-csomagokat továbbító TeransNet programot. Leállt egy<br />hiba&uuml;zenettel, a lengyel sráccal konzultálva arra jutottunk, hogy<br />valószínûleg r&eacute;gebbi Java verzió alatt akar futni.<br /><br />Bár Ricsivel ellenõrizt&uuml;k a szerverre telepített Java-verziót (1.6), de a<br />Jacek által javasolt \'jav -version\' 1.3-at ad vissza. Nyomozgattam kicsit,<br />ez az&eacute;rt lehet, mert az Oracle is feltelepített magával egy Java-t, &eacute;s ez<br />valóban r&eacute;gebbi. Ráadásul a Path-beállításokban valószínûleg el&ouml;lr&eacute;bb van,<br />mint az &quot;igazi&quot; Java el&eacute;r&eacute;si útja.<br /><br />Nekem nem nagyon van jogosultságom ilyeneket állíthatni a Sani szerveren<br />(ami jogos, mellesleg nem is szeretn&eacute;k), l&eacute;gyszi n&eacute;zd már meg, hogy tudsz-e<br />tenni valamit annak &eacute;rdek&eacute;ben, hogy a \'java -version\' parancs legalább<br />1.6-ot adjon vissza! Szerintem ha ez megvalósul, futni fog a program, mert<br />itt a saját g&eacute;pemen nincs semmi gondja.<br /><br /><br />K&ouml;szi:<br /><br />Horváth Attila<br />d-n-s<br /><br /><br /><br />----- Original Message -----<br />From: &quot;Kurzawa Jacek&quot; &lt;jaca@docca.hu&gt;<br />To: &quot;Horváth Attila&quot; &lt;horvath.attila@d-n-s.hu&gt;<br />Sent: Thursday, July 23, 2009 1:56 PM<br />Subject: Re: Transnet telepít&eacute;s<br /><br /><br />cmd aztán java -version<br /><br /><br />Horváth Attila pisze:<br />&gt; Szia Jacek!<br />&gt;<br />&gt;<br />&gt; Kipróbáltam, nálam Vista-n mûk&ouml;dik. Egy rakás rendel&eacute;st let&ouml;lt&ouml;tt, van<br />&gt; tesztadat. :-)<br />&gt;<br />&gt; Lehet, hogy ott a szerveren valami r&eacute;gebbi Java-t &eacute;r el? Honnan lehet<br />&gt; megtudni, hogy melyik Java alatt fut, ha t&ouml;bb is van a g&eacute;pen?<br />&gt;<br />&gt;<br />&gt;<br />&gt; K&ouml;szi a segíts&eacute;get &eacute;s &uuml;dv.:<br />&gt;<br />&gt; Attila<br />&gt;<br />&gt;<br />&gt;<br />&gt; ----- Original Message ----- From: &quot;Kurzawa Jacek&quot; &lt;jaca@docca.hu&gt;<br />&gt; To: &quot;Horváth Attila&quot; &lt;horvath.attila@d-n-s.hu&gt;<br />&gt; Sent: Thursday, July 23, 2009 12:42 PM<br />&gt; Subject: Re: Transnet telepít&eacute;s<br />&gt;<br />&gt;<br />&gt; Kiprobalod sajat gepeden otthon?<br />&gt;<br />&gt;<br />&gt; Horváth Attila pisze:<br />&gt;&gt; Szia Jacek!<br />&gt;&gt;&nbsp; Voltam ma a Sanimixben, &eacute;s a rendszergazdával egy&uuml;tt próbáltuk<br />&gt;&gt; telepíteni a TransNet programot. Nem j&ouml;tt &ouml;ssze. &quot;Could find the main<br />&gt;&gt; class. Program will exit.&quot; hiba&uuml;zenetet kaptunk. A g&eacute;pen telepített<br />&gt;&gt; Java-verzió: 1.6.0_14.<br />&gt;&gt;&nbsp; Arra sem találtam választ, hogy hová ker&uuml;ln&eacute;nek a let&ouml;lt&ouml;tt rendel&eacute;sek?<br />&gt;&gt; A config fájlhoz csak lengyel nyelvû leírást találtunk.<br />&gt;&gt;&nbsp; Másolatban elk&uuml;ld&ouml;m ezt a levelet a Sanimix egyik rendszergazdájának,<br />&gt;&gt; k&eacute;rlek, hogy vegy&eacute;tek fel a kapcsolatot a telepít&eacute;s miatt. Jó volna, ha<br />&gt;&gt; mûk&ouml;dne a rendel&eacute;sek let&ouml;lt&eacute;se.<br />&gt;&gt;&nbsp; Egy&eacute;bk&eacute;nt a let&ouml;lt&ouml;tt rendel&eacute;sek a webes fel&uuml;leten kereszt&uuml;l is<br />&gt;&gt; el&eacute;rhetõk maradnak? Mert egyelõre ez volna jó.<br />&gt;&gt;&nbsp; K&ouml;szi &eacute;s &uuml;dv.:<br />&gt;&gt;&nbsp; Horváth Attila<br />','1254342281'),(128,26,14,1,'Szia Gergõ!<br /><br /><br /><br />OK, most úgy tûnik, hogy fut. Most m&eacute;g azon gondolkodom, hogy mitõl fog<br />futni a d:\\Transnet\\run.bat?<br /><br />Ez nem szolgáltatásk&eacute;nt fut, hanem programk&eacute;nt, mi fogja ezt indítani, ha<br />pl. újra kell indítani a g&eacute;pet? Én nem akarom orasani felhasználók&eacute;nt<br />elindítani, mert ha kijelentkezem a Sani szerverrõl, akkor megáll. Van erre<br />valami &ouml;tleted?<br /><br /><br />K&ouml;szi az eddigieket:<br /><br />Attila<br />d-n-s<br />','1254342306'),(129,26,14,1,'Szerintem az elsõ gondolat jó, a l&eacute;nyeg az, hogy folyamatosan futnia kell.<br /><br />Elindítanád? Megn&eacute;zn&eacute;m már, hogy mik j&ouml;nnek le az EDI-szerverrõl...<br /><br /><br />K&ouml;szi!<br />','1254342324'),(130,26,14,1,'K&ouml;szi!<br /><br />Benn vagy m&eacute;g, nem tudok bejelentkezni...<br /><br /><br />----- Original Message -----<br />From: &lt;gergo.soter@netfabrik.hu&gt;<br />To: &lt;horvath.attila@d-n-s.hu&gt;<br />Sent: Monday, July 27, 2009 3:35 PM<br />Subject: RE: Transnet telepít&eacute;s<br /><br /><br />Beállítottam, hogy rendszer indításkor induljon el a run.bat most már fut is<br />úgyhogy lehet garázdálkodni rajta :)<br /><br />&Uuml;dv&ouml;zlettel/Regards:<br /><br />Sót&eacute;r Gergõ<br />','1254342343'),(131,26,14,1,'Szia Gergõ!<br /><br /><br />Rán&eacute;zn&eacute;l a Transnet k&eacute;pernyõre, valami nem stimmel vele. Lehet, hogy újra<br />kellene indítani, mert a config fájlban rosszul adtam meg az el&eacute;r&eacute;si utat,<br />&eacute;s úgy tûnik, menet k&ouml;zben hiába módosítottam.<br /><br /><br />K&ouml;szi &eacute;s &uuml;dv.:<br />Attila<br />','1254342362'),(132,26,14,1,'Szia Gergõ!<br /><br /><br /><br />Amikor tegnap Ricsivel találkoztam a Saniban, megpróbáltuk telepíteni a<br />szerverre az EDI-csomagokat továbbító TeransNet programot. Leállt egy<br />hiba&uuml;zenettel, a lengyel sráccal konzultálva arra jutottunk, hogy<br />valószínûleg r&eacute;gebbi Java verzió alatt akar futni.<br /><br />Bár Ricsivel ellenõrizt&uuml;k a szerverre telepített Java-verziót (1.6), de a<br />Jacek által javasolt \'jav -version\' 1.3-at ad vissza. Nyomozgattam kicsit,<br />ez az&eacute;rt lehet, mert az Oracle is feltelepített magával egy Java-t, &eacute;s ez<br />valóban r&eacute;gebbi. Ráadásul a Path-beállításokban valószínûleg el&ouml;lr&eacute;bb van,<br />mint az &quot;igazi&quot; Java el&eacute;r&eacute;si útja.<br /><br />Nekem nem nagyon van jogosultságom ilyeneket állíthatni a Sani szerveren<br />(ami jogos, mellesleg nem is szeretn&eacute;k), l&eacute;gyszi n&eacute;zd már meg, hogy tudsz-e<br />tenni valamit annak &eacute;rdek&eacute;ben, hogy a \'java -version\' parancs legalább<br />1.6-ot adjon vissza! Szerintem ha ez megvalósul, futni fog a program, mert<br />itt a saját g&eacute;pemen nincs semmi gondja.<br /><br /><br />K&ouml;szi:<br /><br />Horváth Attila<br />d-n-s<br />','1254342397'),(133,24,14,1,'Szia Attila!<br /><br />Na akkor a k&ouml;vetkezõk lenn&eacute;nek:<br />Fejl&eacute;c: ML szám, Vevõ neve, Helys&eacute;g, Cikk szám (cikk n&eacute;v nem kell),<br />Bejelent&eacute;s napja, szervizel&eacute;s napja, Munka leírása (az utolsó kettõ a<br />f&uuml;ggõn&eacute;l term&eacute;szetes nem kell, ha megoldható)<br />Ha cikkszámra vonatkozik a lek&eacute;rdez&eacute;s nem kell,&nbsp; szervizesre ill. megy&eacute;re<br />bontani (ha akarjuk ezeket a szûr&eacute;sn&eacute;l úgy is meg tudjuk adni) maradjon ua.<br />a felj&eacute;c, viszont kellene egy &ouml;sszesen (mivel egy f&eacute;l &eacute;v múlva el&eacute;g gáz<br />lenne egys&eacute;vel &ouml;ssze adogatni, hogy az adott cikkbõl hány db. bejelent&eacute;s<br />volt)<br />A visszahívás napja egyátalán nem kell sehova!<br /><br />K&ouml;szi,<br /><br />Brigi<br />----- Original Message -----<br />From: &quot;Horváth Attila&quot; &lt;horvath.attila@d-n-s.hu&gt;<br />To: &quot;Sanimix Kft.&quot; &lt;sanimix@axelero.hu&gt;<br />Sent: Tuesday, October 05, 2004 2:44 PM<br />Subject: Újra<br /><br /><br />Bocs, az elõbb rosszat k&uuml;ldtem, ez lesz az igazi!<br /><br />Horváth Attila<br />horvath.attila@d-n-s.hu','1254342441'),(134,20,14,1,'&nbsp;Szia Miklós!<br />&gt;<br />&gt;<br />&gt; Megn&eacute;ztem a visszáru árr&eacute;s&eacute;nek számítási módját az &ouml;sszesített &eacute;rt&eacute;kesít&eacute;s<br />&gt; táblázaton.<br />&gt;<br />&gt;<br />&gt; A visszáru árr&eacute;se a legpontosabban akkor lenne megállapítható, ha minden<br />&gt; visszav&eacute;telezett t&eacute;telrõl meg tudnátok mondani, hogy meilyik<br />&gt; kiszállításból származik.<br />&gt;<br />&gt; Mivel ez nem megy, Icával egyet&eacute;rt&eacute;sben abban maradtunk, hogy amikor a<br />&gt; raktárba vissza&eacute;rkezik az áru, akkor bev&eacute;telezitek. Ebbõl meg tudja<br />&gt; állapítani a rendszer a visszáru &eacute;rt&eacute;k&eacute;t beszerz&eacute;si áron (ez ker&uuml;l pozitív<br />&gt; elõjellel a táblázatba).<br />&gt;<br />&gt; A vevõitek a visszak&uuml;ld&ouml;tt áruról számlát állítanak ki Nektek. Ezek<br />&gt; r&ouml;gzítit&eacute;sekor tudatni kell a rendszerrel, hogy ez egy visszáruval<br />&gt; kapcsolatos terhel&eacute;s. A rendszer az ilyen bej&ouml;võ számlákat &ouml;sszegzi a<br />&gt; negatív elõjeles sorban.<br />&gt;<br />&gt;<br />&gt; Ha olyan idõszakra k&eacute;rdezed le a táblázatot, amelyben a raktárba t&ouml;rt&eacute;nõ<br />&gt; visszáru-bev&eacute;telez&eacute;s már megt&ouml;rt&eacute;nt, de a vevõktõl m&eacute;g nem &eacute;rkezett meg<br />&gt; (vagy nem ker&uuml;lt ber&ouml;gzít&eacute;sre) a visszáru terhel&eacute;se, akkor elõfordulhat az<br />&gt; az eset, amivel felhívtál, hogy a beszerz&eacute;si áras, raktárba bev&eacute;telezett<br />&gt; &eacute;rt&eacute;k nagyobb, mint a vevõ által rátok terhelt, eladási áras &eacute;rt&eacute;k.<br />&gt;<br />&gt;<br />&gt; Ha legalább bizonylati szinten &ouml;ssze tudnátok rendelni a k&eacute;szlet<br />&gt; visszav&eacute;telez&eacute;seket l&eacute;s a bej&ouml;võ számlákat (tehát legalább azt meg kellene<br />&gt; tudni mondani a rendszernek, hogy melyik vevõtõl kapott terhelõ számlához<br />&gt; melyik visszáru bev&eacute;telez&eacute;sek tartoznak), akkor piontosítató lenne a<br />&gt; r&ouml;videbb idõszakra nyomtatott kimutatás. Hosszabb idõszak eset&eacute;n nyilván<br />&gt; nem ilyen szembetûnõ a k&uuml;l&ouml;nbs&eacute;g, de mivel nem biztosítható, hogy minden<br />&gt; bev&eacute;telez&eacute;shez benne van a rendszerben a hozzá tartozó számla is, a<br />&gt; pontatlanság akkor is benne van a rendszerben.<br />&gt;<br />&gt;<br />&gt;<br />&gt; &Uuml;dv&ouml;zlettel:<br />&gt; Horváth Attila<br />','1254342463'),(135,26,14,1,'<div>Szia Gergõ!</div><div></div><div></div><div></div><div>Valami&eacute;rt nem megy Zsófi g&eacute;p&eacute;n az EDI-&uuml;zenetek bet&ouml;lt&eacute;se. A szerveren meg tudtam csinálni, tehát a program elvileg jól mûk&ouml;dik... Az EDI-&uuml;zenetek beolvasásához fájl l&eacute;trehozási &eacute;s írási jogok (is) kellen&eacute;nek az Ora-Sani mappában (&eacute;s alk&ouml;nyvtáraiban) a felhasználóknak. Nem lehet, hogy ezzel van valami gond? N&eacute;zd meg l&eacute;gyszi!</div><div></div><div></div><div></div><div>K&ouml;szi &eacute;s &uuml;dv.:</div><div></div><div>Attila</div><div>d-n-s</div>','1254342540'),(136,30,14,1,'<div>Sziasztok!</div><div></div><div></div><div></div><div>Az EDI-beolvasás rem&eacute;lhetõleg megoldódott, az I:\\ hálózati meghajtóról imdítve a programot (nem a <a title=\"blocked::file://sanimix-server/Ora-Sani-t\" href=\"file://sanimix-server/Ora-Sani-t\">\\\\Sanimix-Server\\Ora-Sani-t</a> használva), úgy tûnik, mûk&ouml;dik a beolvasás.</div><div></div><div></div><div>Viszont nem tudom, mi van Miklós &eacute;s Ica g&eacute;p&eacute;vel, de valami nem stimmel vel&uuml;k. Amikor listázást indítanak, n&eacute;ha nem indul el az Oracle Reports, hanem egy idõ után&nbsp;hiba&uuml;zenet j&ouml;n. A k&ouml;vetkezõ indításkor pedig minden rendben. Miklós már nehezen tolerálja a helyzetet, &eacute;n pedig nem igazán &eacute;rtem, hogy hol lehet a probl&eacute;ma.</div><div></div><div>Ilyen a t&ouml;bbi g&eacute;pen nem fordul elõ, &eacute;s más helyen sem tapasztaltam ilyesmit. Lehet, hogy valamivel &ouml;sszeakad? Arra gondoltam, hiogy Miklós g&eacute;p&eacute;n újra húzhatnátok a Windowst, &eacute;s pedig egy friss telepít&eacute;st csináln&eacute;k az Oracle Developerrel, hátha egy szûz Windowson rendesen mûk&ouml;dik a program (mint ahogy jó darabig nem is volt vele probl&eacute;ma).</div><div></div><div>Esetleg van más &ouml;tletetek? Valami megoldást kellene találni...</div><div></div><div></div><div></div><div>K&ouml;szi &eacute;s &uuml;dv.:</div><div></div><div>Attila</div><div>d-n-s</div>','1254342581'),(137,26,14,1,'<div>Szia Jacek!</div><div></div><div></div><div></div><div>Voltam ma a Sanimixben, &eacute;s a rendszergazdával egy&uuml;tt próbáltuk telepíteni a TransNet programot. Nem j&ouml;tt &ouml;ssze. &quot;Could find the main class. Program will exit.&quot; hiba&uuml;zenetet kaptunk. A g&eacute;pen telepített Java-verzió: 1.6.0_14.</div><div></div><div>Arra sem találtam választ, hogy hová ker&uuml;ln&eacute;nek a let&ouml;lt&ouml;tt rendel&eacute;sek? A config fájlhoz csak lengyel nyelvû leírást találtunk.</div><div></div><div>Másolatban elk&uuml;ld&ouml;m ezt a levelet a Sanimix egyik rendszergazdájának, k&eacute;rlek, hogy vegy&eacute;tek fel a kapcsolatot a telepít&eacute;s miatt. Jó volna, ha mûk&ouml;dne a rendel&eacute;sek let&ouml;lt&eacute;se.</div><div></div><div>Egy&eacute;bk&eacute;nt a let&ouml;lt&ouml;tt rendel&eacute;sek a webes fel&uuml;leten kereszt&uuml;l is el&eacute;rhetõk maradnak? Mert egyelõre ez volna jó.</div><div></div><div /><div></div><div></div><div>K&ouml;szi &eacute;s &uuml;dv.:</div>','1254342639');

--
-- Table structure for table `naplo_topics`
--

CREATE TABLE `naplo_topics` (
  `id` int(11) NOT NULL AUTO_INCREMENT,
  `parentid` int(11) DEFAULT '0',
  `name` text COLLATE latin1_general_ci,
  `owner_id` int(11) DEFAULT '0',
  `create_date` varchar(10) COLLATE latin1_general_ci DEFAULT NULL,
  `closed` tinyint(1) DEFAULT '0',
  PRIMARY KEY (`id`)
) ENGINE=MyISAM AUTO_INCREMENT=44 DEFAULT CHARSET=latin1 COLLATE=latin1_general_ci;

--
-- Dumping data for table `naplo_topics`
--

INSERT INTO `naplo_topics` VALUES (18,0,'Pénzügy/számvitel (fõkönyv), kontrolling',0,NULL,0),(19,0,'Ellátási lánc menedzsment, készletgazdálkodás, logisztika',0,NULL,0),(20,19,'Áruforgalom, beszerzés, értékesítés',0,NULL,0),(21,19,'Humán erõforrás-gazdálkodás (HRM)',0,NULL,0),(22,19,'Ügyfélkapcsolat kezelés (CRM)',0,NULL,0),(23,0,'Termelési/ Szolgáltatási/Kereskedelmi folyamatok támogatása',0,NULL,0),(24,23,'Karbantartás, szolgáltatás menedzsment',0,NULL,0),(25,23,'Projektmenedzsment',0,NULL,0),(26,23,'Elektronikus iratkezelési rendszerek',0,NULL,0),(27,23,'Munkafolyamat-irányítási rendszerek (WF)',0,NULL,0),(28,0,'Intranet, belsõ portál rendszerek',0,NULL,0),(29,28,'ERP-hez kapcsolódó mobil technikát használó rendszerek',0,NULL,0),(30,28,'Integrált vállalatirányítási rendszerek (ERP) ',0,NULL,0),(31,28,'Elektronikus iratkezelési rendszerek',0,NULL,0),(32,28,'Munkafolyamat-irányítási rendszerek (WF)',0,NULL,0),(33,28,'Intranet, belsõ portál rendszerek',0,NULL,0),(34,28,'ERP-hez kapcsolódó mobil technikát használó rendszerek',0,NULL,0),(35,28,'Egyéb kérések - megjegyzések',0,NULL,0),(36,18,'Árfolyam',14,'1254254972',0),(37,18,'Áfabevallás',14,'1254339942',0),(38,18,'Bank',14,'1254340251',0),(39,18,'EU-s Adószám',14,'1254340576',0),(40,18,'Számvitel',14,'1254340669',0),(41,18,'Felszólító Levél',14,'1254340718',0),(42,18,'Folyószámla',14,'1254340782',0),(43,18,'Pénztárbizonylat',14,'1254342055',0);

--
-- Table structure for table `news`
--

CREATE TABLE `news` (
  `id` bigint(20) unsigned NOT NULL AUTO_INCREMENT,
  `begin_date` varchar(10) DEFAULT '2015-01-01',
  `end_date` varchar(10) DEFAULT '2100-01-01',
  `title` varchar(255) DEFAULT NULL,
  `lead` mediumtext,
  `content` text,
  `create_date` timestamp NULL DEFAULT CURRENT_TIMESTAMP,
  `lang` char(3) DEFAULT 'hun',
  `newstype` varchar(10) DEFAULT NULL,
  `min_version` decimal(3,2) DEFAULT '2.00',
  `link` varchar(255) DEFAULT NULL,
  PRIMARY KEY (`id`)
) ENGINE=MyISAM AUTO_INCREMENT=83 DEFAULT CHARSET=latin1;

--
-- Dumping data for table `news`
--

INSERT INTO `news` VALUES (48,'2015-01-01','2100-01-01','Hogyan vásároljon Zuhanykabint !','Kedves vásárlónk. Tudjuk hogy a piaci kínálatból jól és jót választani nehéz döntés. Ebben szeretnénk a segítségükre lenni és tanácsokkal szolgálni a választást illetõen. Részletek kattintás után !','&nbsp;','2011-02-03 18:56:41','','ujdonsag',2.00,'/uploads/hogyan_vasaroljunk_zuhanykabint.pdf'),(49,'2015-04-01','2015-05-28','Akciós termékek','<a href=\"/index.php?data[mid]=47&data[CFOCSOP]=&data[chk_akcios]=on&data[CCSOP]=\">Teljes akciós kínálatunkat megtekintheti ide kattintva!</a>',' ','2015-01-12 11:21:39','','ujdonsag',2.00,'/akcios/hidromasszazs_zuhanykabin_uveg_hatfallal_90x90x210--22.180/5/'),(50,'2015-01-01','2100-01-01','Újdonságaink !','<a href=\"/index.php?data[mid]=47&data[CFOCSOP]=&data[CCSOP]=&data[chk_ujdonsag]=on\">Újdonságainkat megtekintheti ide kattintva!</a>','&nbsp;','2012-11-08 08:54:54','','ujdonsag',2.00,'/ujdonsag/beepitheto_zuhanyajto_790-910_mm--22.011/'),(46,'2015-01-01','2100-01-01','Hogyan juthatok azonnal 5% kedvezményhez?','Igényeljen törzsvásárlói kártyát nálunk, amivel nemcsak 5% kedvezményt kap teljes termékkínálatunkból és elsõként értesül akcióinkról, hanem félévente akár 100.000 forintos ajándékutalványt is nyerhet.','&nbsp;','2011-02-04 14:12:26','','ujdonsag',2.00,'/index.php?data[mid]=71'),(51,'2015-01-01','2100-01-01','Outlet<BR/>zuhanykabinok akár 50% kevezménnyel','Kifutó modellek és szépséghibás termékek hatalmas kedvezménnyel!',NULL,'2011-02-04 13:33:02','hun',NULL,2.00,'/Outlet/'),(52,'2015-01-15','2015-02-04','Ajánlott akciós termék','<strike>173.990Ft</strike> helyett <strong>151.990Ft</strong>\n<br><br>2015. január 15.- 02.04.-ig',NULL,'2015-01-14 16:58:37','hun',NULL,2.00,'/hidromasszazs_zuhanykabin_elektonikaval_135x85_cm--22.8011-135/#panel-1'),(53,'2015-06-01','2015-06-30','Akciós termékek','<a href=\"/index.php?data[mid]=47&data[CFOCSOP]=&data[chk_akcios]=on&data[CCSOP]=\">Teljes akciós kínálatunkat megtekintheti ide kattintva!</a>',' ','2015-01-12 11:21:39','','ujdonsag',2.00,'/akcios/uveghatfalas_zuhanykabin_teto_nelkul_90x90x200--22.1762A/'),(54,'2015-06-15','2015-07-03','Akciós termékek','<a href=\"/index.php?data[mid]=47&data[CFOCSOP]=&data[chk_akcios]=on&data[CCSOP]=\">Teljes akciós kínálatunkat megtekintheti ide kattintva!</a>',' ','2015-01-12 11:21:39','','ujdonsag',2.00,'/akcios/--22.26/'),(56,'2015-07-06','2015-07-24','Exkluzív zuhanykabin tálcával','<a href=\"/index.php?data[mid]=47&data[CFOCSOP]=&data[chk_akcios]=on&data[CCSOP]=\">Teljes akciós kínálatunkat megtekintheti ide kattintva!</a>',' ','2015-01-12 11:21:39','','ujdonsag',2.00,'/ujdonsag/negyedkorives_zuhanykabin_talcaval_90x90x200--22.121 BERLIN/'),(55,'2015-06-15','2015-07-03','Akciós termékek','<a href=\"/index.php?data[mid]=47&data[CFOCSOP]=&data[chk_akcios]=on&data[CCSOP]=\">Teljes akciós kínálatunkat megtekintheti ide kattintva!</a>',' ','2015-01-12 11:21:39','','ujdonsag',2.00,'/ujdonsag/beepitheto_zuhanyajto_900-904_mm--22.13/'),(57,'2015-07-06','2015-07-24','Exkluzív zuhanykabin tálcával','<a href=\"/index.php?data[mid]=47&data[CFOCSOP]=&data[chk_akcios]=on&data[CCSOP]=\">Teljes akciós kínálatunkat megtekintheti ide kattintva!</a>',' ','2015-01-12 11:21:39','','ujdonsag',2.00,'/ujdonsag/szogletes_zuhanykabin_talcaval_90x90x200--22.122 HAMBURG/'),(58,'2015-07-06','2015-07-24','Exkluzív zuhanykabin tálcával','<a href=\"/index.php?data[mid]=47&data[CFOCSOP]=&data[chk_akcios]=on&data[CCSOP]=\">Teljes akciós kínálatunkat megtekintheti ide kattintva!</a>',' ','2015-01-12 11:21:39','','ujdonsag',2.00,'/ujdonsag/negyedkorives_zuhanykabin_talcaval_90x90x200--22.150 MUNCHEN/'),(59,'2015-07-06','2015-07-24','Exkluzív zuhanykabin tálcával','<a href=\"/index.php?data[mid]=47&data[CFOCSOP]=&data[chk_akcios]=on&data[CCSOP]=\">Teljes akciós kínálatunkat megtekintheti ide kattintva!</a>',' ','2015-01-12 11:21:39','','ujdonsag',2.00,'/ujdonsag/negyedkorives_zuhanykabin_talcaval_90x90x200_balos--22.152 KOLN LEFT/'),(60,'2015-07-06','2015-07-24','Exkluzív zuhanykabin tálcával','<a href=\"/index.php?data[mid]=47&data[CFOCSOP]=&data[chk_akcios]=on&data[CCSOP]=\">Teljes akciós kínálatunkat megtekintheti ide kattintva!</a>',' ','2015-01-12 11:21:39','','ujdonsag',2.00,'/ujdonsag/negyedkorives_zuhanykabin_talcaval_90x90x200_jobbos--22.152 KOLN RIGHT/'),(61,'2015-07-27','2015-08-17','DELTA csaptelep család akció!\n\nAkár 50% kedvezménnyel!','',NULL,'2011-02-04 13:33:02','hun',NULL,2.00,'/index.php?data[mid]=47&data[what]=delta'),(62,'2015-07-27','2015-08-17','Akciós termékek','<a href=\"/index.php?data[mid]=47&data[CFOCSOP]=&data[chk_akcios]=on&data[CCSOP]=\">Teljes akciós kínálatunkat megtekintheti ide kattintva!</a>',NULL,'2011-02-04 13:33:02','hun',NULL,2.00,'/negyedkorives_zuhanykabin_csikos_uveggel_90x90x200cm--22.1502/4/'),(63,'2015-07-27','2015-08-17','Akciós termékek','<a href=\"/index.php?data[mid]=47&data[CFOCSOP]=&data[chk_akcios]=on&data[CCSOP]=\">Teljes akciós kínálatunkat megtekintheti ide kattintva!</a>',NULL,'2011-02-04 13:33:02','hun',NULL,2.00,'/elektronikas_hidromasszazs_zuhanykabin_90x90_cm--22.8021-1/2/'),(64,'2015-08-31','2015-09-21','Akciós termékek','<a href=\"/index.php?data[mid]=47&data[CFOCSOP]=&data[chk_akcios]=on&data[CCSOP]=\">Teljes akciós kínálatunkat megtekintheti ide kattintva!</a>',NULL,'2011-02-04 13:33:02','hun',NULL,2.00,'/downloads/8707akcio_20150826_kisker.pdf'),(66,'2015-09-21','2015-10-21','Akciós termékek','<a href=\"/index.php?data[mid]=47&data[CFOCSOP]=&data[chk_akcios]=on&data[CCSOP]=\">Teljes akciós kínálatunkat megtekintheti ide kattintva!</a>',NULL,'2011-02-04 13:33:02','hun',NULL,2.00,'/akcios/hidromasszazs_zuhanykabin_uveg_hatfallal_90x90x215--22.8021%20WHITE/2/'),(65,'2015-08-31','2015-09-21','Akciós termékek','<a href=\"/index.php?data[mid]=47&data[CFOCSOP]=&data[chk_akcios]=on&data[CCSOP]=\">Teljes akciós kínálatunkat megtekintheti ide kattintva!</a>',NULL,'2011-02-04 13:33:02','hun',NULL,2.00,'/downloads/konyhai_zuhany_csapakcio_20150831_kisker_001.jpg'),(67,'2015-09-21','2015-10-21','Akciós termékek','<a href=\"/index.php?data[mid]=47&data[CFOCSOP]=&data[chk_akcios]=on&data[CCSOP]=\">Teljes akciós kínálatunkat megtekintheti ide kattintva!</a>',NULL,'2011-02-04 13:33:02','hun',NULL,2.00,'/akcios/fekete_hatfaluveges_zuhanykabin_elektronikaval_90x90x220--22.1020B/3/'),(68,'2015-09-21','2015-10-21','Akciós termékek','<a href=\"/index.php?data[mid]=47&data[CFOCSOP]=&data[chk_akcios]=on&data[CCSOP]=\">Teljes akciós kínálatunkat megtekintheti ide kattintva!</a>',NULL,'2011-02-04 13:33:02','hun',NULL,2.00,'/ujdonsag/beepitheto_zuhanyajto_900-904_mm--22.13/'),(69,'2015-10-22','2015-11-20','Akciós termékek','<a href=\"/index.php?data[mid]=47&data[CFOCSOP]=&data[chk_akcios]=on&data[CCSOP]=\">Teljes akciós kínálatunkat megtekintheti ide kattintva!</a>',NULL,'2011-02-04 13:33:02','hun',NULL,2.00,'/akcios/hidromasszazs_zuhanykabin_elektronikaval_100x100_cm--22.732-2/'),(70,'2015-10-22','2015-11-20','Akciós termékek','<a href=\"/index.php?data[mid]=47&data[CFOCSOP]=&data[chk_akcios]=on&data[CCSOP]=\">Teljes akciós kínálatunkat megtekintheti ide kattintva!</a>',NULL,'2011-02-04 13:33:02','hun',NULL,2.00,'/akcios/beepitheto_zuhanyajto_900-904_mm--22.13/'),(71,'2016-01-11','2016-01-31','Akciós termékek','<a href=\"/index.php?data[mid]=47&data[CFOCSOP]=&data[chk_akcios]=on&data[CCSOP]=\">Teljes akciós kínálatunkat megtekintheti ide kattintva!</a>',NULL,'2016-01-10 23:00:00','hun',NULL,2.00,'/hidromasszazs_zuhanykabin_elektonikaval_135x85_cm--22.8011-135/'),(72,'2016-01-22','2016-02-20','Akciós termékek','<a href=\"/index.php?data[mid]=47&data[CFOCSOP]=&data[chk_akcios]=on&data[CCSOP]=\">Teljes akciós kínálatunkat megtekintheti ide kattintva!</a>',NULL,'2016-01-10 23:00:00','hun',NULL,2.00,'/fekete_uveghatfalas_hidromasszazs_zuhanykabin_90x90x215--22.1058 BLACK/3/'),(73,'2016-01-22','2016-02-20','Akciós termékek','<a href=\"/index.php?data[mid]=47&data[CFOCSOP]=&data[chk_akcios]=on&data[CCSOP]=\">Teljes akciós kínálatunkat megtekintheti ide kattintva!</a>',NULL,'2016-01-10 23:00:00','hun',NULL,2.00,'/feher_uveghatfalas_hidromasszazs_zuhanykabin_90x90x215--22.1058 WHITE/3/'),(74,'2016-01-22','2016-02-20','Akciós termékek','<a href=\"/index.php?data[mid]=47&data[CFOCSOP]=&data[chk_akcios]=on&data[CCSOP]=\">Teljes akciós kínálatunkat megtekintheti ide kattintva!</a>',NULL,'2016-01-10 23:00:00','hun',NULL,2.00,'/hidromasszazs_zuhanykabin_uveg_hatfallal_90x90x210--22.180/5/'),(75,'2016-01-22','2016-02-20','Akciós termékek','<a href=\"/index.php?data[mid]=47&data[CFOCSOP]=&data[chk_akcios]=on&data[CCSOP]=\">Teljes akciós kínálatunkat megtekintheti ide kattintva!</a>',NULL,'2016-01-10 23:00:00','hun',NULL,2.00,'/negyedkorives_melytalcas_zuhanykabin_90x90x205--22.44.5/4/'),(76,'2015-01-01','2016-03-21','Akciós termékek','<a href=\"/index.php?data[mid]=47&data[CFOCSOP]=&data[chk_akcios]=on&data[CCSOP]=\">Teljes akciós kínálatunkat megtekintheti ide kattintva!</a>',NULL,'2016-03-01 09:29:06','hun',NULL,2.00,'/hidromasszazs_zuhanykabin_feher_hatfallal_90x90x215--22.1032/3/'),(77,'2015-01-01','2016-03-21','Akciós termékek','<a href=\"/index.php?data[mid]=47&data[CFOCSOP]=&data[chk_akcios]=on&data[CCSOP]=\">Teljes akciós kínálatunkat megtekintheti ide kattintva!</a>',NULL,'2016-03-01 09:29:06','hun',NULL,2.00,'/hidromasszazs_zuhanykabin_uveg_hatfallal_90x90x215--22.8021%20BLACK/2/'),(78,'2015-01-01','2016-03-21','Akciós termékek','<a href=\"/index.php?data[mid]=47&data[CFOCSOP]=&data[chk_akcios]=on&data[CCSOP]=\">Teljes akciós kínálatunkat megtekintheti ide kattintva!</a>',NULL,'2016-03-01 09:29:06','hun',NULL,2.00,'/akcios/hidromasszazs_zuhanykabin_uveg_hatfallal_90x90x215--22.8021%20WHITE/2/'),(79,'2015-01-01','2016-03-21','Akciós termékek','<a href=\"/index.php?data[mid]=47&data[CFOCSOP]=&data[chk_akcios]=on&data[CCSOP]=\">Teljes akciós kínálatunkat megtekintheti ide kattintva!</a>',NULL,'2016-03-01 09:29:06','hun',NULL,2.00,'/elektronikas_hidromasszazs_zuhanykabin_90x90_cm--22.8021-1%20BLACK/2/'),(80,'2015-01-01','2016-03-21','Akciós termékek','<a href=\"/index.php?data[mid]=47&data[CFOCSOP]=&data[chk_akcios]=on&data[CCSOP]=\">Teljes akciós kínálatunkat megtekintheti ide kattintva!</a>',NULL,'2016-03-01 09:29:06','hun',NULL,2.00,'/elektronikas_hidromasszazs_zuhanykabin_90x90_cm--22.8021-1/2/'),(81,'2015-01-01','2016-04-11','Akciós termékek','<a href=\"/index.php?data[mid]=47&data[CFOCSOP]=&data[chk_akcios]=on&data[CCSOP]=\">Teljes akciós kínálatunkat megtekintheti ide kattintva!</a>',NULL,'2016-03-01 09:29:06','hun',NULL,2.00,'/zuhanykabin_viztiszta_uveggel_feher_90x90x200--22.1502W%20LIGHT/'),(82,'2015-01-01','2016-04-11','Akciós termékek','<a href=\"/index.php?data[mid]=47&data[CFOCSOP]=&data[chk_akcios]=on&data[CCSOP]=\">Teljes akciós kínálatunkat megtekintheti ide kattintva!</a>',NULL,'2016-03-01 09:29:06','hun',NULL,2.00,'/szogletes_zuhanykabin_atlatszo_uveggel_90x90x200_cm--22.1512/3/');

--
-- Table structure for table `newsletter_articles`
--

CREATE TABLE `newsletter_articles` (
  `id` bigint(20) unsigned NOT NULL AUTO_INCREMENT,
  `newsletter_id` bigint(20) DEFAULT NULL,
  `title` varchar(255) DEFAULT NULL,
  `lead` mediumtext,
  `link` varchar(255) DEFAULT NULL,
  `article_position` varchar(10) DEFAULT NULL,
  `article_order` float DEFAULT '100',
  PRIMARY KEY (`id`)
) ENGINE=MyISAM AUTO_INCREMENT=29 DEFAULT CHARSET=latin1;

--
-- Dumping data for table `newsletter_articles`
--

INSERT INTO `newsletter_articles` VALUES (20,1,'Cégismertetõ','- Cégünk elsõsorban úszómedencék, kerti medencék építésével foglalkozik. Kívánság szerinti formában, és élményelemekkel (világítás, helyben úszó berendezés, pezsgõ, masszázs, automatika). A medencetest lehet betonszerkezetû fóliás, vagy csempe burkolat.  \r\n- Kiemelten kezeljük meglévõ és leendõ ügyfeleinket. Elvégezzük a tavaszi beüzemeléseket, és a téli leállásokat is.\r\n- Havi és heti alkalmas karbantartási szerzõdésünk van, amely lehetõvé teszi, hogy a medencének csak a jó oldalait élvezzük\r\n- Webáruházunkban (www.selectkft.hu) elérhetõ az összes vegyszer, kellékanyag, ami a úszómedence üzemeltetéséhez szükséges.\r\n- Vállaljuk továbbá meglévõ elhanyagolt, korszerûtlen medencék felújítását is.','http://www.selectkft.hu','main',1);

--
-- Table structure for table `newsletters`
--

CREATE TABLE `newsletters` (
  `id` bigint(20) unsigned NOT NULL AUTO_INCREMENT,
  `company_id` bigint(20) DEFAULT '1',
  `user_id` bigint(20) DEFAULT NULL,
  `name` varchar(255) DEFAULT NULL,
  `create_date` varchar(255) DEFAULT NULL,
  `template` int(11) DEFAULT NULL,
  `description` mediumtext,
  `lead_1` mediumtext,
  `sent` varchar(255) DEFAULT NULL,
  PRIMARY KEY (`id`)
) ENGINE=MyISAM AUTO_INCREMENT=11 DEFAULT CHARSET=latin1;

--
-- Dumping data for table `newsletters`
--

INSERT INTO `newsletters` VALUES (7,1,11,'Hírlevél - 2011.08.09','1312881818',3,'Ide írja be a címet...','<p><span style=\"font-size: 28px;\"><strong>Tisztelt Tõrzsv&aacute;s&aacute;rl&oacute;ink !</strong></span></p>',NULL),(2,1,8,'Hírlevél - 2011.01.23','1295789554',3,'Új levél','<p style=\"text-align: justify;\"><a href=\"http://www.goal.com/en-gb/teams/england/96/chelsea\">Chelsea</a>\'s new signing&nbsp;<a href=\"http://www.goal.com/en-gb/people/brazil/15706/david-luiz\">David Luiz</a>&nbsp;says he does not expect to walk straight into the starting line-up after his &pound;21 million move from&nbsp;<a href=\"http://www.goal.com/en-gb/teams/portugal/362/benfica\">Benfica</a>.<br /><br />Luiz was one of the most sought after defenders in European football and Chelsea only wrapped up a drawn out transfer deal at the end of the January window, but the Brazilian international is expecting a fight to get into the team.</p>',NULL),(4,0,8,'Hírlevél - 2011.02.07','1297082647',3,'Ide írja be a címet...',NULL,NULL),(5,1,1,'Hírlevél - 2011.02.07','1297083028',3,'Ide írja be a címet...','<p>sdgdsagads</p>',NULL),(6,1,1,'Elsõ hírlevelünk','1299834953',3,'A cím ide fog kerülni','<p style=\"text-align: justify;\">A f&uuml;rdõszoba m&aacute;ra nem csak a tiszt&aacute;lkod&aacute;s lehetõs&eacute;g&eacute;t jelenti a lak&aacute;sban, hanem - az &uacute;j ig&eacute;nyek egyre komfortosabb kiszolg&aacute;l&aacute;s&aacute;val, valamint a csaptelepek, zuhanykabinok, hidromassz&aacute;zs kabinok &eacute;s k&aacute;dak, valamint a gõzkabinok eszt&eacute;tikus &eacute;s k&uuml;l&ouml;nb&ouml;zõ st&iacute;lusokhoz igazod&oacute; kialak&iacute;t&aacute;s&aacute;val - egyre ink&aacute;bb a relax&aacute;l&aacute;s, kikapcsol&oacute;d&aacute;s &eacute;s ellazul&aacute;s helysz&iacute;n&eacute;v&eacute; kezd v&aacute;lni.</p>\r\n<p style=\"text-align: justify;\">Ezen &uacute;j trend tal&aacute;n legink&aacute;bb szembetûnõ elemei a hidromassz&aacute;zs &eacute;s gõzkabinok, valamint hidromassz&aacute;zs k&aacute;dak. Kiemelt jelentõs&eacute;gû a design &eacute;s st&iacute;lus, hiszen ha megvessz&uuml;k a zuhanykabinunkat vagy k&aacute;dunkat, azt nem csak haszn&aacute;lni fogjuk, hanem gy&ouml;ny&ouml;rk&ouml;dni is szeretn&eacute;nk a kialak&iacute;t&aacute;sukban, &iacute;gy illeszkedni&uuml;k kell a helyis&eacute;g, illetve a lak&aacute;s hangulat&aacute;hoz.</p>\r\n<p style=\"text-align: justify;\">A Sanimix Kft. egyed&uuml;l&aacute;ll&oacute; v&aacute;laszt&eacute;ka &eacute;s szak&eacute;rtelme csaptelepek, zuhanykabinok, hidromassz&aacute;zs kabinok, valamint gõzkabinok ter&eacute;n biztos&iacute;t&eacute;k arra, hogy nem csak hasznos &eacute;s &eacute;lvezetes, hanem eszt&eacute;tikus term&eacute;ket is v&aacute;s&aacute;roljon, mely &eacute;kk&ouml;ve lehet a f&uuml;rdõszob&aacute;j&aacute;nak, sõt, az eg&eacute;sz lak&aacute;s&aacute;nak. Egy &uacute;j zuhanykabinnal &aacute;talak&iacute;thatja f&uuml;rdõszob&aacute;j&aacute;nak hangulat&aacute;t!</p>\r\n<div style=\"text-align: justify;\"></div>',NULL),(8,1,11,'Ennyire olcsón csaptelepet ?  2011.09.19','1316432039',3,'Ennyire olcsón csaptelepet ?','<p>&nbsp;</p>\r\n<p><span style=\"color: #000000;\"><strong><span style=\"font-size: 28px;\">Kedves&nbsp;T&ouml;rzsv&aacute;s&aacute;rl&oacute;nk !</span></strong></span></p>\r\n<p><span style=\"font-size: 18px;\"><span style=\"color: #000000;\"><span style=\"font-size: 28px;\">&nbsp;</span></span></span>Van nyaral&oacute;ja, vagy mûhelye, vagy olyan mell&eacute;k &eacute;p&uuml;lete ahova sajn&aacute;l dr&aacute;ga csaptelepet v&aacute;s&aacute;rolni? ( sõt el is lophatj&aacute;k )</p>\r\n<p>&nbsp;&nbsp;&nbsp;Ebben az esetben most seg&iacute;thetek ...&nbsp;&nbsp;&nbsp; Fel&uacute;j&iacute;tott, lepr&oacute;b&aacute;lt csaptelepek most :</p>\r\n<p>&nbsp;</p>\r\n<p>&nbsp;&nbsp;&nbsp;&nbsp;&nbsp;&nbsp;&nbsp;&nbsp;&nbsp;&nbsp;&nbsp;&nbsp;&nbsp;&nbsp;&nbsp;&nbsp;&nbsp;&nbsp;&nbsp;&nbsp;&nbsp;&nbsp;&nbsp;&nbsp;&nbsp;&nbsp;&nbsp;&nbsp;&nbsp;&nbsp;&nbsp;&nbsp;&nbsp;&nbsp;&nbsp;&nbsp;&nbsp;&nbsp;&nbsp;&nbsp;&nbsp;&nbsp;&nbsp;&nbsp;&nbsp;&nbsp;&nbsp;&nbsp;<span style=\"font-size: 36px;\">&nbsp;&nbsp; <strong><span style=\"color: #ff0000;\">1</span><span style=\"color: #ff0000;\"><span style=\"color: #ff0000;\">.490,- Ft/db</span>&nbsp;</span><span style=\"font-size: 18px;\"><span style=\"color: #000000;\"><span style=\"font-size: 14px;\"> am&iacute;g a k&eacute;szlet tart.</span></span></span></strong></span></p>\r\n<p><span style=\"font-size: 36px;\"><strong><span style=\"font-size: 18px;\"><span style=\"color: #000000;\"></span></span></strong></span></p>\r\n<p><span style=\"font-size: 36px;\"><strong><span style=\"font-size: 18px;\"><span style=\"color: #000000;\"></span></span></strong></span></p>\r\n<p><span style=\"font-size: 36px;\"><strong><span style=\"font-size: 18px;\"><span style=\"color: #000000;\"><span style=\"font-size: 14px;\">R&eacute;szletek a facebook oldalunkon vagy szem&eacute;lyesen : Fajta Zsolt 06-30-382-7439</span></span></span></strong></span></p>',NULL),(10,1,11,'Karácsonyi Üdvözlet !','1324381069',3,'Karácsonyi Üdvözlet','<p><strong><span style=\"font-size: 14px;\">Kedves T&ouml;rzsv&aacute;s&aacute;rl&oacute;nk !</span></strong></p>\r\n<p><strong><span style=\"font-size: 18px;\">Kellemes &Uuml;nnepeket &eacute;s Boldog &Uacute;j Esztendõt K&iacute;v&aacute;nunk !</span></strong></p>\r\n<p><strong><span style=\"font-size: 18px;\"><a href=\"http://www.sanimix.hu\">www.sanimix.hu</a></span></strong></p>\r\n<p><strong></strong></p>\r\n<p><strong></strong></p>\r\n<p><strong></strong></p>',NULL);

--
-- Table structure for table `newsletters_outbound`
--

CREATE TABLE `newsletters_outbound` (
  `company_id` bigint(20) DEFAULT NULL,
  `newsletter_id` bigint(20) NOT NULL DEFAULT '0',
  `email_id` bigint(20) NOT NULL DEFAULT '0',
  `send_from` varchar(10) DEFAULT NULL,
  PRIMARY KEY (`newsletter_id`,`email_id`)
) ENGINE=MyISAM DEFAULT CHARSET=latin1;

--
-- Dumping data for table `newsletters_outbound`
--

INSERT INTO `newsletters_outbound` VALUES (1,10,582,'0'),(1,10,40,'0'),(1,10,780,'0'),(1,10,737,'0'),(1,10,335,'0'),(1,10,47,'0'),(1,10,160,'0'),(1,10,165,'0'),(1,10,662,'0'),(1,10,249,'0'),(1,10,593,'0'),(1,10,272,'0'),(1,10,443,'0'),(1,10,105,'0'),(1,10,395,'0'),(1,10,447,'0'),(1,10,156,'0'),(1,10,461,'0'),(1,10,693,'0'),(1,10,192,'0'),(1,10,430,'0'),(1,10,515,'0'),(1,10,739,'0'),(1,10,717,'0'),(1,10,95,'0'),(1,10,699,'0'),(1,10,602,'0'),(1,10,727,'0'),(1,10,697,'0'),(1,10,774,'0'),(1,10,750,'0'),(1,10,762,'0'),(1,10,553,'0'),(1,10,330,'0'),(1,10,624,'0'),(1,10,467,'0'),(1,10,558,'0'),(1,10,370,'0'),(1,10,36,'0'),(1,10,107,'0'),(1,10,704,'0'),(1,10,154,'0'),(1,10,197,'0'),(1,10,716,'0'),(1,10,143,'0'),(1,10,373,'0'),(1,10,355,'0'),(1,10,644,'0'),(1,10,787,'0'),(1,10,386,'0'),(1,10,712,'0'),(1,10,745,'0'),(1,10,106,'0'),(1,10,247,'0'),(1,10,52,'0'),(1,10,15,'0'),(1,10,456,'0'),(1,10,743,'0'),(1,10,628,'0'),(1,10,649,'0'),(1,10,665,'0'),(1,10,764,'0'),(1,10,208,'0'),(1,10,688,'0'),(1,10,123,'0'),(1,10,24,'0'),(1,10,781,'0'),(1,10,94,'0'),(1,10,740,'0'),(1,10,41,'0'),(1,10,520,'0'),(1,10,6,'0'),(1,10,97,'0'),(1,10,322,'0'),(1,10,361,'0'),(1,10,116,'0'),(1,10,213,'0'),(1,10,61,'0'),(1,10,756,'0'),(1,10,392,'0'),(1,10,694,'0'),(1,10,376,'0'),(1,10,402,'0'),(1,10,485,'0'),(1,10,351,'0'),(1,10,345,'0'),(1,10,122,'0'),(1,10,588,'0'),(1,10,426,'0'),(1,10,275,'0'),(1,10,304,'0'),(1,10,46,'0'),(1,10,64,'0'),(1,10,561,'0'),(1,10,273,'0'),(1,10,30,'0'),(1,10,686,'0'),(1,10,642,'0'),(1,10,45,'0'),(1,10,311,'0'),(1,10,388,'0'),(1,10,730,'0'),(1,10,746,'0'),(1,10,521,'0'),(1,10,670,'0'),(1,10,574,'0'),(1,10,310,'0'),(1,10,31,'0'),(1,10,444,'0'),(1,10,191,'0'),(1,10,679,'0'),(1,10,562,'0'),(1,10,336,'0'),(1,10,246,'0'),(1,10,163,'0'),(1,10,66,'0'),(1,10,429,'0'),(1,10,258,'0'),(1,10,43,'0'),(1,10,318,'0'),(1,10,566,'0'),(1,10,389,'0'),(1,10,212,'0'),(1,10,140,'0'),(1,10,1,'0'),(1,10,152,'0'),(1,10,270,'0'),(1,10,660,'0'),(1,10,237,'0'),(1,10,609,'0'),(1,10,734,'0'),(1,10,259,'0'),(1,10,592,'0'),(1,10,281,'0'),(1,10,598,'0'),(1,10,307,'0'),(1,10,360,'0'),(1,10,121,'0'),(1,10,385,'0'),(1,10,719,'0'),(1,10,614,'0'),(1,10,524,'0'),(1,10,610,'0'),(1,10,25,'0'),(1,10,495,'0'),(1,10,354,'0'),(1,10,37,'0'),(1,10,343,'0'),(1,10,348,'0'),(1,10,371,'0'),(1,10,77,'0'),(1,10,294,'0'),(1,10,635,'0'),(1,10,100,'0'),(1,10,44,'0'),(1,10,604,'0'),(1,10,535,'0'),(1,10,314,'0'),(1,10,462,'0'),(1,10,769,'0'),(1,10,631,'0'),(1,10,375,'0'),(1,10,306,'0'),(1,10,724,'0'),(1,10,149,'0'),(1,10,12,'0'),(1,10,675,'0'),(1,10,150,'0'),(1,10,3,'0'),(1,10,104,'0'),(1,10,782,'0'),(1,10,79,'0'),(1,10,51,'0'),(1,10,471,'0'),(1,10,289,'0'),(1,10,790,'0'),(1,10,517,'0'),(1,10,611,'0'),(1,10,729,'0'),(1,10,633,'0'),(1,10,117,'0'),(1,10,632,'0'),(1,10,531,'0'),(1,10,112,'0'),(1,10,676,'0'),(1,10,38,'0'),(1,10,101,'0'),(1,10,674,'0'),(1,10,458,'0'),(1,10,59,'0'),(1,10,591,'0'),(1,10,784,'0'),(1,10,545,'0'),(1,10,700,'0'),(1,10,659,'0'),(1,10,148,'0'),(1,10,70,'0'),(1,10,664,'0'),(1,10,381,'0'),(1,10,791,'0'),(1,10,639,'0'),(1,10,356,'0'),(1,10,132,'0'),(1,10,666,'0'),(1,10,341,'0'),(1,10,384,'0'),(1,10,227,'0'),(1,10,382,'0'),(1,10,269,'0'),(1,10,603,'0'),(1,10,627,'0'),(1,10,691,'0'),(1,10,86,'0'),(1,10,758,'0'),(1,10,114,'0'),(1,10,221,'0'),(1,10,118,'0'),(1,10,398,'0'),(1,10,194,'0'),(1,10,640,'0'),(1,10,369,'0'),(1,10,403,'0'),(1,10,773,'0'),(1,10,410,'0'),(1,10,328,'0'),(1,10,54,'0'),(1,10,62,'0'),(1,10,440,'0'),(1,10,316,'0'),(1,10,760,'0'),(1,10,766,'0'),(1,10,636,'0'),(1,10,681,'0'),(1,10,626,'0'),(1,10,300,'0'),(1,10,692,'0'),(1,10,513,'0'),(1,10,131,'0'),(1,10,706,'0'),(1,10,594,'0'),(1,10,455,'0'),(1,10,2,'0'),(1,10,56,'0'),(1,10,146,'0'),(1,10,23,'0'),(1,10,496,'0'),(1,10,295,'0'),(1,10,260,'0'),(1,10,534,'0'),(1,10,119,'0'),(1,10,512,'0'),(1,10,250,'0'),(1,10,167,'0'),(1,10,18,'0'),(1,10,142,'0'),(1,10,643,'0'),(1,10,494,'0'),(1,10,442,'0'),(1,10,459,'0'),(1,10,629,'0'),(1,10,504,'0'),(1,10,567,'0'),(1,10,359,'0'),(1,10,7,'0'),(1,10,5,'0'),(1,10,425,'0'),(1,10,193,'0'),(1,10,400,'0'),(1,10,605,'0'),(1,10,484,'0'),(1,10,595,'0'),(1,10,711,'0'),(1,10,601,'0'),(1,10,668,'0'),(1,10,540,'0'),(1,10,748,'0'),(1,10,401,'0'),(1,10,477,'0'),(1,10,420,'0'),(1,10,472,'0'),(1,10,230,'0'),(1,10,481,'0'),(1,10,565,'0'),(1,10,124,'0'),(1,10,251,'0'),(1,10,326,'0'),(1,10,680,'0'),(1,10,166,'0'),(1,10,133,'0'),(1,10,645,'0'),(1,10,340,'0'),(1,10,518,'0'),(1,10,482,'0'),(1,10,648,'0'),(1,10,240,'0'),(1,10,508,'0'),(1,10,449,'0'),(1,10,797,'0'),(1,10,71,'0'),(1,10,493,'0'),(1,10,579,'0'),(1,10,752,'0'),(1,10,749,'0'),(1,10,683,'0'),(1,10,689,'0'),(1,10,637,'0'),(1,10,511,'0'),(1,10,770,'0'),(1,10,145,'0'),(1,10,274,'0'),(1,10,83,'0'),(1,10,141,'0'),(1,10,537,'0'),(1,10,792,'0'),(1,10,492,'0'),(1,10,372,'0'),(1,10,291,'0'),(1,10,206,'0'),(1,10,32,'0'),(1,10,414,'0'),(1,10,427,'0'),(1,10,596,'0'),(1,10,168,'0'),(1,10,796,'0'),(1,10,202,'0'),(1,10,597,'0'),(1,10,217,'0'),(1,10,144,'0'),(1,10,393,'0'),(1,10,262,'0'),(1,10,81,'0'),(1,10,530,'0'),(1,10,488,'0'),(1,10,253,'0'),(1,10,722,'0'),(1,10,378,'0'),(1,10,75,'0'),(1,10,74,'0'),(1,10,539,'0'),(1,10,147,'0'),(1,10,586,'0'),(1,10,210,'0'),(1,10,434,'0'),(1,10,641,'0'),(1,10,397,'0'),(1,10,767,'0'),(1,10,744,'0'),(1,10,753,'0'),(1,10,35,'0'),(1,10,231,'0'),(1,10,677,'0'),(1,10,268,'0'),(1,10,195,'0'),(1,10,111,'0'),(1,10,620,'0'),(1,10,69,'0'),(1,10,768,'0'),(1,10,463,'0'),(1,10,578,'0'),(1,10,126,'0'),(1,10,533,'0'),(1,10,19,'0'),(1,10,437,'0'),(1,10,267,'0'),(1,10,501,'0'),(1,10,63,'0'),(1,10,625,'0'),(1,10,76,'0'),(1,10,102,'0'),(1,10,718,'0'),(1,10,292,'0'),(1,10,552,'0'),(1,10,765,'0'),(1,10,109,'0'),(1,10,236,'0'),(1,10,634,'0'),(1,10,215,'0'),(1,10,367,'0'),(1,10,120,'0'),(1,10,673,'0'),(1,10,785,'0'),(1,10,313,'0'),(1,10,396,'0'),(1,10,542,'0'),(1,10,600,'0'),(1,10,583,'0'),(1,10,234,'0'),(1,10,293,'0'),(1,10,20,'0'),(1,10,178,'0'),(1,10,608,'0'),(1,10,795,'0'),(1,10,736,'0'),(1,10,480,'0'),(1,10,9,'0'),(1,10,409,'0'),(1,10,320,'0'),(1,10,91,'0'),(1,10,138,'0'),(1,10,128,'0'),(1,10,589,'0'),(1,10,219,'0'),(1,10,309,'0'),(1,10,525,'0'),(1,10,441,'0'),(1,10,11,'0'),(1,10,283,'0'),(1,10,439,'0'),(1,10,60,'0'),(1,10,139,'0'),(1,10,26,'0'),(1,10,448,'0'),(1,10,587,'0'),(1,10,733,'0'),(1,10,556,'0'),(1,10,390,'0'),(1,10,78,'0'),(1,10,82,'0'),(1,10,239,'0'),(1,10,325,'0'),(1,10,707,'0'),(1,10,277,'0'),(1,10,87,'0'),(1,10,34,'0'),(1,10,476,'0'),(1,10,13,'0'),(1,10,497,'0'),(1,10,577,'0'),(1,10,312,'0'),(1,10,136,'0'),(1,10,559,'0'),(1,10,555,'0'),(1,10,48,'0'),(1,10,687,'0'),(1,10,130,'0'),(1,10,55,'0'),(1,10,127,'0'),(1,10,21,'0'),(1,10,696,'0'),(1,10,50,'0'),(1,10,671,'0'),(1,10,536,'0'),(1,10,243,'0'),(1,10,377,'0'),(1,10,244,'0'),(1,10,65,'0'),(1,10,297,'0'),(1,10,338,'0'),(1,10,436,'0'),(1,10,296,'0'),(1,10,487,'0'),(1,10,599,'0'),(1,10,17,'0'),(1,10,415,'0'),(1,10,678,'0'),(1,10,564,'0'),(1,10,113,'0'),(1,10,573,'0'),(1,10,658,'0'),(1,10,690,'0'),(1,10,134,'0'),(1,10,772,'0'),(1,10,220,'0'),(1,10,507,'0'),(1,10,280,'0'),(1,10,125,'0'),(1,10,413,'0'),(1,10,90,'0'),(1,10,108,'0'),(1,10,299,'0'),(1,10,151,'0'),(1,10,222,'0'),(1,10,669,'0'),(1,10,42,'0'),(1,10,647,'0'),(1,10,155,'0'),(1,10,67,'0'),(1,10,464,'0'),(1,10,196,'0'),(1,10,342,'0'),(1,10,73,'0'),(1,10,153,'0'),(1,10,720,'0'),(1,10,569,'0'),(1,10,551,'0'),(1,10,526,'0'),(1,10,89,'0'),(1,10,135,'0'),(1,10,137,'0'),(1,10,357,'0'),(1,10,49,'0'),(1,10,684,'0'),(1,10,29,'0'),(1,10,209,'0'),(1,10,92,'0'),(1,10,16,'0'),(1,10,613,'0'),(1,10,28,'0'),(1,10,264,'0'),(1,10,794,'0'),(1,10,10,'0'),(1,10,315,'0'),(1,10,705,'0'),(1,10,754,'0'),(1,10,204,'0'),(1,10,332,'0'),(1,10,682,'0'),(1,10,248,'0'),(1,10,510,'0'),(1,10,755,'0'),(1,10,265,'0'),(1,10,266,'0'),(1,10,365,'0'),(1,10,446,'0'),(1,10,88,'0'),(1,10,584,'0'),(1,10,607,'0'),(1,10,715,'0'),(1,10,538,'0'),(1,10,329,'0'),(1,10,514,'0'),(1,10,776,'0'),(1,10,523,'0'),(1,10,33,'0'),(1,10,301,'0'),(1,10,541,'0'),(1,10,638,'0'),(1,10,568,'0'),(1,10,387,'0'),(1,10,14,'0'),(1,10,288,'0'),(1,10,358,'0'),(1,10,789,'0'),(1,10,22,'0'),(1,10,710,'0'),(1,10,129,'0'),(1,10,532,'0'),(1,10,224,'0'),(1,10,85,'0'),(1,10,171,'0'),(1,10,619,'0'),(1,10,379,'0'),(1,10,339,'0'),(1,10,58,'0'),(1,10,571,'0'),(1,10,452,'0'),(1,10,93,'0'),(1,10,347,'0'),(1,10,474,'0'),(1,10,479,'0'),(1,10,374,'0'),(1,10,223,'0'),(1,10,460,'0'),(1,10,585,'0'),(1,10,57,'0'),(1,10,623,'0'),(1,10,169,'0'),(1,10,218,'0'),(1,10,84,'0'),(1,10,695,'0'),(1,10,622,'0'),(1,10,99,'0'),(1,10,663,'0'),(1,10,261,'0'),(1,10,590,'0'),(1,10,451,'0'),(1,10,672,'0'),(1,10,103,'0'),(1,10,732,'0'),(1,10,96,'0'),(1,10,486,'0'),(1,10,321,'0'),(1,10,424,'0'),(1,10,422,'0'),(1,10,423,'0'),(1,10,162,'0'),(1,10,80,'0'),(1,10,554,'0'),(1,10,757,'0'),(1,10,241,'0'),(1,10,775,'0'),(1,10,282,'0'),(1,10,478,'0'),(1,10,327,'0'),(1,10,502,'0'),(1,10,407,'0'),(1,10,287,'0'),(1,10,214,'0'),(1,10,364,'0'),(1,10,27,'0'),(1,10,254,'0'),(1,10,783,'0'),(1,10,255,'0'),(1,10,110,'0'),(1,10,557,'0'),(1,10,725,'0'),(1,10,308,'0'),(1,10,189,'0'),(1,10,761,'0'),(1,10,344,'0'),(1,10,454,'0'),(1,10,469,'0'),(1,10,98,'0'),(1,10,406,'0'),(1,10,570,'0'),(1,10,115,'0'),(1,10,654,'0'),(1,10,68,'0'),(1,10,606,'0'),(1,10,450,'0'),(1,10,190,'0'),(1,10,394,'0'),(1,10,519,'0'),(1,10,405,'0'),(1,10,302,'0'),(1,10,453,'0'),(1,10,39,'0'),(1,10,225,'0'),(1,10,408,'0'),(1,10,549,'0'),(1,10,238,'0'),(1,10,72,'0'),(1,10,473,'0'),(1,10,203,'0'),(1,10,4,'0');

--
-- Table structure for table `nlcmenu`
--

CREATE TABLE `nlcmenu` (
  `id` bigint(20) unsigned NOT NULL AUTO_INCREMENT,
  `parentid` bigint(20) DEFAULT NULL,
  `name` varchar(255) DEFAULT NULL,
  `module` varchar(255) DEFAULT NULL,
  `menu_order` float DEFAULT '100',
  `require_admin` tinyint(1) DEFAULT '0',
  PRIMARY KEY (`id`)
) ENGINE=MyISAM AUTO_INCREMENT=5 DEFAULT CHARSET=latin1;

--
-- Dumping data for table `nlcmenu`
--

INSERT INTO `nlcmenu` VALUES (1,0,'Csoportok, email címek','emails',100,0),(2,0,'Hírlevelek','newsletters',200,0),(3,0,'Felhasználók','users',400,1),(4,0,'Leíratkozások','unsub',300,1);

--
-- Table structure for table `offers`
--

CREATE TABLE `offers` (
  `id` bigint(20) unsigned NOT NULL AUTO_INCREMENT,
  `title` varchar(255) DEFAULT NULL,
  `lead` mediumtext,
  `content` text,
  `create_date` varchar(10) DEFAULT NULL,
  `lang` char(3) DEFAULT 'hun',
  `lastminute` tinyint(1) DEFAULT '0',
  PRIMARY KEY (`id`)
) ENGINE=MyISAM AUTO_INCREMENT=24 DEFAULT CHARSET=latin1;

--
-- Dumping data for table `offers`
--


--
-- Table structure for table `order_items`
--

CREATE TABLE `order_items` (
  `order_id` bigint(11) DEFAULT NULL,
  `CIKKSZAM` varchar(30) DEFAULT NULL,
  `shipping` int(11) DEFAULT NULL,
  `db` int(11) DEFAULT '1',
  `unitprice_netto` int(11) DEFAULT NULL,
  `afakulcs` int(11) DEFAULT '27'
) ENGINE=MyISAM DEFAULT CHARSET=latin1;

--
-- Dumping data for table `order_items`
--

INSERT INTO `order_items` VALUES (1,'22.88.5',0,1,123500,25),(366,'FCCFE',0,1,2796,25),(366,'FHPR-M',0,1,4902,25),(366,'',1,1,1200,25),(367,'22.9515',0,1,106250,25),(368,'16.4.1',0,1,13461,25),(369,'22.56.5.0',0,1,125000,25),(370,'SD300-A1',0,6,1438,25),(370,'',1,1,1200,25),(371,'22.180',0,1,71250,25),(372,'22.302',0,1,125000,25),(373,'22.56.5',0,1,162500,25),(374,'22.56.5',0,1,162500,25),(375,'22.56.5',0,1,162500,25),(376,'22.56.5',0,1,162500,25),(377,'22.030',0,1,100000,25),(378,'22.39.51.G',0,1,25000,25),(379,'22.18 HYDRO',0,1,66700,25),(380,'22.39.51.G',0,1,25000,25),(381,'16.5.1',0,2,16740,25),(381,'03.8.1/1',0,1,8225,25),(381,'MT-03 6401VF',0,3,2612,25),(381,'',1,1,1200,25),(382,'FCCB',0,2,2078,25),(382,'FCPS5',0,2,1036,25),(382,'',1,1,1200,25),(383,'22.602.S',0,1,184000,25),(384,'22.602.W',0,1,184000,25),(385,'22.030',0,1,100000,25),(386,'22.81.51',0,1,115000,25),(387,'MT-03 6405VF',0,1,3369,25),(387,'',1,1,1200,25),(388,'22.18 HYDRO',0,1,66700,25),(389,'22.010 RIGHT',0,1,92500,25),(390,'22.1045 BLACK',0,1,90000,25),(391,'22.030',0,1,100000,25),(392,'08.1.1/1',0,1,9888,25),(392,'',1,1,1200,25),(393,'02.1.2/1',0,1,4083,25),(393,'02.6.2/1',0,1,5850,25),(394,'01.7.1/1',0,3,3958,25),(394,'',1,1,1200,25),(395,'22.172',0,1,93750,25),(396,'22.81.51',0,1,115000,25),(397,'22.81.51',0,1,115000,25),(398,'22.52.52',0,1,100000,25),(399,'22.77.5',0,1,263920,25),(400,'45.3.1/1',0,1,6125,25),(400,'',1,1,1200,25),(401,'22.001',0,1,81250,25),(402,'22.77.5',0,1,263920,25),(403,'45.3.1/1',0,1,6125,25),(403,'',1,1,1200,25),(404,'22.80.51',0,1,90000,25),(405,'22.172',0,1,93750,25),(406,'22.172',0,1,93750,25),(407,'22.002',0,1,93750,25),(408,'22.023',0,1,110000,25),(409,'22.023',0,1,110000,25),(410,'45.3.1/1',0,1,6125,25),(411,'45.3.1/1',0,1,6125,25),(411,'',1,1,1200,25),(412,'12.5.3/1',0,1,16805,25),(412,'',1,1,1200,25),(413,'12.1.3/1',0,1,10000,25),(413,'',1,1,1200,25),(414,'03.8.1/1',0,1,8225,25),(414,'03.1.1/1',0,1,6750,25),(414,'16.4.1',0,1,13461,25),(414,'',1,1,1200,25),(415,'MT-03 6402VF',0,1,2887,25),(415,'MT-03 6404V',0,1,3025,25),(415,'MT-03 6411V',0,1,3368,25),(415,'',1,1,1200,25),(416,'22.1045 BLACK',0,1,90000,25),(417,'22.1045 BLACK',0,1,90000,25),(418,'22.302',0,1,125000,25),(419,'02.8.1/1',0,1,7175,25),(419,'02.5.1/1',0,1,5500,25),(419,'02.1.1/1',0,2,3525,25),(419,'',1,1,1200,25),(420,'22.80.51',0,1,90000,25),(421,'45.3.1/1',0,1,6125,25),(421,'',1,1,1200,25),(422,'45.3.1/1',0,1,6125,25),(422,'',1,1,1200,25),(423,'45.3.1/1',0,3,6125,25),(424,'02.1.2/1',0,1,4083,25),(424,'02.7.2/1',0,1,5850,25),(424,'02.5.2/1',0,1,6900,25),(424,'',1,1,1200,25),(425,'01.6.1/1',0,1,3421,25),(426,'22.7196',0,1,40000,25),(427,'22.39.51.G',0,1,25000,25),(428,'22.80.51',0,1,90000,25),(429,'SD300-A1',0,2,1438,25),(429,'SD300-B1',0,3,1020,25),(429,'',1,1,1200,25),(430,'22.172',0,1,93750,25),(431,'22.44.5',0,1,0,25),(432,'22.010 RIGHT',0,1,92500,25),(433,'22.1045 BLACK',0,1,90000,25),(434,'22.172',0,1,93750,25),(435,'22.010 RIGHT',0,1,92500,25),(436,'09.6.1/1',0,1,2750,25),(436,'',1,1,1200,25),(437,'21.03.05',0,1,15408,25),(437,'',1,1,2200,25),(438,'46.5.1/1',0,1,10506,25),(438,'',1,1,1200,25),(439,'FCCST',0,4,2811,25),(439,'',1,1,1200,25),(440,'22.302/2',0,1,112500,25),(441,'02.3.1/1',0,1,3525,25),(441,'',1,1,1200,25),(442,'02.1.1/1',0,3,3525,25),(442,'02.6.1/1',0,1,4481,25),(442,'02.5.1/1',0,1,5500,25),(442,'02.4.1/1',0,1,4396,25),(442,'',1,1,1200,25),(443,'12.6.3/1',0,1,11425,25),(443,'12.5.3/1',0,1,16805,25),(443,'',1,1,1200,25),(444,'22.39.51.G',0,1,25000,25),(445,'22.18 HYDRO',0,1,72500,25),(446,'22.010 LEFT',0,1,92500,25),(447,'12.7.3/1',0,1,11425,25),(447,'',1,1,1200,25),(448,'22.172',0,1,93750,25),(449,'22.317.1',0,1,143750,25),(450,'12.1.1/1',0,1,7790,25),(450,'',1,1,1200,25),(451,'22.44.5',0,1,43750,25),(452,'22.1032',0,1,70000,25),(453,'22.44.5',0,1,43750,25),(454,'22.52.52',0,1,106250,25),(455,'MT-03 6405V',0,1,3368,25),(455,'',1,1,1200,25),(456,'22.317.1',0,1,143750,25),(457,'44.1.1/1',0,1,9100,25),(457,'',1,1,1200,25),(458,'22.1502 WHITE',0,1,31250,25),(458,'46.1.1/1',0,1,6797,25),(458,'46.4.1/1',0,1,10042,25),(458,'',1,1,1200,25),(459,'12.5.1/1',0,1,12363,25),(459,'12.1.1/1',0,1,7790,25),(459,'',1,1,1200,25),(460,'02.8.1/1',0,1,7175,25),(460,'02.5.1/1',0,1,5500,25),(460,'02.1.1/1',0,1,3525,25),(460,'SD400-C',0,1,1768,25),(461,'45.3.1/1',0,2,6125,25),(461,'',1,1,1200,25),(462,'01.6.1/2',0,1,4100,25),(462,'01.5.1/2',0,1,6945,25),(462,'01.1.1/2',0,1,4937,25),(462,'',1,1,1200,25),(463,'22.308/2',0,1,238800,25),(464,'22.308/2',0,1,238800,25),(465,'22.302/2',0,1,112500,25),(466,'22.52.52',0,1,106250,25),(467,'22.302/2',0,1,112500,25),(468,'22.302/2',0,1,112500,25),(469,'01.6.1/1',0,2,3421,25),(470,'45.1.1/2',0,1,12058,25),(470,'',1,1,1200,25),(471,'12.9.1/1',0,1,6374,25),(471,'',1,1,1200,25),(472,'43.1.1/1',0,3,9517,25),(472,'43.5.1/1',0,1,10382,25),(472,'',1,1,1200,25),(473,'22.9515',0,1,106250,25),(474,'22.180',0,1,71250,25),(475,'22.302/2',0,1,112500,25),(476,'22.621.R',0,1,144000,25),(477,'01.9.1/1',0,1,5479,25),(477,'',1,1,1200,25),(478,'12.7.3/1',0,1,11425,25),(478,'12.4.3/1',0,1,12098,25),(478,'',1,1,1200,25),(479,'22.172',0,1,93750,25),(480,'22.6010',0,1,103920,25),(481,'22.001',0,1,81250,25),(482,'16.5.1',0,1,13392,25),(482,'',1,1,1200,25),(483,'01.6.1/2',0,1,4100,25),(483,'01.5.1/2',0,1,6945,25),(483,'01.1.1/2',0,1,4937,25),(483,'',1,1,1200,25),(484,'22.53.5',0,1,93750,25),(485,'09.5.1/1',0,1,3300,25),(485,'09.7.1/1',0,1,3275,25),(485,'09.6.1/1',0,1,2750,25),(485,'',1,1,1200,25),(486,'22.6010',0,1,103920,25),(487,'22.6010',0,1,103920,25),(488,'22.6010.G',0,1,199200,25),(488,'22.010 LEFT',0,1,92500,25),(488,'',1,1,9600,25),(489,'22.010 LEFT',0,1,94720,25),(489,'22.010 RIGHT',0,1,94720,25),(489,'',1,1,4800,25),(490,'09.6.1/1',0,1,2750,25),(490,'09.7.1/1',0,1,3275,25),(490,'09.5.1/1',0,1,3300,25),(490,'',1,1,1200,25),(491,'22.9021',0,1,104500,25),(491,'',1,1,4800,25),(492,'22.1032',0,1,71680,25),(492,'',1,1,4800,25),(493,'22.1032',0,1,71680,25),(493,'',1,1,4800,25),(494,'22.001',0,1,79040,25),(494,'22.18 HYDRO',0,1,74240,25),(494,'',1,1,4800,25),(495,'22.001',0,1,79040,25),(495,'22.18 HYDRO',0,1,74240,25),(496,'12.1.1/1',0,1,7976,25),(497,'22.010 LEFT',0,1,94720,25),(497,'',1,1,4800,25),(498,'22.001',0,1,83200,25),(499,'22.52.52',0,1,0,25),(499,'',1,1,4800,25),(500,'22.53.5',0,1,96000,25),(500,'',1,1,4800,25),(501,'22.52.52',0,1,108800,25),(501,'22.6010.G',0,1,182278,25),(501,'',1,1,4800,25),(502,'22.701W',0,1,182278,25),(502,'',1,1,4800,25),(503,'22.9021',0,1,80000,25),(503,'',1,1,4800,25),(504,'FCCB',0,2,2021,25),(504,'',1,1,1200,25),(505,'09.4.1/1',0,1,2850,25),(505,'',1,1,1200,25),(506,'22.39.51.G',0,1,21888,25),(506,'',1,1,4800,25),(507,'40.4.1/1',0,1,10471,25),(508,'MT-03 6405V',0,1,3278,25),(508,'MT-03 6403V',0,1,3946,25),(508,'MT-03 6401V',0,1,2541,25),(508,'',1,1,1200,25),(509,'22.9021',0,1,80000,25),(509,'22.6010',0,1,103920,25),(509,'',1,1,4800,25),(510,'22.6010',0,1,103920,25),(510,'',1,1,4800,25),(511,'22.6010',0,1,103920,25),(511,'',1,1,4800,25),(512,'22.6010',0,1,103920,25),(512,'',1,1,4800,25),(513,'12.6.1/1',0,1,7781,25),(513,'7.1621.R',0,1,620,25),(513,'12.1.1/1',0,1,7577,25),(513,'',1,1,1200,25),(514,'FCPS1',0,1,1008,25),(514,'FCPS5',0,1,1008,25),(514,'FCPS20',0,1,1008,25),(514,'',1,1,1200,25),(515,'22.6010',0,1,103920,25),(515,'',1,1,4800,25),(516,'12.5.3/1',0,1,16348,25),(516,'',1,1,1200,25),(517,'22.1004',0,1,158080,25),(517,'',1,1,4800,25),(518,'22.010 RIGHT',0,1,79992,25),(519,'22.6010',0,1,103920,25),(519,'',1,1,4800,25),(520,'01.7.1/2',0,1,3871,25),(520,'',1,1,1200,25),(521,'22.010 RIGHT',0,1,79992,25),(521,'',1,1,4800,25),(522,'FCPS50',0,1,1008,25),(522,'FCCFE',0,1,2615,25),(522,'',1,1,1200,25),(523,'MT-03 6401V',0,1,2541,25),(523,'MT-03 6404V',0,1,2943,25),(523,'',1,1,1200,25),(524,'22.39.51.G',0,1,21888,25),(524,'',1,1,4800,25),(525,'22.39.51.G',0,1,21888,25),(525,'',1,1,4800,25),(526,'22.39.51.G',0,1,21888,25),(526,'',1,1,4800,25),(527,'22.39.51.G',0,1,21888,25),(527,'',1,1,4800,25),(528,'22.39.51.G',0,1,21888,25),(528,'',1,1,4800,25),(529,'22.39.51.G',0,1,21888,25),(529,'',1,1,4800,25),(530,'22.39.51.G',0,1,21888,25),(530,'',1,1,4800,25),(531,'FCCST',0,4,2735,25),(531,'',1,1,1200,25),(532,'22.010 RIGHT',0,1,79992,25),(533,'02.9.1/1',0,1,7284,25),(533,'',1,1,1200,25),(534,'40.8.1/1',0,1,10396,25),(534,'01.1.1/2',0,1,4803,25),(534,'22.6010',0,1,103920,25),(534,'',1,1,4800,25),(535,'40.8.1/1',0,1,10396,25),(535,'01.1.1/2',0,1,4803,25),(535,'22.6010',0,1,103920,25),(535,'',1,1,4800,25),(536,'22.77.5',0,1,256741,25),(536,'',1,1,4800,25),(537,'22.6010',0,1,103920,25),(537,'',1,1,4800,25),(538,'22.302/2',0,1,121600,25),(538,'',1,1,4800,25),(539,'22.6010',0,1,103920,25),(539,'',1,1,4800,25),(540,'16.4.1',0,1,10476,25),(540,'',1,1,1200,25),(541,'12.5.3/1',0,1,16348,25),(541,'',1,1,1200,25),(542,'12.5.3/1',0,1,16348,25),(542,'',1,1,1200,25),(543,'22.010 LEFT',0,1,79992,25),(543,'',1,1,4800,25),(544,'22.002',0,1,55040,25),(544,'',1,1,4800,25),(545,'12.6.1/1',0,1,7781,25),(545,'12.1.1/1',0,1,7577,25),(545,'',1,1,1200,25),(546,'22.172/2',0,1,63872,25),(546,'',1,1,4800,25),(547,'3.11.1/1',0,1,15030,25),(548,'FCCEL20M',0,2,1247,25),(549,'22.172/2',0,1,63872,25),(549,'',1,1,4800,25),(550,'12.9.1/1',0,1,6200,25),(550,'',1,1,1200,25),(551,'22.172/2',0,1,63872,25),(551,'',1,1,4800,25),(552,'22.172/2',0,1,63872,25),(552,'',1,1,4800,25),(553,'22.172/2',0,1,63872,25),(553,'',1,1,4800,25),(554,'22.6010',0,1,103920,25),(554,'',1,1,4800,25),(555,'02.5.1/1',0,1,5350,25),(555,'02.1.1/1',0,1,3430,25),(555,'',1,1,1200,25),(556,'22.1045 BLACK',0,1,87552,25),(556,'',1,1,4800,25),(557,'22.1045 BLACK',0,1,87552,25),(557,'',1,1,4800,25),(558,'22.6010',0,1,103920,25),(558,'',1,1,4800,25),(559,'22.172/2',0,1,63872,25),(559,'',1,1,4800,25),(560,'12.6.3/1',0,1,11114,25),(560,'12.7.3/1',0,1,11114,25),(560,'12.4.3/1',0,1,11769,25),(560,'',1,1,1200,25),(561,'22.172/2',0,1,63872,25),(561,'',1,1,4800,25),(562,'22.172/2',0,1,63872,25),(562,'',1,1,4800,25),(563,'22.6010',0,1,103920,25),(564,'22.317',0,1,63872,25),(564,'',1,1,4800,25),(565,'22.010 RIGHT',0,1,79992,25),(566,'22.010 RIGHT',0,1,79992,25),(566,'',1,1,4800,25),(567,'12.5.1/1',0,1,12027,25),(567,'12.1.1/1',0,1,7577,25),(567,'03.7.1/1',0,1,7442,25),(567,'22.46.5',0,1,16416,25),(568,'22.9515',0,1,103360,25),(568,'',1,1,4800,25),(569,'22.010 RIGHT',0,1,0,25),(569,'',1,1,4800,25),(570,'22.172/2',0,1,63872,25),(570,'',1,1,4800,25),(571,'22.317',0,1,63872,25),(571,'',1,1,4800,25),(572,'22.172/2',0,1,63872,25),(572,'',1,1,4800,25),(573,'22.172/2',0,1,63872,25),(574,'22.172/2',0,1,63872,25),(574,'',1,1,4800,25),(575,'22.172/2',0,1,63872,25),(575,'',1,1,4800,25),(576,'22.308/2',0,1,232304,25),(577,'01.6.1/1',0,1,3328,25),(577,'02.8.1/1',0,1,6980,25),(577,'',1,1,1200,25),(578,'22.172/2',0,1,63872,25),(578,'',1,1,4800,25),(579,'22.172/2',0,1,63872,25),(579,'',1,1,4800,25),(580,'22.172/2',0,1,63872,25),(580,'',1,1,4800,25),(581,'22.172/2',0,1,63872,25),(582,'22.172/2',0,1,63872,25),(582,'',1,1,4800,25),(583,'22.6010',0,1,103920,25),(583,'',1,1,4800,25),(584,'MT-03 6402V',0,1,2809,25),(584,'',1,1,1200,25),(585,'22.302/2',0,1,121600,25),(586,'22.010 RIGHT',0,1,79992,25),(586,'',1,1,4800,25),(587,'22.317',0,1,63872,25),(587,'',1,1,4800,25),(588,'22.317',0,1,63872,25),(588,'FCCEL20M',0,1,1247,25),(588,'FHPR-M',0,1,4586,25),(588,'',1,1,4800,25),(589,'22.010 RIGHT',0,1,79992,25),(589,'',1,1,4800,25),(590,'12.1.1/1',0,1,7976,25),(590,'',1,1,1200,25),(591,'22.52.52',0,1,108800,25),(591,'',1,1,4800,25),(592,'22.52.52',0,1,108800,25),(593,'22.52.52',0,1,108800,25),(593,'',1,1,4800,25),(594,'22.6010',0,1,103920,25),(594,'',1,1,4800,25),(595,'22.6010',0,1,103920,25),(595,'',1,1,4800,25),(596,'22.317',0,1,63872,25),(596,'',1,1,4800,25),(597,'22.6010',0,1,103920,25),(597,'',1,1,4800,25),(598,'22.302/2',0,1,121600,25),(598,'',1,1,4800,25),(599,'22.317',0,1,63872,25),(600,'22.317',0,1,63872,25),(600,'',1,1,4800,25),(601,'22.308/3',0,1,232304,25),(601,'',1,1,4800,25),(602,'22.6010',0,1,103920,25),(602,'',1,1,4800,25),(603,'40.1.1/1',0,1,9481,25),(603,'',1,1,1200,25),(604,'22.317',0,1,63872,25),(604,'',1,1,4800,25),(605,'02.4.2/1',0,1,5983,25),(605,'',1,1,1200,25),(606,'41.4.1/1',0,1,11053,25),(606,'',1,1,1200,25),(607,'22.010 LEFT',0,1,79992,25),(607,'',1,1,4800,25),(608,'02.1.1/1',0,1,3430,25),(608,'',1,1,1200,25),(609,'02.6.1/1',0,2,4360,25),(609,'',1,1,1200,25),(610,'12.9.1/1',0,1,6200,25),(611,'22.317',0,1,63872,25),(612,'22.317',0,1,63872,25),(612,'',1,1,4800,25),(613,'22.317',0,1,63872,25),(613,'',1,1,4800,25),(614,'22.317',0,1,63872,25),(614,'',1,1,4800,25),(615,'22.56.5',0,2,128000,25),(615,'',1,1,4800,25),(616,'22.317',0,1,63872,25),(617,'22.317',0,1,63872,25),(618,'22.317',0,1,63872,25),(618,'',1,1,4800,25),(619,'22.317',0,1,63872,25),(620,'MT-03 6401VF',0,1,2541,25),(620,'',1,1,1200,25),(621,'MT-03 6405VF',0,1,3278,25),(621,'MT-03 6403VF',0,1,3946,25),(621,'',1,1,1200,25),(622,'12.6.3/1',0,1,11114,25),(622,'',1,1,1200,25),(623,'FCCBKDF',0,1,2974,25),(623,'FCCST',0,1,2735,25),(623,'',1,1,1200,25),(624,'FCPS1',0,3,1008,25),(624,'',1,1,1200,25),(625,'22.56.5',0,1,128000,25),(626,'22.602.1.S',0,1,230400,25),(627,'21.06.05',0,1,18179,25),(627,'',1,1,2200,25),(628,'22.46.5',0,1,16416,25),(628,'',1,1,2200,25),(629,'41.1.1/1',0,1,10609,25),(629,'',1,1,1200,25),(630,'41.1.1/1',0,1,10609,25),(630,'',1,1,1200,25),(631,'22.52.52',0,1,108800,25),(631,'',1,1,4800,25),(632,'SD300-A',0,3,1720,25),(632,'',1,1,1200,25),(633,'12.3.1/1',0,1,7577,25),(633,'12.5.1/1',0,1,12027,25),(633,'',1,1,1200,25),(634,'12.3.3/1',0,1,11114,25),(634,'',1,1,1200,25),(635,'22.1032',0,1,68096,25),(635,'',1,1,4800,25),(636,'22.56.5',0,1,128000,25),(636,'',1,1,4800,25),(637,'22.1045 BLACK',0,1,87552,25),(638,'12.6.3/1',0,1,11114,25),(638,'MT-03 6401V',0,1,2541,25),(638,'',1,1,1200,25),(639,'22.1045 BLACK',0,1,87552,25),(639,'',1,1,4800,25),(640,'22.56.5',0,1,128000,25),(640,'',1,1,4800,25),(641,'01.7.1/2',0,1,3871,25),(641,'',1,1,1200,25),(642,'01.6.1/2',0,1,3988,25),(643,'MT-03 6404V',0,2,2943,25),(643,'03.4.1/1',0,1,6763,25),(643,'',1,1,1200,25),(644,'FCPS1',0,5,1008,25),(644,'',1,1,1200,25),(645,'FCPS1',0,10,1008,25),(645,'',1,1,1200,25),(646,'FCPS1',0,10,1008,25),(646,'',1,1,1200,25),(647,'22.44.5',0,1,42560,25),(647,'',1,1,4800,25),(648,'SD300-B1',0,2,992,25),(649,'22.53.5',0,1,85112,25),(650,'12.1.3/1',0,1,9728,25),(650,'12.5.3/1',0,1,16348,25),(650,'',1,1,1200,25),(651,'22.77.5',0,1,256720,25),(651,'',1,1,4800,25),(652,'18.1.2',0,1,15382,25),(652,'18.3.2',0,1,15382,25),(652,'18.4.2',0,1,15382,25),(652,'',1,1,1200,25),(653,'46.5.1/1',0,1,4000,25),(653,'MT-03 6401V',0,1,2541,25),(653,'',1,1,1200,25),(654,'22.172/2',0,1,85112,25),(655,'01.1.1/2',0,1,5056,25),(655,'',1,1,1200,25),(656,'40.8.1/1',0,1,10396,25),(656,'',1,1,1200,25),(657,'09.4.1/1',0,1,2850,25),(657,'09.6.1/1',0,1,2613,25),(657,'09.1.1/1',0,1,2750,25),(657,'',1,1,1200,25),(658,'43.1.1/1',0,1,3992,25),(658,'43.5.1/1',0,1,3992,25),(658,'',1,1,1200,25),(659,'22.602.1.S',0,1,230392,25),(659,'',1,1,4800,25),(660,'22.602.S',0,1,191992,25),(660,'',1,1,4800,25),(661,'22.602.S',0,1,191992,25),(661,'',1,1,4800,25),(662,'22.602.S',0,1,191992,25),(662,'',1,1,4800,25),(663,'45.3.1/1',0,1,5958,25),(663,'',1,1,1200,25),(664,'12.1.1/1',0,1,7577,25),(665,'12.1.1/1',0,1,7577,25),(666,'44.5.1/1',0,1,3992,25),(667,'08.1.1/1',0,1,3992,25),(667,'',1,1,1200,25),(668,'22.602.S',0,1,191992,25),(668,'',1,1,4800,25),(669,'08.4.1/1',0,1,3992,25),(669,'',1,1,1200,25),(670,'22.172/2',0,1,85112,25),(670,'',1,1,4800,25),(671,'22.1020B',0,1,108792,25),(671,'',1,1,4800,25),(672,'43.1.1/1',0,1,3992,25),(672,'43.5.1/1',0,1,3992,25),(672,'43.3.1/1',0,1,3992,25),(672,'',1,1,1200,25),(673,'22.1045 BLACK',0,1,92152,25),(673,'',1,1,4800,25),(674,'44.5.1/1',0,1,3992,25),(674,'',1,1,1200,25),(675,'22.010 RIGHT',0,1,79992,25),(675,'',1,1,4800,25),(676,'22.010 RIGHT',0,1,79992,25),(676,'',1,1,4800,25),(677,'16.5.1',0,1,7992,25),(677,'',1,1,1200,25),(678,'08.1.1/1',0,2,3992,25),(678,'03.8.1/1',0,1,8001,25),(678,'43.5.1/1',0,1,3992,25),(678,'',1,1,1200,25),(679,'45.3.1/1',0,1,5958,25),(679,'',1,1,1200,25),(680,'FCCBKDF',0,2,2974,25),(680,'16.4.1',0,1,10476,25),(680,'',1,1,1200,25),(681,'43.5.1/1',0,1,3992,25),(682,'22.308.W/3',0,1,232324,25),(682,'',1,1,4800,25),(683,'22.9021',0,1,79992,25),(683,'',1,1,4800,25),(684,'22.77.5',0,1,256720,25),(684,'',1,1,4800,25),(685,'12.5.1/1',0,1,12660,25),(685,'',1,1,1200,25),(686,'02.7.2/1',0,1,5691,25),(686,'',1,1,1200,25),(687,'16.5.1',0,1,7992,25),(687,'',1,1,1200,25),(688,'12.1.1/1',0,1,7577,25),(688,'',1,1,1200,25),(689,'22.9021',0,1,79992,25),(689,'',1,1,4800,25),(690,'01.6.1/2',0,1,3988,25),(691,'MT-03 6405V',0,1,3278,25),(691,'46.5.1/1',0,1,3992,25),(691,'',1,1,1200,25),(692,'02.5.1/1',0,1,5350,25),(692,'02.3.1/1',0,1,3430,25),(692,'02.1.1/1',0,1,3430,25),(692,'',1,1,1200,25),(693,'02.5.1/1',0,1,5350,25),(693,'',1,1,1200,25),(694,'44.1.1/1',0,1,3992,25),(694,'44.5.1/1',0,1,3992,25),(695,'44.1.1/1',0,1,3992,25),(695,'44.5.1/1',0,1,3992,25),(696,'44.1.1/1',0,1,3992,25),(696,'44.5.1/1',0,1,3992,25),(696,'',1,1,1200,25),(697,'44.1.1/1',0,1,3992,25),(697,'44.5.1/1',0,1,3992,25),(697,'',1,1,1200,25),(698,'44.1.1/1',0,1,3992,25),(698,'44.5.1/1',0,1,3992,25),(698,'',1,1,1200,25),(699,'44.1.1/1',0,1,3992,25),(699,'44.5.1/1',0,1,3992,25),(699,'',1,1,1200,25),(700,'22.308.W/3',0,1,232324,25),(700,'',1,1,4800,25),(701,'22.308.W/3',0,1,232324,25),(701,'',1,1,4800,25),(702,'22.39.51.G',0,1,23040,25),(702,'',1,1,4800,25),(703,'09.5.1/1',0,1,3380,25),(704,'22.1020B',0,2,109441,25),(704,'',1,1,4724,25),(705,'22.1020B',0,1,103969,25),(705,'',1,1,4724,25),(706,'02.8.1/1',0,1,6068,25),(706,'',1,1,1181,25),(707,'21.02.05',0,1,11978,27),(707,'',1,1,2165,27),(708,'16.5.1',0,1,7866,27),(708,'',1,1,1181,27),(709,'22.302/2',0,1,127158,27),(709,'',1,1,4724,27),(710,'12.1.1/1',0,1,7976,27),(710,'02.8.1/1',0,1,6387,27),(710,'',1,1,1181,27),(711,'02.9.1/1',0,1,6676,27),(711,'',1,1,1181,27),(712,'45.1.1/2',0,1,11730,27),(712,'SD300-B1',0,1,992,27),(712,'',1,1,1181,27),(713,'02.5.2/1',0,1,6713,27),(713,'',1,1,1181,27),(714,'09.5.1/1',0,1,3380,27),(714,'',1,1,1181,27),(715,'45.3.1/1',0,3,5958,27),(715,'',1,1,1181,27),(716,'22.302.G',0,1,158575,27),(716,'',1,1,4724,27),(717,'02.1.1/1',0,2,3879,27),(717,'03.8.1/1',0,1,8001,27),(717,'',1,1,1181,27),(718,'22.302.G',0,1,158575,27),(718,'',1,1,4724,27),(719,'22.39.51.G',0,1,23181,27),(720,'45.3.1/1',0,2,5958,27),(720,'',1,1,1181,27),(721,'16.4.1',0,1,10476,27),(721,'08.1.1/1',0,2,3929,27),(721,'',1,1,1181,27),(722,'12.5.3/1',0,1,16348,27),(722,'12.6.3/1',0,1,11114,27),(722,'12.1.3/1',0,1,9728,27),(723,'12.5.3/1',0,1,16348,27),(723,'12.6.3/1',0,1,11114,27),(723,'12.1.3/1',0,1,9728,27),(723,'',1,1,1181,27),(724,'MT-03 6405V',0,1,3278,27),(724,'02.5.1/1',0,1,5946,27),(724,'02.6.1/1',0,1,3879,27),(724,'',1,1,1181,27),(725,'12.7.3/1',0,1,11114,27),(725,'',1,1,1181,27),(726,'09.7.1/1',0,1,3186,27),(726,'',1,1,1181,27),(727,'22.53.5',0,1,94843,27),(727,'',1,1,4724,27),(728,'22.56.5',0,1,174087,27),(728,'',1,1,4724,27),(729,'22.302.G',0,1,165383,27),(729,'03.8.1/1',0,1,8001,27),(729,'',1,1,4724,27),(730,'12.1.1/1',0,1,7976,27),(730,'',1,1,1181,27),(731,'01.1.1/2',0,1,5491,27),(731,'41.4.1/1',0,1,3929,27),(731,'01.5.1/2',0,1,7411,27),(732,'12.9.1/1',0,1,6526,27),(732,'',1,1,1181,27),(733,'FCCST',0,1,2735,27),(733,'FCCBKDF',0,1,2974,27),(733,'',1,1,1181,27),(734,'16.5.1',0,1,7866,27),(734,'',1,1,1181,27),(735,'12.5.1/1',0,1,12027,27),(735,'',1,1,1181,27),(736,'44.5.1/1',0,1,3929,27),(736,'',1,1,1181,27),(737,'12.7.3/1',0,1,11114,27),(737,'12.5.3/1',0,1,16348,27),(737,'',1,1,1181,27),(738,'09.6.1/1',0,1,2815,27),(738,'09.5.1/1',0,1,3380,27),(738,'',1,1,1181,27),(739,'MT-03 6405V',0,1,3450,27),(739,'MT-03 6411V',0,1,3450,27),(739,'',1,1,1181,27),(740,'MT-03 6405V',0,1,3450,27),(740,'MT-03 6411V',0,1,3450,27),(740,'',1,1,1181,27),(741,'09.5.1/1',0,1,3211,27),(741,'',1,1,1181,27),(742,'08.1.1/1',0,1,3733,27),(742,'08.4.1/1',0,1,3733,27),(743,'22.56.5.0',0,1,131347,27),(743,'',1,1,4724,27),(744,'12.1.1/1',0,1,7577,27),(744,'12.4.1/1',0,1,9197,27),(744,'',1,1,1181,27),(745,'12.1.1/1',0,1,7577,27),(745,'12.4.1/1',0,1,9197,27),(745,'',1,1,1181,27),(746,'45.3.1/1',0,2,6311,27),(746,'',1,1,1181,27),(747,'22.9021',0,1,78732,27),(747,'',1,1,4724,27),(748,'09.6.1/1',0,1,2674,27),(748,'FXWR1',0,1,408,27),(748,'',1,1,1181,27),(749,'22.39.51.G',0,1,25575,27),(749,'',1,1,4724,27),(750,'22.39.51.G',0,1,25575,27),(750,'',1,1,4724,27),(751,'22.39.51.G',0,1,25575,27),(751,'',1,1,4724,27),(752,'22.39.51.G',0,1,25575,27),(752,'',1,1,4724,27),(753,'44.5.1/1',0,1,3929,27),(753,'',1,1,1181,27),(754,'44.5.1/1',0,1,3929,27),(754,'',1,1,1181,27),(755,'SD300-A',0,2,1720,27),(755,'',1,1,1181,27),(756,'22.1045 WHITE',0,1,85268,27),(756,'',1,1,4724,27),(757,'22.172/2',0,1,98575,27),(757,'',1,1,4724,27),(758,'09.7.1/1',0,1,3354,27),(758,'',1,1,1181,27),(759,'22.1020B',0,1,109441,27),(759,'',1,1,4724,27),(760,'22.1020B',0,1,109441,27),(760,'',1,1,4724,27),(761,'22.53.5',0,1,94843,27),(762,'08.1.1/1',0,1,3929,27),(762,'',1,1,1181,27),(763,'08.1.1/1',0,1,3733,27),(763,'08.4.1/1',0,1,3733,27),(763,'',1,1,1181,27),(764,'22.8039-2',0,1,121567,27),(764,'',1,1,4724,27),(765,'12.1.3/1',0,1,9728,27),(765,'12.5.3/1',0,1,16348,27),(765,'',1,1,1181,27),(766,'44.4.1/1',0,1,3929,27),(766,'',1,1,1181,27),(767,'44.4.1/1',0,1,3929,27),(767,'',1,1,1181,27),(768,'12.6.3/1',0,1,11114,27),(768,'',1,1,1181,27),(769,'22.8021-1 BLACK',0,1,82650,27),(769,'22.172/2',0,1,93646,27),(769,'',1,1,4724,27),(770,'12.1.3/1',0,2,9728,27),(770,'',1,1,1181,27),(771,'16.5.1',0,1,7866,27),(771,'',1,1,1181,27),(772,'22.8011-135',0,1,121623,27),(772,'',1,1,4724,27),(773,'41.4.1/1',0,1,3929,27),(773,'',1,1,1181,27),(774,'41.4.1/1',0,1,3929,27),(775,'22.1004',0,1,179205,27),(775,'',1,1,4724,27),(776,'09.7.1/1',0,1,3354,27),(776,'09.5.1/1',0,1,3380,27),(776,'',1,1,1181,27),(777,'08.1.1/1',0,1,3733,27),(777,'16.5.1',0,1,7866,27),(777,'43.1.1/1',0,1,3929,27),(777,'',1,1,1181,27),(778,'44.4.1/1',0,1,3929,27),(778,'44.5.1/1',0,2,3929,27),(778,'',1,1,1181,27),(779,'01.1.1/2',0,1,5491,27),(780,'08.4.1/1',0,1,3733,27),(780,'08.1.1/1',0,2,3733,27),(780,'',1,1,1181,27),(781,'08.4.1/1',0,1,3733,27),(781,'08.1.1/1',0,2,3733,27),(781,'',1,1,1181,27),(782,'12.1.3/1',0,2,9728,27),(782,'12.6.3/1',0,1,11114,27),(782,'12.4.3/1',0,1,11769,27),(782,'',1,1,1181,27),(783,'09.1.1/1',0,1,2368,27),(783,'',1,1,1181,27),(784,'12.6.3/1',0,1,11114,27),(784,'',1,1,1181,27),(785,'12.1.3/1',0,1,9728,27),(785,'',1,1,1181,27),(786,'12.1.3/1',0,1,10240,27),(786,'12.4.3/1',0,1,12388,27),(786,'12.5.3/1',0,1,17208,27),(786,'',1,1,1181,27),(787,'22.732-2',0,1,102354,27),(787,'',1,1,4724,27),(788,'43.1.1/1',0,2,3929,27),(788,'43.4.1/1',0,1,3929,27),(788,'16.5.1',0,1,7866,27),(788,'',1,1,1181,27),(789,'09.1.1/1',0,1,2250,27),(789,'09.7.1/1',0,1,3186,27),(789,'MT-03 6411V',0,1,3278,27),(789,'',1,1,1181,27),(790,'MT-03 6403V',0,1,4122,27),(790,'',1,1,1181,27),(791,'45.5.1/1',0,1,7866,27),(791,'',1,1,1181,27),(792,'MT-03 6403V',0,1,4122,27),(793,'MT-03 6403V',0,1,4122,27),(794,'43.1.1/1',0,2,3929,27),(795,'MT-03 6403V',0,1,4122,27),(795,'46.1.1/1',0,1,3929,27),(796,'43.1.1/1',0,1,3929,27),(796,'',1,1,1181,27),(797,'SD300-A',0,1,1720,27),(798,'22.77.5',0,1,262627,27),(798,'',1,1,4724,27),(799,'02.8.1/1',0,1,6311,27),(799,'',1,1,1181,27),(800,'16.5.1',0,1,7866,27),(800,'',1,1,1181,27),(801,'22.8021-1',0,1,87000,27),(801,'',1,1,4724,27),(802,'22.56.5.0',0,1,138260,27),(802,'',1,1,4724,27),(803,'09.1.1/1',0,20,2368,27),(803,'',1,1,1181,27),(805,'09.1.1/1',0,20,2250,27),(805,'',1,1,1181,27),(806,'22.732-2',0,1,102354,27),(807,'22.39.51.G',0,1,25575,27),(808,'09.6.1/1',0,1,2815,27),(808,'',1,1,1181,27),(809,'MT-03 6403V',0,1,4122,27),(810,'02.5.1/1',0,2,5946,27),(810,'02.4.1/1',0,1,5216,27),(810,'',1,1,1181,27),(811,'12.1.1/1',0,2,7577,27),(811,'',1,1,1181,27),(812,'12.5.3/1',0,1,17208,27),(812,'',1,1,1181,27),(813,'09.6.1/1',0,1,2674,27),(813,'',1,1,1181,27),(814,'02.8.1/1',0,1,6311,27),(814,'02.4.1/1',0,1,5216,27),(814,'02.1.1/1',0,2,4244,27),(814,'',1,1,1181,27),(815,'02.8.1/1',0,1,6311,27),(815,'02.4.1/1',0,1,5216,27),(815,'02.1.1/1',0,2,4244,27),(815,'',1,1,1181,27),(816,'12.6.3/1',0,1,11114,27),(816,'',1,1,1181,27),(817,'40.6.1/1',0,1,8066,27),(817,'',1,1,1181,27),(818,'22.1502',0,1,34028,27),(819,'22.07',0,1,59835,27),(820,'46.1.1/1',0,1,3929,27),(820,'46.4.1/1',0,1,3929,27),(820,'',1,1,1181,27),(821,'12.6.3/1',0,1,11114,27),(821,'12.5.3/1',0,1,16348,27),(821,'',1,1,1181,27),(822,'22.172/2',0,1,93646,27),(822,'',1,1,4724,27),(823,'02.4.1/1',0,1,5216,27),(823,'12.1.1/1',0,1,7577,27),(823,'',1,1,1181,27),(824,'22.8021-1',0,1,82650,27),(824,'',1,1,4724,27),(825,'22.8021-1',0,1,82650,27),(825,'',1,1,4724,27),(826,'22.1045 BLACK',0,1,85268,27),(826,'',1,1,4724,27),(827,'12.6.3/1',0,1,11699,27),(827,'',1,1,1181,27),(828,'22.77.5',0,1,262627,27),(828,'',1,1,4724,27),(829,'22.308/4',0,1,255370,27),(829,'',1,1,4724,27),(830,'22.8039-2',0,1,115489,27),(830,'',1,1,4724,27),(831,'12.7.3/1',0,1,11114,27),(831,'',1,1,1181,27),(832,'12.5.1/1',0,1,12027,27),(832,'',1,1,1181,27),(833,'45.3.1/1',0,1,6311,27),(834,'22.1532',0,1,48811,27),(834,'',1,1,4724,27),(835,'44.5.1/1',0,1,3929,27),(836,'02.8.1/1',0,1,6311,27),(837,'21.4.5',0,1,13868,27),(837,'',1,1,2165,27),(838,'22.8021-1',0,1,82650,27),(838,'',1,1,4724,27),(839,'MT-03 6401V',0,1,2784,27),(839,'09.4.1/1',0,4,2335,27),(840,'MT-03 6401V',0,1,2784,27),(840,'MT-03 6402V',0,1,2809,27),(840,'',1,1,1181,27),(841,'22.302.G',0,1,165383,27),(842,'22.732-2',0,1,102354,27),(843,'12.6.3/1',0,2,11699,27),(843,'',1,1,1181,27),(844,'46.4.1/1',0,1,3929,27),(844,'',1,1,1181,27),(845,'22.302.G',0,1,165383,27),(846,'01.9.1/1',0,1,5460,27),(846,'',1,1,1181,27),(847,'02.1.1/1',0,1,4244,27),(848,'MT-03 6401V',0,6,2784,27),(849,'12.6.3/1',0,2,11699,27),(849,'',1,1,1181,27),(850,'21.03.05',0,1,15777,27),(850,'',1,1,2165,27),(851,'22.1502-80 WHITE',0,1,34028,27),(851,'',1,1,4724,27),(852,'44.5.1/1',0,1,3929,27),(852,'43.1.1/1',0,1,3929,27),(852,'09.6.1/1',0,1,2674,27),(852,'',1,1,1181,27),(853,'SD300-A1',0,1,1472,27),(854,'FCCST',0,1,2879,27),(854,'',1,1,1181,27),(855,'FCCST',0,1,2735,27),(855,'FCCBKDF',0,1,2974,27),(855,'',1,1,1181,27),(856,'MT-03 6405V',0,3,3278,27),(856,'',1,1,1181,27),(857,'22.302.G',0,1,165383,27),(857,'',1,1,4724,27),(858,'MT-03 6403V',0,1,4122,27),(858,'',1,1,1181,27),(859,'22.308.W/4',0,1,237787,27),(860,'22.1020B',0,1,103969,27),(860,'',1,1,4724,27),(861,'MT-03 6405V',0,1,3278,27),(861,'MT-03 6411V',0,1,3278,27),(861,'',1,1,1181,27),(862,'21.4.5',0,1,13868,27),(862,'',1,1,2165,27),(863,'09.4.1/1',0,7,2335,27),(863,'MT-03 6401V',0,2,2784,27),(864,'22.1532',0,1,48811,27),(864,'MT-03 6411V',0,1,3450,27),(864,'',1,1,4724,27),(865,'09.7.1/1',0,1,3186,27),(866,'22.8021 BLACK',0,1,70858,27),(867,'22.9021',0,1,78732,27),(867,'',1,1,4724,27),(868,'12.1.3/1',0,1,10240,27),(868,'12.7.3/1',0,1,11699,27),(868,'12.5.3/1',0,1,17208,27),(869,'01.1.1/2',0,1,5216,27),(869,'01.5.1/2',0,1,7040,27),(869,'',1,1,1181,27),(870,'MT-03 6404V',0,1,3149,27),(870,'MT-03 6403V',0,1,4122,27),(870,'MT-03 6401V',0,2,2784,27),(870,'',1,1,1181,27),(871,'12.6.3/1',0,1,11114,27),(871,'12.4.3/1',0,1,11769,27),(871,'12.1.3/1',0,1,9728,27),(872,'12.7.3/1',0,1,11699,27),(872,'',1,1,1181,27),(873,'3.11.1/1',0,1,7866,27),(874,'22.1058 BLACK',0,1,69336,27),(874,'',1,1,4449,27),(875,'12.4.3/1',0,1,11769,27),(875,'12.1.3/1',0,1,9728,27),(875,'',1,1,1575,27),(876,'FCPS1',0,2,1008,27),(877,'22.8011-135',0,1,121623,27),(877,'',1,1,7323,27),(878,'22.172/2',0,1,93646,27),(878,'',1,1,5945,27),(879,'22.172/2',0,1,93646,27),(879,'',1,1,5945,27),(880,'22.172/2',0,1,93646,27),(880,'',1,1,5945,27),(881,'22.172/2',0,1,93646,27),(881,'',1,1,5945,27),(882,'41.4.1/1',0,1,3929,27),(882,'',1,1,1575,27),(883,'12.1.3/1',0,1,9728,27),(883,'',1,1,1575,27),(884,'01.6.1/2',0,1,4487,27),(884,'',1,1,1575,27),(885,'01.6.1/2',0,1,4487,27),(885,'',1,1,1575,27),(886,'12.6.3/1',0,1,11114,27),(886,'',1,1,1575,27),(887,'22.308/4',0,1,237787,27),(887,'',1,1,8582,27),(888,'09.3.1/1',0,1,2368,27),(889,'12.7.3/1',0,1,11699,27),(889,'',1,1,1575,27),(890,'22.56.5.0',0,1,131347,27),(891,'22.13',0,1,44127,27),(892,'12.6.3/1',0,1,11114,27),(892,'12.5.3/1',0,1,16348,27),(892,'',1,1,1575,27),(893,'01.1.1/2',0,1,5216,27),(893,'',1,1,1575,27),(894,'12.1.3/1',0,6,10240,27),(895,'12.4.3/1',0,3,12388,27),(896,'MT-03 6403V',0,1,4339,27),(896,'',1,1,1575,27),(897,'MT-03 6403V',0,1,4339,27),(897,'',1,1,1575,27),(898,'41.4.1/1',0,1,3929,27),(898,'',1,1,1575,27),(899,'12.5.3/1',0,1,17208,27),(899,'12.1.3/1',0,1,10240,27),(900,'12.1.3/1',0,2,9728,27),(900,'12.3.3/1',0,1,11114,27),(900,'12.5.3/1',0,1,16348,27),(900,'',1,1,2362,27),(901,'12.1.3/1',0,2,9728,27),(901,'12.3.3/1',0,1,11114,27),(901,'12.5.3/1',0,1,16348,27),(901,'',1,1,2362,27),(902,'22.8021-1',0,1,87000,27),(902,'',1,1,6456,27),(903,'02.1.2/1',0,1,4181,27),(903,'02.6.2/1',0,1,5990,27),(904,'22.8021 WHITE',0,1,70858,27),(904,'',1,1,5945,27),(905,'09.1.1/1',0,3,2250,27),(905,'09.6.1/1',0,1,2674,27),(905,'08.4.1/1',0,5,3733,27),(906,'22.08',0,1,59835,27),(906,'',1,1,4449,27),(907,'22.308/4',0,1,237787,27),(907,'',1,1,8582,27),(908,'22.308/4',0,1,237787,27),(908,'',1,1,8582,27),(909,'22.172/2',0,1,93646,27),(909,'',1,1,5945,27),(910,'02.7.2/1',0,1,5990,27),(910,'02.1.2/1',0,1,4181,27),(910,'',1,1,1575,27),(911,'22.53.5',0,1,94843,27),(911,'',1,1,5945,27),(912,'22.8011-135',0,1,128024,27),(912,'',1,1,7323,27),(913,'22.8011-135',0,1,128024,27),(913,'',1,1,7323,27),(914,'22.8011-135',0,1,128024,27),(914,'',1,1,7323,27),(915,'MT-03 6404V',0,1,3149,27),(915,'',1,1,1575,27),(916,'12.7.3/1',0,1,11699,27),(916,'',1,1,1575,27),(917,'MT-03 6405V',0,1,3278,27),(917,'',1,1,1575,27),(918,'12.7.3/1',0,1,11699,27),(919,'22.1020B',0,1,103969,27),(919,'',1,1,7323,27),(920,'22.1020B',0,1,103969,27),(920,'',1,1,7323,27),(921,'12.7.3/1',0,1,11114,27),(921,'',1,1,1575,27),(922,'22.8021 BLACK',0,1,70858,27),(922,'',1,1,5945,27),(923,'08.1.1/1',0,1,3929,27),(923,'08.7.1/1',0,1,3929,27),(924,'22.180/GE',0,1,76591,27),(924,'',1,1,6456,27),(925,'22.9021',0,1,78732,27),(925,'',1,1,6456,27),(926,'22.9021',0,1,78732,27),(926,'',1,1,6456,27),(927,'22.8021 BLACK',0,1,70858,27),(927,'',1,1,5945,27),(928,'09.6.1/1',0,1,2674,27),(929,'09.7.1/1',0,1,3354,27),(930,'22.1020B',0,1,103969,27),(930,'',1,1,7323,27),(931,'12.9.1/1',0,1,6526,27),(931,'',1,1,1575,27),(932,'08.1.1/1',0,1,3733,27),(932,'02.5.1/1',0,1,5946,27),(932,'02.6.2/1',0,1,5691,27),(932,'',1,1,2362,27),(933,'09.7.1/1',0,1,3186,27),(933,'02.5.1/1',0,1,5946,27),(933,'',1,1,1575,27),(934,'22.53.5',0,1,99835,27),(934,'',1,1,5945,27),(935,'45.1.1/2',0,1,11730,27),(935,'',1,1,1575,27),(936,'22.8021 WHITE',0,1,70858,27),(936,'',1,1,5945,27),(937,'22.8021 WHITE',0,1,70858,27),(937,'',1,1,5945,27),(938,'45.3.1/1',0,1,6643,27),(938,'',1,1,1575,27),(939,'22.010 RIGHT',0,1,82669,27),(940,'22.8021-1 STEAM',0,1,115937,27),(940,'',1,1,6456,27),(941,'22.8021-1 STEAM',0,1,115937,27),(941,'',1,1,6456,27),(942,'44.5.1/1',0,1,3929,27),(943,'40.1.1/1',0,1,9481,27),(944,'45.3.1/1',0,1,6311,27),(944,'',1,1,1575,27),(945,'22.8021 BLACK',0,1,70858,27),(945,'',1,1,5945,27),(946,'12.6.3/1',0,1,11699,27),(946,'',1,1,1575,27),(947,'MT-03 6401V',0,3,2784,27),(947,'09.6.1/1',0,1,2674,27),(947,'MT-03 6403V',0,1,4122,27),(948,'12.5.3/1',0,1,17208,27),(948,'',1,1,1575,27),(949,'12.5.3/1',0,1,17208,27),(949,'',1,1,1575,27),(950,'22.308.W/4',0,1,237787,27),(950,'',1,1,8582,27),(951,'08.7.1/1',0,1,3733,27),(951,'',1,1,1575,27),(952,'22.308.W/4',0,1,237787,27),(953,'41.3.1/1',0,1,3929,27),(953,'44.5.1/1',0,1,3929,27),(953,'22.08',0,1,59835,27),(953,'43.3.1/1',0,1,3929,27),(953,'22.9021',0,1,78732,27),(953,'',1,1,13267,27),(954,'41.3.1/1',0,1,3929,27),(954,'44.5.1/1',0,1,3929,27),(954,'22.08',0,1,59835,27),(954,'43.3.1/1',0,1,3929,27),(954,'22.9021',0,1,78732,27),(954,'',1,1,13267,27),(955,'22.8021 BLACK',0,1,70858,27),(955,'',1,1,5945,27),(956,'22.308/4',0,1,237787,27),(956,'22.308.W/4',0,1,237787,27),(957,'22.8021 BLACK',0,3,70858,27),(958,'22.13',0,1,44127,27),(958,'22.77.5',0,1,262627,27),(958,'',1,1,13031,27),(959,'22.13',0,1,44127,27),(959,'22.77.5',0,1,262627,27),(959,'',1,1,13031,27),(960,'22.010 LEFT',0,1,78536,27),(961,'22.1045 BLACK',0,1,85268,27),(961,'',1,1,6456,27),(962,'41.4.1/1',0,1,3929,27),(962,'41.3.1/1',0,1,3929,27),(962,'',1,1,1575,27),(963,'22.308.W/4',0,1,237787,27),(963,'',1,1,8582,27),(964,'MT-03 6403V',0,1,4122,27),(965,'22.308.W/4',0,1,237787,27),(966,'22.8011-135',0,1,128024,27),(966,'',1,1,7323,27),(967,'09.1.1/1',0,1,2420,27),(967,'',1,1,1575,27),(968,'22.8021 WHITE',0,1,70858,27),(968,'',1,1,5945,27),(969,'22.8011-135',0,1,121623,27),(969,'',1,1,7323,27),(970,'12.1.3/1',0,1,9728,27),(970,'12.5.3/1',0,1,16348,27),(970,'',1,1,1575,27),(971,'22.308.W/4',0,1,237787,27),(971,'',1,1,8582,27),(972,'02.1.2/1',0,2,3972,27),(972,'',1,1,1575,27),(973,'22.308.W/4',0,1,237787,27),(973,'',1,1,8582,27),(974,'45.3.1/1',0,1,6311,27),(974,'',1,1,1575,27),(975,'MT-03 6403V',0,1,4122,27),(975,'',1,1,1575,27),(976,'45.3.1/1',0,1,6311,27),(976,'',1,1,1575,27),(977,'22.010 LEFT',0,1,82669,27),(977,'',1,1,5945,27),(978,'22.8021-1',0,1,82650,27),(979,'22.1045 BLACK',0,1,85268,27),(979,'',1,1,6456,27),(980,'12.9.1/1',0,1,6200,27),(980,'',1,1,1575,27),(981,'01.5.1/2',0,1,7040,27),(981,'',1,1,1575,27),(982,'01.5.1/2',0,1,7040,27),(982,'',1,1,1575,27),(983,'22.172/2',0,1,93646,27),(983,'',1,1,5945,27),(984,'12.1.1/1',0,1,7577,27),(984,'12.5.1/1',0,1,12027,27),(984,'',1,1,1575,27),(985,'MT-03 6403V',0,1,4122,27),(985,'',1,1,1575,27),(986,'22.8021 BLACK',0,1,70858,27),(986,'',1,1,5945,27),(987,'22.8021 WHITE',0,1,70858,27),(987,'',1,1,5945,27),(988,'02.1.2/1',0,1,3972,27),(988,'02.5.2/1',0,1,6713,27),(989,'FCPS5',0,6,354,27),(989,'FCCB',0,3,1267,27),(989,'',1,1,2362,27),(990,'22.8021-1 STEAM',0,1,115937,27),(990,'',1,1,6456,27),(991,'40.1.1/1',0,1,9481,27),(992,'12.7.3/1',0,1,8520,27),(992,'',1,1,1575,27),(993,'22.308.W/4',0,1,237787,27),(993,'',1,1,8582,27),(994,'12.5.3/1',0,1,12197,27),(995,'22.8011-135',0,1,121623,27),(995,'',1,1,7323,27),(996,'22.8021-1 STEAM',0,1,115937,27),(996,'',1,1,6456,27),(997,'12.6.3/1',0,1,8520,27),(997,'',1,1,1575,27),(998,'09.1.1/1',0,2,2686,27),(998,'',1,1,1575,27),(999,'22.8021 BLACK',0,1,70858,27),(999,'',1,1,5945,27),(1000,'22.8021 BLACK',0,1,70858,27),(1000,'',1,1,5945,27),(1001,'22.1045 BLACK',0,1,85268,27),(1001,'',1,1,6456,27),(1002,'12.6.3/1',0,1,8968,27),(1002,'',1,1,1575,27),(1003,'12.3.3/1',0,1,10228,27),(1003,'',1,1,1575,27),(1004,'22.308/4',0,1,237787,27),(1004,'',1,1,8582,27),(1005,'22.308/4',0,1,237787,27),(1005,'',1,1,8582,27),(1006,'22.8021-1',0,1,82650,27),(1006,'',1,1,6456,27),(1007,'09.6.1/1',0,1,3059,27),(1007,'',1,1,1575,27),(1008,'09.6.1/1',0,1,3059,27),(1008,'',1,1,1575,27),(1009,'09.6.1/1',0,1,3059,27),(1009,'',1,1,1575,27),(1010,'21.03.05',0,1,14988,27),(1010,'09.3.1/1',0,1,2686,27),(1011,'22.8021-1 BLACK',0,1,82650,27),(1011,'',1,1,6456,27),(1012,'02.5.1/1',0,1,6127,27),(1013,'22.8021 WHITE',0,1,70858,27),(1013,'',1,1,5945,27),(1014,'12.6.3/1',0,1,8520,27),(1015,'45.3.1/1',0,1,7079,27),(1015,'',1,1,1575,27),(1016,'12.6.3/1',0,1,8520,27),(1016,'12.5.3/1',0,1,11587,27),(1016,'',1,1,1575,27),(1017,'09.6.1/1',0,1,3220,27),(1017,'',1,1,1575,27),(1018,'12.6.3/1',0,1,8520,27),(1018,'12.5.3/1',0,1,11587,27),(1018,'',1,1,1575,27),(1019,'22.39.51-80',0,1,22433,27),(1019,'',1,1,4449,27),(1020,'MT-03 6401V',0,1,3134,27),(1021,'09.6.1/1',0,1,3220,27),(1021,'',1,1,1575,27),(1022,'45.3.1/1',0,1,6725,27),(1022,'',1,1,1575,27),(1023,'22.8021 WHITE',0,1,70858,27),(1023,'',1,1,5945,27),(1024,'22.8021 WHITE',0,1,70858,27),(1024,'',1,1,5945,27),(1025,'22.8021 WHITE',0,1,70858,27),(1025,'',1,1,5945,27),(1026,'22.172/2',0,1,93646,27),(1026,'',1,1,5945,27),(1027,'22.1020B',0,1,103969,27),(1027,'',1,1,7323,27),(1028,'22.1020B',0,1,103969,27),(1028,'',1,1,7323,27),(1029,'22.1020B',0,1,103969,27),(1029,'',1,1,7323,27),(1030,'12.6.3/1',0,1,8520,27),(1031,'MT-03 6405V',0,1,3658,27),(1031,'',1,1,1575,27),(1032,'22.8021-1 STEAM',0,1,115937,27),(1032,'',1,1,6456,27),(1033,'22.8021-1 STEAM',0,1,115937,27),(1033,'',1,1,6456,27),(1034,'01.6.1/2',0,1,4779,27),(1035,'01.6.1/2',0,1,4779,27),(1036,'02.8.1/1',0,1,6921,27),(1037,'22.1045 BLACK',0,1,89756,27),(1037,'',1,1,6456,27),(1038,'SD300-A1',0,2,928,27),(1038,'SD300-B1',0,1,646,27),(1039,'02.6.1/1',0,1,4256,27),(1039,'',1,1,1575,27),(1040,'02.6.1/1',0,1,4256,27),(1040,'',1,1,1575,27),(1041,'01.6.1/2',0,1,4779,27),(1041,'',1,1,1575,27),(1042,'SD300-A1',0,1,882,27),(1043,'12.3.1/1',0,1,7772,27),(1043,'',1,1,1575,27),(1044,'09.1.1/1',0,1,2686,27),(1044,'09.4.1/1',0,1,2910,27),(1044,'',1,1,1575,27),(1045,'09.1.1/1',0,1,2686,27),(1045,'09.4.1/1',0,1,2910,27),(1045,'',1,1,1575,27),(1046,'22.8021 WHITE',0,1,70858,27),(1046,'',1,1,5945,27),(1047,'09.1.1/1',0,1,2686,27),(1047,'09.4.1/1',0,1,2910,27),(1047,'09.6.1/1',0,1,3059,27),(1047,'7.1621.R',0,1,665,27),(1048,'22.1045 BLACK',0,1,85268,27),(1048,'',1,1,6456,27),(1049,'45.3.1/1',0,1,7079,27),(1049,'',1,1,1575,27),(1050,'22.9021',0,1,78732,27),(1050,'',1,1,6456,27),(1051,'02.6.2/1',0,1,5691,27),(1051,'',1,1,1575,27),(1052,'12.1.1/1',0,1,8181,27),(1052,'',1,1,1575,27),(1053,'45.3.1/1',0,1,7079,27),(1054,'02.8.1/1',0,1,6575,27),(1054,'',1,1,1575,27),(1055,'22.39.51-80',0,1,21311,27),(1056,'12.1.1/1',0,1,7772,27),(1056,'',1,1,1575,27),(1057,'09.3.1/1',0,1,2686,27),(1057,'',1,1,1575,27),(1058,'02.1.2/1',0,1,4181,27),(1058,'',1,1,1575,27),(1059,'01.5.1/2',0,1,7709,27),(1059,'',1,1,1575,27),(1060,'02.8.1/1',0,1,6921,27),(1060,'',1,1,1575,27),(1061,'22.39.51-80',0,1,22433,27),(1061,'',1,1,4449,27),(1062,'09.6.1/1',0,1,3220,27),(1063,'09.7.1/1',0,1,3358,27),(1063,'',1,1,1575,27),(1064,'MT-03 6403V',0,1,4630,27),(1064,'',1,1,1575,27),(1065,'22.1045 WHITE/2',0,1,85268,27),(1065,'',1,1,6456,27),(1066,'22.1045 WHITE/2',0,1,85268,27),(1066,'',1,1,6456,27),(1067,'22.1045 WHITE/2',0,1,85268,27),(1067,'',1,1,6456,27),(1068,'43.1.1/1',0,3,3929,27),(1068,'43.4.1/1',0,1,3929,27),(1069,'43.1.1/1',0,3,3929,27),(1069,'43.4.1/1',0,1,3929,27),(1070,'FCCST',0,1,1567,27),(1070,'FCCBKDF',0,1,1779,27),(1070,'',1,1,1575,27),(1071,'MT-03 6411V',0,1,3658,27),(1072,'22.180/3',0,1,76591,27),(1073,'02.9.1/1',0,1,7315,27),(1073,'',1,1,1575,27),(1074,'21.03.05',0,1,15777,27),(1074,'',1,1,2362,27),(1075,'09.5.1/1',0,1,3658,27),(1076,'12.6.3/1',0,1,8520,27),(1076,'12.7.3/1',0,1,8520,27),(1077,'22.010 RIGHT',0,1,82669,27),(1077,'',1,1,5945,27),(1078,'02.8.1/1',0,1,6575,27),(1078,'',1,1,1575,27),(1079,'22.732-2',0,1,112197,27),(1080,'22.732-2',0,1,112197,27),(1081,'22.180/3',0,1,80622,27),(1081,'',1,1,6456,27),(1082,'22.302/3',0,1,133890,27),(1082,'',1,1,7323,27),(1083,'MT-03 6403V',0,1,4855,27),(1083,'MT-03 6401V',0,1,3283,27),(1083,'',1,1,1575,27),(1084,'MT-03 6403V',0,1,4855,27),(1084,'MT-03 6401V',0,1,3283,27),(1084,'',1,1,1575,27),(1085,'09.1.1/1',0,1,2686,27),(1086,'12.7.3/1',0,1,8968,27),(1086,'',1,1,1575,27),(1087,'22.1058 WHITE/2',0,1,70858,27),(1088,'22.8021 BLACK',0,1,78536,27),(1089,'03.8.1/1',0,1,7324,27),(1090,'45.3.1/1',0,1,6725,27),(1090,'',1,1,1575,27),(1091,'22.1512',0,1,34036,27),(1092,'43.1.1/1',0,1,3929,27),(1092,'09.5.1/1',0,1,3850,27),(1093,'12.4.3/1',0,1,9717,27),(1093,'12.6.3/1',0,1,8520,27),(1093,'',1,1,1575,27),(1094,'12.4.3/1',0,1,9717,27),(1094,'',1,1,1575,27),(1095,'12.4.3/1',0,1,9717,27),(1095,'',1,1,1575,27),(1096,'12.6.3/1',0,2,8520,27),(1096,'',1,1,1575,27),(1097,'22.13',0,1,42630,27),(1097,'',1,1,4449,27),(1098,'22.8021-1 STEAM',0,1,115937,27),(1098,'',1,1,6456,27),(1099,'22.8021-1 STEAM',0,1,115937,27),(1099,'',1,1,6456,27),(1100,'01.1.1/1',0,1,4107,27),(1100,'',1,1,1575,27),(1101,'22.18',0,1,40386,27),(1101,'',1,1,4449,27),(1102,'45.3.1/1',0,1,6725,27),(1102,'',1,1,1575,27),(1103,'12.3.3/1',0,1,10228,27),(1103,'',1,1,1575,27),(1104,'22.1058 WHITE/2',0,1,70858,27),(1105,'22.1058 WHITE/2',0,1,70858,27),(1106,'09.1.1/1',0,1,2827,27),(1106,'09.5.1/1',0,1,3850,27),(1106,'MY8911-3',0,1,9331,27),(1106,'MY8911-2',0,1,6387,27),(1106,'09.6.1/1',0,1,3220,27),(1106,'',1,1,2362,27),(1107,'09.1.1/1',0,1,2827,27),(1107,'09.5.1/1',0,1,3850,27),(1107,'MY8911-3',0,1,9331,27),(1107,'MY8911-2',0,1,6387,27),(1107,'09.6.1/1',0,1,3220,27),(1107,'',1,1,2362,27),(1108,'09.7.1/1',0,1,3535,27),(1108,'',1,1,1575,27),(1109,'01.1.1/1',0,2,4107,27),(1110,'12.7.3/1',0,1,8968,27),(1110,'',1,1,1575,27),(1111,'22.1020B/2',0,1,103969,27),(1112,'MY8833-2',0,1,5875,27),(1113,'02.7.2/1',0,1,5990,27),(1113,'',1,1,1575,27),(1114,'22.180/4',0,1,80622,27),(1114,'',1,1,6456,27),(1115,'22.180/4',0,1,80622,27),(1115,'',1,1,6456,27),(1116,'22.180/4',0,1,80622,27),(1116,'',1,1,6456,27),(1117,'03.8.1/1',0,1,7324,27),(1117,'',1,1,1575,27),(1118,'22.8021-1 BLACK',0,1,82650,27),(1118,'',1,1,6456,27),(1119,'MY8833-2',0,3,5875,27),(1119,'',1,1,2362,27),(1120,'45.3.1/1',0,1,7079,27),(1120,'40.8.1/1',0,1,10943,27),(1120,'',1,1,1732,27),(1121,'SD300-B1',0,6,614,27),(1121,'',1,1,2519,27),(1122,'22.1020B/2',0,1,103969,27),(1122,'',1,1,7834,27),(1123,'22.1020B/2',0,1,103969,27),(1123,'',1,1,7834,27),(1124,'22.8021-1 STEAM',0,1,115937,27),(1125,'02.1.2/1',0,1,3972,27),(1125,'09.1.1/1',0,1,2686,27),(1125,'09.4.1/1',0,1,2910,27),(1125,'02.8.1/1',0,1,6575,27),(1125,'',1,1,2519,27),(1126,'12.4.1/1',0,1,6725,27),(1127,'12.1.1/1',0,1,8181,27),(1127,'12.5.1/1',0,1,9362,27),(1128,'20.18060',0,1,18836,27),(1128,'',1,1,2519,27),(1129,'20.18060',0,1,18836,27),(1129,'',1,1,2519,27),(1130,'20.18060',0,1,18836,27),(1130,'',1,1,2519,27),(1131,'20.18060',0,1,18836,27),(1131,'',1,1,2519,27),(1132,'20.18060',0,1,18836,27),(1132,'',1,1,2519,27),(1133,'20.18060',0,1,18836,27),(1133,'',1,1,2519,27),(1134,'22.1058 WHITE/2',0,1,69335,27),(1134,'',1,1,4724,27),(1135,'12.6.3/1',0,2,8520,27),(1135,'',1,1,1732,27),(1136,'3.11.1/1',0,1,10228,27),(1137,'22.46.5',0,1,17280,27),(1137,'22.1045 BLACK/2',0,1,89756,27),(1137,'',1,1,9448,27),(1138,'42.3.1/1',0,1,3929,27),(1138,'42.4.1/1',0,1,3929,27),(1138,'22.46.5',0,1,16416,27),(1139,'09.7.1/1',0,2,3358,27),(1139,'',1,1,1732,27),(1140,'01.6.1/2',0,1,5031,27),(1141,'01.1.1/2',0,1,5453,27),(1141,'01.5.1/2',0,1,7324,27),(1141,'',1,1,1732,27),(1142,'01.1.1/2',0,1,5453,27),(1142,'01.5.1/2',0,1,7324,27),(1142,'',1,1,1732,27),(1143,'12.3.3/1',0,1,10228,27),(1143,'',1,1,1732,27),(1144,'02.1.2/1',0,1,3972,27),(1144,'02.4.2/1',0,1,5983,27),(1144,'02.5.2/1',0,1,6713,27),(1144,'',1,1,2519,27),(1145,'FCPS1',0,10,354,27),(1145,'FCPS50',0,10,354,27),(1145,'',1,1,3779,27),(1146,'FCPS1',0,10,354,27),(1146,'FCPS50',0,10,354,27),(1146,'',1,1,3779,27),(1147,'SD400-C1',0,1,869,27),(1147,'',1,1,1732,27),(1148,'08.4.1/1',0,1,3929,27),(1148,'MT-03 6401V',0,1,3283,27),(1148,'09.6.1/1',0,1,3059,27),(1148,'',1,1,2519,27),(1149,'22.8707/2',0,1,142118,27),(1150,'MY8833-2',0,2,5875,27),(1150,'MY8833-3',0,1,8051,27),(1150,'MY8833-8',0,1,5875,27),(1151,'22.13',0,1,44874,27),(1151,'',1,1,4724,27),(1152,'02.6.1/1',0,1,4480,27),(1152,'',1,1,1732,27),(1153,'22.18',0,1,42512,27),(1154,'12.6.3/1',0,1,8968,27),(1154,'',1,1,1732,27),(1155,'21.4.5',0,1,14598,27),(1156,'01.1.1/2',0,1,5740,27),(1156,'',1,1,1732,27),(1157,'22.39.51-80/2',0,1,21311,27),(1157,'',1,1,4724,27),(1158,'22.8011-135',0,1,128024,27),(1158,'',1,1,7834,27),(1159,'22.8011-135',0,1,128024,27),(1159,'',1,1,7834,27),(1160,'22.8011-135',0,1,128024,27),(1160,'',1,1,7834,27),(1161,'40.7.1/1',0,1,9717,27),(1161,'',1,1,1732,27),(1162,'40.7.1/1',0,1,9717,27),(1163,'40.3.1/1',0,1,9980,27),(1163,'',1,1,1732,27),(1164,'12.6.1/1',0,1,6351,27),(1164,'12.1.1/1',0,1,7772,27),(1164,'12.5.1/1',0,1,8894,27),(1165,'MT-03 6401V',0,1,3283,27),(1165,'03.5.1/1',0,1,8520,27),(1165,'08.4.1/1',0,1,3929,27),(1165,'02.7.1/1',0,1,5453,27),(1165,'SD300-B1',0,1,614,27),(1165,'',1,1,2519,27),(1166,'03.9.1/1',0,1,7548,27),(1166,'',1,1,1732,27),(1167,'12.7.3/1',0,1,8520,27),(1168,'22.8021-1 BLACK',0,1,82650,27),(1168,'',1,1,6929,27),(1169,'22.8021-1 STEAM',0,1,115937,27),(1170,'42.4.1/1',0,1,3929,27),(1170,'',1,1,1732,27),(1171,'3.11.1/1',0,1,10228,27),(1171,'',1,1,1732,27),(1172,'02.1.1/1',0,1,4480,27),(1172,'02.4.1/1',0,1,5453,27),(1173,'FCCBKDF',0,2,1779,27),(1173,'',1,1,1732,27),(1174,'FCCBKDF',0,2,1779,27),(1174,'',1,1,1732,27),(1175,'FCCBKDF',0,2,1779,27),(1175,'',1,1,1732,27),(1176,'FCCBKDF',0,2,1779,27),(1176,'',1,1,1732,27),(1177,'12.6.3/1',0,1,8968,27),(1177,'',1,1,1732,27),(1178,'12.4.3/1',0,1,10228,27),(1179,'22.1058 WHITE/2',0,1,72984,27),(1179,'',1,1,4724,27),(1180,'44.4.1/1',0,1,3929,27),(1181,'12.5.1/1',0,1,9362,27),(1181,'',1,1,1732,27),(1182,'43.1.1/1',0,1,3929,27),(1182,'',1,1,1732,27),(1183,'12.6.3/1',0,1,8968,27),(1183,'',1,1,1732,27),(1184,'22.1045 WHITE/2',0,1,89756,27),(1184,'',1,1,6929,27),(1185,'SD300-B1',0,5,646,27),(1185,'',1,1,2519,27),(1186,'22.1045 BLACK/2',0,1,85268,27),(1187,'22.39.51-90/2',0,2,21311,27),(1188,'09.5.1/1',0,2,3658,27),(1188,'',1,1,1732,27),(1189,'22.8021-1 STEAM',0,1,115937,27),(1189,'',1,1,6299,27),(1190,'45.1.1/2',0,1,11730,27),(1190,'',1,1,1732,27),(1191,'45.3.1/1',0,1,6725,27),(1192,'22.1045 BLACK/2',0,1,85268,27),(1192,'',1,1,6929,27),(1193,'22.8011-135',0,1,121623,27),(1193,'',1,1,7834,27),(1194,'22.8011-135',0,1,121623,27),(1194,'',1,1,7834,27),(1195,'12.7.3/1',0,1,8968,27),(1195,'',1,1,1732,27),(1196,'12.5.1/1',0,1,9362,27),(1196,'',1,1,1732,27),(1197,'22.18',0,1,42512,27),(1197,'',1,1,4724,27),(1198,'22.8318/2',0,1,127158,27),(1199,'02.1.2/1',0,1,3972,27),(1199,'',1,1,1732,27),(1200,'40.7.1/1',0,1,9231,27),(1200,'',1,1,1732,27),(1201,'034.1.1',0,2,5110,27),(1201,'034.5.1',0,2,7079,27),(1201,'',1,1,2519,27),(1202,'MT-03 6403V',0,2,4855,27),(1202,'09.7.1/1',0,1,3358,27),(1202,'41.3.1/1',0,1,3929,27),(1202,'',1,1,2519,27),(1203,'034.4.1',0,1,5740,27),(1203,'034.5.1',0,1,7079,27),(1203,'034.1.1',0,1,5110,27),(1203,'',1,1,2519,27),(1204,'034.4.1',0,1,5740,27),(1204,'034.5.1',0,1,7079,27),(1204,'034.1.1',0,1,5110,27),(1204,'',1,1,2519,27),(1205,'034.4.1',0,1,5740,27),(1205,'034.5.1',0,1,7079,27),(1205,'034.1.1',0,1,5110,27),(1205,'',1,1,2519,27),(1206,'22.8318/2',0,1,127158,27),(1206,'',1,1,7834,27),(1207,'22.8318/2',0,1,127158,27),(1207,'',1,1,7834,27),(1208,'MY8833-3',0,1,8051,27),(1208,'MY8833-2',0,1,5875,27),(1208,'033.1.1',0,1,4930,27),(1209,'22.18',0,1,42512,27),(1209,'',1,1,4724,27),(1210,'FCCST',0,2,1567,27),(1210,'',1,1,1732,27),(1211,'22.1058 WHITE/2',0,1,72984,27),(1211,'',1,1,6299,27),(1212,'12.6.3/1',0,1,8968,27),(1212,'',1,1,1732,27),(1213,'20.12060',0,2,10228,27),(1214,'20.12060',0,2,10228,27),(1215,'43.1.1/1',0,1,3929,27),(1215,'43.4.1/1',0,1,3929,27),(1215,'',1,1,1732,27),(1216,'22.8318.G',0,1,160819,27),(1216,'',1,1,8228,27),(1217,'22.39.51-80/2',0,1,21311,27),(1218,'09.7.1/1',0,1,3535,27),(1218,'',1,1,1732,27),(1219,'20.14060',0,1,10622,27),(1220,'20.8050',0,1,7236,27),(1220,'MT-03 6403V',0,1,5110,27),(1220,'43.1.1/1',0,1,3929,27),(1220,'',1,1,4251,27),(1221,'02.8.1/1',0,1,6575,27),(1221,'034.4.1',0,1,5453,27),(1222,'FCCST',0,2,1567,27),(1222,'',1,1,1732,27),(1223,'033.4.1',0,1,5461,27),(1223,'033.1.1',0,1,4930,27),(1223,'',1,1,1732,27),(1224,'02.8.1/1',0,1,6575,27),(1224,'',1,1,1732,27),(1225,'40.8.1/1',0,1,10943,27),(1225,'',1,1,1732,27),(1226,'09.1.1/1',0,1,2827,27),(1227,'09.1.1/1',0,1,2827,27),(1228,'09.1.1/1',0,1,2827,27),(1229,'22.1032/3',0,1,76764,27),(1229,'',1,1,6929,27),(1230,'22.8021-1 STEAM',0,1,115937,27),(1230,'',1,1,6299,27),(1231,'43.4.1/1',0,1,3929,27),(1232,'FCCST',0,1,1567,27),(1232,'FCCBKDF',0,1,1779,27),(1232,'',1,1,1732,27),(1233,'22.1532/3',0,1,46370,27),(1233,'',1,1,4724,27),(1234,'09.7.1/1',0,1,3358,27),(1234,'',1,1,1732,27),(1235,'22.8021-1 STEAM',0,1,115937,27),(1235,'',1,1,6299,27),(1236,'22.8021-1 STEAM',0,1,115937,27),(1236,'',1,1,6299,27),(1237,'22.1532/3',0,1,48811,27),(1237,'',1,1,4724,27),(1238,'44.4.1/1',0,1,3929,27),(1238,'09.7.1/1',0,1,3535,27),(1239,'034.5.1',0,1,6725,27),(1239,'',1,1,1732,27),(1240,'034.5.1',0,1,6725,27),(1240,'',1,1,1732,27),(1241,'22.8022',0,1,77157,27),(1241,'',1,1,6299,27),(1242,'21.03.05',0,1,14988,27),(1242,'',1,1,2519,27),(1243,'22.8023',0,1,93646,27),(1244,'02.1.2/1',0,1,4181,27),(1244,'',1,1,1732,27),(1245,'01.5.1/2',0,1,7324,27),(1246,'22.1532-80/3',0,1,46370,27),(1246,'',1,1,4724,27),(1247,'20.12060',0,1,10228,27),(1247,'',1,1,2519,27),(1248,'22.46.5/2',0,1,16416,27),(1249,'22.46.5/2',0,1,16416,27),(1250,'09.5.1/1',0,1,3658,27),(1250,'',1,1,1732,27),(1251,'22.1020B/2',0,1,103969,27),(1251,'',1,1,6929,27),(1252,'12.6.3/1',0,1,8520,27),(1253,'02.8.1/1',0,1,6921,27),(1253,'',1,1,1732,27),(1254,'02.8.1/1',0,1,6921,27),(1255,'01.5.1/2',0,1,7324,27),(1255,'',1,1,1732,27),(1256,'MT-03 6403V',0,1,4855,27),(1256,'09.1.1/1',0,1,2686,27),(1256,'',1,1,1732,27),(1257,'MT-03 6403V',0,1,4855,27),(1257,'09.1.1/1',0,1,2686,27),(1257,'',1,1,1732,27),(1258,'22.1045 WHITE/2',0,1,85268,27),(1258,'',1,1,6299,27),(1259,'22.1045 WHITE/2',0,1,85268,27),(1259,'',1,1,6299,27),(1260,'12.4.3/1',0,1,9717,27),(1260,'12.6.3/1',0,1,8520,27),(1260,'',1,1,1732,27),(1261,'22.8023',0,1,93646,27),(1261,'',1,1,6299,27),(1262,'22.8023',0,1,93646,27),(1263,'12.7.3/1',0,1,8968,27),(1263,'',1,1,1732,27),(1264,'22.1532/3',0,1,46370,27),(1264,'',1,1,4724,27),(1265,'033.1.1',0,1,5189,27),(1266,'09.1.1/1',0,1,2686,27),(1266,'09.7.1/1',0,1,3358,27),(1266,'',1,1,1732,27),(1267,'12.5.1/1',0,1,9362,27),(1267,'',1,1,1732,27),(1268,'02.6.1/1',0,2,4256,27),(1269,'09.1.1/1',0,1,2686,27),(1270,'01.1.1/2',0,1,5740,27),(1270,'',1,1,1732,27),(1271,'21.03.05',0,1,14988,27),(1271,'',1,1,2519,27),(1272,'033.6.1',0,1,3508,27),(1272,'',1,1,1732,27),(1273,'20.12060',0,1,10228,27),(1274,'22.8011-135',0,1,121623,27),(1274,'',1,1,7834,27),(1275,'08.7.1/1',0,1,3929,27),(1276,'22.8011-135',0,1,121623,27),(1276,'',1,1,7834,27),(1277,'02.1.2/1',0,1,3972,27),(1277,'02.4.2/1',0,1,5983,27),(1277,'22.1533',0,1,46370,27),(1277,'',1,1,6456,27),(1278,'08.4.1/1',0,1,3929,27),(1278,'',1,1,1732,27),(1279,'08.4.1/1',0,1,3929,27),(1279,'',1,1,1732,27),(1280,'08.4.1/1',0,1,3929,27),(1280,'',1,1,1732,27),(1281,'3.11.1/1',0,1,10228,27),(1281,'',1,1,1732,27),(1282,'43.1.1/1',0,2,3929,27),(1282,'01.6.1/2',0,1,4779,27),(1282,'',1,1,2519,27),(1283,'22.18',0,1,42512,27),(1283,'',1,1,4724,27),(1284,'12.4.3/1',0,1,9717,27),(1284,'12.6.3/1',0,1,8520,27),(1284,'',1,1,1732,27),(1285,'45.1.1/2',0,1,12347,27),(1285,'',1,1,1732,27),(1286,'12.5.1/1',0,1,9362,27),(1286,'',1,1,1732,27),(1287,'40.4.1/1',0,1,11022,27),(1287,'',1,1,1732,27),(1288,'01.1.1/2',0,1,5740,27),(1288,'01.4.1/2',0,1,6291,27),(1288,'',1,1,1732,27),(1289,'43.1.1/1',0,1,3929,27),(1289,'43.3.1/1',0,1,3929,27),(1289,'',1,1,1732,27),(1290,'22.39.51-80/2',0,1,21311,27),(1290,'',1,1,4724,27),(1291,'01.5.1/2',0,1,7324,27),(1292,'01.5.1/2',0,1,7324,27),(1293,'01.6.1/2',0,2,4779,27),(1293,'01.5.1/2',0,1,7324,27),(1293,'',1,1,2519,27),(1294,'22.1533-80',0,1,46370,27),(1294,'',1,1,4724,27),(1295,'03.5.1/1',0,1,8520,27),(1296,'03.8.1/1',0,1,7709,27),(1296,'',1,1,1732,27),(1297,'45.1.1/2',0,2,11730,27),(1298,'02.1.2/1',0,1,4181,27),(1298,'09.6.1/1',0,1,3220,27),(1298,'MY8911-4',0,1,4083,27),(1298,'',1,1,2519,27),(1299,'22.1032/3',0,1,72926,27),(1299,'',1,1,6929,27),(1300,'18.1.2',0,1,16192,27),(1300,'',1,1,1732,27),(1301,'18.1.2',0,1,16192,27),(1301,'',1,1,1732,27),(1302,'20.18060',0,1,13378,27),(1302,'',1,1,2519,27),(1303,'22.8023',0,1,93646,27),(1303,'',1,1,6299,27),(1304,'MT-03 6403V',0,1,4855,27),(1304,'09.6.1/1',0,1,3059,27),(1304,'',1,1,1732,27),(1305,'12.4.1/1',0,1,7079,27),(1306,'20.14060',0,1,10622,27),(1307,'22.8318.G/2',0,1,160819,27),(1307,'',1,1,8228,27),(1308,'22.8318.G/2',0,1,160819,27),(1308,'',1,1,8228,27),(1309,'22.8318.G/2',0,1,160819,27),(1309,'',1,1,8228,27),(1310,'22.8318.G/2',0,1,160819,27),(1310,'',1,1,8228,27),(1311,'22.8318.G/2',0,1,160819,27),(1311,'',1,1,8228,27),(1312,'22.8318.G/2',0,1,160819,27),(1312,'',1,1,8228,27),(1313,'22.8022',0,1,73299,27),(1314,'22.18',0,1,40386,27),(1314,'',1,1,4724,27),(1315,'22.18',0,1,40386,27),(1315,'',1,1,4724,27),(1316,'22.1532/3',0,1,46370,27),(1316,'',1,1,4724,27),(1317,'22.1532/3',0,1,46370,27),(1317,'',1,1,4724,27),(1318,'02.8.1/1',0,1,6921,27),(1318,'',1,1,1732,27),(1319,'22.8021-1/2',0,1,82650,27),(1319,'',1,1,6299,27),(1320,'12.4.3/1',0,1,10228,27),(1320,'12.7.3/1',0,2,8968,27),(1321,'01.1.1/2',0,1,5740,27),(1322,'09.1.1/1',0,1,2686,27),(1322,'',1,1,1732,27),(1323,'22.180/5',0,1,80622,27),(1323,'',1,1,6299,27),(1324,'02.8.1/1',0,1,6575,27),(1324,'',1,1,1732,27),(1325,'02.8.1/1',0,1,6575,27),(1325,'',1,1,1732,27),(1326,'03.9.1/1',0,1,7945,27),(1326,'',1,1,1732,27),(1327,'03.9.1/1',0,1,7945,27),(1327,'',1,1,1732,27),(1328,'20.14060',0,2,10622,27),(1329,'22.8023',0,1,93646,27),(1329,'',1,1,6299,27),(1330,'12.7.3/1',0,1,8968,27),(1330,'',1,1,1732,27),(1331,'43.1.1/1',0,1,3929,27),(1331,'',1,1,1732,27),(1332,'09.4.1/1',0,1,2910,27),(1332,'09.5.1/1',0,2,3658,27),(1332,'09.7.1/1',0,1,3358,27),(1332,'',1,1,2519,27),(1333,'22.8039-2',0,1,121567,27),(1333,'',1,1,6929,27),(1334,'12.3.1/1',0,1,8181,27),(1335,'22.8318.G/2',0,1,160819,27),(1336,'02.9.1/1',0,1,6949,27),(1336,'',1,1,1732,27),(1337,'22.18',0,2,40386,27),(1337,'3.11.1/1',0,1,10228,27),(1338,'22.8022',0,1,70858,27),(1339,'22.8022',0,1,70858,27),(1340,'22.8022',0,1,70858,27),(1341,'22.8022',0,1,70858,27),(1341,'',1,1,6299,27),(1342,'22.8022',0,1,70858,27),(1342,'',1,1,6299,27),(1343,'22.13',0,1,44874,27),(1344,'02.8.1/1',0,1,6575,27),(1345,'20.18060',0,1,13378,27),(1346,'22.1532-80/3',0,1,48811,27),(1346,'',1,1,4724,27),(1347,'22.8318.G/2',0,1,160819,27),(1347,'',1,1,8228,27),(1348,'22.732-2',0,1,112197,27),(1348,'',1,1,6929,27),(1349,'09.6.1/1',0,1,3220,27),(1349,'',1,1,1732,27),(1350,'09.6.1/1',0,1,3220,27),(1350,'',1,1,1732,27),(1351,'22.8022',0,1,70858,27),(1352,'12.3.3/1',0,1,10228,27),(1352,'',1,1,1732,27),(1353,'12.5.1/1',0,1,8894,27),(1353,'',1,1,1732,27),(1354,'FCPS1',0,1,354,27),(1354,'22.77.5/3',0,1,243103,27),(1354,'',1,1,10905,27),(1355,'3.11.1/1',0,1,10228,27),(1355,'',1,1,1732,27),(1356,'01.4.1/3',0,1,3929,27),(1356,'',1,1,1732,27),(1357,'21.03.05',0,1,14988,27),(1357,'',1,1,2519,27),(1358,'22.8318.G/2',0,1,160819,27),(1358,'',1,1,8228,27),(1359,'22.18',0,1,40386,27),(1359,'',1,1,4724,27),(1360,'22.8022',0,1,70858,27),(1360,'',1,1,6299,27),(1361,'22.8039-2',0,1,121567,27),(1361,'',1,1,6929,27),(1362,'SD300-A',0,1,1197,27),(1363,'034.6.1',0,1,3508,27),(1364,'034.6.1',0,1,3508,27),(1365,'22.39.51-80/2',0,1,21311,27),(1365,'',1,1,4724,27),(1366,'20.18060',0,1,13378,27),(1366,'',1,1,2519,27),(1367,'22.181 BLACK',0,1,70858,27),(1367,'',1,1,6299,27),(1368,'22.8022',0,1,70858,27),(1368,'',1,1,6299,27),(1369,'22.8023',0,1,93646,27),(1370,'22.8023',0,1,93646,27),(1370,'',1,1,6299,27),(1371,'22.8021-1 STEAM/2',0,1,122039,27),(1371,'',1,1,6299,27),(1372,'12.5.1/1',0,1,8894,27),(1372,'',1,1,1732,27),(1373,'034.6.1',0,1,3508,27),(1373,'',1,1,1732,27),(1374,'22.8011-170',0,1,149598,27),(1375,'22.8021-1 STEAM/2',0,1,115937,27),(1375,'',1,1,6299,27),(1376,'22.8021-1 STEAM/2',0,1,115937,27),(1376,'',1,1,6299,27),(1377,'22.8023',0,1,93646,27),(1378,'22.8011-135',0,1,121623,27),(1378,'',1,1,7834,27),(1379,'12.6.3/1',0,1,8520,27),(1379,'12.4.3/1',0,1,9717,27),(1379,'',1,1,1732,27),(1380,'MT-03 6405V',0,1,4323,27),(1380,'',1,1,1732,27),(1381,'MT-03 6405V',0,1,4323,27),(1381,'',1,1,1732,27),(1382,'3.11.1/1',0,1,10228,27),(1383,'22.18',0,1,40386,27),(1383,'',1,1,4724,27),(1384,'22.18',0,1,40386,27),(1384,'',1,1,4724,27),(1385,'22.18',0,1,40386,27),(1385,'',1,1,4724,27),(1386,'22.18',0,1,40386,27),(1386,'',1,1,4724,27),(1387,'12.7.3/1',0,1,8968,27),(1387,'',1,1,1732,27),(1388,'02.7.2/1',0,1,5691,27),(1388,'',1,1,1732,27),(1389,'22.13',0,1,44874,27),(1389,'',1,1,4724,27),(1390,'22.13',0,1,42630,27),(1390,'',1,1,4724,27),(1391,'12.4.3/1',0,1,10228,27),(1391,'',1,1,1732,27),(1392,'22.308.W/4',0,1,254323,27),(1393,'01.6.1/2',0,1,4779,27),(1393,'',1,1,1732,27),(1394,'43.4.1/1',0,1,3929,27),(1394,'MY8833-4',0,1,4083,27),(1394,'',1,1,1732,27),(1395,'43.4.1/1',0,1,3929,27),(1395,'MY8833-4',0,1,4083,27),(1395,'',1,1,1732,27),(1396,'45.3.1/1',0,1,6725,27),(1396,'',1,1,1732,27),(1397,'45.3.1/1',0,1,7079,27),(1397,'',1,1,1732,27),(1398,'45.3.1/1',0,1,7079,27),(1398,'',1,1,1732,27),(1399,'22.8011-150',0,1,125976,27),(1399,'',1,1,7834,27),(1400,'22.8011-170',0,1,149598,27),(1400,'',1,1,7834,27),(1401,'12.4.3/1',0,1,10228,27),(1401,'',1,1,1732,27),(1402,'02.5.2/1',0,1,6713,27),(1402,'',1,1,1732,27),(1403,'22.1058 BLACK/2',0,1,69335,27),(1404,'22.1045 WHITE/2',0,1,85268,27),(1404,'',1,1,6299,27),(1405,'09.5.1/1',0,1,3658,27),(1405,'09.1.1/1',0,1,2686,27),(1405,'',1,1,1732,27),(1406,'40.7.1/1',0,1,9717,27),(1406,'',1,1,1732,27),(1407,'40.7.1/1',0,1,9717,27),(1407,'',1,1,1732,27),(1408,'12.4.3/1',0,1,9717,27),(1408,'',1,1,1732,27),(1409,'22.56.5/3',0,1,174087,27),(1409,'',1,1,8228,27),(1410,'22.56.5/3',0,1,174087,27),(1410,'',1,1,8228,27),(1411,'22.1045 WHITE/2',0,1,85268,27),(1411,'',1,1,6299,27),(1412,'21.03.05',0,1,15777,27),(1412,'',1,1,2519,27),(1413,'02.7.2/1',0,1,5691,27),(1413,'',1,1,1732,27),(1414,'02.7.2/1',0,1,5691,27),(1414,'',1,1,1732,27),(1415,'02.7.2/1',0,1,5691,27),(1415,'',1,1,1732,27),(1416,'22.8021-1/2',0,1,87000,27),(1416,'',1,1,6299,27),(1417,'22.8011-150',0,1,125976,27),(1417,'',1,1,7834,27),(1418,'21.03.05',0,1,14988,27),(1418,'',1,1,2519,27),(1419,'21.03.05',0,1,14988,27),(1419,'',1,1,2519,27),(1420,'22.8706',0,1,46370,27),(1420,'',1,1,6299,27),(1421,'22.8011-150',0,1,125976,27),(1421,'',1,1,7834,27),(1422,'22.8011-150',0,1,125976,27),(1422,'',1,1,7834,27),(1423,'22.8011-150',0,1,125976,27),(1423,'',1,1,7834,27),(1424,'22.308/4',0,1,254323,27),(1425,'22.13',0,1,42630,27),(1425,'',1,1,4724,27),(1426,'SD400-C',0,1,1077,27),(1427,'22.8021-1 BLACK/2',0,1,82650,27),(1427,'',1,1,6299,27),(1428,'MY8911-4',0,1,4083,27),(1428,'',1,1,1732,27),(1429,'22.8706',0,1,46370,27),(1429,'',1,1,6299,27),(1430,'22.8706',0,1,46370,27),(1430,'',1,1,6299,27),(1431,'22.8011-170 STEAM',0,1,219165,27),(1431,'',1,1,7834,27),(1432,'22.8011-170 STEAM',0,1,219165,27),(1432,'',1,1,7834,27),(1433,'22.8011-170 STEAM',0,1,219165,27),(1433,'',1,1,7834,27),(1434,'45.3.1/1',0,1,7079,27),(1435,'09.1.1/1',0,1,2686,27),(1435,'09.6.1/1',0,1,3059,27),(1435,'',1,1,1732,27),(1436,'22.13',0,1,42630,27),(1436,'',1,1,4724,27),(1437,'09.4.1/1',0,1,2910,27),(1437,'',1,1,1732,27),(1438,'22.8011-150',0,1,125976,27),(1438,'',1,1,7834,27),(1439,'22.8011-150',0,1,125976,27),(1439,'',1,1,7834,27),(1440,'22.8011-150',0,1,125976,27),(1440,'',1,1,7834,27),(1441,'22.8023',0,1,93646,27),(1441,'',1,1,6299,27),(1442,'22.08',0,1,61331,27),(1442,'',1,1,4724,27),(1443,'SD300-B1',0,12,614,27),(1443,'',1,1,3779,27),(1444,'22.180/5',0,1,76591,27),(1444,'',1,1,6299,27),(1445,'22.8011-150',0,1,125976,27),(1445,'',1,1,7834,27),(1446,'22.13',0,1,42630,27),(1446,'',1,1,4724,27),(1447,'FCPS5',0,1,354,27),(1447,'',1,1,1732,27),(1448,'22.8011-135',0,1,121623,27),(1449,'22.1045 WHITE/2',0,1,85268,27),(1450,'22.1045 WHITE/2',0,1,85268,27),(1451,'22.8021-1 BLACK/2',0,1,82650,27),(1451,'',1,1,6299,27),(1452,'01.1.1/2',0,2,5740,27),(1452,'01.5.1/2',0,1,7709,27),(1452,'',1,1,2519,27),(1453,'22.8039-2',0,1,121567,27),(1453,'',1,1,6929,27),(1454,'22.8011-170',0,1,149598,27),(1454,'',1,1,7834,27),(1455,'45.3.1/1',0,1,7079,27),(1455,'',1,1,1732,27),(1456,'22.180/5',0,1,76591,27),(1456,'',1,1,6299,27),(1457,'02.1.2/1',0,1,3972,27),(1457,'02.5.2/1',0,1,6713,27),(1457,'',1,1,1732,27),(1458,'12.3.3/1',0,1,10228,27),(1458,'',1,1,1732,27),(1459,'22.8318/3',0,1,127158,27),(1460,'12.6.3/1',0,1,8968,27),(1460,'12.3.3/1',0,1,10228,27),(1460,'',1,1,1732,27),(1461,'22.56.5.0/3',0,1,131347,27),(1461,'',1,1,6929,27),(1462,'42.4.1/1',0,1,3929,27),(1462,'09.5.1/1',0,1,3658,27),(1462,'034.1.1',0,3,4855,27),(1463,'42.4.1/1',0,1,3929,27),(1463,'09.5.1/1',0,1,3658,27),(1463,'034.1.1',0,3,4855,27),(1463,'29.16070',0,1,14579,27),(1464,'MT-03 6405V',0,1,4107,27),(1464,'',1,1,1732,27),(1465,'01.1.1/2',0,1,5453,27),(1466,'22.180/5',0,1,76591,27),(1466,'',1,1,6299,27),(1467,'12.6.3/1',0,1,8968,27),(1468,'45.3.1/1',0,1,7079,27),(1468,'',1,1,1732,27),(1469,'22.1502 WHITE/4',0,3,34028,27),(1469,'',1,1,14173,27),(1470,'22.8011-135',0,1,121623,27),(1471,'22.8011-135',0,1,121623,27),(1471,'',1,1,7834,27),(1472,'12.4.3/1',0,1,10228,27),(1473,'22.181 WHITE',0,1,67315,27),(1473,'',1,1,6299,27),(1474,'22.8021-1 STEAM/2',0,1,115937,27),(1475,'22.1020B/2',0,1,109441,27),(1476,'22.13',0,1,44874,27),(1476,'',1,1,4724,27),(1477,'22.8011-150',0,1,125976,27),(1477,'',1,1,7834,27),(1478,'22.8011-150',0,1,125976,27),(1478,'',1,1,7834,27),(1479,'22.8011-150',0,1,125976,27),(1480,'22.8318/3',0,1,127158,27),(1480,'',1,1,7834,27),(1481,'034.5.1',0,1,6725,27),(1481,'034.1.1',0,1,4855,27),(1482,'22.1532/3',0,1,52512,27),(1482,'',1,1,4724,27),(1483,'22.8021 WHITE/2',0,1,78536,27),(1483,'',1,1,6299,27),(1484,'12.5.1/1',0,1,9362,27),(1484,'',1,1,1732,27),(1485,'45.3.1/1',0,1,7787,27),(1485,'',1,1,1732,27),(1486,'02.8.1/1',0,1,6575,27),(1486,'',1,1,1732,27),(1487,'02.8.1/1',0,1,6575,27),(1487,'',1,1,1732,27),(1488,'22.8011-150',0,1,125976,27),(1488,'',1,1,7834,27),(1489,'22.8011-150',0,1,125976,27),(1489,'',1,1,7834,27),(1490,'22.8011-150',0,1,125976,27),(1490,'',1,1,7834,27),(1491,'22.8011-150',0,1,125976,27),(1491,'',1,1,7834,27),(1492,'22.180/5',0,1,74197,27),(1492,'',1,1,6299,27),(1493,'22.1502-80 WHITE/4',0,1,35819,27),(1493,'',1,1,4724,27),(1494,'22.1502-80 WHITE/4',0,1,35819,27),(1494,'',1,1,4724,27),(1495,'22.8021-1 BLACK/2',0,1,82650,27),(1495,'',1,1,6299,27),(1496,'12.4.3/1',0,1,10228,27),(1496,'',1,1,1732,27),(1497,'22.8039-2',0,1,128024,27),(1497,'',1,1,6929,27),(1498,'22.8021 BLACK/2',0,1,78536,27),(1498,'',1,1,6299,27),(1499,'01.1.1/2',0,1,6291,27),(1500,'12.5.1/1',0,1,9362,27),(1500,'',1,1,1732,27),(1501,'12.5.1/1',0,1,9362,27),(1501,'',1,1,1732,27),(1502,'FCPS5',0,2,354,27),(1502,'FCCB',0,2,1267,27),(1502,'',1,1,2519,27),(1503,'22.8011-170',0,1,149598,27),(1503,'',1,1,7834,27),(1504,'FCCST',0,1,1567,27),(1504,'FCCBKDF',0,1,1779,27),(1504,'',1,1,1732,27),(1505,'09.6.1/1',0,1,3358,27),(1505,'',1,1,1732,27),(1506,'22.1533',0,1,46370,27),(1506,'',1,1,4724,27),(1507,'22.8011-170',0,1,149598,27),(1508,'MT-03 6403V',0,1,5378,27),(1508,'',1,1,1732,27),(1509,'MT-03 6411V',0,1,4795,27),(1510,'MT-03 6403V',0,2,5378,27),(1510,'033.7.1',0,1,5752,27),(1510,'09.1.1/1',0,2,2910,27),(1510,'',1,1,2519,27),(1511,'MT-03 6403V',0,2,5378,27),(1511,'033.7.1',0,1,5752,27),(1511,'09.1.1/1',0,2,2910,27),(1511,'',1,1,2519,27),(1512,'22.8021 WHITE/2',0,1,82669,27),(1512,'',1,1,6299,27),(1513,'22.126 PRIMO/2',0,1,74795,27),(1513,'',1,1,6299,27),(1514,'22.126 PRIMO/2',0,1,74795,27),(1514,'',1,1,6299,27),(1515,'22.126 PRIMO/2',0,1,74795,27),(1515,'',1,1,6299,27),(1516,'22.126 PRIMO/2',0,1,74795,27),(1516,'',1,1,6299,27),(1517,'22.56.5/3',0,1,165383,27),(1517,'',1,1,8228,27),(1518,'22.56.5/3',0,1,165383,27),(1518,'',1,1,8228,27),(1519,'43.4.1/1',0,4,3929,27),(1519,'',1,1,2519,27),(1520,'22.1502 WHITE/4',0,1,35819,27),(1520,'',1,1,4724,27),(1521,'22.18',0,1,43827,27),(1521,'',1,1,4724,27),(1522,'22.8021 WHITE/2',0,1,78536,27),(1522,'',1,1,6299,27),(1523,'22.1502-80 WHITE/4',0,1,34028,27),(1523,'',1,1,4724,27),(1524,'01.1.1/2',0,1,6291,27),(1524,'01.5.1/2',0,1,8417,27),(1524,'',1,1,1732,27),(1525,'22.8318.G/2',0,1,169283,27),(1525,'',1,1,8228,27),(1526,'22.1533',0,1,48614,27),(1527,'45.1.1/2',0,1,12347,27),(1527,'',1,1,1732,27),(1528,'12.6.3/1',0,1,8520,27),(1528,'',1,1,1732,27),(1529,'22.8021-1 BLACK/2',0,1,87000,27),(1529,'',1,1,6299,27),(1530,'09.6.1/1',0,20,3358,27),(1530,'MT-03 6401V',0,20,3583,27),(1530,'08.7.1/1',0,20,3929,27),(1530,'MT-03 6405V',0,20,4481,27),(1530,'7.1621.R',0,20,890,27),(1530,'08.4.1/1',0,20,3929,27),(1531,'09.6.1/1',0,20,3358,27),(1531,'MT-03 6401V',0,20,3583,27),(1531,'08.7.1/1',0,20,3929,27),(1531,'MT-03 6405V',0,20,4481,27),(1531,'7.1621.R',0,20,890,27),(1531,'08.4.1/1',0,20,3929,27),(1532,'09.6.1/1',0,20,3358,27),(1532,'MT-03 6401V',0,20,3583,27),(1532,'08.7.1/1',0,20,3929,27),(1532,'MT-03 6405V',0,20,4481,27),(1532,'7.1621.R',0,20,890,27),(1532,'08.4.1/1',0,20,3929,27),(1533,'22.44.5/4',0,1,48811,27),(1533,'',1,1,4724,27),(1534,'22.181 WHITE',0,1,69335,27),(1534,'',1,1,6299,27),(1535,'22.1512/3',0,2,36496,27),(1536,'MT-03 6401V',0,1,3772,27),(1536,'MT-03 6405V',0,1,4717,27),(1536,'MT-03 6403V',0,1,5661,27),(1537,'MT-03 6401V',0,1,3772,27),(1537,'MT-03 6405V',0,1,4717,27),(1537,'MT-03 6403V',0,1,5661,27),(1538,'MT-03 6401V',0,1,3772,27),(1538,'MT-03 6405V',0,1,4717,27),(1538,'MT-03 6403V',0,1,5661,27),(1539,'22.8011-135',0,1,130150,27),(1539,'',1,1,7834,27),(1540,'22.8011-135',0,1,130150,27),(1540,'',1,1,7834,27),(1541,'22.8011-135',0,1,130150,27),(1541,'',1,1,7834,27),(1542,'MT-03 6401V',0,1,3772,27),(1542,'MT-03 6403V',0,1,5661,27),(1543,'MT-03 6401V',0,1,3772,27),(1543,'MT-03 6403V',0,1,5661,27),(1543,'MT-03 6405V',0,1,4717,27),(1544,'22.180/5',0,1,78102,27),(1544,'',1,1,6299,27),(1545,'22.8011-135',0,1,130150,27),(1546,'22.011',0,1,29166,27),(1546,'',1,1,2519,27),(1547,'22.8021-1 BLACK/2',0,1,82650,27),(1547,'',1,1,6299,27),(1548,'22.8021-1 BLACK/2',0,1,82650,27),(1548,'',1,1,6299,27),(1549,'22.8021-1/2',0,1,82650,27),(1549,'',1,1,6299,27),(1550,'12.6.3/1',0,4,8968,27),(1551,'22.011',0,1,29166,27),(1552,'41.3.1/1',0,1,3929,27),(1552,'',1,1,1732,27),(1553,'03.7.1/1',0,1,6725,27),(1554,'MT-03 6405V',0,1,4481,27),(1555,'22.180/5',0,1,73220,27),(1555,'',1,1,6299,27),(1556,'22.1045 BLACK/2',0,1,91252,27),(1556,'',1,1,6299,27),(1557,'22.1045 BLACK/2',0,1,91252,27),(1557,'',1,1,6299,27),(1558,'22.1045 BLACK/2',0,1,91252,27),(1558,'',1,1,6299,27),(1559,'22.1045 BLACK/2',0,1,91252,27),(1559,'',1,1,6299,27),(1560,'22.1045 BLACK/2',0,1,91252,27),(1560,'',1,1,6299,27),(1561,'22.1045 BLACK/2',0,1,91252,27),(1561,'',1,1,6299,27),(1562,'40.3.1/1',0,1,9980,27),(1562,'',1,1,1732,27),(1563,'40.3.1/1',0,1,9980,27),(1563,'',1,1,1732,27),(1564,'22.180/5',0,1,73220,27),(1564,'',1,1,6299,27),(1565,'22.1502/4',0,1,38575,27),(1565,'',1,1,4724,27),(1566,'22.180/5',0,1,73220,27),(1566,'',1,1,6299,27),(1567,'22.8706',0,2,47417,27),(1568,'22.8706',0,2,47417,27),(1569,'22.8706',0,2,47417,27),(1570,'22.8706',0,2,47417,27),(1571,'22.012-80',0,1,19442,27),(1571,'22.011',0,1,29166,27),(1572,'3.11.1/1',0,1,10228,27),(1572,'22.012-80',0,1,19442,27),(1573,'22.1502-80 WHITE/4',0,1,36646,27),(1574,'22.8706',0,1,47417,27),(1574,'',1,1,6299,27),(1575,'22.8706',0,1,47417,27),(1575,'',1,1,6299,27),(1576,'22.1533-80',0,5,46370,27),(1577,'22.18',0,2,43827,27),(1577,'20.8050M',0,4,9351,27),(1578,'22.180/5',0,1,78102,27),(1578,'',1,1,6299,27),(1579,'22.180/5',0,1,78102,27),(1579,'',1,1,6299,27),(1580,'034.5.1',0,1,7473,27),(1580,'034.6.1',0,1,4032,27),(1580,'',1,1,1732,27),(1581,'12.7.3/1',0,1,8968,27),(1581,'',1,1,1732,27),(1582,'12.7.3/1',0,1,8968,27),(1582,'',1,1,1732,27),(1583,'22.8011-135',0,1,130150,27),(1584,'22.8023-2',0,1,96114,27),(1584,'',1,1,6299,27),(1585,'22.1020B/2',0,1,107036,27),(1586,'43.1.1/1',0,1,3929,27),(1586,'43.4.1/1',0,1,3929,27),(1587,'12.6.3/1',0,1,8520,27),(1587,'12.3.3/1',0,1,9717,27),(1587,'',1,1,1732,27),(1588,'12.6.3/1',0,1,8520,27),(1588,'12.3.3/1',0,1,9717,27),(1588,'',1,1,1732,27),(1589,'22.8021 WHITE/2',0,1,78536,27),(1590,'22.180/5',0,1,73220,27),(1590,'',1,1,6299,27),(1591,'12.6.3/1',0,1,8968,27),(1591,'',1,1,1732,27),(1592,'12.4.3/1',0,1,9717,27),(1593,'41.3.1/1',0,1,3929,27),(1593,'MT-03 6403V',0,1,5661,27),(1593,'',1,1,1732,27),(1594,'22.56.5.0/3',0,1,125288,27),(1594,'',1,1,6929,27),(1595,'12.7.3/1',0,1,8520,27),(1596,'22.8318/3',0,1,133815,27),(1597,'FP2K',0,1,17945,27),(1597,'08.3.1/1',0,1,3929,27),(1597,'033.5.1',0,1,7398,27),(1597,'',1,1,2519,27),(1598,'22.1058 BLACK/3',0,1,73001,27),(1598,'',1,1,6299,27),(1599,'22.1058 BLACK/3',0,2,73001,27),(1600,'MY8911-4',0,1,4083,27),(1600,'43.1.1/1',0,1,3929,27),(1600,'43.4.1/1',0,1,3929,27),(1600,'',1,1,2519,27),(1601,'43.1.1/1',0,3,3929,27),(1601,'43.3.1/1',0,1,3929,27),(1601,'43.4.1/1',0,1,3929,27),(1601,'02.5.2/1',0,1,6713,27),(1601,'',1,1,2519,27),(1602,'43.1.1/1',0,3,3929,27),(1602,'43.3.1/1',0,1,3929,27),(1602,'43.4.1/1',0,1,3929,27),(1602,'02.5.2/1',0,1,6713,27),(1602,'',1,1,2519,27),(1603,'22.1032/3',0,1,74197,27),(1603,'',1,1,6929,27),(1604,'29.150100 RIGHT',0,1,23107,27),(1604,'',1,1,4724,27),(1605,'22.23',0,1,65670,27),(1606,'22.012-80',0,1,19442,27),(1607,'22.012-80',0,1,19442,27),(1608,'22.1020B/2',0,1,107036,27),(1609,'22.8021-1 BLACK/2',0,1,86016,27),(1610,'44.4.1/1',0,1,3929,27),(1610,'',1,1,1732,27),(1611,'40.7.1/1',0,1,9717,27),(1612,'22.39.51-80/3',0,1,23107,27),(1612,'',1,1,4724,27),(1613,'01.4.1/3',0,10,3929,27),(1613,'08.4.1/1',0,15,3929,27),(1613,'08.7.1/1',0,15,3929,27),(1613,'42.4.1/1',0,20,3929,27),(1613,'43.4.1/1',0,15,3929,27),(1613,'44.1.1/1',0,15,3929,27),(1613,'44.4.1/1',0,15,3929,27),(1613,'01.7.1/1',0,10,4779,27),(1613,'01.6.1/1',0,10,4779,27),(1613,'01.4.1/1',0,5,5603,27),(1614,'22.8318.G/2',0,1,169283,27),(1614,'',1,1,8228,27),(1615,'21.4.5',0,1,15346,27),(1615,'',1,1,2519,27),(1616,'22.8706',0,1,47417,27),(1616,'',1,1,6299,27),(1617,'034.5.1',0,1,7473,27),(1617,'22.1502W LIGHT',0,1,35898,27),(1617,'',1,1,6456,27),(1618,'45.3.1/1',0,1,7398,27),(1618,'',1,1,1732,27),(1619,'45.3.1/1',0,1,7398,27),(1619,'',1,1,1732,27),(1620,'12.4.3/1',0,1,9717,27),(1620,'12.6.3/1',0,1,8520,27),(1620,'',1,1,1732,27),(1621,'08.4.1/1',0,1,3929,27),(1621,'',1,1,1732,27),(1622,'22.8706',0,1,49913,27),(1622,'02.8.1/1',0,1,6921,27),(1622,'43.1.1/1',0,2,3929,27),(1622,'43.4.1/1',0,2,3929,27),(1623,'22.8706',0,1,49913,27),(1623,'02.8.1/1',0,1,6921,27),(1623,'43.1.1/1',0,2,3929,27),(1623,'43.4.1/1',0,2,3929,27),(1624,'22.121 BERLIN',0,1,77157,27),(1624,'035.1.1',0,1,4717,27),(1624,'',1,1,8031,27),(1625,'22.121 BERLIN',0,1,77157,27),(1626,'22.121 BERLIN',0,1,77157,27),(1626,'035.1.1',0,1,4717,27),(1627,'22.1532-80/3',0,1,47417,27),(1628,'22.1532-80/3',0,1,47417,27),(1629,'12.4.3/1',0,1,9717,27),(1629,'12.6.3/1',0,1,8520,27),(1629,'',1,1,1732,27),(1630,'12.4.3/1',0,1,9717,27),(1630,'',1,1,1732,27),(1631,'035.6.1',0,1,3457,27),(1631,'',1,1,1732,27),(1632,'035.6.1',0,1,3457,27),(1632,'035.5.1',0,1,5976,27),(1633,'21.03.05',0,1,15851,27),(1633,'',1,1,2519,27),(1634,'22.150 MUNCHEN',0,1,77157,27),(1634,'',1,1,6299,27),(1635,'035.6.1',0,1,3457,27),(1635,'035.4.1',0,1,3929,27),(1635,'035.1.1',0,1,4717,27),(1636,'22.1502 WHITE/4',0,1,36646,27),(1636,'',1,1,4724,27),(1637,'22.1502/4',0,1,34637,27),(1637,'',1,1,4724,27),(1638,'22.1045 BLACK/2',0,1,91252,27),(1638,'',1,1,6299,27),(1639,'MY8833-6',0,1,6131,27),(1640,'12.6.3/1',0,1,8520,27),(1640,'',1,1,1732,27),(1641,'21.03.05',0,1,15851,27),(1642,'09.1.1/1',0,1,2910,27),(1642,'09.4.1/1',0,1,3209,27),(1642,'',1,1,1732,27),(1643,'1.10.1/1',0,1,2012,27),(1643,'',1,1,1732,27),(1644,'1.10.1/1',0,1,2012,27),(1644,'',1,1,1732,27),(1645,'1.10.1/1',0,8,2012,27),(1645,'',1,1,2519,27),(1646,'1.10.1/1',0,8,2012,27),(1646,'',1,1,2519,27),(1647,'22.1510B LEFT/4',0,1,42555,27),(1647,'',1,1,4724,27),(1648,'035.1.1',0,1,4717,27),(1648,'SD300-B1',0,1,964,27),(1648,'',1,1,1732,27),(1649,'035.1.1',0,1,4717,27),(1649,'SD300-B1',0,1,964,27),(1649,'',1,1,1732,27),(1650,'035.1.1',0,1,4717,27),(1650,'SD300-B1',0,1,964,27),(1650,'',1,1,1732,27),(1651,'12.5.1/1',0,1,8894,27),(1651,'',1,1,1732,27),(1652,'035.1.1',0,2,4717,27),(1652,'035.5.1',0,1,5976,27),(1652,'',1,1,2519,27),(1653,'43.3.1/1',0,1,3929,27),(1653,'43.4.1/1',0,1,3929,27),(1653,'',1,1,1732,27),(1654,'43.3.1/1',0,1,3929,27),(1654,'43.4.1/1',0,1,3929,27),(1654,'',1,1,1732,27),(1655,'22.8011-135',0,1,137000,27),(1655,'',1,1,7834,27),(1656,'22.77.5/3',0,1,249311,27),(1657,'21.03.05',0,1,15851,27),(1657,'',1,1,2519,27),(1658,'22.126 PRIMO/2',0,1,74795,27),(1658,'',1,1,6299,27),(1659,'035.5.1',0,1,5976,27),(1659,'',1,1,1732,27),(1660,'035.5.1',0,1,5976,27),(1660,'',1,1,1732,27),(1661,'45.3.1/1',0,1,7787,27),(1661,'',1,1,1732,27),(1662,'12.5.1/1',0,1,9362,27),(1662,'',1,1,1732,27),(1663,'21.03.05',0,1,15851,27),(1663,'',1,1,2519,27),(1664,'22.8023-2',0,1,96114,27),(1665,'22.8011-170 STEAM',0,1,243220,27),(1665,'',1,1,9842,27),(1666,'22.8318.G/2',0,1,169283,27),(1666,'',1,1,9842,27),(1667,'12.6.3/1',0,1,2748,27),(1667,'12.7.3/1',0,1,2748,27),(1667,'',1,1,1732,27),(1668,'45.3.1/1',0,1,7787,27),(1668,'',1,1,1732,27),(1669,'45.3.1/1',0,1,7787,27),(1669,'',1,1,1732,27),(1670,'035.7.1',0,1,3929,27),(1671,'12.7.3/1',0,1,2748,27),(1671,'12.4.3/1',0,1,2748,27),(1671,'',1,1,1732,27),(1672,'01.1.1/2',0,1,5976,27),(1672,'01.5.1/2',0,1,7996,27),(1673,'033.1.1',0,2,5378,27),(1674,'22.1532/3',0,1,49886,27),(1674,'',1,1,5118,27),(1675,'12.6.3/1',0,1,2748,27),(1675,'12.7.3/1',0,1,2748,27),(1675,'',1,1,1732,27),(1676,'22.8021 WHITE/2',0,1,78536,27),(1676,'',1,1,7047,27),(1677,'22.126 PRIMO/2',0,1,78732,27),(1677,'',1,1,7047,27),(1678,'12.4.3/1',0,1,2748,27),(1678,'12.6.3/1',0,1,2748,27),(1678,'12.7.3/1',0,1,2748,27),(1678,'',1,1,2519,27),(1679,'22.1532/3',0,1,49886,27),(1679,'LP8100',0,1,20713,27),(1679,'',1,1,7637,27),(1680,'FCCST',0,1,1567,27),(1680,'FCCBKDF',0,1,1779,27),(1680,'',1,1,1732,27),(1681,'12.4.3/1',0,1,2748,27),(1682,'12.6.3/1',0,1,2748,27),(1682,'',1,1,1732,27),(1683,'3.11.1/1',0,1,10228,27),(1683,'',1,1,1732,27),(1684,'40.4.1/1',0,1,2748,27),(1684,'',1,1,1732,27),(1685,'43.4.1/1',0,1,2748,27),(1685,'43.3.1/1',0,1,3733,27),(1686,'43.4.1/1',0,1,2748,27),(1686,'43.3.1/1',0,1,3733,27),(1687,'22.1502/4',0,1,34637,27),(1688,'18.1.2',0,2,15382,27),(1688,'',1,1,1732,27),(1689,'22.8318.G/2',0,1,160819,27),(1689,'',1,1,9842,27),(1690,'22.8011-135',0,1,130150,27),(1690,'',1,1,7834,27),(1691,'01.6.1/2',0,1,5229,27),(1691,'',1,1,1732,27),(1692,'01.9.1/2',0,1,6370,27),(1692,'',1,1,1732,27),(1693,'12.4.1/1',0,1,2748,27),(1693,'12.6.3/1',0,1,2748,27),(1693,'40.7.1/1',0,1,2748,27),(1693,'',1,1,2519,27),(1694,'12.4.1/1',0,1,2748,27),(1694,'12.6.3/1',0,1,2748,27),(1694,'40.7.1/1',0,1,2748,27),(1694,'',1,1,2519,27),(1695,'01.1.1/2',0,3,5976,27),(1695,'',1,1,2519,27),(1696,'22.1532-80/3',0,1,47417,27),(1696,'',1,1,5118,27),(1697,'22.1532-80/3',0,1,47417,27),(1697,'',1,1,5118,27),(1698,'12.4.3/1',0,10,2748,27),(1698,'',1,1,2519,27),(1699,'12.4.3/1',0,10,2748,27),(1699,'',1,1,2519,27),(1700,'12.3.3/1',0,1,9717,27),(1700,'40.4.1/1',0,1,2748,27),(1700,'12.6.3/1',0,1,2748,27),(1700,'12.7.3/1',0,1,2748,27),(1700,'',1,1,2519,27),(1701,'12.3.3/1',0,1,9717,27),(1701,'40.4.1/1',0,1,2748,27),(1701,'12.6.3/1',0,1,2748,27),(1701,'12.7.3/1',0,1,2748,27),(1701,'',1,1,2519,27),(1702,'22.8318.G/2',0,1,160819,27),(1702,'',1,1,9842,27),(1703,'20.8050M',0,1,9351,27),(1704,'22.1058 BLACK/3',0,1,73001,27),(1704,'',1,1,7047,27),(1705,'22.8318/3',0,1,133815,27),(1705,'',1,1,7834,27),(1706,'22.8318/3',0,1,133815,27),(1706,'',1,1,7834,27),(1707,'44.4.1/1',0,1,2748,27),(1707,'12.6.3/1',0,1,2748,27),(1707,'02.5.2/1',0,1,7066,27),(1707,'',1,1,2519,27),(1708,'44.4.1/1',0,1,2748,27),(1708,'12.6.3/1',0,1,2748,27),(1708,'02.5.2/1',0,1,7066,27),(1708,'',1,1,2519,27),(1709,'41.3.1/1',0,1,3929,27),(1709,'',1,1,1732,27),(1710,'21.03.05',0,1,15851,27),(1710,'',1,1,2519,27),(1711,'22.8023-2',0,1,96114,27),(1711,'',1,1,7047,27),(1712,'22.8021-1 STEAM/2',0,1,115937,27),(1712,'',1,1,7047,27),(1713,'22.8021-1 STEAM/2',0,1,115937,27),(1713,'',1,1,7047,27),(1714,'12.4.3/1',0,1,2748,27),(1714,'12.6.3/1',0,2,2748,27),(1714,'',1,1,2519,27),(1715,'12.4.3/1',0,1,2748,27),(1715,'12.6.3/1',0,2,2748,27),(1715,'',1,1,2519,27),(1716,'12.4.3/1',0,1,2748,27),(1716,'12.6.3/1',0,1,2748,27),(1716,'12.7.3/1',0,1,2748,27),(1716,'',1,1,2519,27),(1717,'12.6.3/1',0,1,2748,27),(1717,'',1,1,1732,27),(1718,'22.732-2',0,1,106291,27),(1718,'',1,1,7834,27),(1719,'12.4.3/1',0,1,2748,27),(1719,'12.6.3/1',0,1,2748,27),(1719,'12.7.3/1',0,1,2748,27),(1719,'',1,1,2519,27),(1720,'22.8707/3',0,1,121922,27),(1720,'',1,1,7834,27),(1721,'034.6.1',0,1,4032,27),(1721,'033.4.1',0,1,5976,27),(1721,'033.1.1',0,1,5378,27),(1721,'',1,1,2519,27),(1722,'034.6.1',0,1,4032,27),(1722,'033.4.1',0,1,5976,27),(1722,'033.1.1',0,1,5378,27),(1722,'',1,1,2519,27),(1723,'034.6.1',0,1,4032,27),(1723,'033.4.1',0,1,5976,27),(1723,'033.1.1',0,1,5378,27),(1723,'',1,1,2519,27),(1724,'034.6.1',0,1,4032,27),(1724,'033.4.1',0,1,5976,27),(1724,'033.1.1',0,1,5378,27),(1724,'',1,1,2519,27),(1725,'034.6.1',0,1,4032,27),(1725,'033.4.1',0,1,5976,27),(1725,'033.1.1',0,1,5378,27),(1725,'',1,1,2519,27),(1726,'12.4.1/1',0,1,2748,27),(1726,'',1,1,1732,27),(1727,'MT-03 6401V',0,1,3772,27),(1727,'',1,1,1732,27),(1728,'12.4.3/1',0,3,2748,27),(1728,'12.6.3/1',0,3,2748,27),(1728,'12.7.3/1',0,3,2748,27),(1728,'01.7.1/1',0,5,4779,27),(1728,'01.5.1/1',0,3,7623,27),(1728,'21.05.05',0,1,15851,27),(1728,'12.3.3/1',0,1,9717,27),(1728,'',1,1,3779,27),(1729,'12.4.3/1',0,3,2748,27),(1729,'12.6.3/1',0,3,2748,27),(1729,'12.7.3/1',0,3,2748,27),(1729,'01.7.1/1',0,5,4779,27),(1729,'01.5.1/1',0,3,7623,27),(1729,'21.05.05',0,1,15851,27),(1729,'12.3.3/1',0,1,9717,27),(1730,'12.4.3/1',0,3,2748,27),(1730,'12.6.3/1',0,3,2748,27),(1730,'12.7.3/1',0,3,2748,27),(1730,'01.7.1/1',0,5,4779,27),(1730,'01.5.1/1',0,3,7623,27),(1730,'21.05.05',0,1,15851,27),(1730,'12.3.3/1',0,1,9717,27),(1730,'',1,1,3779,27),(1731,'12.4.3/1',0,1,2748,27),(1731,'12.6.3/1',0,1,2748,27),(1731,'12.7.3/1',0,1,2748,27),(1731,'',1,1,2519,27),(1732,'22.8011-135',0,1,130150,27),(1732,'',1,1,7834,27),(1733,'22.44.5/4',0,1,46370,27),(1733,'',1,1,5118,27),(1734,'22.181 WHITE',0,1,69335,27),(1734,'',1,1,7047,27),(1735,'SD300-A',0,2,1189,27),(1735,'',1,1,1732,27),(1736,'12.4.3/1',0,1,2748,27),(1736,'12.6.3/1',0,2,2748,27),(1736,'',1,1,2519,27),(1737,'12.4.3/1',0,1,2748,27),(1737,'12.6.3/1',0,2,2748,27),(1737,'',1,1,2519,27),(1738,'12.6.3/1',0,2,2748,27),(1738,'',1,1,1732,27),(1739,'12.7.3/1',0,2,2748,27),(1739,'',1,1,1732,27),(1740,'12.7.3/1',0,2,2748,27),(1740,'',1,1,1732,27),(1741,'22.1058 BLACK/3',0,1,73001,27),(1742,'12.6.3/1',0,1,2748,27),(1742,'',1,1,1732,27),(1743,'40.4.1/1',0,1,2748,27),(1743,'40.7.1/1',0,1,2748,27),(1744,'01.5.1/2',0,1,8417,27),(1744,'12.7.3/1',0,1,2748,27),(1744,'',1,1,1732,27),(1745,'12.6.3/1',0,1,2748,27),(1746,'22.732-2',0,1,106291,27),(1747,'22.732-2',0,1,106291,27),(1748,'01.7.1/2',0,1,5661,27),(1748,'01.1.1/2',0,1,6291,27),(1748,'01.5.1/2',0,1,8417,27),(1748,'',1,1,2519,27),(1749,'22.8021-1/2',0,1,86016,27),(1749,'',1,1,7047,27),(1750,'22.8021-1/2',0,1,86016,27),(1751,'22.8021-1/2',0,1,86016,27),(1752,'22.152 KOLN LEFT',0,1,78536,27),(1752,'',1,1,7047,27),(1753,'22.011',0,1,29914,27),(1753,'',1,1,5118,27),(1754,'22.011',0,1,29914,27),(1754,'MY8833-8',0,1,5875,27),(1754,'45.3.1/1',0,1,7398,27),(1754,'',1,1,6850,27),(1755,'22.180/5',0,1,74795,27),(1755,'',1,1,7047,27),(1756,'40.7.1/1',0,1,2748,27),(1756,'',1,1,1732,27),(1757,'12.4.3/1',0,2,2748,27),(1757,'',1,1,1732,27),(1758,'MT-03 6403V',0,1,5378,27),(1759,'12.4.1/1',0,2,2748,27),(1759,'',1,1,1732,27),(1760,'22.011',0,1,29914,27),(1760,'',1,1,5118,27),(1761,'12.4.3/1',0,1,2748,27),(1761,'12.6.3/1',0,1,2748,27),(1761,'12.7.3/1',0,1,2748,27),(1761,'',1,1,2519,27),(1762,'12.4.3/1',0,1,2748,27),(1762,'12.6.3/1',0,1,2748,27),(1762,'12.7.3/1',0,1,2748,27),(1762,'',1,1,2519,27),(1763,'12.4.3/1',0,1,2748,27),(1763,'12.6.3/1',0,1,2748,27),(1763,'12.7.3/1',0,1,2748,27),(1763,'',1,1,2519,27),(1764,'MT-03 6412V',0,1,5819,27),(1764,'',1,1,1732,27),(1765,'MT-03 6401V',0,1,3583,27),(1765,'MT-03 6411V',0,1,4555,27),(1765,'',1,1,1732,27),(1766,'22.8021-1 STEAM/2',0,2,122039,27),(1766,'',1,1,14094,27),(1767,'29.17070',0,1,15851,27),(1768,'22.1532-80/3',0,1,47417,27),(1768,'',1,1,5118,27),(1769,'12.4.3/1',0,1,2748,27),(1769,'',1,1,1378,27),(1770,'40.7.1/1',0,1,2748,27),(1770,'',1,1,1378,27),(1771,'40.7.1/1',0,1,2748,27),(1771,'',1,1,1378,27),(1772,'22.8011-170',0,1,160819,27),(1772,'',1,1,7834,27),(1773,'12.3.3/1',0,1,9717,27),(1773,'',1,1,1378,27),(1774,'40.7.1/1',0,2,2748,27),(1774,'09.6.1/1',0,1,3358,27),(1774,'MT-03 6401V',0,1,3583,27),(1774,'',1,1,2519,27),(1775,'43.1.1/1',0,2,3929,27),(1775,'',1,1,1378,27),(1776,'43.1.1/1',0,2,3929,27),(1776,'',1,1,1378,27),(1777,'21.03.05',0,1,15851,27),(1777,'',1,1,2519,27),(1778,'21.03.05',0,1,15851,27),(1778,'',1,1,2519,27),(1779,'22.1045 WHITE/2',0,1,96055,27),(1780,'12.7.3/1',0,1,2748,27),(1780,'',1,1,1378,27),(1781,'12.7.3/1',0,1,2748,27),(1781,'',1,1,1378,27),(1782,'09.6.1/1',0,1,3535,27),(1783,'22.8021 WHITE/2',0,1,82669,27),(1783,'',1,1,7047,27),(1784,'12.7.3/1',0,1,2748,27),(1784,'',1,1,1378,27),(1785,'01.6.1/2',0,2,5229,27),(1785,'01.5.1/2',0,1,7996,27),(1786,'12.4.3/1',0,1,2748,27),(1786,'',1,1,1378,27),(1787,'40.3.1/1',0,1,2748,27),(1787,'40.4.1/1',0,1,2748,27),(1787,'40.7.1/1',0,1,2748,27),(1787,'',1,1,2519,27),(1788,'40.3.1/1',0,1,2748,27),(1788,'40.4.1/1',0,1,2748,27),(1788,'40.7.1/1',0,1,2748,27),(1788,'',1,1,2519,27),(1789,'12.4.1/1',0,2,2748,27),(1790,'09.6.1/1',0,1,3358,27),(1791,'40.7.1/1',0,1,2748,27),(1791,'',1,1,1378,27),(1792,'12.4.3/1',0,1,2748,27),(1792,'',1,1,1378,27),(1793,'MT-03 6411V',0,1,4555,27),(1794,'12.4.3/1',0,1,2748,27),(1794,'12.7.3/1',0,1,2748,27),(1794,'',1,1,1378,27),(1795,'40.7.1/1',0,1,2748,27),(1795,'',1,1,1378,27),(1796,'12.4.3/1',0,1,2748,27),(1796,'12.7.3/1',0,1,2748,27),(1796,'',1,1,1378,27),(1797,'40.7.1/1',0,1,2748,27),(1797,'',1,1,1378,27),(1798,'12.7.3/1',0,1,2748,27),(1799,'40.3.1/1',0,1,2748,27),(1799,'40.4.1/1',0,1,2748,27),(1799,'',1,1,1378,27),(1800,'40.3.1/1',0,1,2748,27),(1800,'40.4.1/1',0,1,2748,27),(1800,'',1,1,1378,27),(1801,'12.4.3/1',0,1,2748,27),(1802,'21.03.05',0,1,15851,27),(1802,'',1,1,2519,27),(1803,'21.06.05',0,1,18179,27),(1803,'',1,1,2519,27),(1804,'21.03.05',0,1,15851,27),(1804,'',1,1,2519,27),(1805,'22.8707/3',0,1,121922,27),(1805,'',1,1,7834,27),(1806,'22.1532/3',0,1,49886,27),(1806,'',1,1,5118,27),(1807,'MT-03 6403V',0,1,5378,27),(1808,'22.732-2',0,1,106291,27),(1808,'',1,1,7834,27),(1809,'22.011',0,1,29914,27),(1809,'',1,1,5118,27),(1810,'1.10.1/1',0,1,2118,27),(1810,'',1,1,1378,27),(1811,'12.7.3/1',0,1,2748,27),(1812,'12.4.3/1',0,1,2748,27),(1812,'',1,1,1378,27),(1813,'1.10.1/1',0,2,2118,27),(1813,'',1,1,1378,27),(1814,'1.10.1/1',0,2,2118,27),(1814,'',1,1,1378,27),(1815,'1.10.1/1',0,2,2118,27),(1815,'',1,1,1378,27),(1816,'1.10.1/1',0,2,2118,27),(1816,'',1,1,1378,27),(1817,'1.10.1/1',0,2,2118,27),(1817,'',1,1,1378,27),(1818,'1.10.1/1',0,2,2118,27),(1818,'',1,1,1378,27),(1819,'MY8833-4',0,1,4083,27),(1819,'',1,1,1378,27),(1820,'MY8833-4',0,1,4083,27),(1820,'',1,1,1378,27),(1821,'12.4.1/1',0,1,2748,27),(1821,'01.6.1/2',0,2,5229,27),(1821,'',1,1,2519,27),(1822,'12.4.1/1',0,1,2748,27),(1822,'01.6.1/2',0,2,5229,27),(1822,'',1,1,2519,27),(1823,'MY8833-6',0,1,6131,27),(1823,'',1,1,1378,27),(1824,'22.180/5',0,1,69283,27),(1824,'',1,1,7047,27),(1825,'22.1045 WHITE/2',0,1,91252,27),(1825,'',1,1,7047,27),(1826,'22.1533-80',0,1,48811,27),(1826,'',1,1,5118,27),(1827,'22.8318.G/2',0,1,160819,27),(1827,'',1,1,9842,27),(1828,'22.732-2',0,1,106291,27),(1828,'',1,1,7834,27),(1829,'22.732-2',0,1,106291,27),(1829,'',1,1,7834,27),(1830,'40.3.1/1',0,1,2748,27),(1830,'40.4.1/1',0,1,2748,27),(1830,'',1,1,1378,27),(1831,'40.4.1/1',0,1,2748,27),(1831,'',1,1,1378,27),(1832,'22.1533',0,1,48614,27),(1832,'',1,1,5118,27),(1833,'22.1533',0,1,48614,27),(1833,'',1,1,5118,27),(1834,'40.7.1/1',0,1,2748,27),(1834,'',1,1,1378,27),(1835,'40.7.1/1',0,1,2748,27),(1835,'',1,1,1378,27),(1836,'20.18060M',0,1,18693,27),(1836,'',1,1,2519,27),(1837,'22.8021 WHITE/2',0,1,82669,27),(1837,'',1,1,7047,27),(1838,'21.03.05',0,1,15851,27),(1838,'',1,1,2519,27),(1839,'21.03.05',0,1,15851,27),(1840,'22.1502/4',0,1,34637,27),(1840,'',1,1,5118,27),(1841,'22.122 HAMBURG LIGHT',0,1,62984,27),(1842,'22.122 HAMBURG LIGHT',0,1,62984,27),(1842,'',1,1,5118,27),(1843,'40.4.1/1',0,1,2748,27),(1843,'',1,1,1378,27),(1844,'40.4.1/1',0,1,2748,27),(1844,'',1,1,1378,27),(1845,'12.1.3/1',0,1,10228,27),(1845,'',1,1,1378,27),(1846,'12.1.3/1',0,1,10228,27),(1847,'22.44.5/4',0,1,42511,27),(1847,'',1,1,5118,27),(1848,'22.8021-1 BLACK/2',0,1,86016,27),(1848,'',1,1,7047,27),(1849,'22.8021-1 BLACK/2',0,1,86016,27),(1849,'',1,1,7047,27),(1850,'22.8021-1 BLACK/2',0,1,86016,27),(1850,'',1,1,7047,27),(1851,'22.8011-170',0,1,160819,27),(1851,'',1,1,7834,27),(1852,'034.5.1',0,1,7473,27),(1852,'',1,1,1378,27),(1853,'034.5.1',0,1,7473,27),(1853,'',1,1,1378,27),(1854,'SD300-A',0,3,1189,27),(1854,'',1,1,2519,27),(1855,'22.56.5.0/3',0,1,131496,27),(1855,'',1,1,7834,27),(1856,'22.126 PRIMO/2',0,1,81882,27),(1856,'',1,1,7047,27),(1857,'22.8011-170',0,1,165981,27),(1857,'',1,1,7834,27),(1858,'22.1058 BLACK/3',0,1,69283,27),(1858,'',1,1,7047,27),(1859,'22.180/5',0,1,69283,27),(1859,'',1,1,7047,27),(1860,'22.180/5',0,1,69283,27),(1860,'',1,1,7047,27),(1861,'22.77.5/3',0,1,261729,27),(1861,'',1,1,10984,27),(1862,'22.8021-1 STEAM/2',0,1,127682,27),(1862,'',1,1,7047,27),(1863,'22.1020B/3',0,1,118260,27),(1864,'22.26',0,1,43378,27),(1864,'',1,1,5118,27),(1865,'40.7.1/1',0,1,2748,27),(1865,'',1,1,1378,27),(1866,'12.3.3/1',0,1,2611,27),(1866,'',1,1,1378,27),(1867,'40.4.1/1',0,1,2748,27),(1867,'40.7.1/1',0,1,2748,27),(1867,'',1,1,1378,27),(1868,'22.39.51-90/3',0,1,24902,27),(1869,'22.39.51-90/3',0,1,24902,27),(1870,'22.46.5/2',0,1,17870,27),(1870,'',1,1,2519,27),(1871,'22.46.5/2',0,1,17870,27),(1871,'',1,1,2519,27),(1872,'22.1532-80/3',0,1,49811,27),(1872,'',1,1,5118,27),(1873,'MT-03 6408V',0,1,7024,27),(1873,'',1,1,1378,27),(1874,'40.7.1/1',0,1,2748,27),(1874,'',1,1,1378,27),(1875,'12.3.3/1',0,1,2611,27),(1875,'',1,1,1378,27),(1876,'22.1502W LIGHT',0,1,37021,27),(1876,'',1,1,5118,27),(1877,'12.3.3/1',0,1,2611,27),(1877,'',1,1,1378,27),(1878,'12.3.3/1',0,1,2748,27),(1878,'',1,1,1378,27),(1879,'22.8021-1/2',0,1,84244,27),(1879,'',1,1,7047,27),(1880,'LP8100',0,1,22827,27),(1881,'40.4.1/1',0,1,2748,27),(1881,'',1,1,1378,27),(1882,'LP8100',0,1,21686,27),(1882,'',1,1,2519,27),(1883,'FHFIF',0,1,4717,27),(1883,'',1,1,1378,27),(1884,'09.1.1/1',0,1,3220,27),(1885,'22.8021 BLACK/2',0,1,77953,27),(1885,'',1,1,7047,27),(1886,'22.8011-135',0,1,143772,27),(1886,'',1,1,7834,27),(1887,'22.8011-135',0,1,143772,27),(1887,'',1,1,7834,27),(1888,'12.3.3/1',0,2,2748,27),(1888,'',1,1,1378,27),(1889,'22.1020B/3',0,1,118260,27),(1890,'22.8021 WHITE/2',0,1,77953,27),(1891,'40.4.1/1',0,1,2748,27),(1891,'40.7.1/1',0,1,2748,27),(1891,'',1,1,1378,27),(1892,'12.3.3/1',0,1,2611,27),(1892,'',1,1,1378,27),(1893,'FCCST',0,1,1646,27),(1893,'FCCBKDF',0,1,1882,27),(1894,'40.4.1/1',0,1,2748,27),(1894,'',1,1,1378,27),(1895,'22.56.5/3',0,1,165981,27),(1895,'',1,1,9842,27),(1896,'40.3.1/1',0,1,2748,27),(1896,'40.7.1/1',0,1,2748,27),(1897,'22.1510B RIGHT/4',0,1,47079,27),(1897,'MT-03 6401V',0,1,4008,27),(1897,'',1,1,6496,27),(1898,'12.3.3/1',0,1,2611,27),(1898,'',1,1,1378,27),(1899,'22.8011-170 STEAM',0,1,242579,27),(1899,'',1,1,9842,27),(1900,'21.03.05',0,1,16598,27),(1901,'22.13',0,1,49756,27),(1902,'21.03.05',0,1,17472,27),(1902,'',1,1,2519,27),(1903,'40.4.1/1',0,1,2748,27),(1903,'',1,1,1378,27),(1904,'40.4.1/1',0,1,2748,27),(1904,'MT-03 6401V',0,1,3808,27),(1904,'',1,1,1378,27),(1905,'21.02.05',0,1,15327,27),(1906,'035.5.1',0,1,10622,27),(1907,'21.02.05',0,1,15327,27),(1908,'20.12060M',0,1,14795,27),(1908,'',1,1,2519,27),(1909,'22.8023-2',0,1,100902,27),(1909,'',1,1,7047,27),(1910,'01.1.1/2',0,1,6685,27),(1911,'22.44.5/4',0,1,54559,27),(1912,'22.44.5/4',0,1,54559,27),(1913,'033.5.1',0,1,7772,27),(1913,'033.1.1',0,1,5603,27),(1914,'22.1510B RIGHT/4',0,1,44725,27),(1914,'',1,1,5118,27),(1915,'22.8021 WHITE/2',0,1,83024,27),(1915,'',1,1,7047,27),(1916,'22.8021 WHITE/2',0,1,83024,27),(1916,'',1,1,7047,27),(1917,'22.8021 WHITE/2',0,1,83024,27),(1917,'',1,1,7047,27),(1918,'SD300-A',0,1,1189,27),(1919,'22.1510B RIGHT/4',0,1,47079,27),(1919,'',1,1,5118,27),(1920,'40.4.1/1',0,1,2748,27),(1920,'',1,1,1378,27),(1921,'40.4.1/1',0,1,2748,27),(1921,'',1,1,1378,27),(1922,'40.4.1/1',0,1,2748,27),(1922,'',1,1,1378,27),(1923,'22.8708',0,1,77788,27),(1923,'',1,1,7047,27),(1924,'22.8708',0,1,77788,27),(1924,'',1,1,7047,27),(1925,'22.8708',0,1,77788,27),(1925,'',1,1,7047,27),(1926,'22.8708',0,1,77788,27),(1926,'',1,1,7047,27),(1927,'033.1.1',0,2,5603,27),(1927,'033.5.1',0,1,7772,27),(1927,'',1,1,2519,27),(1928,'033.1.1',0,2,5603,27),(1928,'033.5.1',0,1,7772,27),(1928,'',1,1,2519,27),(1929,'22.123',0,1,27551,27),(1930,'22.8011-170 STEAM',0,1,242579,27),(1930,'',1,1,9842,27),(1931,'22.8011-170 STEAM',0,1,242579,27),(1931,'',1,1,9842,27),(1932,'22.8011-170 STEAM',0,1,242579,27),(1932,'',1,1,9842,27),(1933,'22.8023-2',0,1,106213,27),(1933,'',1,1,7047,27),(1934,'20.15060M',0,1,17709,27),(1935,'01.9.1/2',0,1,6351,27),(1936,'22.8707/3',0,1,134402,27),(1936,'',1,1,7834,27),(1937,'034.5.1',0,1,7772,27),(1937,'',1,1,1378,27),(1938,'034.5.1',0,1,7772,27),(1938,'',1,1,1378,27),(1939,'034.5.1',0,1,7772,27),(1939,'',1,1,1378,27),(1940,'22.8318/3',0,1,140473,27),(1941,'22.011',0,2,30662,27),(1941,'22.012-80',0,1,20414,27),(1941,'',1,1,12755,27),(1942,'09.6.1/1',0,1,3508,27),(1942,'',1,1,1378,27),(1943,'09.6.1/1',0,1,3508,27),(1943,'',1,1,1378,27),(1944,'09.4.1/1',0,5,3535,27),(1944,'',1,1,2519,27),(1945,'21.4.5',0,2,16134,27),(1945,'',1,1,5039,27),(1946,'22.08',0,1,72591,27),(1946,'',1,1,5118,27),(1947,'22.1502W-80 LIGHT',0,1,38969,27),(1947,'09.5.1/1',0,1,4480,27),(1947,'',1,1,6496,27),(1948,'MT-03 6402V',0,1,4107,27),(1948,'',1,1,1378,27),(1949,'40.4.1/1',0,2,2748,27),(1949,'',1,1,1378,27),(1950,'22.8011-135',0,1,143772,27),(1951,'09.6.1/1',0,2,3693,27),(1951,'',1,1,1378,27),(1952,'09.6.1/1',0,2,3693,27),(1952,'',1,1,1378,27),(1953,'40.4.1/1',0,1,2748,27),(1953,'40.3.1/1',0,2,2748,27),(1953,'',1,1,2519,27),(1954,'40.4.1/1',0,1,2748,27),(1954,'40.3.1/1',0,2,2748,27),(1954,'',1,1,2519,27),(1955,'22.1510B LEFT/4',0,1,47079,27),(1955,'',1,1,5118,27);

--
